[INFO] fetching crate mega-evme 1.7.2...
[INFO] testing mega-evme-1.7.2 against 1.99.0-beta.8+cargoflags=--release for beta-release-1.100-2
[INFO] extracting crate mega-evme 1.7.2 into /workspace/builds/worker-0-tc1/source
[INFO] started tweaking crates.io crate mega-evme 1.7.2
[INFO] removed 0 missing tests
[INFO] finished tweaking crates.io crate mega-evme 1.7.2
[INFO] tweaked toml for crates.io crate mega-evme 1.7.2 written to /workspace/builds/worker-0-tc1/source/Cargo.toml
[INFO] validating manifest of crates.io crate mega-evme 1.7.2 on toolchain 1.99.0-beta.8
[INFO] running `Command { std: CARGO_HOME="/workspace/cargo-home" RUSTUP_HOME="/workspace/rustup-home" "/workspace/cargo-home/bin/cargo" "+1.99.0-beta.8" "metadata" "--manifest-path" "Cargo.toml" "--no-deps", kill_on_drop: false }`
[INFO] crate crates.io crate mega-evme 1.7.2 already has a lockfile, it will not be regenerated
[INFO] running `Command { std: CARGO_HOME="/workspace/cargo-home" RUSTUP_HOME="/workspace/rustup-home" "/workspace/cargo-home/bin/cargo" "+1.99.0-beta.8" "fetch" "--manifest-path" "Cargo.toml", kill_on_drop: false }`
[INFO] [stderr] warning: Cargo.toml: `lints.clippy.missing-const-for-fn` is deprecated in favor of `lints.clippy.missing_const_for_fn` and will not work in a future edition
[INFO] [stderr] warning: `mega-evme` (manifest) generated 1 warning
[INFO] [stderr]     Updating crates.io index
[INFO] [stderr]  Downloading crates ...
[INFO] [stderr]   Downloaded revm-state v7.0.4
[INFO] [stderr]   Downloaded revm-inspectors v0.27.3
[INFO] [stderr]   Downloaded revm v27.1.0
[INFO] [stderr]   Downloaded alloy-rlp v0.3.12
[INFO] [stderr]   Downloaded alloy-rlp-derive v0.3.12
[INFO] [stderr]   Downloaded keccak-asm v0.1.7
[INFO] [stderr]   Downloaded addchain v0.2.0
[INFO] [stderr]   Downloaded ff_derive v0.13.1
[INFO] [stderr]   Downloaded revm-primitives v20.2.1
[INFO] [stderr]   Downloaded const-hex v1.14.1
[INFO] [stderr]   Downloaded p3-util v0.2.3-succinct
[INFO] [stderr]   Downloaded p3-mds v0.2.3-succinct
[INFO] [stderr]   Downloaded revm-bytecode v6.2.1
[INFO] [stderr]   Downloaded p3-symmetric v0.2.3-succinct
[INFO] [stderr]   Downloaded p3-poseidon2 v0.2.3-succinct
[INFO] [stderr]   Downloaded p3-maybe-rayon v0.2.3-succinct
[INFO] [stderr]   Downloaded secp256k1 v0.31.1
[INFO] [stderr]   Downloaded serde_arrays v0.2.0
[INFO] [stderr]   Downloaded sp1-lib v5.0.8
[INFO] [stderr]   Downloaded sp1-primitives v5.0.8
[INFO] [stderr]   Downloaded p3-field v0.2.3-succinct
[INFO] [stderr]   Downloaded p3-matrix v0.2.3-succinct
[INFO] [stderr]   Downloaded revm-precompile v25.0.0
[INFO] [stderr]   Downloaded p3-dft v0.2.3-succinct
[INFO] [stderr]   Downloaded p3-baby-bear v0.2.3-succinct
[INFO] [stderr]   Downloaded aurora-engine-modexp v1.2.0
[INFO] [stderr]   Downloaded alloy-primitives v1.6.0
[INFO] [stderr]   Downloaded revm-context-interface v9.0.0
[INFO] [stderr]   Downloaded revm-database-interface v7.0.4
[INFO] [stderr]   Downloaded ark-relations v0.5.1
[INFO] [stderr]   Downloaded alloy-sol-macro-input v1.4.1
[INFO] [stderr]   Downloaded revm-inspector v8.1.0
[INFO] [stderr]   Downloaded alloy-transport v1.1.2
[INFO] [stderr]   Downloaded alloy-sol-macro v1.4.1
[INFO] [stderr]   Downloaded revm-interpreter v24.0.0
[INFO] [stderr]   Downloaded revm-handler v8.1.0
[INFO] [stderr]   Downloaded revm-context v8.0.4
[INFO] [stderr]   Downloaded revm-database v7.0.4
[INFO] [stderr]   Downloaded alloy-json-rpc v1.1.2
[INFO] [stderr]   Downloaded alloy-sol-types v1.4.1
[INFO] [stderr]   Downloaded syn-solidity v1.4.1
[INFO] [stderr]   Downloaded alloy-json-abi v1.4.1
[INFO] [stderr]   Downloaded alloy-sol-type-parser v1.4.1
[INFO] [stderr]   Downloaded ark-r1cs-std v0.5.0
[INFO] [stderr]   Downloaded tracing-subscriber v0.2.25
[INFO] [stderr]   Downloaded alloy-sol-macro-expander v1.4.1
[INFO] [stderr]   Downloaded alloy-provider v1.1.0
[INFO] [stderr]   Downloaded sha3-asm v0.1.7
[INFO] [stderr]   Downloaded rug v1.27.0
[INFO] [stderr]   Downloaded ark-bls12-381 v0.5.0
[INFO] [stderr]   Downloaded sp1_bls12_381 v0.8.0-sp1-5.0.0
[INFO] [stderr]   Downloaded secp256k1-sys v0.11.0
[INFO] [stderr]   Downloaded c-kzg v2.1.7
[INFO] [stderr]   Downloaded gmp-mpfr-sys v1.6.5
[INFO] [stderr]   Downloaded alloy-signer v1.1.2
[INFO] [stderr]   Downloaded alloy-transport-http v1.1.2
[INFO] [stderr]   Downloaded alloy-rpc-types-eth v1.1.0
[INFO] [stderr]   Downloaded serde_with v3.14.1
[INFO] [stderr]   Downloaded serde_with_macros v3.14.1
[INFO] [stderr]   Downloaded kzg-rs v0.2.7
[INFO] [stderr]   Downloaded alloy-serde v1.8.3
[INFO] [stderr]   Downloaded alloy-network-primitives v1.1.0
[INFO] [stderr]   Downloaded alloy-eips v1.8.3
[INFO] [stderr]   Downloaded alloy-eip7928 v0.3.7
[INFO] [stderr]   Downloaded alloy-consensus v1.1.0
[INFO] [stderr]   Downloaded alloy-tx-macros v1.1.2
[INFO] [stderr]   Downloaded alloy-trie v0.9.0
[INFO] [stderr]   Downloaded alloy-consensus-any v1.1.0
[INFO] [stderr]   Downloaded op-alloy-rpc-types v0.18.14
[INFO] [stderr]   Downloaded alloy-hardforks v0.2.13
[INFO] [stderr]   Downloaded nybbles v0.4.3
[INFO] [stderr]   Downloaded alloy-rpc-client v1.1.2
[INFO] [stderr]   Downloaded alloy-network v1.1.0
[INFO] [stderr]   Downloaded alloy-rpc-types-any v1.1.0
[INFO] [stderr]   Downloaded alloy-chains v0.2.6
[INFO] [stderr]   Downloaded alloy-rpc-types-trace v1.0.24
[INFO] [stderr]   Downloaded op-alloy-network v0.18.14
[INFO] [stderr]   Downloaded triehash v0.8.4
[INFO] [stderr]   Downloaded op-revm v8.1.0
[INFO] [stderr]   Downloaded mega-system-contracts v1.7.2
[INFO] [stderr]   Downloaded delegate v0.13.4
[INFO] [stderr]   Downloaded mega-state-test v1.7.2
[INFO] [stderr]   Downloaded hash-db v0.15.2
[INFO] [stderr]   Downloaded plain_hasher v0.2.3
[INFO] [stderr]   Downloaded alloy-op-hardforks v0.2.13
[INFO] [stderr]   Downloaded op-alloy-consensus v0.18.14
[INFO] [stderr]   Downloaded mega-evm v1.7.2
[INFO] [stderr]   Downloaded alloy-op-evm v0.15.0
[INFO] [stderr]   Downloaded alloy-evm v0.15.0
[INFO] [stderr]   Downloaded op-alloy-flz v0.13.1
[INFO] running `Command { std: "docker" "create" "-v" "/var/lib/crater-agent-workspace/builds/worker-0-tc1/source:/opt/rustwide/workdir:ro,Z" "-v" "/var/lib/crater-agent-workspace/builds/worker-0-tc1/target:/opt/rustwide/target:rw,Z" "-v" "/var/lib/crater-agent-workspace/cargo-home:/opt/rustwide/cargo-home:ro,Z" "-v" "/var/lib/crater-agent-workspace/rustup-home:/opt/rustwide/rustup-home:ro,Z" "-m" "1610612736" "--network" "none" "ghcr.io/rust-lang/crates-build-env/linux@sha256:77db811e55d90add9212f6832c23229e3de5f1c1f9905e8cb07319ea15df73ac" "sleep" "infinity", kill_on_drop: false }`
[INFO] [stdout] 3564f286853a7118f657325152f72581c36d2fd34880fd9ef6eb8d2168e28477
[INFO] running `Command { std: "docker" "start" "3564f286853a7118f657325152f72581c36d2fd34880fd9ef6eb8d2168e28477", kill_on_drop: false }`
[INFO] running `Command { std: "docker" "inspect" "3564f286853a7118f657325152f72581c36d2fd34880fd9ef6eb8d2168e28477", kill_on_drop: false }`
[INFO] running `Command { std: "docker" "exec" "-e" "SOURCE_DIR=/opt/rustwide/workdir" "-e" "CARGO_HOME=/opt/rustwide/cargo-home" "-e" "RUSTUP_HOME=/opt/rustwide/rustup-home" "-e" "CARGO_TARGET_DIR=/opt/rustwide/target" "-w" "/opt/rustwide/workdir" "--user" "0:0" "3564f286853a7118f657325152f72581c36d2fd34880fd9ef6eb8d2168e28477" "/opt/rustwide/cargo-home/bin/cargo" "+1.99.0-beta.8" "metadata" "--no-deps" "--format-version=1", kill_on_drop: false }`
[INFO] running `Command { std: "docker" "inspect" "3564f286853a7118f657325152f72581c36d2fd34880fd9ef6eb8d2168e28477", kill_on_drop: false }`
[INFO] running `Command { std: "docker" "exec" "-e" "SOURCE_DIR=/opt/rustwide/workdir" "-e" "CARGO_HOME=/opt/rustwide/cargo-home" "-e" "RUSTUP_HOME=/opt/rustwide/rustup-home" "-e" "CARGO_TARGET_DIR=/opt/rustwide/target" "-e" "CARGO_INCREMENTAL=0" "-e" "RUST_BACKTRACE=full" "-e" "RUSTFLAGS=--cap-lints=warn" "-e" "RUSTDOCFLAGS=--cap-lints=warn" "-w" "/opt/rustwide/workdir" "--user" "0:0" "3564f286853a7118f657325152f72581c36d2fd34880fd9ef6eb8d2168e28477" "/opt/rustwide/cargo-home/bin/cargo" "+1.99.0-beta.8" "build" "--frozen" "--message-format=json" "--release", kill_on_drop: false }`
[INFO] [stderr] warning: Cargo.toml: `lints.clippy.missing-const-for-fn` is deprecated in favor of `lints.clippy.missing_const_for_fn` and will not work in a future edition
[INFO] [stderr] warning: `mega-evme` (manifest) generated 1 warning
[INFO] [stderr]    Compiling proc-macro2 v1.0.95
[INFO] [stderr]    Compiling unicode-ident v1.0.18
[INFO] [stderr]    Compiling cfg-if v1.0.1
[INFO] [stderr]    Compiling num-bigint v0.3.3
[INFO] [stderr]    Compiling convert_case v0.7.1
[INFO] [stderr]    Compiling unicode-xid v0.2.6
[INFO] [stderr]    Compiling ruint-macro v1.2.1
[INFO] [stderr]    Compiling num-traits v0.2.19
[INFO] [stderr]    Compiling hybrid-array v0.4.12
[INFO] [stderr]    Compiling foldhash v0.2.0
[INFO] [stderr]    Compiling rustc-hash v2.1.1
[INFO] [stderr]    Compiling hashbrown v0.15.4
[INFO] [stderr]    Compiling getrandom v0.2.16
[INFO] [stderr]    Compiling keccak v0.2.0
[INFO] [stderr]    Compiling thiserror v2.0.12
[INFO] [stderr]    Compiling cc v1.2.66
[INFO] [stderr]    Compiling socket2 v0.6.1
[INFO] [stderr]    Compiling mio v1.1.0
[INFO] [stderr]    Compiling serde_json v1.0.141
[INFO] [stderr]    Compiling bitflags v2.11.1
[INFO] [stderr]    Compiling rand_core v0.6.4
[INFO] [stderr]    Compiling hashbrown v0.17.1
[INFO] [stderr]    Compiling winnow v0.7.12
[INFO] [stderr]    Compiling toml_datetime v0.6.11
[INFO] [stderr]    Compiling rustversion v1.0.21
[INFO] [stderr]    Compiling zerocopy v0.8.26
[INFO] [stderr]    Compiling tiny-keccak v2.0.2
[INFO] [stderr]    Compiling crc-catalog v2.4.0
[INFO] [stderr]    Compiling crc v3.3.0
[INFO] [stderr]    Compiling block-buffer v0.12.0
[INFO] [stderr]    Compiling crypto-common v0.2.2
[INFO] [stderr]    Compiling subtle v2.6.1
[INFO] [stderr]    Compiling ff v0.13.1
[INFO] [stderr]    Compiling futures-utils-wasm v0.1.0
[INFO] [stderr]    Compiling log v0.4.27
[INFO] [stderr]    Compiling group v0.13.0
[INFO] [stderr]    Compiling getrandom v0.3.3
[INFO] [stderr]    Compiling indexmap v2.10.0
[INFO] [stderr]    Compiling iri-string v0.7.9
[INFO] [stderr]    Compiling quote v1.0.40
[INFO] [stderr]    Compiling pairing v0.23.0
[INFO] [stderr]    Compiling encoding_rs v0.8.35
[INFO] [stderr]    Compiling sp1_bls12_381 v0.8.0-sp1-5.0.0
[INFO] [stderr]    Compiling rand_core v0.9.3
[INFO] [stderr]    Compiling num-integer v0.1.46
[INFO] [stderr]    Compiling num_cpus v1.17.0
[INFO] [stderr]    Compiling hex v0.4.3
[INFO] [stderr]    Compiling syn v2.0.104
[INFO] [stderr]    Compiling syn v1.0.109
[INFO] [stderr]    Compiling proc-macro-error-attr2 v2.0.0
[INFO] [stderr]    Compiling num-bigint v0.4.6
[INFO] [stderr]    Compiling threadpool v1.8.1
[INFO] [stderr]    Compiling num v0.4.3
[INFO] [stderr]    Compiling typenum v1.20.0
[INFO] [stderr]    Compiling lru v0.13.0
[INFO] [stderr]    Compiling digest v0.11.3
[INFO] [stderr]    Compiling aurora-engine-modexp v1.2.0
[INFO] [stderr]    Compiling openssl-sys v0.9.117
[INFO] [stderr]    Compiling sha3 v0.11.0
[INFO] [stderr]    Compiling blst v0.3.16
[INFO] [stderr]    Compiling openssl v0.10.81
[INFO] [stderr]    Compiling native-tls v0.2.14
[INFO] [stderr]    Compiling secp256k1-sys v0.11.0
[INFO] [stderr]    Compiling kzg-rs v0.2.7
[INFO] [stderr]    Compiling c-kzg v2.1.7
[INFO] [stderr]    Compiling semver v1.0.26
[INFO] [stderr]    Compiling ruint v1.17.2
[INFO] [stderr]    Compiling addchain v0.2.0
[INFO] [stderr]    Compiling toml_edit v0.22.27
[INFO] [stderr]    Compiling dyn-clone v1.0.19
[INFO] [stderr]    Compiling crunchy v0.2.4
[INFO] [stderr]    Compiling portable-atomic v1.11.1
[INFO] [stderr]    Compiling regex-syntax v0.8.5
[INFO] [stderr]    Compiling rustix v1.0.8
[INFO] [stderr]    Compiling rustc-hex v2.1.0
[INFO] [stderr]    Compiling anstream v0.6.21
[INFO] [stderr]    Compiling console v0.15.11
[INFO] [stderr]    Compiling linux-raw-sys v0.9.4
[INFO] [stderr]    Compiling hash-db v0.15.2
[INFO] [stderr]    Compiling ppv-lite86 v0.2.21
[INFO] [stderr]    Compiling ahash v0.8.12
[INFO] [stderr]    Compiling op-alloy-flz v0.13.1
[INFO] [stderr]    Compiling clap_builder v4.5.48
[INFO] [stderr]    Compiling rand_chacha v0.3.1
[INFO] [stderr]    Compiling rand_chacha v0.9.0
[INFO] [stderr]    Compiling dirs-sys v0.5.0
[INFO] [stderr]    Compiling rand v0.8.5
[INFO] [stderr]    Compiling rand v0.9.4
[INFO] [stderr]    Compiling indicatif v0.17.11
[INFO] [stderr]    Compiling plain_hasher v0.2.3
[INFO] [stderr]    Compiling thread_local v1.1.9
[INFO] [stderr]    Compiling ark-std v0.5.0
[INFO] [stderr]    Compiling regex-automata v0.4.11
[INFO] [stderr]    Compiling dirs v6.0.0
[INFO] [stderr]    Compiling proc-macro-crate v3.3.0
[INFO] [stderr]    Compiling synstructure v0.13.2
[INFO] [stderr]    Compiling ff_derive v0.13.1
[INFO] [stderr]    Compiling syn-solidity v1.4.1
[INFO] [stderr]    Compiling macro-string v0.1.4
[INFO] [stderr]    Compiling proc-macro-error2 v2.0.1
[INFO] [stderr]    Compiling tempfile v3.20.0
[INFO] [stderr]    Compiling serde_derive v1.0.228
[INFO] [stderr]    Compiling zeroize_derive v1.4.2
[INFO] [stderr]    Compiling derive_more-impl v2.0.1
[INFO] [stderr]    Compiling alloy-rlp-derive v0.3.12
[INFO] [stderr]    Compiling thiserror-impl v2.0.12
[INFO] [stderr]    Compiling auto_impl v1.3.0
[INFO] [stderr]    Compiling tracing-attributes v0.1.30
[INFO] [stderr]    Compiling zeroize v1.8.1
[INFO] [stderr]    Compiling generic-array v0.14.7
[INFO] [stderr]    Compiling der v0.7.10
[INFO] [stderr]    Compiling tokio-macros v2.6.0
[INFO] [stderr]    Compiling zerofrom-derive v0.1.6
[INFO] [stderr]    Compiling yoke-derive v0.8.1
[INFO] [stderr]    Compiling zerovec-derive v0.11.2
[INFO] [stderr]    Compiling num_enum_derive v0.7.4
[INFO] [stderr]    Compiling displaydoc v0.2.5
[INFO] [stderr]    Compiling futures-macro v0.3.31
[INFO] [stderr]    Compiling crypto-common v0.1.6
[INFO] [stderr]    Compiling block-buffer v0.10.4
[INFO] [stderr]    Compiling digest v0.10.7
[INFO] [stderr]    Compiling crypto-bigint v0.5.5
[INFO] [stderr]    Compiling num_enum v0.7.4
[INFO] [stderr]    Compiling tracing v0.1.41
[INFO] [stderr]    Compiling hmac v0.12.1
[INFO] [stderr]    Compiling signature v2.2.0
[INFO] [stderr]    Compiling rfc6979 v0.4.0
[INFO] [stderr]    Compiling sha2 v0.10.9
[INFO] [stderr]    Compiling openssl-macros v0.1.1
[INFO] [stderr]    Compiling enum-ordinalize-derive v4.3.1
[INFO] [stderr]    Compiling futures-util v0.3.31
[INFO] [stderr]    Compiling ark-serialize-derive v0.5.0
[INFO] [stderr]    Compiling ark-ff-macros v0.5.0
[INFO] [stderr]    Compiling ark-ff-asm v0.5.0
[INFO] [stderr]    Compiling strum_macros v0.27.2
[INFO] [stderr]    Compiling async-trait v0.1.89
[INFO] [stderr]    Compiling spki v0.7.3
[INFO] [stderr]    Compiling rustls-pki-types v1.13.0
[INFO] [stderr]    Compiling enum-ordinalize v4.3.0
[INFO] [stderr]    Compiling zerofrom v0.1.6
[INFO] [stderr]    Compiling educe v0.6.0
[INFO] [stderr]    Compiling pkcs8 v0.10.2
[INFO] [stderr]    Compiling yoke v0.8.1
[INFO] [stderr]    Compiling zerovec v0.11.5
[INFO] [stderr]    Compiling zerotrie v0.2.3
[INFO] [stderr]    Compiling pin-project-internal v1.1.10
[INFO] [stderr]    Compiling tinystr v0.8.2
[INFO] [stderr]    Compiling potential_utf v0.1.4
[INFO] [stderr]    Compiling icu_locale_core v2.1.1
[INFO] [stderr]    Compiling icu_collections v2.1.1
[INFO] [stderr]    Compiling serde v1.0.228
[INFO] [stderr]    Compiling async-stream-impl v0.3.6
[INFO] [stderr]    Compiling pin-project v1.1.10
[INFO] [stderr]    Compiling secp256k1 v0.31.1
[INFO] [stderr]    Compiling const-hex v1.14.1
[INFO] [stderr]    Compiling darling_core v0.21.3
[INFO] [stderr]    Compiling bytes v1.11.1
[INFO] [stderr]    Compiling arrayvec v0.7.6
[INFO] [stderr]    Compiling serdect v0.2.0
[INFO] [stderr]    Compiling derive_more v2.0.1
[INFO] [stderr]    Compiling sec1 v0.7.3
[INFO] [stderr]    Compiling either v1.15.0
[INFO] [stderr]    Compiling smallvec v1.15.1
[INFO] [stderr]    Compiling alloy-sol-macro-input v1.4.1
[INFO] [stderr]    Compiling elliptic-curve v0.13.8
[INFO] [stderr]    Compiling icu_provider v2.1.1
[INFO] [stderr]    Compiling itertools v0.14.0
[INFO] [stderr]    Compiling alloy-sol-macro-expander v1.4.1
[INFO] [stderr]    Compiling bitvec v1.0.1
[INFO] [stderr]    Compiling icu_normalizer v2.1.1
[INFO] [stderr]    Compiling alloy-rlp v0.3.12
[INFO] [stderr]    Compiling ecdsa v0.16.9
[INFO] [stderr]    Compiling tokio v1.48.0
[INFO] [stderr]    Compiling http v1.3.1
[INFO] [stderr]    Compiling k256 v0.13.4
[INFO] [stderr]    Compiling icu_properties v2.1.1
[INFO] [stderr]    Compiling nybbles v0.4.3
[INFO] [stderr]    Compiling parking_lot_core v0.9.12
[INFO] [stderr]    Compiling itertools v0.13.0
[INFO] [stderr]    Compiling alloy-primitives v1.6.0
[INFO] [stderr]    Compiling http-body v1.0.1
[INFO] [stderr]    Compiling ark-serialize v0.5.0
[INFO] [stderr]    Compiling http-body-util v0.1.3
[INFO] [stderr]    Compiling darling_macro v0.21.3
[INFO] [stderr]    Compiling futures-executor v0.3.31
[INFO] [stderr]    Compiling darling v0.21.3
[INFO] [stderr]    Compiling parking_lot v0.12.5
[INFO] [stderr]    Compiling serde_with_macros v3.14.1
[INFO] [stderr]    Compiling alloy-tx-macros v1.1.2
[INFO] [stderr]    Compiling idna_adapter v1.2.1
[INFO] [stderr]    Compiling idna v1.1.0
[INFO] [stderr]    Compiling futures v0.3.31
[INFO] [stderr]    Compiling strum v0.27.2
[INFO] [stderr]    Compiling ark-ff v0.5.0
[INFO] [stderr]    Compiling url v2.5.7
[INFO] [stderr]    Compiling serde_urlencoded v0.7.1
[INFO] [stderr]    Compiling primeorder v0.13.6
[INFO] [stderr]    Compiling serde_arrays v0.2.0
[INFO] [stderr]    Compiling serde_with v3.14.1
[INFO] [stderr]    Compiling dashmap v6.1.0
[INFO] [stderr]    Compiling async-stream v0.3.6
[INFO] [stderr]    Compiling ripemd v0.1.3
[INFO] [stderr]    Compiling alloy-eip2930 v0.2.3
[INFO] [stderr]    Compiling alloy-eip7702 v0.6.3
[INFO] [stderr]    Compiling alloy-eip2124 v0.2.0
[INFO] [stderr]    Compiling alloy-sol-macro v1.4.1
[INFO] [stderr]    Compiling alloy-serde v1.8.3
[INFO] [stderr]    Compiling alloy-sol-types v1.4.1
[INFO] [stderr]    Compiling alloy-eip7928 v0.3.7
[INFO] [stderr]    Compiling alloy-trie v0.9.0
[INFO] [stderr]    Compiling revm-primitives v20.2.1
[INFO] [stderr]    Compiling alloy-signer v1.1.2
[INFO] [stderr]    Compiling alloy-chains v0.2.6
[INFO] [stderr]    Compiling revm-bytecode v6.2.1
[INFO] [stderr]    Compiling p256 v0.13.2
[INFO] [stderr]    Compiling derive-where v1.6.1
[INFO] [stderr]    Compiling revm-state v7.0.4
[INFO] [stderr]    Compiling alloy-hardforks v0.2.13
[INFO] [stderr]    Compiling alloy-op-hardforks v0.2.13
[INFO] [stderr]    Compiling rlp v0.5.2
[INFO] [stderr]    Compiling delegate v0.13.4
[INFO] [stderr]    Compiling matchers v0.2.0
[INFO] [stderr]    Compiling clap_derive v4.5.47
[INFO] [stderr]    Compiling tracing-subscriber v0.3.20
[INFO] [stderr]    Compiling triehash v0.8.4
[INFO] [stderr]    Compiling alloy-eips v1.8.3
[INFO] [stderr]    Compiling tokio-util v0.7.17
[INFO] [stderr]    Compiling tower v0.5.2
[INFO] [stderr]    Compiling tokio-native-tls v0.3.1
[INFO] [stderr]    Compiling revm-database-interface v7.0.4
[INFO] [stderr]    Compiling revm-context-interface v9.0.0
[INFO] [stderr]    Compiling mega-system-contracts v1.7.2
[INFO] [stderr]    Compiling h2 v0.4.12
[INFO] [stderr]    Compiling tower-http v0.6.6
[INFO] [stderr]    Compiling tokio-stream v0.1.17
[INFO] [stderr]    Compiling alloy-json-rpc v1.1.2
[INFO] [stderr]    Compiling clap v4.5.48
[INFO] [stderr]    Compiling alloy-consensus v1.1.0
[INFO] [stderr]    Compiling alloy-transport v1.1.2
[INFO] [stderr]    Compiling revm-context v8.0.4
[INFO] [stderr]    Compiling revm-interpreter v24.0.0
[INFO] [stderr]    Compiling alloy-consensus-any v1.1.0
[INFO] [stderr]    Compiling alloy-network-primitives v1.1.0
[INFO] [stderr]    Compiling alloy-rpc-types-eth v1.1.0
[INFO] [stderr]    Compiling hyper v1.8.0
[INFO] [stderr]    Compiling hyper-util v0.1.17
[INFO] [stderr]    Compiling alloy-rpc-types-any v1.1.0
[INFO] [stderr]    Compiling alloy-rpc-types-trace v1.0.24
[INFO] [stderr]    Compiling alloy-network v1.1.0
[INFO] [stderr]    Compiling op-alloy-consensus v0.18.14
[INFO] [stderr]    Compiling hyper-tls v0.6.0
[INFO] [stderr]    Compiling reqwest v0.12.24
[INFO] [stderr]    Compiling ark-poly v0.5.0
[INFO] [stderr]    Compiling op-alloy-rpc-types v0.18.14
[INFO] [stderr]    Compiling ark-ec v0.5.0
[INFO] [stderr]    Compiling alloy-transport-http v1.1.2
[INFO] [stderr]    Compiling alloy-rpc-client v1.1.2
[INFO] [stderr]    Compiling alloy-provider v1.1.0
[INFO] [stderr]    Compiling ark-bls12-381 v0.5.0
[INFO] [stderr]    Compiling ark-bn254 v0.5.0
[INFO] [stderr]    Compiling revm-precompile v25.0.0
[INFO] [stderr]    Compiling revm-handler v8.1.0
[INFO] [stderr]    Compiling revm-inspector v8.1.0
[INFO] [stderr]    Compiling revm-database v7.0.4
[INFO] [stderr]    Compiling op-alloy-network v0.18.14
[INFO] [stderr]    Compiling revm v27.1.0
[INFO] [stderr]    Compiling op-revm v8.1.0
[INFO] [stderr]    Compiling revm-inspectors v0.27.3
[INFO] [stderr]    Compiling alloy-evm v0.15.0
[INFO] [stderr]    Compiling alloy-op-evm v0.15.0
[INFO] [stderr]    Compiling mega-evm v1.7.2
[INFO] [stderr]    Compiling mega-state-test v1.7.2
[INFO] [stderr]    Compiling mega-evme v1.7.2 (/opt/rustwide/workdir)
[INFO] [stderr]     Finished `release` profile [optimized] target(s) in 7m 01s
[INFO] [stderr] warning: the following packages contain code that will be rejected by a future version of Rust: proc-macro-error2 v2.0.1
[INFO] [stderr] note: to see what the problems were, use the option `--future-incompat-report`, or run `cargo report future-incompatibilities --id 1`
[INFO] running `Command { std: "docker" "inspect" "3564f286853a7118f657325152f72581c36d2fd34880fd9ef6eb8d2168e28477", kill_on_drop: false }`
[INFO] running `Command { std: "docker" "exec" "-e" "SOURCE_DIR=/opt/rustwide/workdir" "-e" "CARGO_HOME=/opt/rustwide/cargo-home" "-e" "RUSTUP_HOME=/opt/rustwide/rustup-home" "-e" "CARGO_TARGET_DIR=/opt/rustwide/target" "-e" "CARGO_INCREMENTAL=0" "-e" "RUST_BACKTRACE=full" "-e" "RUSTFLAGS=--cap-lints=warn" "-e" "RUSTDOCFLAGS=--cap-lints=warn" "-w" "/opt/rustwide/workdir" "--user" "0:0" "3564f286853a7118f657325152f72581c36d2fd34880fd9ef6eb8d2168e28477" "/opt/rustwide/cargo-home/bin/cargo" "+1.99.0-beta.8" "test" "--frozen" "--no-run" "--message-format=json" "--release", kill_on_drop: false }`
[INFO] [stderr] warning: Cargo.toml: `lints.clippy.missing-const-for-fn` is deprecated in favor of `lints.clippy.missing_const_for_fn` and will not work in a future edition
[INFO] [stderr] warning: `mega-evme` (manifest) generated 1 warning
[INFO] [stderr]    Compiling hyper v1.8.0
[INFO] [stderr]    Compiling semver v1.0.26
[INFO] [stderr]    Compiling regex-syntax v0.8.5
[INFO] [stderr]    Compiling aho-corasick v1.1.3
[INFO] [stderr]    Compiling glob v0.3.2
[INFO] [stderr]    Compiling relative-path v1.9.3
[INFO] [stderr]    Compiling deadpool-runtime v0.1.4
[INFO] [stderr]    Compiling assert-json-diff v2.0.2
[INFO] [stderr]    Compiling deadpool v0.12.3
[INFO] [stderr]    Compiling rustc_version v0.4.1
[INFO] [stderr]    Compiling mega-system-contracts v1.7.2
[INFO] [stderr]    Compiling rstest_macros v0.25.0
[INFO] [stderr]    Compiling regex-automata v0.4.11
[INFO] [stderr]    Compiling hyper-util v0.1.17
[INFO] [stderr]    Compiling regex v1.11.3
[INFO] [stderr]    Compiling hyper-tls v0.6.0
[INFO] [stderr]    Compiling reqwest v0.12.24
[INFO] [stderr]    Compiling alloy-transport-http v1.1.2
[INFO] [stderr]    Compiling alloy-rpc-client v1.1.2
[INFO] [stderr]    Compiling matchers v0.2.0
[INFO] [stderr]    Compiling rstest v0.25.0
[INFO] [stderr]    Compiling tracing-subscriber v0.3.20
[INFO] [stderr]    Compiling alloy-provider v1.1.0
[INFO] [stderr]    Compiling wiremock v0.6.5
[INFO] [stderr]    Compiling revm-database v7.0.4
[INFO] [stderr]    Compiling op-alloy-network v0.18.14
[INFO] [stderr]    Compiling revm v27.1.0
[INFO] [stderr]    Compiling op-revm v8.1.0
[INFO] [stderr]    Compiling revm-inspectors v0.27.3
[INFO] [stderr]    Compiling alloy-evm v0.15.0
[INFO] [stderr]    Compiling alloy-op-evm v0.15.0
[INFO] [stderr]    Compiling mega-evm v1.7.2
[INFO] [stderr]    Compiling mega-state-test v1.7.2
[INFO] [stderr]    Compiling mega-evme v1.7.2 (/opt/rustwide/workdir)
[INFO] [stdout] error[E0599]: no method named `is_noop` found for struct `RpcCacheStore` in the current scope
[INFO] [stdout]   --> tests/state.rs:37:25
[INFO] [stdout]    |
[INFO] [stdout] 37 |     assert!(cache_store.is_noop(), "non-fork must wire a no-op cache store");
[INFO] [stdout]    |                         ^^^^^^^ method not found in `RpcCacheStore`
[INFO] [stdout] 
[INFO] [stdout] 
[INFO] [stdout] error[E0599]: no method named `is_noop` found for struct `RpcCacheStore` in the current scope
[INFO] [stdout]   --> tests/state.rs:68:26
[INFO] [stdout]    |
[INFO] [stdout] 68 |     assert!(!cache_store.is_noop(), "fork + cache_dir must wire a real store");
[INFO] [stdout]    |                          ^^^^^^^ method not found in `RpcCacheStore`
[INFO] [stdout] 
[INFO] [stdout] 
[INFO] [stdout] error[E0599]: no method named `is_noop` found for struct `RpcCacheStore` in the current scope
[INFO] [stdout]    --> tests/state.rs:212:26
[INFO] [stdout]     |
[INFO] [stdout] 212 |     assert!(!cache_store.is_noop(), "fork session must own a real cache store");
[INFO] [stdout]     |                          ^^^^^^^ method not found in `RpcCacheStore`
[INFO] [stdout] 
[INFO] [stdout] 
[INFO] [stdout] error[E0599]: no method named `is_noop` found for struct `RpcCacheStore` in the current scope
[INFO] [stdout]    --> tests/provider.rs:102:25
[INFO] [stdout]     |
[INFO] [stdout] 102 |     assert!(cache_store.is_noop(), "cache_size == 0 must produce a no-op store");
[INFO] [stdout]     |                         ^^^^^^^ method not found in `RpcCacheStore`
[INFO] [stdout] 
[INFO] [stdout] 
[INFO] [stdout] For more information about this error, try `rustc --explain E0599`.
[INFO] [stdout] 
[INFO] [stderr] error: could not compile `mega-evme` (test "state") due to 3 previous errors
[INFO] [stderr] warning: build failed, waiting for other jobs to finish...
[INFO] [stdout] error[E0599]: no method named `is_noop` found for struct `RpcCacheStore` in the current scope
[INFO] [stdout]    --> tests/provider.rs:123:25
[INFO] [stdout]     |
[INFO] [stdout] 123 |     assert!(cache_store.is_noop(), "--rpc.no-cache-file must produce a no-op store");
[INFO] [stdout]     |                         ^^^^^^^ method not found in `RpcCacheStore`
[INFO] [stdout] 
[INFO] [stdout] 
[INFO] [stdout] error[E0599]: no method named `is_noop` found for struct `RpcCacheStore` in the current scope
[INFO] [stdout]    --> tests/provider.rs:139:26
[INFO] [stdout]     |
[INFO] [stdout] 139 |     assert!(!cache_store.is_noop(), "cache_size > 0 + cache_dir must produce a real store");
[INFO] [stdout]     |                          ^^^^^^^ method not found in `RpcCacheStore`
[INFO] [stdout] 
[INFO] [stdout] 
[INFO] [stdout] error[E0599]: no method named `cache_path` found for struct `RpcCacheStore` in the current scope
[INFO] [stdout]    --> tests/provider.rs:140:28
[INFO] [stdout]     |
[INFO] [stdout] 140 |     assert_eq!(cache_store.cache_path(), Some(dir.path().join("rpc-cache-4326.json").as_path()));
[INFO] [stdout]     |                            ^^^^^^^^^^ method not found in `RpcCacheStore`
[INFO] [stdout] 
[INFO] [stdout] 
[INFO] [stdout] error[E0599]: no method named `cache_path` found for struct `RpcCacheStore` in the current scope
[INFO] [stdout]    --> tests/provider.rs:181:21
[INFO] [stdout]     |
[INFO] [stdout] 181 |         cache_store.cache_path(),
[INFO] [stdout]     |                     ^^^^^^^^^^ method not found in `RpcCacheStore`
[INFO] [stdout] 
[INFO] [stdout] 
[INFO] [stdout] error[E0599]: no method named `cache` found for struct `RpcCacheStore` in the current scope
[INFO] [stdout]    --> tests/provider.rs:242:17
[INFO] [stdout]     |
[INFO] [stdout] 242 |     cache_store.cache().expect("real store").put(key, value.clone()).expect("seed put");
[INFO] [stdout]     |                 ^^^^^ method not found in `RpcCacheStore`
[INFO] [stdout] 
[INFO] [stdout] 
[INFO] [stdout] error[E0599]: no method named `cache` found for struct `RpcCacheStore` in the current scope
[INFO] [stdout]    --> tests/provider.rs:258:24
[INFO] [stdout]     |
[INFO] [stdout] 258 |     let got = reloaded.cache().expect("real store").get(&key).expect("entry must reload");
[INFO] [stdout]     |                        ^^^^^ method not found in `RpcCacheStore`
[INFO] [stdout] 
[INFO] [stdout] 
[INFO] [stdout] error[E0599]: no method named `is_noop` found for struct `RpcCacheStore` in the current scope
[INFO] [stdout]    --> tests/provider.rs:275:26
[INFO] [stdout]     |
[INFO] [stdout] 275 |     assert!(!cache_store.is_noop());
[INFO] [stdout]     |                          ^^^^^^^ method not found in `RpcCacheStore`
[INFO] [stdout] 
[INFO] [stdout] 
[INFO] [stdout] error[E0599]: no method named `cache` found for struct `RpcCacheStore` in the current scope
[INFO] [stdout]    --> tests/provider.rs:276:25
[INFO] [stdout]     |
[INFO] [stdout] 276 |     assert!(cache_store.cache().expect("real store").get(&B256::ZERO).is_none());
[INFO] [stdout]     |                         ^^^^^ method not found in `RpcCacheStore`
[INFO] [stdout] 
[INFO] [stdout] 
[INFO] [stdout] error[E0599]: no method named `cache` found for struct `RpcCacheStore` in the current scope
[INFO] [stdout]    --> tests/provider.rs:282:25
[INFO] [stdout]     |
[INFO] [stdout] 282 |     assert!(cache_store.cache().expect("real store").get(&B256::ZERO).is_none());
[INFO] [stdout]     |                         ^^^^^ method not found in `RpcCacheStore`
[INFO] [stdout] 
[INFO] [stdout] 
[INFO] [stdout] error[E0599]: no method named `cache` found for struct `RpcCacheStore` in the current scope
[INFO] [stdout]    --> tests/provider.rs:300:11
[INFO] [stdout]     |
[INFO] [stdout] 300 |     store.cache().expect("real store").put(key, r#"{"v":1}"#.to_string()).expect("seed put");
[INFO] [stdout]     |           ^^^^^ method not found in `RpcCacheStore`
[INFO] [stdout] 
[INFO] [stdout] 
[INFO] [stdout] error[E0599]: no method named `cache` found for struct `RpcCacheStore` in the current scope
[INFO] [stdout]    --> tests/provider.rs:318:15
[INFO] [stdout]     |
[INFO] [stdout] 318 |         store.cache().expect("real store").get(&key).is_none(),
[INFO] [stdout]     |               ^^^^^ method not found in `RpcCacheStore`
[INFO] [stdout] 
[INFO] [stdout] 
[INFO] [stdout] error[E0599]: no method named `is_noop` found for struct `RpcCacheStore` in the current scope
[INFO] [stdout]    --> tests/provider.rs:595:32
[INFO] [stdout]     |
[INFO] [stdout] 595 |     assert!(output.cache_store.is_noop(), "replay mode should produce noop store");
[INFO] [stdout]     |                                ^^^^^^^ method not found in `RpcCacheStore`
[INFO] [stdout] 
[INFO] [stdout] 
[INFO] [stdout] For more information about this error, try `rustc --explain E0599`.
[INFO] [stdout] 
[INFO] [stderr] error: could not compile `mega-evme` (test "provider") due to 13 previous errors
[INFO] running `Command { std: "docker" "inspect" "3564f286853a7118f657325152f72581c36d2fd34880fd9ef6eb8d2168e28477", kill_on_drop: false }`
[INFO] running `Command { std: "docker" "rm" "-f" "3564f286853a7118f657325152f72581c36d2fd34880fd9ef6eb8d2168e28477", kill_on_drop: false }`
[INFO] [stdout] 3564f286853a7118f657325152f72581c36d2fd34880fd9ef6eb8d2168e28477
