[INFO] fetching crate mega-evm 1.7.2...
[INFO] testing mega-evm-1.7.2 against 1.99.0-beta.8+cargoflags=--release for beta-release-1.100-2
[INFO] extracting crate mega-evm 1.7.2 into /workspace/builds/worker-0-tc1/source
[INFO] started tweaking crates.io crate mega-evm 1.7.2
[INFO] removed 0 missing examples
[INFO] removed 0 missing tests
[INFO] finished tweaking crates.io crate mega-evm 1.7.2
[INFO] tweaked toml for crates.io crate mega-evm 1.7.2 written to /workspace/builds/worker-0-tc1/source/Cargo.toml
[INFO] validating manifest of crates.io crate mega-evm 1.7.2 on toolchain 1.99.0-beta.8
[INFO] running `Command { std: CARGO_HOME="/workspace/cargo-home" RUSTUP_HOME="/workspace/rustup-home" "/workspace/cargo-home/bin/cargo" "+1.99.0-beta.8" "metadata" "--manifest-path" "Cargo.toml" "--no-deps", kill_on_drop: false }`
[INFO] crate crates.io crate mega-evm 1.7.2 already has a lockfile, it will not be regenerated
[INFO] running `Command { std: CARGO_HOME="/workspace/cargo-home" RUSTUP_HOME="/workspace/rustup-home" "/workspace/cargo-home/bin/cargo" "+1.99.0-beta.8" "fetch" "--manifest-path" "Cargo.toml", kill_on_drop: false }`
[INFO] [stderr] warning: Cargo.toml: `lints.clippy.missing-const-for-fn` is deprecated in favor of `lints.clippy.missing_const_for_fn` and will not work in a future edition
[INFO] [stderr] warning: `mega-evm` (manifest) generated 1 warning
[INFO] [stderr]     Updating crates.io index
[INFO] [stderr]  Downloading crates ...
[INFO] [stderr]   Downloaded revm v27.1.0
[INFO] [stderr]   Downloaded revm-state v7.0.4
[INFO] [stderr]   Downloaded revm-primitives v20.2.1
[INFO] [stderr]   Downloaded revm-inspectors v0.27.3
[INFO] [stderr]   Downloaded alloy-primitives v1.6.0
[INFO] [stderr]   Downloaded ruint v1.17.2
[INFO] [stderr]   Downloaded alloy-rlp v0.3.12
[INFO] [stderr]   Downloaded keccak-asm v0.1.7
[INFO] [stderr]   Downloaded proptest v1.7.0
[INFO] [stderr]   Downloaded alloy-rlp-derive v0.3.12
[INFO] [stderr]   Downloaded sha3-asm v0.1.7
[INFO] [stderr]   Downloaded addchain v0.2.0
[INFO] [stderr]   Downloaded az v1.2.1
[INFO] [stderr]   Downloaded revm-bytecode v6.2.1
[INFO] [stderr]   Downloaded revm-precompile v25.0.0
[INFO] [stderr]   Downloaded const-hex v1.14.1
[INFO] [stderr]   Downloaded rug v1.27.0
[INFO] [stderr]   Downloaded sp1-primitives v5.0.8
[INFO] [stderr]   Downloaded sp1-lib v5.0.8
[INFO] [stderr]   Downloaded sp1_bls12_381 v0.8.0-sp1-5.0.0
[INFO] [stderr]   Downloaded aurora-engine-modexp v1.2.0
[INFO] [stderr]   Downloaded ark-r1cs-std v0.5.0
[INFO] [stderr]   Downloaded gmp-mpfr-sys v1.6.5
[INFO] [stderr]   Downloaded c-kzg v2.1.7
[INFO] [stderr]   Downloaded revm-context-interface v9.0.0
[INFO] [stderr]   Downloaded revm-database-interface v7.0.4
[INFO] [stderr]   Downloaded revm-interpreter v24.0.0
[INFO] [stderr]   Downloaded kzg-rs v0.2.7
[INFO] [stderr]   Downloaded alloy-eip2930 v0.2.3
[INFO] [stderr]   Downloaded revm-inspector v8.1.0
[INFO] [stderr]   Downloaded revm-handler v8.1.0
[INFO] [stderr]   Downloaded revm-context v8.0.4
[INFO] [stderr]   Downloaded revm-database v7.0.4
[INFO] [stderr]   Downloaded alloy-transport v1.1.2
[INFO] [stderr]   Downloaded alloy-json-rpc v1.1.2
[INFO] [stderr]   Downloaded alloy-sol-macro-input v1.4.1
[INFO] [stderr]   Downloaded alloy-sol-macro-expander v1.4.1
[INFO] [stderr]   Downloaded alloy-sol-macro v1.4.1
[INFO] [stderr]   Downloaded syn-solidity v1.4.1
[INFO] [stderr]   Downloaded macro-string v0.1.4
[INFO] [stderr]   Downloaded alloy-sol-types v1.4.1
[INFO] [stderr]   Downloaded alloy-json-abi v1.4.1
[INFO] [stderr]   Downloaded alloy-sol-type-parser v1.4.1
[INFO] [stderr]   Downloaded alloy-provider v1.1.0
[INFO] [stderr]   Downloaded alloy-rpc-types-eth v1.1.0
[INFO] [stderr]   Downloaded alloy-signer v1.1.2
[INFO] [stderr]   Downloaded alloy-eip7928 v0.3.7
[INFO] [stderr]   Downloaded alloy-serde v1.8.3
[INFO] [stderr]   Downloaded alloy-network-primitives v1.1.0
[INFO] [stderr]   Downloaded alloy-eips v1.8.3
[INFO] [stderr]   Downloaded alloy-consensus v1.1.0
[INFO] [stderr]   Downloaded nybbles v0.4.3
[INFO] [stderr]   Downloaded alloy-consensus-any v1.1.0
[INFO] [stderr]   Downloaded alloy-rpc-client v1.1.2
[INFO] [stderr]   Downloaded alloy-tx-macros v1.1.2
[INFO] [stderr]   Downloaded alloy-trie v0.9.0
[INFO] [stderr]   Downloaded alloy-network v1.1.0
[INFO] [stderr]   Downloaded revm-primitives v23.0.0
[INFO] [stderr]   Downloaded revm v38.0.0
[INFO] [stderr]   Downloaded alloy-rpc-types-any v1.1.0
[INFO] [stderr]   Downloaded alloy-rpc-types-trace v1.0.24
[INFO] [stderr]   Downloaded revm-state v11.0.1
[INFO] [stderr]   Downloaded revm-interpreter v35.0.1
[INFO] [stderr]   Downloaded revm-context-interface v17.0.1
[INFO] [stderr]   Downloaded revm-handler v18.1.0
[INFO] [stderr]   Downloaded revm-context v16.0.1
[INFO] [stderr]   Downloaded mega-system-contracts v1.7.2
[INFO] [stderr]   Downloaded codspeed-criterion-compat v5.0.1
[INFO] [stderr]   Downloaded alloy-chains v0.2.6
[INFO] [stderr]   Downloaded revm-database-interface v11.0.1
[INFO] [stderr]   Downloaded op-revm v8.1.0
[INFO] [stderr]   Downloaded op-alloy-flz v0.13.1
[INFO] [stderr]   Downloaded revm-bytecode v10.0.0
[INFO] [stderr]   Downloaded revm-precompile v34.0.0
[INFO] [stderr]   Downloaded delegate v0.13.4
[INFO] [stderr]   Downloaded revm-inspector v19.0.0
[INFO] [stderr]   Downloaded op-alloy-consensus v0.18.14
[INFO] [stderr]   Downloaded revm-database v13.0.1
[INFO] [stderr]   Downloaded op-revm v20.0.0
[INFO] [stderr]   Downloaded codspeed-criterion-compat-walltime v5.0.1
[INFO] [stderr]   Downloaded codspeed v5.0.1
[INFO] [stderr]   Downloaded alloy-hardforks v0.2.13
[INFO] [stderr]   Downloaded alloy-op-hardforks v0.2.13
[INFO] [stderr]   Downloaded alloy-evm v0.15.0
[INFO] [stderr]   Downloaded alloy-op-evm v0.15.0
[INFO] running `Command { std: "docker" "create" "-v" "/var/lib/crater-agent-workspace/builds/worker-0-tc1/source:/opt/rustwide/workdir:ro,Z" "-v" "/var/lib/crater-agent-workspace/builds/worker-0-tc1/target:/opt/rustwide/target:rw,Z" "-v" "/var/lib/crater-agent-workspace/cargo-home:/opt/rustwide/cargo-home:ro,Z" "-v" "/var/lib/crater-agent-workspace/rustup-home:/opt/rustwide/rustup-home:ro,Z" "-m" "1610612736" "--network" "none" "ghcr.io/rust-lang/crates-build-env/linux@sha256:77db811e55d90add9212f6832c23229e3de5f1c1f9905e8cb07319ea15df73ac" "sleep" "infinity", kill_on_drop: false }`
[INFO] [stdout] e515c336ee1d062cdac0e0b65d9e44d99bc423576410fa275e00c63df2923903
[INFO] running `Command { std: "docker" "start" "e515c336ee1d062cdac0e0b65d9e44d99bc423576410fa275e00c63df2923903", kill_on_drop: false }`
[INFO] running `Command { std: "docker" "inspect" "e515c336ee1d062cdac0e0b65d9e44d99bc423576410fa275e00c63df2923903", kill_on_drop: false }`
[INFO] running `Command { std: "docker" "exec" "-e" "SOURCE_DIR=/opt/rustwide/workdir" "-e" "CARGO_HOME=/opt/rustwide/cargo-home" "-e" "RUSTUP_HOME=/opt/rustwide/rustup-home" "-e" "CARGO_TARGET_DIR=/opt/rustwide/target" "-w" "/opt/rustwide/workdir" "--user" "0:0" "e515c336ee1d062cdac0e0b65d9e44d99bc423576410fa275e00c63df2923903" "/opt/rustwide/cargo-home/bin/cargo" "+1.99.0-beta.8" "metadata" "--no-deps" "--format-version=1", kill_on_drop: false }`
[INFO] running `Command { std: "docker" "inspect" "e515c336ee1d062cdac0e0b65d9e44d99bc423576410fa275e00c63df2923903", kill_on_drop: false }`
[INFO] running `Command { std: "docker" "exec" "-e" "SOURCE_DIR=/opt/rustwide/workdir" "-e" "CARGO_HOME=/opt/rustwide/cargo-home" "-e" "RUSTUP_HOME=/opt/rustwide/rustup-home" "-e" "CARGO_TARGET_DIR=/opt/rustwide/target" "-e" "CARGO_INCREMENTAL=0" "-e" "RUST_BACKTRACE=full" "-e" "RUSTFLAGS=--cap-lints=warn" "-e" "RUSTDOCFLAGS=--cap-lints=warn" "-w" "/opt/rustwide/workdir" "--user" "0:0" "e515c336ee1d062cdac0e0b65d9e44d99bc423576410fa275e00c63df2923903" "/opt/rustwide/cargo-home/bin/cargo" "+1.99.0-beta.8" "build" "--frozen" "--message-format=json" "--release", kill_on_drop: false }`
[INFO] [stderr] warning: Cargo.toml: `lints.clippy.missing-const-for-fn` is deprecated in favor of `lints.clippy.missing_const_for_fn` and will not work in a future edition
[INFO] [stderr] warning: `mega-evm` (manifest) generated 1 warning
[INFO] [stderr]    Compiling serde v1.0.228
[INFO] [stderr]    Compiling typenum v1.20.0
[INFO] [stderr]    Compiling syn v2.0.104
[INFO] [stderr]    Compiling num-bigint v0.3.3
[INFO] [stderr]    Compiling convert_case v0.7.1
[INFO] [stderr]    Compiling ruint-macro v1.2.1
[INFO] [stderr]    Compiling keccak v0.2.0
[INFO] [stderr]    Compiling syn v1.0.109
[INFO] [stderr]    Compiling rustc-hash v2.1.1
[INFO] [stderr]    Compiling getrandom v0.2.16
[INFO] [stderr]    Compiling hashbrown v0.17.1
[INFO] [stderr]    Compiling hashbrown v0.15.4
[INFO] [stderr]    Compiling num-integer v0.1.46
[INFO] [stderr]    Compiling thiserror v2.0.12
[INFO] [stderr]    Compiling winnow v0.7.12
[INFO] [stderr]    Compiling serde_json v1.0.141
[INFO] [stderr]    Compiling crunchy v0.2.4
[INFO] [stderr]    Compiling tiny-keccak v2.0.2
[INFO] [stderr]    Compiling cc v1.2.66
[INFO] [stderr]    Compiling rand_core v0.6.4
[INFO] [stderr]    Compiling proc-macro-error-attr2 v2.0.0
[INFO] [stderr]    Compiling radium v0.7.0
[INFO] [stderr]    Compiling tap v1.0.1
[INFO] [stderr]    Compiling num-bigint v0.4.6
[INFO] [stderr]    Compiling rand_chacha v0.3.1
[INFO] [stderr]    Compiling wyz v0.5.1
[INFO] [stderr]    Compiling funty v2.0.0
[INFO] [stderr]    Compiling icu_properties_data v2.1.1
[INFO] [stderr]    Compiling ff v0.13.1
[INFO] [stderr]    Compiling rand v0.8.5
[INFO] [stderr]    Compiling ahash v0.8.12
[INFO] [stderr]    Compiling group v0.13.0
[INFO] [stderr]    Compiling futures-channel v0.3.31
[INFO] [stderr]    Compiling indexmap v2.10.0
[INFO] [stderr]    Compiling bitflags v2.11.1
[INFO] [stderr]    Compiling pairing v0.23.0
[INFO] [stderr]    Compiling getrandom v0.3.3
[INFO] [stderr]    Compiling rand_core v0.9.3
[INFO] [stderr]    Compiling sp1_bls12_381 v0.8.0-sp1-5.0.0
[INFO] [stderr]    Compiling threadpool v1.8.1
[INFO] [stderr]    Compiling rand_chacha v0.9.0
[INFO] [stderr]    Compiling num-iter v0.1.45
[INFO] [stderr]    Compiling num-complex v0.4.6
[INFO] [stderr]    Compiling addchain v0.2.0
[INFO] [stderr]    Compiling hybrid-array v0.4.12
[INFO] [stderr]    Compiling futures-utils-wasm v0.1.0
[INFO] [stderr]    Compiling ark-std v0.5.0
[INFO] [stderr]    Compiling rand v0.9.4
[INFO] [stderr]    Compiling lru v0.13.0
[INFO] [stderr]    Compiling blst v0.3.16
[INFO] [stderr]    Compiling secp256k1-sys v0.11.0
[INFO] [stderr]    Compiling block-buffer v0.12.0
[INFO] [stderr]    Compiling crypto-common v0.2.2
[INFO] [stderr]    Compiling c-kzg v2.1.7
[INFO] [stderr]    Compiling kzg-rs v0.2.7
[INFO] [stderr]    Compiling semver v1.0.26
[INFO] [stderr]    Compiling foldhash v0.2.0
[INFO] [stderr]    Compiling ruint v1.17.2
[INFO] [stderr]    Compiling memchr v2.7.5
[INFO] [stderr]    Compiling op-alloy-flz v0.13.1
[INFO] [stderr]    Compiling digest v0.11.3
[INFO] [stderr]    Compiling num-rational v0.4.2
[INFO] [stderr]    Compiling sha3 v0.11.0
[INFO] [stderr]    Compiling toml_edit v0.22.27
[INFO] [stderr]    Compiling num v0.4.3
[INFO] [stderr]    Compiling aurora-engine-modexp v1.2.0
[INFO] [stderr]    Compiling ff_derive v0.13.1
[INFO] [stderr]    Compiling proc-macro-crate v3.3.0
[INFO] [stderr]    Compiling synstructure v0.13.2
[INFO] [stderr]    Compiling syn-solidity v1.4.1
[INFO] [stderr]    Compiling macro-string v0.1.4
[INFO] [stderr]    Compiling proc-macro-error2 v2.0.1
[INFO] [stderr]    Compiling serde_derive v1.0.228
[INFO] [stderr]    Compiling zeroize_derive v1.4.2
[INFO] [stderr]    Compiling derive_more-impl v2.0.1
[INFO] [stderr]    Compiling alloy-rlp-derive v0.3.12
[INFO] [stderr]    Compiling thiserror-impl v2.0.12
[INFO] [stderr]    Compiling auto_impl v1.3.0
[INFO] [stderr]    Compiling num_enum_derive v0.7.4
[INFO] [stderr]    Compiling zerovec-derive v0.11.2
[INFO] [stderr]    Compiling zerofrom-derive v0.1.6
[INFO] [stderr]    Compiling yoke-derive v0.8.1
[INFO] [stderr]    Compiling displaydoc v0.2.5
[INFO] [stderr]    Compiling tracing-attributes v0.1.30
[INFO] [stderr]    Compiling zeroize v1.8.1
[INFO] [stderr]    Compiling tokio-macros v2.6.0
[INFO] [stderr]    Compiling num_enum v0.7.4
[INFO] [stderr]    Compiling generic-array v0.14.7
[INFO] [stderr]    Compiling der v0.7.10
[INFO] [stderr]    Compiling enum-ordinalize-derive v4.3.1
[INFO] [stderr]    Compiling ark-serialize-derive v0.5.0
[INFO] [stderr]    Compiling ark-ff-asm v0.5.0
[INFO] [stderr]    Compiling ark-ff-macros v0.5.0
[INFO] [stderr]    Compiling futures-macro v0.3.31
[INFO] [stderr]    Compiling strum_macros v0.27.2
[INFO] [stderr]    Compiling tokio v1.48.0
[INFO] [stderr]    Compiling zerofrom v0.1.6
[INFO] [stderr]    Compiling enum-ordinalize v4.3.0
[INFO] [stderr]    Compiling yoke v0.8.1
[INFO] [stderr]    Compiling educe v0.6.0
[INFO] [stderr]    Compiling crypto-common v0.1.6
[INFO] [stderr]    Compiling block-buffer v0.10.4
[INFO] [stderr]    Compiling crypto-bigint v0.5.5
[INFO] [stderr]    Compiling digest v0.10.7
[INFO] [stderr]    Compiling zerovec v0.11.5
[INFO] [stderr]    Compiling tracing v0.1.41
[INFO] [stderr]    Compiling zerotrie v0.2.3
[INFO] [stderr]    Compiling hmac v0.12.1
[INFO] [stderr]    Compiling signature v2.2.0
[INFO] [stderr]    Compiling sha2 v0.10.9
[INFO] [stderr]    Compiling rfc6979 v0.4.0
[INFO] [stderr]    Compiling tinystr v0.8.2
[INFO] [stderr]    Compiling potential_utf v0.1.4
[INFO] [stderr]    Compiling futures-util v0.3.31
[INFO] [stderr]    Compiling icu_collections v2.1.1
[INFO] [stderr]    Compiling icu_locale_core v2.1.1
[INFO] [stderr]    Compiling async-trait v0.1.89
[INFO] [stderr]    Compiling spki v0.7.3
[INFO] [stderr]    Compiling pin-project-internal v1.1.10
[INFO] [stderr]    Compiling pkcs8 v0.10.2
[INFO] [stderr]    Compiling icu_provider v2.1.1
[INFO] [stderr]    Compiling icu_properties v2.1.1
[INFO] [stderr]    Compiling strum v0.27.2
[INFO] [stderr]    Compiling ripemd v0.1.3
[INFO] [stderr]    Compiling secp256k1 v0.31.1
[INFO] [stderr]    Compiling async-stream-impl v0.3.6
[INFO] [stderr]    Compiling pin-project v1.1.10
[INFO] [stderr]    Compiling derive-where v1.6.1
[INFO] [stderr]    Compiling delegate v0.13.4
[INFO] [stderr]    Compiling async-stream v0.3.6
[INFO] [stderr]    Compiling arrayvec v0.7.6
[INFO] [stderr]    Compiling serdect v0.2.0
[INFO] [stderr]    Compiling bytes v1.11.1
[INFO] [stderr]    Compiling const-hex v1.14.1
[INFO] [stderr]    Compiling sec1 v0.7.3
[INFO] [stderr]    Compiling either v1.15.0
[INFO] [stderr]    Compiling smallvec v1.15.1
[INFO] [stderr]    Compiling darling_core v0.21.3
[INFO] [stderr]    Compiling bitvec v1.0.1
[INFO] [stderr]    Compiling elliptic-curve v0.13.8
[INFO] [stderr]    Compiling derive_more v2.0.1
[INFO] [stderr]    Compiling itertools v0.13.0
[INFO] [stderr]    Compiling ark-serialize v0.5.0
[INFO] [stderr]    Compiling alloy-sol-macro-input v1.4.1
[INFO] [stderr]    Compiling icu_normalizer v2.1.1
[INFO] [stderr]    Compiling parking_lot_core v0.9.12
[INFO] [stderr]    Compiling itertools v0.14.0
[INFO] [stderr]    Compiling ecdsa v0.16.9
[INFO] [stderr]    Compiling alloy-sol-macro-expander v1.4.1
[INFO] [stderr]    Compiling parking_lot v0.12.5
[INFO] [stderr]    Compiling primeorder v0.13.6
[INFO] [stderr]    Compiling alloy-rlp v0.3.12
[INFO] [stderr]    Compiling k256 v0.13.4
[INFO] [stderr]    Compiling idna_adapter v1.2.1
[INFO] [stderr]    Compiling http v1.3.1
[INFO] [stderr]    Compiling tokio-util v0.7.17
[INFO] [stderr]    Compiling idna v1.1.0
[INFO] [stderr]    Compiling serde_arrays v0.2.0
[INFO] [stderr]    Compiling tokio-stream v0.1.17
[INFO] [stderr]    Compiling futures-executor v0.3.31
[INFO] [stderr]    Compiling url v2.5.7
[INFO] [stderr]    Compiling alloy-primitives v1.6.0
[INFO] [stderr]    Compiling nybbles v0.4.3
[INFO] [stderr]    Compiling futures v0.3.31
[INFO] [stderr]    Compiling tower v0.5.2
[INFO] [stderr]    Compiling p256 v0.13.2
[INFO] [stderr]    Compiling dashmap v6.1.0
[INFO] [stderr]    Compiling ark-ff v0.5.0
[INFO] [stderr]    Compiling alloy-eip7702 v0.6.3
[INFO] [stderr]    Compiling alloy-eip2930 v0.2.3
[INFO] [stderr]    Compiling darling_macro v0.21.3
[INFO] [stderr]    Compiling alloy-eip2124 v0.2.0
[INFO] [stderr]    Compiling darling v0.21.3
[INFO] [stderr]    Compiling alloy-serde v1.8.3
[INFO] [stderr]    Compiling serde_with_macros v3.14.1
[INFO] [stderr]    Compiling alloy-sol-macro v1.4.1
[INFO] [stderr]    Compiling alloy-eip7928 v0.3.7
[INFO] [stderr]    Compiling revm-primitives v20.2.1
[INFO] [stderr]    Compiling alloy-sol-types v1.4.1
[INFO] [stderr]    Compiling alloy-tx-macros v1.1.2
[INFO] [stderr]    Compiling alloy-trie v0.9.0
[INFO] [stderr]    Compiling alloy-chains v0.2.6
[INFO] [stderr]    Compiling alloy-signer v1.1.2
[INFO] [stderr]    Compiling serde_with v3.14.1
[INFO] [stderr]    Compiling revm-bytecode v6.2.1
[INFO] [stderr]    Compiling alloy-hardforks v0.2.13
[INFO] [stderr]    Compiling alloy-op-hardforks v0.2.13
[INFO] [stderr]    Compiling revm-state v7.0.4
[INFO] [stderr]    Compiling mega-system-contracts v1.7.2
[INFO] [stderr]    Compiling revm-database-interface v7.0.4
[INFO] [stderr]    Compiling revm-context-interface v9.0.0
[INFO] [stderr]    Compiling alloy-json-rpc v1.1.2
[INFO] [stderr]    Compiling alloy-transport v1.1.2
[INFO] [stderr]    Compiling alloy-eips v1.8.3
[INFO] [stderr]    Compiling alloy-rpc-client v1.1.2
[INFO] [stderr]    Compiling revm-interpreter v24.0.0
[INFO] [stderr]    Compiling revm-context v8.0.4
[INFO] [stderr]    Compiling alloy-consensus v1.1.0
[INFO] [stderr]    Compiling ark-poly v0.5.0
[INFO] [stderr]    Compiling alloy-network-primitives v1.1.0
[INFO] [stderr]    Compiling alloy-consensus-any v1.1.0
[INFO] [stderr]    Compiling op-alloy-consensus v0.18.14
[INFO] [stderr]    Compiling alloy-rpc-types-eth v1.1.0
[INFO] [stderr]    Compiling ark-ec v0.5.0
[INFO] [stderr]    Compiling ark-bn254 v0.5.0
[INFO] [stderr]    Compiling ark-bls12-381 v0.5.0
[INFO] [stderr]    Compiling revm-precompile v25.0.0
[INFO] [stderr]    Compiling alloy-rpc-types-any v1.1.0
[INFO] [stderr]    Compiling alloy-network v1.1.0
[INFO] [stderr]    Compiling revm-handler v8.1.0
[INFO] [stderr]    Compiling revm-inspector v8.1.0
[INFO] [stderr]    Compiling alloy-provider v1.1.0
[INFO] [stderr]    Compiling revm-database v7.0.4
[INFO] [stderr]    Compiling revm v27.1.0
[INFO] [stderr]    Compiling op-revm v8.1.0
[INFO] [stderr]    Compiling alloy-evm v0.15.0
[INFO] [stderr]    Compiling alloy-op-evm v0.15.0
[INFO] [stderr]    Compiling mega-evm v1.7.2 (/opt/rustwide/workdir)
[INFO] [stderr]     Finished `release` profile [optimized] target(s) in 2m 40s
[INFO] [stderr] warning: the following packages contain code that will be rejected by a future version of Rust: proc-macro-error2 v2.0.1
[INFO] [stderr] note: to see what the problems were, use the option `--future-incompat-report`, or run `cargo report future-incompatibilities --id 6`
[INFO] running `Command { std: "docker" "inspect" "e515c336ee1d062cdac0e0b65d9e44d99bc423576410fa275e00c63df2923903", kill_on_drop: false }`
[INFO] running `Command { std: "docker" "exec" "-e" "SOURCE_DIR=/opt/rustwide/workdir" "-e" "CARGO_HOME=/opt/rustwide/cargo-home" "-e" "RUSTUP_HOME=/opt/rustwide/rustup-home" "-e" "CARGO_TARGET_DIR=/opt/rustwide/target" "-e" "CARGO_INCREMENTAL=0" "-e" "RUST_BACKTRACE=full" "-e" "RUSTFLAGS=--cap-lints=warn" "-e" "RUSTDOCFLAGS=--cap-lints=warn" "-w" "/opt/rustwide/workdir" "--user" "0:0" "e515c336ee1d062cdac0e0b65d9e44d99bc423576410fa275e00c63df2923903" "/opt/rustwide/cargo-home/bin/cargo" "+1.99.0-beta.8" "test" "--frozen" "--no-run" "--message-format=json" "--release", kill_on_drop: false }`
[INFO] [stderr] warning: Cargo.toml: `lints.clippy.missing-const-for-fn` is deprecated in favor of `lints.clippy.missing_const_for_fn` and will not work in a future edition
[INFO] [stderr] warning: `mega-evm` (manifest) generated 1 warning
[INFO] [stderr]    Compiling libc v0.2.186
[INFO] [stderr]    Compiling serde v1.0.228
[INFO] [stderr]    Compiling serde_json v1.0.141
[INFO] [stderr]    Compiling num v0.4.3
[INFO] [stderr]    Compiling nix v0.31.3
[INFO] [stderr]    Compiling anyhow v1.0.103
[INFO] [stderr]    Compiling codspeed v5.0.1
[INFO] [stderr]    Compiling approx v0.5.1
[INFO] [stderr]    Compiling glob v0.3.2
[INFO] [stderr]    Compiling regex-automata v0.4.11
[INFO] [stderr]    Compiling clap_builder v4.5.48
[INFO] [stderr]    Compiling colored v3.1.1
[INFO] [stderr]    Compiling plotters v0.3.7
[INFO] [stderr]    Compiling codspeed-criterion-compat v5.0.1
[INFO] [stderr]    Compiling chacha20 v0.10.1
[INFO] [stderr]    Compiling aurora-engine-modexp v1.2.0
[INFO] [stderr]    Compiling statrs v0.18.0
[INFO] [stderr]    Compiling arrayvec v0.7.6
[INFO] [stderr]    Compiling bytes v1.11.1
[INFO] [stderr]    Compiling serdect v0.2.0
[INFO] [stderr]    Compiling indexmap v2.10.0
[INFO] [stderr]    Compiling const-hex v1.14.1
[INFO] [stderr]    Compiling either v1.15.0
[INFO] [stderr]    Compiling bitvec v1.0.1
[INFO] [stderr]    Compiling smallvec v1.15.1
[INFO] [stderr]    Compiling serde_with v3.14.1
[INFO] [stderr]    Compiling serde_arrays v0.2.0
[INFO] [stderr]    Compiling sec1 v0.7.3
[INFO] [stderr]    Compiling ciborium v0.2.2
[INFO] [stderr]    Compiling itertools v0.13.0
[INFO] [stderr]    Compiling icu_normalizer v2.1.1
[INFO] [stderr]    Compiling alloy-rlp v0.3.12
[INFO] [stderr]    Compiling ruint v1.17.2
[INFO] [stderr]    Compiling http v1.3.1
[INFO] [stderr]    Compiling itertools v0.14.0
[INFO] [stderr]    Compiling idna_adapter v1.2.1
[INFO] [stderr]    Compiling idna v1.1.0
[INFO] [stderr]    Compiling tokio-util v0.7.17
[INFO] [stderr]    Compiling getrandom v0.2.16
[INFO] [stderr]    Compiling getrandom v0.3.3
[INFO] [stderr]    Compiling rand_core v0.6.4
[INFO] [stderr]    Compiling rand_core v0.9.3
[INFO] [stderr]    Compiling ff v0.13.1
[INFO] [stderr]    Compiling crypto-bigint v0.5.5
[INFO] [stderr]    Compiling signature v2.2.0
[INFO] [stderr]    Compiling rand_chacha v0.3.1
[INFO] [stderr]    Compiling nybbles v0.4.3
[INFO] [stderr]    Compiling group v0.13.0
[INFO] [stderr]    Compiling num_cpus v1.17.0
[INFO] [stderr]    Compiling parking_lot_core v0.9.12
[INFO] [stderr]    Compiling rand v0.8.5
[INFO] [stderr]    Compiling threadpool v1.8.1
[INFO] [stderr]    Compiling pairing v0.23.0
[INFO] [stderr]    Compiling rand_chacha v0.9.0
[INFO] [stderr]    Compiling ark-std v0.5.0
[INFO] [stderr]    Compiling blst v0.3.16
[INFO] [stderr]    Compiling ark-serialize v0.5.0
[INFO] [stderr]    Compiling rand v0.9.4
[INFO] [stderr]    Compiling sp1_bls12_381 v0.8.0-sp1-5.0.0
[INFO] [stderr]    Compiling ark-ff v0.5.0
[INFO] [stderr]    Compiling parking_lot v0.12.5
[INFO] [stderr]    Compiling url v2.5.7
[INFO] [stderr]    Compiling tokio-stream v0.1.17
[INFO] [stderr]    Compiling c-kzg v2.1.7
[INFO] [stderr]    Compiling dashmap v6.1.0
[INFO] [stderr]    Compiling secp256k1 v0.31.1
[INFO] [stderr]    Compiling kzg-rs v0.2.7
[INFO] [stderr]    Compiling getrandom v0.4.3
[INFO] [stderr]    Compiling elliptic-curve v0.13.8
[INFO] [stderr]    Compiling itertools v0.10.5
[INFO] [stderr]    Compiling tinytemplate v1.2.1
[INFO] [stderr]    Compiling regex v1.11.3
[INFO] [stderr]    Compiling ecdsa v0.16.9
[INFO] [stderr]    Compiling primeorder v0.13.6
[INFO] [stderr]    Compiling is-terminal v0.4.16
[INFO] [stderr]    Compiling clap v4.5.48
[INFO] [stderr]    Compiling rand v0.10.2
[INFO] [stderr]    Compiling k256 v0.13.4
[INFO] [stderr]    Compiling p256 v0.13.2
[INFO] [stderr]    Compiling alloy-primitives v1.6.0
[INFO] [stderr]    Compiling criterion-plot v0.5.0
[INFO] [stderr]    Compiling codspeed-criterion-compat-walltime v5.0.1
[INFO] [stderr]    Compiling alloy-eip2930 v0.2.3
[INFO] [stderr]    Compiling alloy-eip7702 v0.6.3
[INFO] [stderr]    Compiling alloy-eip7928 v0.3.7
[INFO] [stderr]    Compiling alloy-eip2124 v0.2.0
[INFO] [stderr]    Compiling alloy-serde v1.8.3
[INFO] [stderr]    Compiling alloy-sol-types v1.4.1
[INFO] [stderr]    Compiling revm-primitives v20.2.1
[INFO] [stderr]    Compiling alloy-trie v0.9.0
[INFO] [stderr]    Compiling revm-primitives v23.0.0
[INFO] [stderr]    Compiling alloy-chains v0.2.6
[INFO] [stderr]    Compiling alloy-signer v1.1.2
[INFO] [stderr]    Compiling revm-bytecode v10.0.0
[INFO] [stderr]    Compiling revm-bytecode v6.2.1
[INFO] [stderr]    Compiling alloy-hardforks v0.2.13
[INFO] [stderr]    Compiling alloy-op-hardforks v0.2.13
[INFO] [stderr]    Compiling alloy-eips v1.8.3
[INFO] [stderr]    Compiling revm-state v7.0.4
[INFO] [stderr]    Compiling revm-state v11.0.1
[INFO] [stderr]    Compiling revm-database-interface v7.0.4
[INFO] [stderr]    Compiling revm-context-interface v9.0.0
[INFO] [stderr]    Compiling revm-database-interface v11.0.1
[INFO] [stderr]    Compiling revm-context v8.0.4
[INFO] [stderr]    Compiling revm-interpreter v24.0.0
[INFO] [stderr]    Compiling alloy-consensus v1.1.0
[INFO] [stderr]    Compiling ark-poly v0.5.0
[INFO] [stderr]    Compiling revm-context-interface v17.0.1
[INFO] [stderr]    Compiling revm-database v13.0.1
[INFO] [stderr]    Compiling ark-ec v0.5.0
[INFO] [stderr]    Compiling alloy-json-rpc v1.1.2
[INFO] [stderr]    Compiling mega-system-contracts v1.7.2
[INFO] [stderr]    Compiling alloy-transport v1.1.2
[INFO] [stderr]    Compiling alloy-rpc-client v1.1.2
[INFO] [stderr]    Compiling revm-context v16.0.1
[INFO] [stderr]    Compiling revm-interpreter v35.0.1
[INFO] [stderr]    Compiling alloy-consensus-any v1.1.0
[INFO] [stderr]    Compiling alloy-network-primitives v1.1.0
[INFO] [stderr]    Compiling op-alloy-consensus v0.18.14
[INFO] [stderr]    Compiling ark-bn254 v0.5.0
[INFO] [stderr]    Compiling ark-bls12-381 v0.5.0
[INFO] [stderr]    Compiling alloy-rpc-types-eth v1.1.0
[INFO] [stderr]    Compiling revm-precompile v25.0.0
[INFO] [stderr]    Compiling revm-precompile v34.0.0
[INFO] [stderr]    Compiling revm-handler v8.1.0
[INFO] [stderr]    Compiling revm-inspector v8.1.0
[INFO] [stderr]    Compiling revm-handler v18.1.0
[INFO] [stderr]    Compiling revm-inspector v19.0.0
[INFO] [stderr]    Compiling revm v38.0.0
[INFO] [stderr]    Compiling op-revm v20.0.0
[INFO] [stderr]    Compiling alloy-rpc-types-any v1.1.0
[INFO] [stderr]    Compiling alloy-rpc-types-trace v1.0.24
[INFO] [stderr]    Compiling alloy-network v1.1.0
[INFO] [stderr]    Compiling alloy-provider v1.1.0
[INFO] [stderr]    Compiling revm-database v7.0.4
[INFO] [stderr]    Compiling revm v27.1.0
[INFO] [stderr]    Compiling op-revm v8.1.0
[INFO] [stderr]    Compiling revm-inspectors v0.27.3
[INFO] [stderr]    Compiling alloy-evm v0.15.0
[INFO] [stderr]    Compiling alloy-op-evm v0.15.0
[INFO] [stderr]    Compiling mega-evm v1.7.2 (/opt/rustwide/workdir)
[INFO] [stdout] error[E0432]: unresolved import `mega_evm::test_utils`
[INFO] [stdout]   --> tests/rex6/beneficiary_detention.rs:32:5
[INFO] [stdout]    |
[INFO] [stdout] 32 |     test_utils::{BytecodeBuilder, ErrorInjectingDatabase, MemoryDatabase},
[INFO] [stdout]    |     ^^^^^^^^^^ could not find `test_utils` in `mega_evm`
[INFO] [stdout]    |
[INFO] [stdout] note: found an item that was configured out
[INFO] [stdout]   --> src/lib.rs:19:9
[INFO] [stdout]    |
[INFO] [stdout] 18 | #[cfg(any(test, feature = "test-utils"))]
[INFO] [stdout]    |          ------------------------------ the item is gated here
[INFO] [stdout] 19 | pub mod test_utils;
[INFO] [stdout]    |         ^^^^^^^^^^
[INFO] [stdout] 
[INFO] [stdout] 
[INFO] [stdout] error[E0432]: unresolved import `mega_evm::test_utils`
[INFO] [stdout]   --> tests/rex6/common.rs:5:5
[INFO] [stdout]    |
[INFO] [stdout]  5 |     test_utils::MemoryDatabase, EvmTxRuntimeLimits, MegaContext, MegaEvm, MegaHaltReason,
[INFO] [stdout]    |     ^^^^^^^^^^ could not find `test_utils` in `mega_evm`
[INFO] [stdout]    |
[INFO] [stdout] note: found an item that was configured out
[INFO] [stdout]   --> src/lib.rs:19:9
[INFO] [stdout]    |
[INFO] [stdout] 18 | #[cfg(any(test, feature = "test-utils"))]
[INFO] [stdout]    |          ------------------------------ the item is gated here
[INFO] [stdout] 19 | pub mod test_utils;
[INFO] [stdout]    |         ^^^^^^^^^^
[INFO] [stdout] 
[INFO] [stdout] 
[INFO] [stdout] error[E0432]: unresolved imports `mega_evm::test_utils`, `mega_evm::TestExternalEnvs`
[INFO] [stdout]   --> tests/mutation/access_evm.rs:36:5
[INFO] [stdout]    |
[INFO] [stdout] 36 |     test_utils::{BytecodeBuilder, MemoryDatabase},
[INFO] [stdout]    |     ^^^^^^^^^^ could not find `test_utils` in `mega_evm`
[INFO] [stdout] 37 |     MegaContext, MegaEvm, MegaHaltReason, MegaSpecId, MegaTransaction, SaltEnv, TestExternalEnvs,
[INFO] [stdout]    |                                                                                 ^^^^^^^^^^^^^^^^ no `TestExternalEnvs` in the root
[INFO] [stdout]    |
[INFO] [stdout] note: found an item that was configured out
[INFO] [stdout]   --> src/lib.rs:19:9
[INFO] [stdout]    |
[INFO] [stdout] 18 | #[cfg(any(test, feature = "test-utils"))]
[INFO] [stdout]    |          ------------------------------ the item is gated here
[INFO] [stdout] 19 | pub mod test_utils;
[INFO] [stdout]    |         ^^^^^^^^^^
[INFO] [stdout] help: a similar name exists in the module
[INFO] [stdout]    |
[INFO] [stdout] 37 -     MegaContext, MegaEvm, MegaHaltReason, MegaSpecId, MegaTransaction, SaltEnv, TestExternalEnvs,
[INFO] [stdout] 37 +     MegaContext, MegaEvm, MegaHaltReason, MegaSpecId, MegaTransaction, SaltEnv, ExternalEnvs,
[INFO] [stdout]    |
[INFO] [stdout] 
[INFO] [stdout] 
[INFO] [stdout] error[E0432]: unresolved imports `mega_evm::test_utils`, `mega_evm::AHashBucketHasher`, `mega_evm::BucketHasher`, `mega_evm::TestExternalEnvs`
[INFO] [stdout]   --> tests/mutation/external_exec.rs:65:5
[INFO] [stdout]    |
[INFO] [stdout] 65 |     test_utils::{BytecodeBuilder, MemoryDatabase},
[INFO] [stdout]    |     ^^^^^^^^^^ could not find `test_utils` in `mega_evm`
[INFO] [stdout] 66 |     AHashBucketHasher, BlockLimits, BucketHasher, MegaBlockExecutionCtx, MegaBlockExecutor,
[INFO] [stdout]    |     ^^^^^^^^^^^^^^^^^               ^^^^^^^^^^^^ no `BucketHasher` in the root
[INFO] [stdout]    |     |
[INFO] [stdout]    |     no `AHashBucketHasher` in the root
[INFO] [stdout] 67 |     MegaEvmFactory, MegaHardfork, MegaHardforkConfig, MegaSpecId, MegaTxEnvelope, TestExternalEnvs,
[INFO] [stdout]    |                                                                                   ^^^^^^^^^^^^^^^^ no `TestExternalEnvs` in the root
[INFO] [stdout]    |
[INFO] [stdout] note: found an item that was configured out
[INFO] [stdout]   --> src/lib.rs:19:9
[INFO] [stdout]    |
[INFO] [stdout] 18 | #[cfg(any(test, feature = "test-utils"))]
[INFO] [stdout]    |          ------------------------------ the item is gated here
[INFO] [stdout] 19 | pub mod test_utils;
[INFO] [stdout]    |         ^^^^^^^^^^
[INFO] [stdout] help: a similar name exists in the module
[INFO] [stdout]    |
[INFO] [stdout] 67 -     MegaEvmFactory, MegaHardfork, MegaHardforkConfig, MegaSpecId, MegaTxEnvelope, TestExternalEnvs,
[INFO] [stdout] 67 +     MegaEvmFactory, MegaHardfork, MegaHardforkConfig, MegaSpecId, MegaTxEnvelope, ExternalEnvs,
[INFO] [stdout]    |
[INFO] [stdout] 
[INFO] [stdout] 
[INFO] [stdout] error[E0432]: unresolved import `mega_evm::test_utils`
[INFO] [stdout]   --> tests/mutation/limit.rs:18:5
[INFO] [stdout]    |
[INFO] [stdout] 18 |     test_utils::{BytecodeBuilder, MemoryDatabase},
[INFO] [stdout]    |     ^^^^^^^^^^ could not find `test_utils` in `mega_evm`
[INFO] [stdout]    |
[INFO] [stdout] note: found an item that was configured out
[INFO] [stdout]   --> src/lib.rs:19:9
[INFO] [stdout]    |
[INFO] [stdout] 18 | #[cfg(any(test, feature = "test-utils"))]
[INFO] [stdout]    |          ------------------------------ the item is gated here
[INFO] [stdout] 19 | pub mod test_utils;
[INFO] [stdout]    |         ^^^^^^^^^^
[INFO] [stdout] 
[INFO] [stdout] 
[INFO] [stdout] error[E0432]: unresolved imports `mega_evm::test_utils`, `mega_evm::BucketHasher`, `mega_evm::TestExternalEnvs`
[INFO] [stdout]   --> tests/rex6/create2_metering_order.rs:24:5
[INFO] [stdout]    |
[INFO] [stdout] 24 |     test_utils::{BytecodeBuilder, MemoryDatabase},
[INFO] [stdout]    |     ^^^^^^^^^^ could not find `test_utils` in `mega_evm`
[INFO] [stdout] 25 |     BucketHasher, BucketId, EvmTxRuntimeLimits, MegaContext, MegaEvm, MegaSpecId, MegaTransaction,
[INFO] [stdout]    |     ^^^^^^^^^^^^ no `BucketHasher` in the root
[INFO] [stdout] 26 |     TestExternalEnvs,
[INFO] [stdout]    |     ^^^^^^^^^^^^^^^^ no `TestExternalEnvs` in the root
[INFO] [stdout]    |
[INFO] [stdout] note: found an item that was configured out
[INFO] [stdout]   --> src/lib.rs:19:9
[INFO] [stdout]    |
[INFO] [stdout] 18 | #[cfg(any(test, feature = "test-utils"))]
[INFO] [stdout]    |          ------------------------------ the item is gated here
[INFO] [stdout] 19 | pub mod test_utils;
[INFO] [stdout]    |         ^^^^^^^^^^
[INFO] [stdout] help: a similar name exists in the module
[INFO] [stdout]    |
[INFO] [stdout] 26 -     TestExternalEnvs,
[INFO] [stdout] 26 +     ExternalEnvs,
[INFO] [stdout]    |
[INFO] [stdout] 
[INFO] [stdout] 
[INFO] [stdout] error[E0432]: unresolved import `mega_evm::test_utils`
[INFO] [stdout]   --> tests/rex6/create_frame_accounting.rs:13:5
[INFO] [stdout]    |
[INFO] [stdout] 13 |     test_utils::{ErrorInjectingDatabase, MemoryDatabase},
[INFO] [stdout]    |     ^^^^^^^^^^ could not find `test_utils` in `mega_evm`
[INFO] [stdout]    |
[INFO] [stdout] note: found an item that was configured out
[INFO] [stdout]   --> src/lib.rs:19:9
[INFO] [stdout]    |
[INFO] [stdout] 18 | #[cfg(any(test, feature = "test-utils"))]
[INFO] [stdout]    |          ------------------------------ the item is gated here
[INFO] [stdout] 19 | pub mod test_utils;
[INFO] [stdout]    |         ^^^^^^^^^^
[INFO] [stdout] 
[INFO] [stdout] 
[INFO] [stdout] error[E0432]: unresolved import `mega_evm::test_utils`
[INFO] [stdout]   --> tests/equivalence/evm_state.rs:6:5
[INFO] [stdout]    |
[INFO] [stdout]  6 |     test_utils::{transact, MemoryDatabase},
[INFO] [stdout]    |     ^^^^^^^^^^ could not find `test_utils` in `mega_evm`
[INFO] [stdout]    |
[INFO] [stdout] note: found an item that was configured out
[INFO] [stdout]   --> src/lib.rs:19:9
[INFO] [stdout]    |
[INFO] [stdout] 18 | #[cfg(any(test, feature = "test-utils"))]
[INFO] [stdout]    |          ------------------------------ the item is gated here
[INFO] [stdout] 19 | pub mod test_utils;
[INFO] [stdout]    |         ^^^^^^^^^^
[INFO] [stdout] 
[INFO] [stdout] 
[INFO] [stdout] error[E0432]: unresolved imports `mega_evm::test_utils`, `mega_evm::TestExternalEnvs`
[INFO] [stdout]   --> tests/block_executor/accessed_block_hashes.rs:15:5
[INFO] [stdout]    |
[INFO] [stdout] 15 |     test_utils::{BytecodeBuilder, MemoryDatabase},
[INFO] [stdout]    |     ^^^^^^^^^^ could not find `test_utils` in `mega_evm`
[INFO] [stdout] 16 |     BlockLimits, MegaBlockExecutionCtx, MegaBlockExecutor, MegaEvmFactory, MegaHardforkConfig,
[INFO] [stdout] 17 |     MegaSpecId, MegaTxEnvelope, TestExternalEnvs,
[INFO] [stdout]    |                                 ^^^^^^^^^^^^^^^^ no `TestExternalEnvs` in the root
[INFO] [stdout]    |
[INFO] [stdout] note: found an item that was configured out
[INFO] [stdout]   --> src/lib.rs:19:9
[INFO] [stdout]    |
[INFO] [stdout] 18 | #[cfg(any(test, feature = "test-utils"))]
[INFO] [stdout]    |          ------------------------------ the item is gated here
[INFO] [stdout] 19 | pub mod test_utils;
[INFO] [stdout]    |         ^^^^^^^^^^
[INFO] [stdout] help: a similar name exists in the module
[INFO] [stdout]    |
[INFO] [stdout] 17 -     MegaSpecId, MegaTxEnvelope, TestExternalEnvs,
[INFO] [stdout] 17 +     MegaSpecId, MegaTxEnvelope, ExternalEnvs,
[INFO] [stdout]    |
[INFO] [stdout] 
[INFO] [stdout] 
[INFO] [stdout] error[E0432]: unresolved imports `mega_evm::test_utils`, `mega_evm::TestExternalEnvs`
[INFO] [stdout]   --> tests/block_executor/block_limits.rs:14:5
[INFO] [stdout]    |
[INFO] [stdout] 14 |     test_utils::{BytecodeBuilder, MemoryDatabase},
[INFO] [stdout]    |     ^^^^^^^^^^ could not find `test_utils` in `mega_evm`
[INFO] [stdout] 15 |     BlockLimits, EnrichedMegaTx, MegaBlockExecutionCtx, MegaBlockExecutor, MegaEvmFactory,
[INFO] [stdout] 16 |     MegaHardforkConfig, MegaSpecId, MegaTransactionExt, MegaTxEnvelope, TestExternalEnvs,
[INFO] [stdout]    |                                                                         ^^^^^^^^^^^^^^^^ no `TestExternalEnvs` in the root
[INFO] [stdout]    |
[INFO] [stdout] note: found an item that was configured out
[INFO] [stdout]   --> src/lib.rs:19:9
[INFO] [stdout]    |
[INFO] [stdout] 18 | #[cfg(any(test, feature = "test-utils"))]
[INFO] [stdout]    |          ------------------------------ the item is gated here
[INFO] [stdout] 19 | pub mod test_utils;
[INFO] [stdout]    |         ^^^^^^^^^^
[INFO] [stdout] help: a similar name exists in the module
[INFO] [stdout]    |
[INFO] [stdout] 16 -     MegaHardforkConfig, MegaSpecId, MegaTransactionExt, MegaTxEnvelope, TestExternalEnvs,
[INFO] [stdout] 16 +     MegaHardforkConfig, MegaSpecId, MegaTransactionExt, MegaTxEnvelope, ExternalEnvs,
[INFO] [stdout]    |
[INFO] [stdout] 
[INFO] [stdout] 
[INFO] [stdout] error[E0432]: unresolved imports `mega_evm::test_utils`, `mega_evm::TestExternalEnvs`
[INFO] [stdout]   --> tests/rex/intrinsic_gas.rs:7:16
[INFO] [stdout]    |
[INFO] [stdout]  7 |     constants, test_utils::MemoryDatabase, EVMError, MegaContext, MegaEvm, MegaHaltReason,
[INFO] [stdout]    |                ^^^^^^^^^^ could not find `test_utils` in `mega_evm`
[INFO] [stdout]  8 |     MegaSpecId, MegaTransaction, MegaTransactionError, TestExternalEnvs,
[INFO] [stdout]    |                                                        ^^^^^^^^^^^^^^^^ no `TestExternalEnvs` in the root
[INFO] [stdout]    |
[INFO] [stdout] note: found an item that was configured out
[INFO] [stdout]   --> src/lib.rs:19:9
[INFO] [stdout]    |
[INFO] [stdout] 18 | #[cfg(any(test, feature = "test-utils"))]
[INFO] [stdout]    |          ------------------------------ the item is gated here
[INFO] [stdout] 19 | pub mod test_utils;
[INFO] [stdout]    |         ^^^^^^^^^^
[INFO] [stdout] help: a similar name exists in the module
[INFO] [stdout]    |
[INFO] [stdout]  8 -     MegaSpecId, MegaTransaction, MegaTransactionError, TestExternalEnvs,
[INFO] [stdout]  8 +     MegaSpecId, MegaTransaction, MegaTransactionError, ExternalEnvs,
[INFO] [stdout]    |
[INFO] [stdout] 
[INFO] [stdout] 
[INFO] [stdout] error[E0432]: unresolved imports `mega_evm::test_utils`, `mega_evm::TestExternalEnvs`
[INFO] [stdout]   --> tests/block_executor/deposit_da_exemption.rs:13:5
[INFO] [stdout]    |
[INFO] [stdout] 13 |     test_utils::MemoryDatabase, BlockLimits, MegaBlockExecutionCtx, MegaBlockExecutor,
[INFO] [stdout]    |     ^^^^^^^^^^ could not find `test_utils` in `mega_evm`
[INFO] [stdout] 14 |     MegaEvmFactory, MegaHardforkConfig, MegaSpecId, MegaTransactionExt, MegaTxEnvelope,
[INFO] [stdout] 15 |     TestExternalEnvs,
[INFO] [stdout]    |     ^^^^^^^^^^^^^^^^ no `TestExternalEnvs` in the root
[INFO] [stdout]    |
[INFO] [stdout] note: found an item that was configured out
[INFO] [stdout]   --> src/lib.rs:19:9
[INFO] [stdout]    |
[INFO] [stdout] 18 | #[cfg(any(test, feature = "test-utils"))]
[INFO] [stdout]    |          ------------------------------ the item is gated here
[INFO] [stdout] 19 | pub mod test_utils;
[INFO] [stdout]    |         ^^^^^^^^^^
[INFO] [stdout] help: a similar name exists in the module
[INFO] [stdout]    |
[INFO] [stdout] 15 -     TestExternalEnvs,
[INFO] [stdout] 15 +     ExternalEnvs,
[INFO] [stdout]    |
[INFO] [stdout] 
[INFO] [stdout] 
[INFO] [stdout] error[E0432]: unresolved imports `mega_evm::test_utils`, `mega_evm::BucketHasher`, `mega_evm::SimpleBucketHasher`, `mega_evm::TestExternalEnvs`
[INFO] [stdout]   --> tests/rex6/eip7702_authority_accounting.rs:17:16
[INFO] [stdout]    |
[INFO] [stdout] 17 |     constants, test_utils::MemoryDatabase, BucketHasher, EVMError, EvmTxRuntimeLimits, LimitUsage,
[INFO] [stdout]    |                ^^^^^^^^^^                  ^^^^^^^^^^^^ no `BucketHasher` in the root
[INFO] [stdout]    |                |
[INFO] [stdout]    |                could not find `test_utils` in `mega_evm`
[INFO] [stdout] 18 |     MegaContext, MegaEvm, MegaHaltReason, MegaSpecId, MegaTransaction, MegaTransactionError,
[INFO] [stdout] 19 |     SimpleBucketHasher, TestExternalEnvs, ACCOUNT_INFO_WRITE_SIZE, MIN_BUCKET_SIZE,
[INFO] [stdout]    |     ^^^^^^^^^^^^^^^^^^  ^^^^^^^^^^^^^^^^ no `TestExternalEnvs` in the root
[INFO] [stdout]    |     |
[INFO] [stdout]    |     no `SimpleBucketHasher` in the root
[INFO] [stdout]    |
[INFO] [stdout] note: found an item that was configured out
[INFO] [stdout]   --> src/lib.rs:19:9
[INFO] [stdout]    |
[INFO] [stdout] 18 | #[cfg(any(test, feature = "test-utils"))]
[INFO] [stdout]    |          ------------------------------ the item is gated here
[INFO] [stdout] 19 | pub mod test_utils;
[INFO] [stdout]    |         ^^^^^^^^^^
[INFO] [stdout] help: a similar name exists in the module
[INFO] [stdout]    |
[INFO] [stdout] 19 -     SimpleBucketHasher, TestExternalEnvs, ACCOUNT_INFO_WRITE_SIZE, MIN_BUCKET_SIZE,
[INFO] [stdout] 19 +     SimpleBucketHasher, ExternalEnvs, ACCOUNT_INFO_WRITE_SIZE, MIN_BUCKET_SIZE,
[INFO] [stdout]    |
[INFO] [stdout] 
[INFO] [stdout] 
[INFO] [stdout] error[E0432]: unresolved import `mega_evm::test_utils`
[INFO] [stdout]   --> tests/rex6/error_paths.rs:22:5
[INFO] [stdout]    |
[INFO] [stdout] 22 |     test_utils::{BytecodeBuilder, MemoryDatabase},
[INFO] [stdout]    |     ^^^^^^^^^^ could not find `test_utils` in `mega_evm`
[INFO] [stdout]    |
[INFO] [stdout] note: found an item that was configured out
[INFO] [stdout]   --> src/lib.rs:19:9
[INFO] [stdout]    |
[INFO] [stdout] 18 | #[cfg(any(test, feature = "test-utils"))]
[INFO] [stdout]    |          ------------------------------ the item is gated here
[INFO] [stdout] 19 | pub mod test_utils;
[INFO] [stdout]    |         ^^^^^^^^^^
[INFO] [stdout] 
[INFO] [stdout] 
[INFO] [stdout] error[E0432]: unresolved import `mega_evm::test_utils`
[INFO] [stdout]   --> tests/rex6/fee_reward_accounting.rs:26:5
[INFO] [stdout]    |
[INFO] [stdout] 26 |     test_utils::{BytecodeBuilder, ErrorInjectingDatabase, MemoryDatabase},
[INFO] [stdout]    |     ^^^^^^^^^^ could not find `test_utils` in `mega_evm`
[INFO] [stdout]    |
[INFO] [stdout] note: found an item that was configured out
[INFO] [stdout]   --> src/lib.rs:19:9
[INFO] [stdout]    |
[INFO] [stdout] 18 | #[cfg(any(test, feature = "test-utils"))]
[INFO] [stdout]    |          ------------------------------ the item is gated here
[INFO] [stdout] 19 | pub mod test_utils;
[INFO] [stdout]    |         ^^^^^^^^^^
[INFO] [stdout] 
[INFO] [stdout] 
[INFO] [stdout] error[E0432]: unresolved import `mega_evm::test_utils`
[INFO] [stdout]   --> tests/rex6/frame_local_accounting.rs:12:5
[INFO] [stdout]    |
[INFO] [stdout] 12 |     test_utils::{BytecodeBuilder, MemoryDatabase},
[INFO] [stdout]    |     ^^^^^^^^^^ could not find `test_utils` in `mega_evm`
[INFO] [stdout]    |
[INFO] [stdout] note: found an item that was configured out
[INFO] [stdout]   --> src/lib.rs:19:9
[INFO] [stdout]    |
[INFO] [stdout] 18 | #[cfg(any(test, feature = "test-utils"))]
[INFO] [stdout]    |          ------------------------------ the item is gated here
[INFO] [stdout] 19 | pub mod test_utils;
[INFO] [stdout]    |         ^^^^^^^^^^
[INFO] [stdout] 
[INFO] [stdout] 
[INFO] [stdout] error[E0432]: unresolved imports `mega_evm::test_utils`, `mega_evm::TestExternalEnvs`
[INFO] [stdout]   --> tests/rex/oracle.rs:9:5
[INFO] [stdout]    |
[INFO] [stdout]  9 |     test_utils::{BytecodeBuilder, MemoryDatabase},
[INFO] [stdout]    |     ^^^^^^^^^^ could not find `test_utils` in `mega_evm`
[INFO] [stdout] 10 |     MegaContext, MegaEvm, MegaHaltReason, MegaSpecId, MegaTransaction, TestExternalEnvs,
[INFO] [stdout]    |                                                                        ^^^^^^^^^^^^^^^^ no `TestExternalEnvs` in the root
[INFO] [stdout]    |
[INFO] [stdout] note: found an item that was configured out
[INFO] [stdout]   --> src/lib.rs:19:9
[INFO] [stdout]    |
[INFO] [stdout] 18 | #[cfg(any(test, feature = "test-utils"))]
[INFO] [stdout]    |          ------------------------------ the item is gated here
[INFO] [stdout] 19 | pub mod test_utils;
[INFO] [stdout]    |         ^^^^^^^^^^
[INFO] [stdout] help: a similar name exists in the module
[INFO] [stdout]    |
[INFO] [stdout] 10 -     MegaContext, MegaEvm, MegaHaltReason, MegaSpecId, MegaTransaction, TestExternalEnvs,
[INFO] [stdout] 10 +     MegaContext, MegaEvm, MegaHaltReason, MegaSpecId, MegaTransaction, ExternalEnvs,
[INFO] [stdout]    |
[INFO] [stdout] 
[INFO] [stdout] 
[INFO] [stdout] error[E0432]: unresolved imports `mega_evm::test_utils`, `mega_evm::TestExternalEnvs`
[INFO] [stdout]   --> tests/block_executor/inspector.rs:13:5
[INFO] [stdout]    |
[INFO] [stdout] 13 |     test_utils::{BytecodeBuilder, GasInspector, MemoryDatabase},
[INFO] [stdout]    |     ^^^^^^^^^^ could not find `test_utils` in `mega_evm`
[INFO] [stdout] 14 |     BlockLimits, MegaBlockExecutionCtx, MegaBlockExecutorFactory, MegaEvmFactory,
[INFO] [stdout] 15 |     MegaHardforkConfig, MegaSpecId, MegaTxEnvelope, TestExternalEnvs,
[INFO] [stdout]    |                                                     ^^^^^^^^^^^^^^^^ no `TestExternalEnvs` in the root
[INFO] [stdout]    |
[INFO] [stdout] note: found an item that was configured out
[INFO] [stdout]   --> src/lib.rs:19:9
[INFO] [stdout]    |
[INFO] [stdout] 18 | #[cfg(any(test, feature = "test-utils"))]
[INFO] [stdout]    |          ------------------------------ the item is gated here
[INFO] [stdout] 19 | pub mod test_utils;
[INFO] [stdout]    |         ^^^^^^^^^^
[INFO] [stdout] help: a similar name exists in the module
[INFO] [stdout]    |
[INFO] [stdout] 15 -     MegaHardforkConfig, MegaSpecId, MegaTxEnvelope, TestExternalEnvs,
[INFO] [stdout] 15 +     MegaHardforkConfig, MegaSpecId, MegaTxEnvelope, ExternalEnvs,
[INFO] [stdout]    |
[INFO] [stdout] 
[INFO] [stdout] 
[INFO] [stdout] error[E0432]: unresolved imports `mega_evm::sandbox::tests`, `mega_evm::test_utils`, `mega_evm::TestExternalEnvs`
[INFO] [stdout]   --> tests/rex3/keyless_deploy.rs:11:14
[INFO] [stdout]    |
[INFO] [stdout] 11 |     sandbox::tests::{CREATE2_FACTORY_DEPLOYER, CREATE2_FACTORY_TX},
[INFO] [stdout]    |              ^^^^^ could not find `tests` in `sandbox`
[INFO] [stdout] 12 |     test_utils::MemoryDatabase,
[INFO] [stdout]    |     ^^^^^^^^^^ could not find `test_utils` in `mega_evm`
[INFO] [stdout] 13 |     EvmTxRuntimeLimits, IKeylessDeploy, MegaContext, MegaEvm, MegaHaltReason, MegaSpecId,
[INFO] [stdout] 14 |     MegaTransaction, TestExternalEnvs, KEYLESS_DEPLOY_ADDRESS,
[INFO] [stdout]    |                      ^^^^^^^^^^^^^^^^ no `TestExternalEnvs` in the root
[INFO] [stdout]    |
[INFO] [stdout] note: found an item that was configured out
[INFO] [stdout]   --> src/lib.rs:19:9
[INFO] [stdout]    |
[INFO] [stdout] 18 | #[cfg(any(test, feature = "test-utils"))]
[INFO] [stdout]    |          ------------------------------ the item is gated here
[INFO] [stdout] 19 | pub mod test_utils;
[INFO] [stdout]    |         ^^^^^^^^^^
[INFO] [stdout] help: a similar name exists in the module
[INFO] [stdout]    |
[INFO] [stdout] 14 -     MegaTransaction, TestExternalEnvs, KEYLESS_DEPLOY_ADDRESS,
[INFO] [stdout] 14 +     MegaTransaction, ExternalEnvs, KEYLESS_DEPLOY_ADDRESS,
[INFO] [stdout]    |
[INFO] [stdout] 
[INFO] [stdout] 
[INFO] [stdout] error[E0432]: unresolved imports `mega_evm::test_utils`, `mega_evm::TestExternalEnvs`
[INFO] [stdout]   --> tests/rex6/keyless_sandbox_hardening.rs:30:5
[INFO] [stdout]    |
[INFO] [stdout] 30 |     test_utils::{BytecodeBuilder, MemoryDatabase},
[INFO] [stdout]    |     ^^^^^^^^^^ could not find `test_utils` in `mega_evm`
[INFO] [stdout] 31 |     EvmTxRuntimeLimits, IKeylessDeploy, MegaContext, MegaEvm, MegaHaltReason, MegaSpecId,
[INFO] [stdout] 32 |     MegaTransaction, TestExternalEnvs, KEYLESS_DEPLOY_ADDRESS,
[INFO] [stdout]    |                      ^^^^^^^^^^^^^^^^ no `TestExternalEnvs` in the root
[INFO] [stdout]    |
[INFO] [stdout] note: found an item that was configured out
[INFO] [stdout]   --> src/lib.rs:19:9
[INFO] [stdout]    |
[INFO] [stdout] 18 | #[cfg(any(test, feature = "test-utils"))]
[INFO] [stdout]    |          ------------------------------ the item is gated here
[INFO] [stdout] 19 | pub mod test_utils;
[INFO] [stdout]    |         ^^^^^^^^^^
[INFO] [stdout] help: a similar name exists in the module
[INFO] [stdout]    |
[INFO] [stdout] 32 -     MegaTransaction, TestExternalEnvs, KEYLESS_DEPLOY_ADDRESS,
[INFO] [stdout] 32 +     MegaTransaction, ExternalEnvs, KEYLESS_DEPLOY_ADDRESS,
[INFO] [stdout]    |
[INFO] [stdout] 
[INFO] [stdout] 
[INFO] [stdout] error[E0432]: unresolved imports `mega_evm::test_utils`, `mega_evm::TestExternalEnvs`
[INFO] [stdout]   --> tests/block_executor/sequencer_registry.rs:16:5
[INFO] [stdout]    |
[INFO] [stdout] 16 |     test_utils::MemoryDatabase, BlockLimits, IOracle, ISequencerRegistry, MegaBlockExecutionCtx,
[INFO] [stdout]    |     ^^^^^^^^^^ could not find `test_utils` in `mega_evm`
[INFO] [stdout] 17 |     MegaBlockExecutorFactory, MegaEvmFactory, MegaHardfork, MegaHardforkConfig, MegaSpecId,
[INFO] [stdout] 18 |     MegaTxEnvelope, SequencerRegistryConfig, TestExternalEnvs, MEGA_SYSTEM_ADDRESS,
[INFO] [stdout]    |                                              ^^^^^^^^^^^^^^^^ no `TestExternalEnvs` in the root
[INFO] [stdout]    |
[INFO] [stdout] note: found an item that was configured out
[INFO] [stdout]   --> src/lib.rs:19:9
[INFO] [stdout]    |
[INFO] [stdout] 18 | #[cfg(any(test, feature = "test-utils"))]
[INFO] [stdout]    |          ------------------------------ the item is gated here
[INFO] [stdout] 19 | pub mod test_utils;
[INFO] [stdout]    |         ^^^^^^^^^^
[INFO] [stdout] help: a similar name exists in the module
[INFO] [stdout]    |
[INFO] [stdout] 18 -     MegaTxEnvelope, SequencerRegistryConfig, TestExternalEnvs, MEGA_SYSTEM_ADDRESS,
[INFO] [stdout] 18 +     MegaTxEnvelope, SequencerRegistryConfig, ExternalEnvs, MEGA_SYSTEM_ADDRESS,
[INFO] [stdout]    |
[INFO] [stdout] 
[INFO] [stdout] 
[INFO] [stdout] error[E0432]: unresolved import `mega_evm::test_utils`
[INFO] [stdout]   --> tests/rex6/metering_order_parity.rs:15:5
[INFO] [stdout]    |
[INFO] [stdout] 15 |     test_utils::{BytecodeBuilder, MemoryDatabase},
[INFO] [stdout]    |     ^^^^^^^^^^ could not find `test_utils` in `mega_evm`
[INFO] [stdout]    |
[INFO] [stdout] note: found an item that was configured out
[INFO] [stdout]   --> src/lib.rs:19:9
[INFO] [stdout]    |
[INFO] [stdout] 18 | #[cfg(any(test, feature = "test-utils"))]
[INFO] [stdout]    |          ------------------------------ the item is gated here
[INFO] [stdout] 19 | pub mod test_utils;
[INFO] [stdout]    |         ^^^^^^^^^^
[INFO] [stdout] 
[INFO] [stdout] 
[INFO] [stdout] error[E0432]: unresolved imports `mega_evm::test_utils`, `mega_evm::TestExternalEnvs`
[INFO] [stdout]   --> tests/rex/storage_gas.rs:8:5
[INFO] [stdout]    |
[INFO] [stdout]  8 |     test_utils::{BytecodeBuilder, MemoryDatabase},
[INFO] [stdout]    |     ^^^^^^^^^^ could not find `test_utils` in `mega_evm`
[INFO] [stdout]  9 |     EVMError, MegaContext, MegaEvm, MegaHaltReason, MegaSpecId, MegaTransaction,
[INFO] [stdout] 10 |     MegaTransactionError, SaltEnv, TestExternalEnvs, MIN_BUCKET_SIZE,
[INFO] [stdout]    |                                    ^^^^^^^^^^^^^^^^ no `TestExternalEnvs` in the root
[INFO] [stdout]    |
[INFO] [stdout] note: found an item that was configured out
[INFO] [stdout]   --> src/lib.rs:19:9
[INFO] [stdout]    |
[INFO] [stdout] 18 | #[cfg(any(test, feature = "test-utils"))]
[INFO] [stdout]    |          ------------------------------ the item is gated here
[INFO] [stdout] 19 | pub mod test_utils;
[INFO] [stdout]    |         ^^^^^^^^^^
[INFO] [stdout] help: a similar name exists in the module
[INFO] [stdout]    |
[INFO] [stdout] 10 -     MegaTransactionError, SaltEnv, TestExternalEnvs, MIN_BUCKET_SIZE,
[INFO] [stdout] 10 +     MegaTransactionError, SaltEnv, ExternalEnvs, MIN_BUCKET_SIZE,
[INFO] [stdout]    |
[INFO] [stdout] 
[INFO] [stdout] 
[INFO] [stdout] error[E0432]: unresolved imports `mega_evm::test_utils`, `mega_evm::TestExternalEnvs`
[INFO] [stdout]   --> tests/rex3/oracle_gas_limit.rs:6:5
[INFO] [stdout]    |
[INFO] [stdout]  6 |     test_utils::{BytecodeBuilder, MemoryDatabase},
[INFO] [stdout]    |     ^^^^^^^^^^ could not find `test_utils` in `mega_evm`
[INFO] [stdout]  7 |     MegaContext, MegaEvm, MegaHaltReason, MegaSpecId, MegaTransaction, TestExternalEnvs,
[INFO] [stdout]    |                                                                        ^^^^^^^^^^^^^^^^ no `TestExternalEnvs` in the root
[INFO] [stdout]    |
[INFO] [stdout] note: found an item that was configured out
[INFO] [stdout]   --> src/lib.rs:19:9
[INFO] [stdout]    |
[INFO] [stdout] 18 | #[cfg(any(test, feature = "test-utils"))]
[INFO] [stdout]    |          ------------------------------ the item is gated here
[INFO] [stdout] 19 | pub mod test_utils;
[INFO] [stdout]    |         ^^^^^^^^^^
[INFO] [stdout] help: a similar name exists in the module
[INFO] [stdout]    |
[INFO] [stdout]  7 -     MegaContext, MegaEvm, MegaHaltReason, MegaSpecId, MegaTransaction, TestExternalEnvs,
[INFO] [stdout]  7 +     MegaContext, MegaEvm, MegaHaltReason, MegaSpecId, MegaTransaction, ExternalEnvs,
[INFO] [stdout]    |
[INFO] [stdout] 
[INFO] [stdout] 
[INFO] [stdout] warning: unused import: `SaltEnv`
[INFO] [stdout]   --> tests/rex/storage_gas.rs:10:27
[INFO] [stdout]    |
[INFO] [stdout] 10 |     MegaTransactionError, SaltEnv, TestExternalEnvs, MIN_BUCKET_SIZE,
[INFO] [stdout]    |                           ^^^^^^^
[INFO] [stdout]    |
[INFO] [stdout]    = note: `#[warn(unused_imports)]` (part of `#[warn(unused)]`) on by default
[INFO] [stdout] 
[INFO] [stdout] 
[INFO] [stdout] error[E0432]: unresolved imports `mega_evm::test_utils`, `mega_evm::TestExternalEnvs`
[INFO] [stdout]   --> tests/block_executor/trait_factory_runtime_limits.rs:31:5
[INFO] [stdout]    |
[INFO] [stdout] 31 |     test_utils::MemoryDatabase, BlockLimits, EvmTxRuntimeLimits, MegaBlockExecutionCtx,
[INFO] [stdout]    |     ^^^^^^^^^^ could not find `test_utils` in `mega_evm`
[INFO] [stdout] 32 |     MegaBlockExecutorFactory, MegaEvmFactory, MegaHardfork, MegaHardforkConfig, MegaSpecId,
[INFO] [stdout] 33 |     TestExternalEnvs,
[INFO] [stdout]    |     ^^^^^^^^^^^^^^^^ no `TestExternalEnvs` in the root
[INFO] [stdout]    |
[INFO] [stdout] note: found an item that was configured out
[INFO] [stdout]   --> src/lib.rs:19:9
[INFO] [stdout]    |
[INFO] [stdout] 18 | #[cfg(any(test, feature = "test-utils"))]
[INFO] [stdout]    |          ------------------------------ the item is gated here
[INFO] [stdout] 19 | pub mod test_utils;
[INFO] [stdout]    |         ^^^^^^^^^^
[INFO] [stdout] help: a similar name exists in the module
[INFO] [stdout]    |
[INFO] [stdout] 33 -     TestExternalEnvs,
[INFO] [stdout] 33 +     ExternalEnvs,
[INFO] [stdout]    |
[INFO] [stdout] 
[INFO] [stdout] 
[INFO] [stdout] error[E0432]: unresolved imports `mega_evm::test_utils`, `mega_evm::RecordedHint`, `mega_evm::TestExternalEnvs`
[INFO] [stdout]   --> tests/rex6/oracle_hint_volatile_access.rs:16:5
[INFO] [stdout]    |
[INFO] [stdout] 16 |     test_utils::{BytecodeBuilder, MemoryDatabase},
[INFO] [stdout]    |     ^^^^^^^^^^ could not find `test_utils` in `mega_evm`
[INFO] [stdout] 17 |     IMegaAccessControl, MegaContext, MegaEvm, MegaSpecId, MegaTransaction, RecordedHint,
[INFO] [stdout]    |                                                                            ^^^^^^^^^^^^ no `RecordedHint` in the root
[INFO] [stdout] 18 |     TestExternalEnvs, ACCESS_CONTROL_ADDRESS, ORACLE_CONTRACT_ADDRESS, ORACLE_CONTRACT_CODE_REX5,
[INFO] [stdout]    |     ^^^^^^^^^^^^^^^^ no `TestExternalEnvs` in the root
[INFO] [stdout]    |
[INFO] [stdout] note: found an item that was configured out
[INFO] [stdout]   --> src/lib.rs:19:9
[INFO] [stdout]    |
[INFO] [stdout] 18 | #[cfg(any(test, feature = "test-utils"))]
[INFO] [stdout]    |          ------------------------------ the item is gated here
[INFO] [stdout] 19 | pub mod test_utils;
[INFO] [stdout]    |         ^^^^^^^^^^
[INFO] [stdout] help: a similar name exists in the module
[INFO] [stdout]    |
[INFO] [stdout] 18 -     TestExternalEnvs, ACCESS_CONTROL_ADDRESS, ORACLE_CONTRACT_ADDRESS, ORACLE_CONTRACT_CODE_REX5,
[INFO] [stdout] 18 +     ExternalEnvs, ACCESS_CONTROL_ADDRESS, ORACLE_CONTRACT_ADDRESS, ORACLE_CONTRACT_CODE_REX5,
[INFO] [stdout]    |
[INFO] [stdout] 
[INFO] [stdout] 
[INFO] [stdout] error[E0432]: unresolved import `mega_evm::test_utils`
[INFO] [stdout]   --> tests/rex6/self_transfer_account_dedup.rs:19:5
[INFO] [stdout]    |
[INFO] [stdout] 19 |     test_utils::{BytecodeBuilder, MemoryDatabase},
[INFO] [stdout]    |     ^^^^^^^^^^ could not find `test_utils` in `mega_evm`
[INFO] [stdout]    |
[INFO] [stdout] note: found an item that was configured out
[INFO] [stdout]   --> src/lib.rs:19:9
[INFO] [stdout]    |
[INFO] [stdout] 18 | #[cfg(any(test, feature = "test-utils"))]
[INFO] [stdout]    |          ------------------------------ the item is gated here
[INFO] [stdout] 19 | pub mod test_utils;
[INFO] [stdout]    |         ^^^^^^^^^^
[INFO] [stdout] 
[INFO] [stdout] 
[INFO] [stdout] error[E0432]: unresolved imports `mega_evm::test_utils`, `mega_evm::TestExternalEnvs`
[INFO] [stdout]   --> tests/rex3/system_address.rs:5:5
[INFO] [stdout]    |
[INFO] [stdout]  5 |     test_utils::{BytecodeBuilder, MemoryDatabase},
[INFO] [stdout]    |     ^^^^^^^^^^ could not find `test_utils` in `mega_evm`
[INFO] [stdout]  6 |     MegaContext, MegaEvm, MegaSpecId, MegaTransaction, TestExternalEnvs, MEGA_SYSTEM_ADDRESS,
[INFO] [stdout]    |                                                        ^^^^^^^^^^^^^^^^ no `TestExternalEnvs` in the root
[INFO] [stdout]    |
[INFO] [stdout] note: found an item that was configured out
[INFO] [stdout]   --> src/lib.rs:19:9
[INFO] [stdout]    |
[INFO] [stdout] 18 | #[cfg(any(test, feature = "test-utils"))]
[INFO] [stdout]    |          ------------------------------ the item is gated here
[INFO] [stdout] 19 | pub mod test_utils;
[INFO] [stdout]    |         ^^^^^^^^^^
[INFO] [stdout] help: a similar name exists in the module
[INFO] [stdout]    |
[INFO] [stdout]  6 -     MegaContext, MegaEvm, MegaSpecId, MegaTransaction, TestExternalEnvs, MEGA_SYSTEM_ADDRESS,
[INFO] [stdout]  6 +     MegaContext, MegaEvm, MegaSpecId, MegaTransaction, ExternalEnvs, MEGA_SYSTEM_ADDRESS,
[INFO] [stdout]    |
[INFO] [stdout] 
[INFO] [stdout] 
[INFO] [stdout] error[E0432]: unresolved imports `mega_evm::test_utils`, `mega_evm::TestExternalEnvs`
[INFO] [stdout]   --> tests/rex6/sequencer_registry_rotation.rs:26:5
[INFO] [stdout]    |
[INFO] [stdout] 26 |     test_utils::MemoryDatabase, BlockLimits, ISequencerRegistry, MegaBlockExecutionCtx,
[INFO] [stdout]    |     ^^^^^^^^^^ could not find `test_utils` in `mega_evm`
[INFO] [stdout] 27 |     MegaBlockExecutorFactory, MegaEvmFactory, MegaHardfork, MegaHardforkConfig, MegaSpecId,
[INFO] [stdout] 28 |     MegaTxEnvelope, SequencerRegistryConfig, SequencerRegistryRex6Config, TestExternalEnvs,
[INFO] [stdout]    |                                                                           ^^^^^^^^^^^^^^^^ no `TestExternalEnvs` in the root
[INFO] [stdout]    |
[INFO] [stdout] note: found an item that was configured out
[INFO] [stdout]   --> src/lib.rs:19:9
[INFO] [stdout]    |
[INFO] [stdout] 18 | #[cfg(any(test, feature = "test-utils"))]
[INFO] [stdout]    |          ------------------------------ the item is gated here
[INFO] [stdout] 19 | pub mod test_utils;
[INFO] [stdout]    |         ^^^^^^^^^^
[INFO] [stdout] help: a similar name exists in the module
[INFO] [stdout]    |
[INFO] [stdout] 28 -     MegaTxEnvelope, SequencerRegistryConfig, SequencerRegistryRex6Config, TestExternalEnvs,
[INFO] [stdout] 28 +     MegaTxEnvelope, SequencerRegistryConfig, SequencerRegistryRex6Config, ExternalEnvs,
[INFO] [stdout]    |
[INFO] [stdout] 
[INFO] [stdout] 
[INFO] [stdout] error[E0432]: unresolved imports `mega_evm::test_utils`, `mega_evm::BucketHasher`, `mega_evm::TestExternalEnvs`
[INFO] [stdout]   --> tests/rex6/system_tx_metering_exemption.rs:30:5
[INFO] [stdout]    |
[INFO] [stdout] 30 |     test_utils::MemoryDatabase, BlockLimits, BucketHasher, BucketId, IOracle,
[INFO] [stdout]    |     ^^^^^^^^^^                               ^^^^^^^^^^^^ no `BucketHasher` in the root
[INFO] [stdout]    |     |
[INFO] [stdout]    |     could not find `test_utils` in `mega_evm`
[INFO] [stdout] ...
[INFO] [stdout] 33 |     SequencerRegistryRex6Config, TestExternalEnvs, MEGA_SYSTEM_ADDRESS, ORACLE_CONTRACT_ADDRESS,
[INFO] [stdout]    |                                  ^^^^^^^^^^^^^^^^ no `TestExternalEnvs` in the root
[INFO] [stdout]    |
[INFO] [stdout] note: found an item that was configured out
[INFO] [stdout]   --> src/lib.rs:19:9
[INFO] [stdout]    |
[INFO] [stdout] 18 | #[cfg(any(test, feature = "test-utils"))]
[INFO] [stdout]    |          ------------------------------ the item is gated here
[INFO] [stdout] 19 | pub mod test_utils;
[INFO] [stdout]    |         ^^^^^^^^^^
[INFO] [stdout] help: a similar name exists in the module
[INFO] [stdout]    |
[INFO] [stdout] 33 -     SequencerRegistryRex6Config, TestExternalEnvs, MEGA_SYSTEM_ADDRESS, ORACLE_CONTRACT_ADDRESS,
[INFO] [stdout] 33 +     SequencerRegistryRex6Config, ExternalEnvs, MEGA_SYSTEM_ADDRESS, ORACLE_CONTRACT_ADDRESS,
[INFO] [stdout]    |
[INFO] [stdout] 
[INFO] [stdout] 
[INFO] [stdout] error[E0432]: unresolved imports `mega_evm::sandbox::tests`, `mega_evm::test_utils`
[INFO] [stdout]   --> tests/rex2/keyless_deploy.rs:13:9
[INFO] [stdout]    |
[INFO] [stdout] 13 |         tests::{
[INFO] [stdout]    |         ^^^^^ could not find `tests` in `sandbox`
[INFO] [stdout] ...
[INFO] [stdout] 20 |     test_utils::{transact, BytecodeBuilder, MemoryDatabase},
[INFO] [stdout]    |     ^^^^^^^^^^ could not find `test_utils` in `mega_evm`
[INFO] [stdout]    |
[INFO] [stdout] note: found an item that was configured out
[INFO] [stdout]   --> src/lib.rs:19:9
[INFO] [stdout]    |
[INFO] [stdout] 18 | #[cfg(any(test, feature = "test-utils"))]
[INFO] [stdout]    |          ------------------------------ the item is gated here
[INFO] [stdout] 19 | pub mod test_utils;
[INFO] [stdout]    |         ^^^^^^^^^^
[INFO] [stdout] 
[INFO] [stdout] 
[INFO] [stdout] For more information about this error, try `rustc --explain E0432`.
[INFO] [stdout] 
[INFO] [stderr] error: could not compile `mega-evm` (test "equivalence") due to 1 previous error
[INFO] [stderr] warning: build failed, waiting for other jobs to finish...
[INFO] [stdout] error[E0432]: unresolved imports `mega_evm::test_utils`, `mega_evm::TestExternalEnvs`
[INFO] [stdout]   --> tests/rex2/oracle_hint.rs:11:5
[INFO] [stdout]    |
[INFO] [stdout] 11 |     test_utils::{BytecodeBuilder, MemoryDatabase},
[INFO] [stdout]    |     ^^^^^^^^^^ could not find `test_utils` in `mega_evm`
[INFO] [stdout] 12 |     MegaContext, MegaEvm, MegaSpecId, MegaTransaction, TestExternalEnvs, ORACLE_CONTRACT_ADDRESS,
[INFO] [stdout]    |                                                        ^^^^^^^^^^^^^^^^ no `TestExternalEnvs` in the root
[INFO] [stdout]    |
[INFO] [stdout] note: found an item that was configured out
[INFO] [stdout]   --> src/lib.rs:19:9
[INFO] [stdout]    |
[INFO] [stdout] 18 | #[cfg(any(test, feature = "test-utils"))]
[INFO] [stdout]    |          ------------------------------ the item is gated here
[INFO] [stdout] 19 | pub mod test_utils;
[INFO] [stdout]    |         ^^^^^^^^^^
[INFO] [stdout] help: a similar name exists in the module
[INFO] [stdout]    |
[INFO] [stdout] 12 -     MegaContext, MegaEvm, MegaSpecId, MegaTransaction, TestExternalEnvs, ORACLE_CONTRACT_ADDRESS,
[INFO] [stdout] 12 +     MegaContext, MegaEvm, MegaSpecId, MegaTransaction, ExternalEnvs, ORACLE_CONTRACT_ADDRESS,
[INFO] [stdout]    |
[INFO] [stdout] 
[INFO] [stdout] 
[INFO] [stdout] error[E0432]: unresolved import `mega_evm::test_utils`
[INFO] [stdout]   --> tests/rex2/selfdestruct.rs:9:5
[INFO] [stdout]    |
[INFO] [stdout]  9 |     test_utils::{transact, MemoryDatabase},
[INFO] [stdout]    |     ^^^^^^^^^^ could not find `test_utils` in `mega_evm`
[INFO] [stdout]    |
[INFO] [stdout] note: found an item that was configured out
[INFO] [stdout]   --> src/lib.rs:19:9
[INFO] [stdout]    |
[INFO] [stdout] 18 | #[cfg(any(test, feature = "test-utils"))]
[INFO] [stdout]    |          ------------------------------ the item is gated here
[INFO] [stdout] 19 | pub mod test_utils;
[INFO] [stdout]    |         ^^^^^^^^^^
[INFO] [stdout] 
[INFO] [stdout] 
[INFO] [stdout] error[E0432]: unresolved import `mega_evm::TestExternalEnvs`
[INFO] [stdout]     --> tests/rex2/keyless_deploy.rs:1146:29
[INFO] [stdout]      |
[INFO] [stdout] 1146 |         MegaHardforkConfig, TestExternalEnvs, KEYLESS_DEPLOY_CODE_HASH,
[INFO] [stdout]      |                             ^^^^^^^^^^^^^^^^ no `TestExternalEnvs` in the root
[INFO] [stdout]      |
[INFO] [stdout] help: a similar name exists in the module
[INFO] [stdout]      |
[INFO] [stdout] 1146 -         MegaHardforkConfig, TestExternalEnvs, KEYLESS_DEPLOY_CODE_HASH,
[INFO] [stdout] 1146 +         MegaHardforkConfig, ExternalEnvs, KEYLESS_DEPLOY_CODE_HASH,
[INFO] [stdout]      |
[INFO] [stdout] 
[INFO] [stdout] 
[INFO] [stdout] error[E0432]: unresolved imports `mega_evm::test_utils`, `mega_evm::TestExternalEnvs`
[INFO] [stdout]   --> tests/rex4/access_control.rs:12:5
[INFO] [stdout]    |
[INFO] [stdout] 12 |     test_utils::{BytecodeBuilder, MemoryDatabase},
[INFO] [stdout]    |     ^^^^^^^^^^ could not find `test_utils` in `mega_evm`
[INFO] [stdout] 13 |     IMegaAccessControl, MegaContext, MegaEvm, MegaHaltReason, MegaSpecId, MegaTransaction,
[INFO] [stdout] 14 |     MegaTransactionError, TestExternalEnvs, VolatileDataAccessType, ACCESS_CONTROL_ADDRESS,
[INFO] [stdout]    |                           ^^^^^^^^^^^^^^^^ no `TestExternalEnvs` in the root
[INFO] [stdout]    |
[INFO] [stdout] note: found an item that was configured out
[INFO] [stdout]   --> src/lib.rs:19:9
[INFO] [stdout]    |
[INFO] [stdout] 18 | #[cfg(any(test, feature = "test-utils"))]
[INFO] [stdout]    |          ------------------------------ the item is gated here
[INFO] [stdout] 19 | pub mod test_utils;
[INFO] [stdout]    |         ^^^^^^^^^^
[INFO] [stdout] help: a similar name exists in the module
[INFO] [stdout]    |
[INFO] [stdout] 14 -     MegaTransactionError, TestExternalEnvs, VolatileDataAccessType, ACCESS_CONTROL_ADDRESS,
[INFO] [stdout] 14 +     MegaTransactionError, ExternalEnvs, VolatileDataAccessType, ACCESS_CONTROL_ADDRESS,
[INFO] [stdout]    |
[INFO] [stdout] 
[INFO] [stdout] 
[INFO] [stdout] error[E0432]: unresolved import `mega_evm::test_utils`
[INFO] [stdout]   --> tests/rex4/beneficiary_detention.rs:37:5
[INFO] [stdout]    |
[INFO] [stdout] 37 |     test_utils::{BytecodeBuilder, MemoryDatabase},
[INFO] [stdout]    |     ^^^^^^^^^^ could not find `test_utils` in `mega_evm`
[INFO] [stdout]    |
[INFO] [stdout] note: found an item that was configured out
[INFO] [stdout]   --> src/lib.rs:19:9
[INFO] [stdout]    |
[INFO] [stdout] 18 | #[cfg(any(test, feature = "test-utils"))]
[INFO] [stdout]    |          ------------------------------ the item is gated here
[INFO] [stdout] 19 | pub mod test_utils;
[INFO] [stdout]    |         ^^^^^^^^^^
[INFO] [stdout] 
[INFO] [stdout] 
[INFO] [stdout] For more information about this error, try `rustc --explain E0432`.
[INFO] [stdout] 
[INFO] [stdout] error[E0432]: unresolved imports `mega_evm::test_utils`, `mega_evm::TestExternalEnvs`
[INFO] [stdout]   --> tests/rex4/create_safety.rs:16:5
[INFO] [stdout]    |
[INFO] [stdout] 16 |     test_utils::{BytecodeBuilder, MemoryDatabase},
[INFO] [stdout]    |     ^^^^^^^^^^ could not find `test_utils` in `mega_evm`
[INFO] [stdout] 17 |     EvmTxRuntimeLimits, MegaContext, MegaEvm, MegaHaltReason, MegaSpecId, MegaTransaction,
[INFO] [stdout] 18 |     TestExternalEnvs,
[INFO] [stdout]    |     ^^^^^^^^^^^^^^^^ no `TestExternalEnvs` in the root
[INFO] [stdout]    |
[INFO] [stdout] note: found an item that was configured out
[INFO] [stdout]   --> src/lib.rs:19:9
[INFO] [stdout]    |
[INFO] [stdout] 18 | #[cfg(any(test, feature = "test-utils"))]
[INFO] [stdout]    |          ------------------------------ the item is gated here
[INFO] [stdout] 19 | pub mod test_utils;
[INFO] [stdout]    |         ^^^^^^^^^^
[INFO] [stdout] help: a similar name exists in the module
[INFO] [stdout]    |
[INFO] [stdout] 18 -     TestExternalEnvs,
[INFO] [stdout] 18 +     ExternalEnvs,
[INFO] [stdout]    |
[INFO] [stdout] 
[INFO] [stdout] 
[INFO] [stdout] error[E0432]: unresolved import `mega_evm::test_utils`
[INFO] [stdout]   --> tests/rex4/deployment.rs:7:5
[INFO] [stdout]    |
[INFO] [stdout]  7 |     test_utils::MemoryDatabase, BlockLimits, EmptyExternalEnv, MegaBlockExecutionCtx,
[INFO] [stdout]    |     ^^^^^^^^^^ could not find `test_utils` in `mega_evm`
[INFO] [stdout]    |
[INFO] [stdout] note: found an item that was configured out
[INFO] [stdout]   --> src/lib.rs:19:9
[INFO] [stdout]    |
[INFO] [stdout] 18 | #[cfg(any(test, feature = "test-utils"))]
[INFO] [stdout]    |          ------------------------------ the item is gated here
[INFO] [stdout] 19 | pub mod test_utils;
[INFO] [stdout]    |         ^^^^^^^^^^
[INFO] [stdout] 
[INFO] [stdout] 
[INFO] [stdout] error[E0432]: unresolved import `mega_evm::test_utils`
[INFO] [stdout]   --> tests/rex4/eip7702_delegation_cycle.rs:34:5
[INFO] [stdout]    |
[INFO] [stdout] 34 |     test_utils::{BytecodeBuilder, MemoryDatabase},
[INFO] [stdout]    |     ^^^^^^^^^^ could not find `test_utils` in `mega_evm`
[INFO] [stdout]    |
[INFO] [stdout] note: found an item that was configured out
[INFO] [stdout]   --> src/lib.rs:19:9
[INFO] [stdout]    |
[INFO] [stdout] 18 | #[cfg(any(test, feature = "test-utils"))]
[INFO] [stdout]    |          ------------------------------ the item is gated here
[INFO] [stdout] 19 | pub mod test_utils;
[INFO] [stdout]    |         ^^^^^^^^^^
[INFO] [stdout] 
[INFO] [stdout] 
[INFO] [stdout] error[E0432]: unresolved import `mega_evm::test_utils`
[INFO] [stdout]   --> tests/rex4/frame_limits.rs:23:5
[INFO] [stdout]    |
[INFO] [stdout] 23 |     test_utils::{BytecodeBuilder, MemoryDatabase},
[INFO] [stdout]    |     ^^^^^^^^^^ could not find `test_utils` in `mega_evm`
[INFO] [stdout]    |
[INFO] [stdout] note: found an item that was configured out
[INFO] [stdout]   --> src/lib.rs:19:9
[INFO] [stdout]    |
[INFO] [stdout] 18 | #[cfg(any(test, feature = "test-utils"))]
[INFO] [stdout]    |          ------------------------------ the item is gated here
[INFO] [stdout] 19 | pub mod test_utils;
[INFO] [stdout]    |         ^^^^^^^^^^
[INFO] [stdout] 
[INFO] [stdout] 
[INFO] [stdout] error[E0432]: unresolved import `mega_evm::test_utils`
[INFO] [stdout]   --> tests/rex4/frame_state_growth.rs:13:5
[INFO] [stdout]    |
[INFO] [stdout] 13 |     test_utils::{BytecodeBuilder, MemoryDatabase},
[INFO] [stdout]    |     ^^^^^^^^^^ could not find `test_utils` in `mega_evm`
[INFO] [stdout]    |
[INFO] [stdout] note: found an item that was configured out
[INFO] [stdout]   --> src/lib.rs:19:9
[INFO] [stdout]    |
[INFO] [stdout] 18 | #[cfg(any(test, feature = "test-utils"))]
[INFO] [stdout]    |          ------------------------------ the item is gated here
[INFO] [stdout] 19 | pub mod test_utils;
[INFO] [stdout]    |         ^^^^^^^^^^
[INFO] [stdout] 
[INFO] [stdout] 
[INFO] [stdout] error[E0432]: unresolved import `mega_evm::test_utils`
[INFO] [stdout]   --> tests/rex4/gas_detention.rs:23:5
[INFO] [stdout]    |
[INFO] [stdout] 23 |     test_utils::{BytecodeBuilder, MemoryDatabase},
[INFO] [stdout]    |     ^^^^^^^^^^ could not find `test_utils` in `mega_evm`
[INFO] [stdout]    |
[INFO] [stdout] note: found an item that was configured out
[INFO] [stdout]   --> src/lib.rs:19:9
[INFO] [stdout]    |
[INFO] [stdout] 18 | #[cfg(any(test, feature = "test-utils"))]
[INFO] [stdout]    |          ------------------------------ the item is gated here
[INFO] [stdout] 19 | pub mod test_utils;
[INFO] [stdout]    |         ^^^^^^^^^^
[INFO] [stdout] 
[INFO] [stdout] 
[INFO] [stdout] error[E0432]: unresolved import `mega_evm::test_utils`
[INFO] [stdout]   --> tests/rex4/intrinsic_limit_bypass.rs:14:5
[INFO] [stdout]    |
[INFO] [stdout] 14 |     test_utils::{BytecodeBuilder, MemoryDatabase},
[INFO] [stdout]    |     ^^^^^^^^^^ could not find `test_utils` in `mega_evm`
[INFO] [stdout]    |
[INFO] [stdout] note: found an item that was configured out
[INFO] [stdout]   --> src/lib.rs:19:9
[INFO] [stdout]    |
[INFO] [stdout] 18 | #[cfg(any(test, feature = "test-utils"))]
[INFO] [stdout]    |          ------------------------------ the item is gated here
[INFO] [stdout] 19 | pub mod test_utils;
[INFO] [stdout]    |         ^^^^^^^^^^
[INFO] [stdout] 
[INFO] [stdout] 
[INFO] [stdout] error[E0432]: unresolved imports `mega_evm::sandbox::tests`, `mega_evm::test_utils`, `mega_evm::TestExternalEnvs`
[INFO] [stdout]   --> tests/rex4/keyless_deploy.rs:16:9
[INFO] [stdout]    |
[INFO] [stdout] 16 |         tests::{CREATE2_FACTORY_CONTRACT, CREATE2_FACTORY_DEPLOYER, CREATE2_FACTORY_TX},
[INFO] [stdout]    |         ^^^^^ could not find `tests` in `sandbox`
[INFO] [stdout] 17 |     },
[INFO] [stdout] 18 |     test_utils::{BytecodeBuilder, MemoryDatabase},
[INFO] [stdout]    |     ^^^^^^^^^^ could not find `test_utils` in `mega_evm`
[INFO] [stdout] 19 |     IKeylessDeploy, MegaContext, MegaEvm, MegaHaltReason, MegaSpecId, MegaTransaction, SaltEnv,
[INFO] [stdout] 20 |     TestExternalEnvs, KEYLESS_DEPLOY_ADDRESS, MIN_BUCKET_SIZE, ORACLE_CONTRACT_ADDRESS,
[INFO] [stdout]    |     ^^^^^^^^^^^^^^^^ no `TestExternalEnvs` in the root
[INFO] [stdout]    |
[INFO] [stdout] note: found an item that was configured out
[INFO] [stdout]   --> src/lib.rs:19:9
[INFO] [stdout]    |
[INFO] [stdout] 18 | #[cfg(any(test, feature = "test-utils"))]
[INFO] [stdout]    |          ------------------------------ the item is gated here
[INFO] [stdout] 19 | pub mod test_utils;
[INFO] [stdout]    |         ^^^^^^^^^^
[INFO] [stdout] help: a similar name exists in the module
[INFO] [stdout]    |
[INFO] [stdout] 20 -     TestExternalEnvs, KEYLESS_DEPLOY_ADDRESS, MIN_BUCKET_SIZE, ORACLE_CONTRACT_ADDRESS,
[INFO] [stdout] 20 +     ExternalEnvs, KEYLESS_DEPLOY_ADDRESS, MIN_BUCKET_SIZE, ORACLE_CONTRACT_ADDRESS,
[INFO] [stdout]    |
[INFO] [stdout] 
[INFO] [stdout] 
[INFO] [stdout] error[E0432]: unresolved import `mega_evm::test_utils`
[INFO] [stdout]   --> tests/rex4/limit_control.rs:12:5
[INFO] [stdout]    |
[INFO] [stdout] 12 |     test_utils::{BytecodeBuilder, MemoryDatabase},
[INFO] [stdout]    |     ^^^^^^^^^^ could not find `test_utils` in `mega_evm`
[INFO] [stdout]    |
[INFO] [stdout] note: found an item that was configured out
[INFO] [stdout]   --> src/lib.rs:19:9
[INFO] [stdout]    |
[INFO] [stdout] 18 | #[cfg(any(test, feature = "test-utils"))]
[INFO] [stdout]    |          ------------------------------ the item is gated here
[INFO] [stdout] 19 | pub mod test_utils;
[INFO] [stdout]    |         ^^^^^^^^^^
[INFO] [stdout] 
[INFO] [stdout] 
[INFO] [stdout] error[E0432]: unresolved import `mega_evm::test_utils`
[INFO] [stdout]   --> tests/rex4/selfdestruct_state_growth.rs:15:5
[INFO] [stdout]    |
[INFO] [stdout] 15 |     test_utils::{BytecodeBuilder, MemoryDatabase},
[INFO] [stdout]    |     ^^^^^^^^^^ could not find `test_utils` in `mega_evm`
[INFO] [stdout]    |
[INFO] [stdout] note: found an item that was configured out
[INFO] [stdout]   --> src/lib.rs:19:9
[INFO] [stdout]    |
[INFO] [stdout] 18 | #[cfg(any(test, feature = "test-utils"))]
[INFO] [stdout]    |          ------------------------------ the item is gated here
[INFO] [stdout] 19 | pub mod test_utils;
[INFO] [stdout]    |         ^^^^^^^^^^
[INFO] [stdout] 
[INFO] [stdout] 
[INFO] [stdout] error[E0432]: unresolved import `mega_evm::test_utils`
[INFO] [stdout]   --> tests/rex4/storage_call_stipend.rs:18:5
[INFO] [stdout]    |
[INFO] [stdout] 18 |     test_utils::{BytecodeBuilder, MemoryDatabase},
[INFO] [stdout]    |     ^^^^^^^^^^ could not find `test_utils` in `mega_evm`
[INFO] [stdout]    |
[INFO] [stdout] note: found an item that was configured out
[INFO] [stdout]   --> src/lib.rs:19:9
[INFO] [stdout]    |
[INFO] [stdout] 18 | #[cfg(any(test, feature = "test-utils"))]
[INFO] [stdout]    |          ------------------------------ the item is gated here
[INFO] [stdout] 19 | pub mod test_utils;
[INFO] [stdout]    |         ^^^^^^^^^^
[INFO] [stdout] 
[INFO] [stdout] 
[INFO] [stderr] error: could not compile `mega-evm` (test "rex6") due to 14 previous errors
[INFO] [stdout] error[E0432]: unresolved imports `mega_evm::test_utils`, `mega_evm::BucketHasher`, `mega_evm::TestExternalEnvs`
[INFO] [stdout]   --> tests/rex5/apply_pending_changes_gas_budget.rs:39:5
[INFO] [stdout]    |
[INFO] [stdout] 39 |     test_utils::MemoryDatabase, BlockLimits, BucketHasher, BucketId, EthHaltReason,
[INFO] [stdout]    |     ^^^^^^^^^^                               ^^^^^^^^^^^^ no `BucketHasher` in the root
[INFO] [stdout]    |     |
[INFO] [stdout]    |     could not find `test_utils` in `mega_evm`
[INFO] [stdout] ...
[INFO] [stdout] 42 |     SequencerRegistryConfig, TestExternalEnvs, MEGA_SYSTEM_ADDRESS, SEQUENCER_REGISTRY_ADDRESS,
[INFO] [stdout]    |                              ^^^^^^^^^^^^^^^^ no `TestExternalEnvs` in the root
[INFO] [stdout]    |
[INFO] [stdout] note: found an item that was configured out
[INFO] [stdout]   --> src/lib.rs:19:9
[INFO] [stdout]    |
[INFO] [stdout] 18 | #[cfg(any(test, feature = "test-utils"))]
[INFO] [stdout]    |          ------------------------------ the item is gated here
[INFO] [stdout] 19 | pub mod test_utils;
[INFO] [stdout]    |         ^^^^^^^^^^
[INFO] [stdout] help: a similar name exists in the module
[INFO] [stdout]    |
[INFO] [stdout] 42 -     SequencerRegistryConfig, TestExternalEnvs, MEGA_SYSTEM_ADDRESS, SEQUENCER_REGISTRY_ADDRESS,
[INFO] [stdout] 42 +     SequencerRegistryConfig, ExternalEnvs, MEGA_SYSTEM_ADDRESS, SEQUENCER_REGISTRY_ADDRESS,
[INFO] [stdout]    |
[INFO] [stdout] 
[INFO] [stdout] 
[INFO] [stdout] error[E0432]: unresolved import `mega_evm::test_utils`
[INFO] [stdout]   --> tests/rex5/call_too_deep_guard.rs:20:5
[INFO] [stdout]    |
[INFO] [stdout] 20 |     test_utils::MemoryDatabase, IMegaAccessControl, MegaContext, MegaEvm, MegaSpecId,
[INFO] [stdout]    |     ^^^^^^^^^^ could not find `test_utils` in `mega_evm`
[INFO] [stdout]    |
[INFO] [stdout] note: found an item that was configured out
[INFO] [stdout]   --> src/lib.rs:19:9
[INFO] [stdout]    |
[INFO] [stdout] 18 | #[cfg(any(test, feature = "test-utils"))]
[INFO] [stdout]    |          ------------------------------ the item is gated here
[INFO] [stdout] 19 | pub mod test_utils;
[INFO] [stdout]    |         ^^^^^^^^^^
[INFO] [stdout] 
[INFO] [stdout] 
[INFO] [stdout] error[E0432]: unresolved imports `mega_evm::test_utils`, `mega_evm::TestExternalEnvs`
[INFO] [stdout]   --> tests/rex5/callcode_storage_gas.rs:23:5
[INFO] [stdout]    |
[INFO] [stdout] 23 |     test_utils::{BytecodeBuilder, ErrorInjectingDatabase, InjectedDbError, MemoryDatabase},
[INFO] [stdout]    |     ^^^^^^^^^^ could not find `test_utils` in `mega_evm`
[INFO] [stdout] 24 |     BucketId, EVMError, EmptyExternalEnv, EvmTxRuntimeLimits, ExternalEnvs, MegaContext, MegaEvm,
[INFO] [stdout] 25 |     MegaHaltReason, MegaSpecId, MegaTransaction, MegaTransactionError, SaltEnv, TestExternalEnvs,
[INFO] [stdout]    |                                                                                 ^^^^^^^^^^^^^^^^ no `TestExternalEnvs` in the root
[INFO] [stdout]    |
[INFO] [stdout] note: found an item that was configured out
[INFO] [stdout]   --> src/lib.rs:19:9
[INFO] [stdout]    |
[INFO] [stdout] 18 | #[cfg(any(test, feature = "test-utils"))]
[INFO] [stdout]    |          ------------------------------ the item is gated here
[INFO] [stdout] 19 | pub mod test_utils;
[INFO] [stdout]    |         ^^^^^^^^^^
[INFO] [stdout] help: a similar name exists in the module
[INFO] [stdout]    |
[INFO] [stdout] 25 -     MegaHaltReason, MegaSpecId, MegaTransaction, MegaTransactionError, SaltEnv, TestExternalEnvs,
[INFO] [stdout] 25 +     MegaHaltReason, MegaSpecId, MegaTransaction, MegaTransactionError, SaltEnv, ExternalEnvs,
[INFO] [stdout]    |
[INFO] [stdout] 
[INFO] [stdout] 
[INFO] [stdout] error[E0432]: unresolved import `mega_evm::test_utils`
[INFO] [stdout]   --> tests/rex5/create2_empty_initcode.rs:24:5
[INFO] [stdout]    |
[INFO] [stdout] 24 |     test_utils::{BytecodeBuilder, MemoryDatabase},
[INFO] [stdout]    |     ^^^^^^^^^^ could not find `test_utils` in `mega_evm`
[INFO] [stdout]    |
[INFO] [stdout] note: found an item that was configured out
[INFO] [stdout]   --> src/lib.rs:19:9
[INFO] [stdout]    |
[INFO] [stdout] 18 | #[cfg(any(test, feature = "test-utils"))]
[INFO] [stdout]    |          ------------------------------ the item is gated here
[INFO] [stdout] 19 | pub mod test_utils;
[INFO] [stdout]    |         ^^^^^^^^^^
[INFO] [stdout] 
[INFO] [stdout] 
[INFO] [stdout] error[E0432]: unresolved import `mega_evm::test_utils`
[INFO] [stdout]   --> tests/rex5/create2_resize_gas_metering.rs:23:5
[INFO] [stdout]    |
[INFO] [stdout] 23 |     test_utils::{BytecodeBuilder, MemoryDatabase},
[INFO] [stdout]    |     ^^^^^^^^^^ could not find `test_utils` in `mega_evm`
[INFO] [stdout]    |
[INFO] [stdout] note: found an item that was configured out
[INFO] [stdout]   --> src/lib.rs:19:9
[INFO] [stdout]    |
[INFO] [stdout] 18 | #[cfg(any(test, feature = "test-utils"))]
[INFO] [stdout]    |          ------------------------------ the item is gated here
[INFO] [stdout] 19 | pub mod test_utils;
[INFO] [stdout]    |         ^^^^^^^^^^
[INFO] [stdout] 
[INFO] [stdout] 
[INFO] [stdout] error[E0432]: unresolved imports `mega_evm::test_utils`, `mega_evm::TestExternalEnvs`
[INFO] [stdout]   --> tests/rex5/create_atomicity.rs:14:5
[INFO] [stdout]    |
[INFO] [stdout] 14 |     test_utils::MemoryDatabase, EthHaltReason, EvmTxRuntimeLimits, MegaContext, MegaEvm,
[INFO] [stdout]    |     ^^^^^^^^^^ could not find `test_utils` in `mega_evm`
[INFO] [stdout] 15 |     MegaHaltReason, MegaSpecId, MegaTransaction, OpHaltReason, TestExternalEnvs,
[INFO] [stdout]    |                                                                ^^^^^^^^^^^^^^^^ no `TestExternalEnvs` in the root
[INFO] [stdout]    |
[INFO] [stdout] note: found an item that was configured out
[INFO] [stdout]   --> src/lib.rs:19:9
[INFO] [stdout]    |
[INFO] [stdout] 18 | #[cfg(any(test, feature = "test-utils"))]
[INFO] [stdout]    |          ------------------------------ the item is gated here
[INFO] [stdout] 19 | pub mod test_utils;
[INFO] [stdout]    |         ^^^^^^^^^^
[INFO] [stdout] help: a similar name exists in the module
[INFO] [stdout]    |
[INFO] [stdout] 15 -     MegaHaltReason, MegaSpecId, MegaTransaction, OpHaltReason, TestExternalEnvs,
[INFO] [stdout] 15 +     MegaHaltReason, MegaSpecId, MegaTransaction, OpHaltReason, ExternalEnvs,
[INFO] [stdout]    |
[INFO] [stdout] 
[INFO] [stdout] 
[INFO] [stdout] error[E0432]: unresolved import `mega_evm::test_utils`
[INFO] [stdout]   --> tests/mini_rex/access_beneficiary_balance.rs:10:5
[INFO] [stdout]    |
[INFO] [stdout] 10 |     test_utils::{BytecodeBuilder, GasInspector, MsgCallMeta},
[INFO] [stdout]    |     ^^^^^^^^^^ could not find `test_utils` in `mega_evm`
[INFO] [stdout]    |
[INFO] [stdout] note: found an item that was configured out
[INFO] [stdout]   --> src/lib.rs:19:9
[INFO] [stdout]    |
[INFO] [stdout] 18 | #[cfg(any(test, feature = "test-utils"))]
[INFO] [stdout]    |          ------------------------------ the item is gated here
[INFO] [stdout] 19 | pub mod test_utils;
[INFO] [stdout]    |         ^^^^^^^^^^
[INFO] [stdout] 
[INFO] [stdout] 
[INFO] [stdout] error[E0432]: unresolved import `mega_evm::test_utils`
[INFO] [stdout]   --> tests/mini_rex/block_env_access_tracking.rs:13:5
[INFO] [stdout]    |
[INFO] [stdout] 13 |     test_utils::MemoryDatabase,
[INFO] [stdout]    |     ^^^^^^^^^^ could not find `test_utils` in `mega_evm`
[INFO] [stdout]    |
[INFO] [stdout] note: found an item that was configured out
[INFO] [stdout]   --> src/lib.rs:19:9
[INFO] [stdout]    |
[INFO] [stdout] 18 | #[cfg(any(test, feature = "test-utils"))]
[INFO] [stdout]    |          ------------------------------ the item is gated here
[INFO] [stdout] 19 | pub mod test_utils;
[INFO] [stdout]    |         ^^^^^^^^^^
[INFO] [stdout] 
[INFO] [stdout] 
[INFO] [stdout] error[E0432]: unresolved imports `mega_evm::sandbox::tests`, `mega_evm::test_utils`, `mega_evm::TestExternalEnvs`
[INFO] [stdout]   --> tests/rex5/db_error.rs:25:9
[INFO] [stdout]    |
[INFO] [stdout] 25 |         tests::{CREATE2_FACTORY_CONTRACT, CREATE2_FACTORY_DEPLOYER, CREATE2_FACTORY_TX},
[INFO] [stdout]    |         ^^^^^ could not find `tests` in `sandbox`
[INFO] [stdout] ...
[INFO] [stdout] 28 |     test_utils::{ErrorInjectingDatabase, MemoryDatabase},
[INFO] [stdout]    |     ^^^^^^^^^^ could not find `test_utils` in `mega_evm`
[INFO] [stdout] 29 |     EVMError, IKeylessDeploy, MegaContext, MegaEvm, MegaSpecId, MegaTransaction, TestExternalEnvs,
[INFO] [stdout]    |                                                                                  ^^^^^^^^^^^^^^^^ no `TestExternalEnvs` in the root
[INFO] [stdout]    |
[INFO] [stdout] note: found an item that was configured out
[INFO] [stdout]   --> src/lib.rs:19:9
[INFO] [stdout]    |
[INFO] [stdout] 18 | #[cfg(any(test, feature = "test-utils"))]
[INFO] [stdout]    |          ------------------------------ the item is gated here
[INFO] [stdout] 19 | pub mod test_utils;
[INFO] [stdout]    |         ^^^^^^^^^^
[INFO] [stdout] help: a similar name exists in the module
[INFO] [stdout]    |
[INFO] [stdout] 29 -     EVMError, IKeylessDeploy, MegaContext, MegaEvm, MegaSpecId, MegaTransaction, TestExternalEnvs,
[INFO] [stdout] 29 +     EVMError, IKeylessDeploy, MegaContext, MegaEvm, MegaSpecId, MegaTransaction, ExternalEnvs,
[INFO] [stdout]    |
[INFO] [stdout] 
[INFO] [stdout] 
[INFO] [stdout] error[E0432]: unresolved imports `mega_evm::test_utils`, `mega_evm::BucketHasher`, `mega_evm::TestExternalEnvs`
[INFO] [stdout]   --> tests/rex5/deposit_caller_accounting.rs:21:5
[INFO] [stdout]    |
[INFO] [stdout] 21 |     test_utils::{BytecodeBuilder, MemoryDatabase},
[INFO] [stdout]    |     ^^^^^^^^^^ could not find `test_utils` in `mega_evm`
[INFO] [stdout] 22 |     BucketHasher, BucketId, EmptyExternalEnv, MegaContext, MegaEvm, MegaHaltReason, MegaSpecId,
[INFO] [stdout]    |     ^^^^^^^^^^^^ no `BucketHasher` in the root
[INFO] [stdout] 23 |     MegaTransaction, MegaTransactionError, TestExternalEnvs, MEGA_SYSTEM_ADDRESS,
[INFO] [stdout]    |                                            ^^^^^^^^^^^^^^^^ no `TestExternalEnvs` in the root
[INFO] [stdout]    |
[INFO] [stdout] note: found an item that was configured out
[INFO] [stdout]   --> src/lib.rs:19:9
[INFO] [stdout]    |
[INFO] [stdout] 18 | #[cfg(any(test, feature = "test-utils"))]
[INFO] [stdout]    |          ------------------------------ the item is gated here
[INFO] [stdout] 19 | pub mod test_utils;
[INFO] [stdout]    |         ^^^^^^^^^^
[INFO] [stdout] help: a similar name exists in the module
[INFO] [stdout]    |
[INFO] [stdout] 23 -     MegaTransaction, MegaTransactionError, TestExternalEnvs, MEGA_SYSTEM_ADDRESS,
[INFO] [stdout] 23 +     MegaTransaction, MegaTransactionError, ExternalEnvs, MEGA_SYSTEM_ADDRESS,
[INFO] [stdout]    |
[INFO] [stdout] 
[INFO] [stdout] 
[INFO] [stdout] error[E0432]: unresolved imports `mega_evm::test_utils`, `mega_evm::BucketHasher`, `mega_evm::SimpleBucketHasher`, `mega_evm::TestExternalEnvs`
[INFO] [stdout]   --> tests/rex5/deposit_create_storage_gas.rs:13:16
[INFO] [stdout]    |
[INFO] [stdout] 13 |     constants, test_utils::MemoryDatabase, BucketHasher, EvmTxRuntimeLimits, MegaContext, MegaEvm,
[INFO] [stdout]    |                ^^^^^^^^^^                  ^^^^^^^^^^^^ no `BucketHasher` in the root
[INFO] [stdout]    |                |
[INFO] [stdout]    |                could not find `test_utils` in `mega_evm`
[INFO] [stdout] 14 |     MegaSpecId, MegaTransaction, SimpleBucketHasher, TestExternalEnvs, MIN_BUCKET_SIZE,
[INFO] [stdout]    |                                  ^^^^^^^^^^^^^^^^^^  ^^^^^^^^^^^^^^^^ no `TestExternalEnvs` in the root
[INFO] [stdout]    |                                  |
[INFO] [stdout]    |                                  no `SimpleBucketHasher` in the root
[INFO] [stdout]    |
[INFO] [stdout] note: found an item that was configured out
[INFO] [stdout]   --> src/lib.rs:19:9
[INFO] [stdout]    |
[INFO] [stdout] 18 | #[cfg(any(test, feature = "test-utils"))]
[INFO] [stdout]    |          ------------------------------ the item is gated here
[INFO] [stdout] 19 | pub mod test_utils;
[INFO] [stdout]    |         ^^^^^^^^^^
[INFO] [stdout] help: a similar name exists in the module
[INFO] [stdout]    |
[INFO] [stdout] 14 -     MegaSpecId, MegaTransaction, SimpleBucketHasher, TestExternalEnvs, MIN_BUCKET_SIZE,
[INFO] [stdout] 14 +     MegaSpecId, MegaTransaction, SimpleBucketHasher, ExternalEnvs, MIN_BUCKET_SIZE,
[INFO] [stdout]    |
[INFO] [stdout] 
[INFO] [stdout] 
[INFO] [stdout] error[E0432]: unresolved imports `mega_evm::test_utils`, `mega_evm::TestExternalEnvs`
[INFO] [stdout]   --> tests/rex5/eip7702_metering.rs:20:5
[INFO] [stdout]    |
[INFO] [stdout] 20 |     test_utils::{BytecodeBuilder, MemoryDatabase},
[INFO] [stdout]    |     ^^^^^^^^^^ could not find `test_utils` in `mega_evm`
[INFO] [stdout] 21 |     LimitUsage, MegaContext, MegaEvm, MegaHaltReason, MegaSpecId, MegaTransaction, SaltEnv,
[INFO] [stdout] 22 |     TestExternalEnvs, MIN_BUCKET_SIZE,
[INFO] [stdout]    |     ^^^^^^^^^^^^^^^^ no `TestExternalEnvs` in the root
[INFO] [stdout]    |
[INFO] [stdout] note: found an item that was configured out
[INFO] [stdout]   --> src/lib.rs:19:9
[INFO] [stdout]    |
[INFO] [stdout] 18 | #[cfg(any(test, feature = "test-utils"))]
[INFO] [stdout]    |          ------------------------------ the item is gated here
[INFO] [stdout] 19 | pub mod test_utils;
[INFO] [stdout]    |         ^^^^^^^^^^
[INFO] [stdout] help: a similar name exists in the module
[INFO] [stdout]    |
[INFO] [stdout] 22 -     TestExternalEnvs, MIN_BUCKET_SIZE,
[INFO] [stdout] 22 +     ExternalEnvs, MIN_BUCKET_SIZE,
[INFO] [stdout]    |
[INFO] [stdout] 
[INFO] [stdout] 
[INFO] [stdout] error[E0432]: unresolved import `mega_evm::test_utils`
[INFO] [stdout]   --> tests/rex5/eip7702_state_growth.rs:11:5
[INFO] [stdout]    |
[INFO] [stdout] 11 |     test_utils::{BytecodeBuilder, MemoryDatabase},
[INFO] [stdout]    |     ^^^^^^^^^^ could not find `test_utils` in `mega_evm`
[INFO] [stdout]    |
[INFO] [stdout] note: found an item that was configured out
[INFO] [stdout]   --> src/lib.rs:19:9
[INFO] [stdout]    |
[INFO] [stdout] 18 | #[cfg(any(test, feature = "test-utils"))]
[INFO] [stdout]    |          ------------------------------ the item is gated here
[INFO] [stdout] 19 | pub mod test_utils;
[INFO] [stdout]    |         ^^^^^^^^^^
[INFO] [stdout] 
[INFO] [stdout] 
[INFO] [stdout] error[E0432]: unresolved import `mega_evm::test_utils`
[INFO] [stdout]   --> tests/rex5/frame_target_updated_dedup.rs:19:5
[INFO] [stdout]    |
[INFO] [stdout] 19 |     test_utils::{BytecodeBuilder, MemoryDatabase},
[INFO] [stdout]    |     ^^^^^^^^^^ could not find `test_utils` in `mega_evm`
[INFO] [stdout]    |
[INFO] [stdout] note: found an item that was configured out
[INFO] [stdout]   --> src/lib.rs:19:9
[INFO] [stdout]    |
[INFO] [stdout] 18 | #[cfg(any(test, feature = "test-utils"))]
[INFO] [stdout]    |          ------------------------------ the item is gated here
[INFO] [stdout] 19 | pub mod test_utils;
[INFO] [stdout]    |         ^^^^^^^^^^
[INFO] [stdout] 
[INFO] [stdout] 
[INFO] [stdout] error[E0432]: unresolved imports `mega_evm::test_utils`, `mega_evm::TestExternalEnvs`
[INFO] [stdout]   --> tests/rex5/gas_validation.rs:19:5
[INFO] [stdout]    |
[INFO] [stdout] 19 |     test_utils::MemoryDatabase, EVMError, MegaContext, MegaEvm, MegaSpecId, MegaTransaction,
[INFO] [stdout]    |     ^^^^^^^^^^ could not find `test_utils` in `mega_evm`
[INFO] [stdout] 20 |     MegaTransactionError, SaltEnv, TestExternalEnvs, MIN_BUCKET_SIZE,
[INFO] [stdout]    |                                    ^^^^^^^^^^^^^^^^ no `TestExternalEnvs` in the root
[INFO] [stdout]    |
[INFO] [stdout] note: found an item that was configured out
[INFO] [stdout]   --> src/lib.rs:19:9
[INFO] [stdout]    |
[INFO] [stdout] 18 | #[cfg(any(test, feature = "test-utils"))]
[INFO] [stdout]    |          ------------------------------ the item is gated here
[INFO] [stdout] 19 | pub mod test_utils;
[INFO] [stdout]    |         ^^^^^^^^^^
[INFO] [stdout] help: a similar name exists in the module
[INFO] [stdout]    |
[INFO] [stdout] 20 -     MegaTransactionError, SaltEnv, TestExternalEnvs, MIN_BUCKET_SIZE,
[INFO] [stdout] 20 +     MegaTransactionError, SaltEnv, ExternalEnvs, MIN_BUCKET_SIZE,
[INFO] [stdout]    |
[INFO] [stdout] 
[INFO] [stdout] 
[INFO] [stdout] error[E0432]: unresolved imports `mega_evm::test_utils`, `mega_evm::TestExternalEnvs`
[INFO] [stdout]   --> tests/rex5/interceptor_selector_probe.rs:27:5
[INFO] [stdout]    |
[INFO] [stdout] 27 |     test_utils::{BytecodeBuilder, MemoryDatabase},
[INFO] [stdout]    |     ^^^^^^^^^^ could not find `test_utils` in `mega_evm`
[INFO] [stdout] 28 |     IMegaAccessControl, IOracle, MegaContext, MegaEvm, MegaHaltReason, MegaSpecId, MegaTransaction,
[INFO] [stdout] 29 |     MegaTransactionError, TestExternalEnvs, ACCESS_CONTROL_ADDRESS, ACCESS_CONTROL_CODE,
[INFO] [stdout]    |                           ^^^^^^^^^^^^^^^^ no `TestExternalEnvs` in the root
[INFO] [stdout]    |
[INFO] [stdout] note: found an item that was configured out
[INFO] [stdout]   --> src/lib.rs:19:9
[INFO] [stdout]    |
[INFO] [stdout] 18 | #[cfg(any(test, feature = "test-utils"))]
[INFO] [stdout]    |          ------------------------------ the item is gated here
[INFO] [stdout] 19 | pub mod test_utils;
[INFO] [stdout]    |         ^^^^^^^^^^
[INFO] [stdout] help: a similar name exists in the module
[INFO] [stdout]    |
[INFO] [stdout] 29 -     MegaTransactionError, TestExternalEnvs, ACCESS_CONTROL_ADDRESS, ACCESS_CONTROL_CODE,
[INFO] [stdout] 29 +     MegaTransactionError, ExternalEnvs, ACCESS_CONTROL_ADDRESS, ACCESS_CONTROL_CODE,
[INFO] [stdout]    |
[INFO] [stdout] 
[INFO] [stdout] 
[INFO] [stdout] error[E0432]: unresolved imports `mega_evm::test_utils`, `mega_evm::TestExternalEnvs`
[INFO] [stdout]   --> tests/rex5/keyless_deploy_dispatch_parity.rs:12:45
[INFO] [stdout]    |
[INFO] [stdout] 12 |     revm::context::result::ExecutionResult, test_utils::MemoryDatabase, MegaContext, MegaEvm,
[INFO] [stdout]    |                                             ^^^^^^^^^^ could not find `test_utils` in `mega_evm`
[INFO] [stdout] 13 |     MegaHaltReason, MegaSpecId, MegaTransaction, TestExternalEnvs, KEYLESS_DEPLOY_ADDRESS,
[INFO] [stdout]    |                                                  ^^^^^^^^^^^^^^^^ no `TestExternalEnvs` in the root
[INFO] [stdout]    |
[INFO] [stdout] note: found an item that was configured out
[INFO] [stdout]   --> src/lib.rs:19:9
[INFO] [stdout]    |
[INFO] [stdout] 18 | #[cfg(any(test, feature = "test-utils"))]
[INFO] [stdout]    |          ------------------------------ the item is gated here
[INFO] [stdout] 19 | pub mod test_utils;
[INFO] [stdout]    |         ^^^^^^^^^^
[INFO] [stdout] help: a similar name exists in the module
[INFO] [stdout]    |
[INFO] [stdout] 13 -     MegaHaltReason, MegaSpecId, MegaTransaction, TestExternalEnvs, KEYLESS_DEPLOY_ADDRESS,
[INFO] [stdout] 13 +     MegaHaltReason, MegaSpecId, MegaTransaction, ExternalEnvs, KEYLESS_DEPLOY_ADDRESS,
[INFO] [stdout]    |
[INFO] [stdout] 
[INFO] [stdout] 
[INFO] [stdout] error[E0432]: unresolved imports `mega_evm::test_utils`, `mega_evm::TestExternalEnvs`
[INFO] [stdout]   --> tests/rex5/keyless_empty_code_logs.rs:27:5
[INFO] [stdout]    |
[INFO] [stdout] 27 |     test_utils::{BytecodeBuilder, MemoryDatabase},
[INFO] [stdout]    |     ^^^^^^^^^^ could not find `test_utils` in `mega_evm`
[INFO] [stdout] 28 |     IKeylessDeploy, MegaContext, MegaEvm, MegaHaltReason, MegaSpecId, MegaTransaction,
[INFO] [stdout] 29 |     TestExternalEnvs, KEYLESS_DEPLOY_ADDRESS,
[INFO] [stdout]    |     ^^^^^^^^^^^^^^^^ no `TestExternalEnvs` in the root
[INFO] [stdout]    |
[INFO] [stdout] note: found an item that was configured out
[INFO] [stdout]   --> src/lib.rs:19:9
[INFO] [stdout]    |
[INFO] [stdout] 18 | #[cfg(any(test, feature = "test-utils"))]
[INFO] [stdout]    |          ------------------------------ the item is gated here
[INFO] [stdout] 19 | pub mod test_utils;
[INFO] [stdout]    |         ^^^^^^^^^^
[INFO] [stdout] help: a similar name exists in the module
[INFO] [stdout]    |
[INFO] [stdout] 29 -     TestExternalEnvs, KEYLESS_DEPLOY_ADDRESS,
[INFO] [stdout] 29 +     ExternalEnvs, KEYLESS_DEPLOY_ADDRESS,
[INFO] [stdout]    |
[INFO] [stdout] 
[INFO] [stdout] 
[INFO] [stdout] error[E0432]: unresolved imports `mega_evm::test_utils`, `mega_evm::TestExternalEnvs`
[INFO] [stdout]   --> tests/mini_rex/block_env_gas_limit.rs:16:5
[INFO] [stdout]    |
[INFO] [stdout] 16 |     test_utils::{BytecodeBuilder, MemoryDatabase},
[INFO] [stdout]    |     ^^^^^^^^^^ could not find `test_utils` in `mega_evm`
[INFO] [stdout] 17 |     MegaContext, MegaEvm, MegaHaltReason, MegaSpecId, MegaTransaction, TestExternalEnvs,
[INFO] [stdout]    |                                                                        ^^^^^^^^^^^^^^^^ no `TestExternalEnvs` in the root
[INFO] [stdout]    |
[INFO] [stdout] note: found an item that was configured out
[INFO] [stdout]   --> src/lib.rs:19:9
[INFO] [stdout]    |
[INFO] [stdout] 18 | #[cfg(any(test, feature = "test-utils"))]
[INFO] [stdout]    |          ------------------------------ the item is gated here
[INFO] [stdout] 19 | pub mod test_utils;
[INFO] [stdout]    |         ^^^^^^^^^^
[INFO] [stdout] help: a similar name exists in the module
[INFO] [stdout]    |
[INFO] [stdout] 17 -     MegaContext, MegaEvm, MegaHaltReason, MegaSpecId, MegaTransaction, TestExternalEnvs,
[INFO] [stdout] 17 +     MegaContext, MegaEvm, MegaHaltReason, MegaSpecId, MegaTransaction, ExternalEnvs,
[INFO] [stdout]    |
[INFO] [stdout] 
[INFO] [stdout] 
[INFO] [stdout] error[E0432]: unresolved import `mega_evm::test_utils`
[INFO] [stdout]   --> tests/mini_rex/compute_gas_limit.rs:10:5
[INFO] [stdout]    |
[INFO] [stdout] 10 |     test_utils::{BytecodeBuilder, MemoryDatabase},
[INFO] [stdout]    |     ^^^^^^^^^^ could not find `test_utils` in `mega_evm`
[INFO] [stdout]    |
[INFO] [stdout] note: found an item that was configured out
[INFO] [stdout]   --> src/lib.rs:19:9
[INFO] [stdout]    |
[INFO] [stdout] 18 | #[cfg(any(test, feature = "test-utils"))]
[INFO] [stdout]    |          ------------------------------ the item is gated here
[INFO] [stdout] 19 | pub mod test_utils;
[INFO] [stdout]    |         ^^^^^^^^^^
[INFO] [stdout] 
[INFO] [stdout] 
[INFO] [stdout] error[E0432]: unresolved import `mega_evm::test_utils`
[INFO] [stdout]   --> tests/mini_rex/contract_size_limit.rs:10:5
[INFO] [stdout]    |
[INFO] [stdout] 10 |     test_utils::{right_pad_bytes, transact, BytecodeBuilder, MemoryDatabase},
[INFO] [stdout]    |     ^^^^^^^^^^ could not find `test_utils` in `mega_evm`
[INFO] [stdout]    |
[INFO] [stdout] note: found an item that was configured out
[INFO] [stdout]   --> src/lib.rs:19:9
[INFO] [stdout]    |
[INFO] [stdout] 18 | #[cfg(any(test, feature = "test-utils"))]
[INFO] [stdout]    |          ------------------------------ the item is gated here
[INFO] [stdout] 19 | pub mod test_utils;
[INFO] [stdout]    |         ^^^^^^^^^^
[INFO] [stdout] 
[INFO] [stdout] 
[INFO] [stdout] error[E0432]: unresolved import `mega_evm::test_utils`
[INFO] [stdout]   --> tests/mini_rex/db_error.rs:9:5
[INFO] [stdout]    |
[INFO] [stdout]  9 |     test_utils::{BytecodeBuilder, ErrorInjectingDatabase, InjectedDbError, MemoryDatabase},
[INFO] [stdout]    |     ^^^^^^^^^^ could not find `test_utils` in `mega_evm`
[INFO] [stdout]    |
[INFO] [stdout] note: found an item that was configured out
[INFO] [stdout]   --> src/lib.rs:19:9
[INFO] [stdout]    |
[INFO] [stdout] 18 | #[cfg(any(test, feature = "test-utils"))]
[INFO] [stdout]    |          ------------------------------ the item is gated here
[INFO] [stdout] 19 | pub mod test_utils;
[INFO] [stdout]    |         ^^^^^^^^^^
[INFO] [stdout] 
[INFO] [stdout] 
[INFO] [stdout] error[E0432]: unresolved import `mega_evm::test_utils`
[INFO] [stdout]   --> tests/mini_rex/disallow_selfdestruct.rs:9:5
[INFO] [stdout]    |
[INFO] [stdout]  9 |     test_utils::{transact, MemoryDatabase},
[INFO] [stdout]    |     ^^^^^^^^^^ could not find `test_utils` in `mega_evm`
[INFO] [stdout]    |
[INFO] [stdout] note: found an item that was configured out
[INFO] [stdout]   --> src/lib.rs:19:9
[INFO] [stdout]    |
[INFO] [stdout] 18 | #[cfg(any(test, feature = "test-utils"))]
[INFO] [stdout]    |          ------------------------------ the item is gated here
[INFO] [stdout] 19 | pub mod test_utils;
[INFO] [stdout]    |         ^^^^^^^^^^
[INFO] [stdout] 
[INFO] [stdout] 
[INFO] [stdout] error[E0432]: unresolved imports `mega_evm::test_utils`, `mega_evm::TestExternalEnvs`
[INFO] [stdout]   --> tests/rex5/keyless_fee_free.rs:22:5
[INFO] [stdout]    |
[INFO] [stdout] 22 |     test_utils::MemoryDatabase,
[INFO] [stdout]    |     ^^^^^^^^^^ could not find `test_utils` in `mega_evm`
[INFO] [stdout] 23 |     IKeylessDeploy, MegaContext, MegaEvm, MegaHaltReason, MegaSpecId, MegaTransaction, SaltEnv,
[INFO] [stdout] 24 |     TestExternalEnvs, KEYLESS_DEPLOY_ADDRESS, MIN_BUCKET_SIZE,
[INFO] [stdout]    |     ^^^^^^^^^^^^^^^^ no `TestExternalEnvs` in the root
[INFO] [stdout]    |
[INFO] [stdout] note: found an item that was configured out
[INFO] [stdout]   --> src/lib.rs:19:9
[INFO] [stdout]    |
[INFO] [stdout] 18 | #[cfg(any(test, feature = "test-utils"))]
[INFO] [stdout]    |          ------------------------------ the item is gated here
[INFO] [stdout] 19 | pub mod test_utils;
[INFO] [stdout]    |         ^^^^^^^^^^
[INFO] [stdout] help: a similar name exists in the module
[INFO] [stdout]    |
[INFO] [stdout] 24 -     TestExternalEnvs, KEYLESS_DEPLOY_ADDRESS, MIN_BUCKET_SIZE,
[INFO] [stdout] 24 +     ExternalEnvs, KEYLESS_DEPLOY_ADDRESS, MIN_BUCKET_SIZE,
[INFO] [stdout]    |
[INFO] [stdout] 
[INFO] [stdout] 
[INFO] [stdout] error[E0432]: unresolved imports `mega_evm::test_utils`, `mega_evm::TestExternalEnvs`
[INFO] [stdout]   --> tests/mini_rex/gas.rs:8:5
[INFO] [stdout]    |
[INFO] [stdout]  8 |     test_utils::{BytecodeBuilder, MemoryDatabase},
[INFO] [stdout]    |     ^^^^^^^^^^ could not find `test_utils` in `mega_evm`
[INFO] [stdout]  9 |     EVMError, MegaContext, MegaEvm, MegaHaltReason, MegaSpecId, MegaTransaction,
[INFO] [stdout] 10 |     MegaTransactionError, SaltEnv, TestExternalEnvs, MIN_BUCKET_SIZE,
[INFO] [stdout]    |                                    ^^^^^^^^^^^^^^^^ no `TestExternalEnvs` in the root
[INFO] [stdout]    |
[INFO] [stdout] note: found an item that was configured out
[INFO] [stdout]   --> src/lib.rs:19:9
[INFO] [stdout]    |
[INFO] [stdout] 18 | #[cfg(any(test, feature = "test-utils"))]
[INFO] [stdout]    |          ------------------------------ the item is gated here
[INFO] [stdout] 19 | pub mod test_utils;
[INFO] [stdout]    |         ^^^^^^^^^^
[INFO] [stdout] help: a similar name exists in the module
[INFO] [stdout]    |
[INFO] [stdout] 10 -     MegaTransactionError, SaltEnv, TestExternalEnvs, MIN_BUCKET_SIZE,
[INFO] [stdout] 10 +     MegaTransactionError, SaltEnv, ExternalEnvs, MIN_BUCKET_SIZE,
[INFO] [stdout]    |
[INFO] [stdout] 
[INFO] [stdout] 
[INFO] [stdout] error[E0432]: unresolved import `mega_evm::test_utils`
[INFO] [stdout]   --> tests/mini_rex/mega_system_transaction.rs:10:5
[INFO] [stdout]    |
[INFO] [stdout] 10 |     test_utils::{BytecodeBuilder, MemoryDatabase},
[INFO] [stdout]    |     ^^^^^^^^^^ could not find `test_utils` in `mega_evm`
[INFO] [stdout]    |
[INFO] [stdout] note: found an item that was configured out
[INFO] [stdout]   --> src/lib.rs:19:9
[INFO] [stdout]    |
[INFO] [stdout] 18 | #[cfg(any(test, feature = "test-utils"))]
[INFO] [stdout]    |          ------------------------------ the item is gated here
[INFO] [stdout] 19 | pub mod test_utils;
[INFO] [stdout]    |         ^^^^^^^^^^
[INFO] [stdout] 
[INFO] [stdout] 
[INFO] [stdout] error[E0432]: unresolved imports `mega_evm::test_utils`, `mega_evm::TestExternalEnvs`
[INFO] [stdout]   --> tests/mini_rex/oracle.rs:7:5
[INFO] [stdout]    |
[INFO] [stdout]  7 |     test_utils::{BytecodeBuilder, MemoryDatabase},
[INFO] [stdout]    |     ^^^^^^^^^^ could not find `test_utils` in `mega_evm`
[INFO] [stdout]  8 |     BlockLimits, MegaContext, MegaEvm, MegaHaltReason, MegaHardforkConfig, MegaSpecId,
[INFO] [stdout]  9 |     MegaTransaction, TestExternalEnvs, ORACLE_CONTRACT_ADDRESS,
[INFO] [stdout]    |                      ^^^^^^^^^^^^^^^^ no `TestExternalEnvs` in the root
[INFO] [stdout]    |
[INFO] [stdout] note: found an item that was configured out
[INFO] [stdout]   --> src/lib.rs:19:9
[INFO] [stdout]    |
[INFO] [stdout] 18 | #[cfg(any(test, feature = "test-utils"))]
[INFO] [stdout]    |          ------------------------------ the item is gated here
[INFO] [stdout] 19 | pub mod test_utils;
[INFO] [stdout]    |         ^^^^^^^^^^
[INFO] [stdout] help: a similar name exists in the module
[INFO] [stdout]    |
[INFO] [stdout]  9 -     MegaTransaction, TestExternalEnvs, ORACLE_CONTRACT_ADDRESS,
[INFO] [stdout]  9 +     MegaTransaction, ExternalEnvs, ORACLE_CONTRACT_ADDRESS,
[INFO] [stdout]    |
[INFO] [stdout] 
[INFO] [stdout] 
[INFO] [stdout] error[E0432]: unresolved import `mega_evm::test_utils`
[INFO] [stdout]   --> tests/mini_rex/state_growth_limit.rs:10:5
[INFO] [stdout]    |
[INFO] [stdout] 10 |     test_utils::{BytecodeBuilder, MemoryDatabase},
[INFO] [stdout]    |     ^^^^^^^^^^ could not find `test_utils` in `mega_evm`
[INFO] [stdout]    |
[INFO] [stdout] note: found an item that was configured out
[INFO] [stdout]   --> src/lib.rs:19:9
[INFO] [stdout]    |
[INFO] [stdout] 18 | #[cfg(any(test, feature = "test-utils"))]
[INFO] [stdout]    |          ------------------------------ the item is gated here
[INFO] [stdout] 19 | pub mod test_utils;
[INFO] [stdout]    |         ^^^^^^^^^^
[INFO] [stdout] 
[INFO] [stdout] 
[INFO] [stdout] error[E0432]: unresolved import `mega_evm::test_utils`
[INFO] [stdout]   --> tests/mini_rex/tx_data_and_kv_update_limit.rs:14:5
[INFO] [stdout]    |
[INFO] [stdout] 14 |     test_utils::{BytecodeBuilder, MemoryDatabase},
[INFO] [stdout]    |     ^^^^^^^^^^ could not find `test_utils` in `mega_evm`
[INFO] [stdout]    |
[INFO] [stdout] note: found an item that was configured out
[INFO] [stdout]   --> src/lib.rs:19:9
[INFO] [stdout]    |
[INFO] [stdout] 18 | #[cfg(any(test, feature = "test-utils"))]
[INFO] [stdout]    |          ------------------------------ the item is gated here
[INFO] [stdout] 19 | pub mod test_utils;
[INFO] [stdout]    |         ^^^^^^^^^^
[INFO] [stdout] 
[INFO] [stdout] 
[INFO] [stdout] error[E0432]: unresolved imports `mega_evm::test_utils`, `mega_evm::BucketHasher`, `mega_evm::SimpleBucketHasher`, `mega_evm::TestExternalEnvs`
[INFO] [stdout]   --> tests/rex5/keyless_gas_cap_postcap_recheck.rs:19:5
[INFO] [stdout]    |
[INFO] [stdout] 19 |     test_utils::MemoryDatabase,
[INFO] [stdout]    |     ^^^^^^^^^^ could not find `test_utils` in `mega_evm`
[INFO] [stdout] 20 |     BucketHasher, IKeylessDeploy, MegaContext, MegaEvm, MegaHaltReason, MegaSpecId,
[INFO] [stdout]    |     ^^^^^^^^^^^^ no `BucketHasher` in the root
[INFO] [stdout] 21 |     MegaTransaction, SimpleBucketHasher, TestExternalEnvs, KEYLESS_DEPLOY_ADDRESS, MIN_BUCKET_SIZE,
[INFO] [stdout]    |                      ^^^^^^^^^^^^^^^^^^  ^^^^^^^^^^^^^^^^ no `TestExternalEnvs` in the root
[INFO] [stdout]    |                      |
[INFO] [stdout]    |                      no `SimpleBucketHasher` in the root
[INFO] [stdout]    |
[INFO] [stdout] note: found an item that was configured out
[INFO] [stdout]   --> src/lib.rs:19:9
[INFO] [stdout]    |
[INFO] [stdout] 18 | #[cfg(any(test, feature = "test-utils"))]
[INFO] [stdout]    |          ------------------------------ the item is gated here
[INFO] [stdout] 19 | pub mod test_utils;
[INFO] [stdout]    |         ^^^^^^^^^^
[INFO] [stdout] help: a similar name exists in the module
[INFO] [stdout]    |
[INFO] [stdout] 21 -     MegaTransaction, SimpleBucketHasher, TestExternalEnvs, KEYLESS_DEPLOY_ADDRESS, MIN_BUCKET_SIZE,
[INFO] [stdout] 21 +     MegaTransaction, SimpleBucketHasher, ExternalEnvs, KEYLESS_DEPLOY_ADDRESS, MIN_BUCKET_SIZE,
[INFO] [stdout]    |
[INFO] [stdout] 
[INFO] [stdout] 
[INFO] [stdout] error[E0432]: unresolved imports `mega_evm::sandbox::tests`, `mega_evm::test_utils`, `mega_evm::TestExternalEnvs`
[INFO] [stdout]   --> tests/rex5/keyless_replay_barrier.rs:24:9
[INFO] [stdout]    |
[INFO] [stdout] 24 |         tests::{CREATE2_FACTORY_CONTRACT, CREATE2_FACTORY_DEPLOYER, CREATE2_FACTORY_TX},
[INFO] [stdout]    |         ^^^^^ could not find `tests` in `sandbox`
[INFO] [stdout] ...
[INFO] [stdout] 27 |     test_utils::MemoryDatabase,
[INFO] [stdout]    |     ^^^^^^^^^^ could not find `test_utils` in `mega_evm`
[INFO] [stdout] 28 |     IKeylessDeploy, MegaContext, MegaEvm, MegaHaltReason, MegaSpecId, MegaTransaction, SaltEnv,
[INFO] [stdout] 29 |     TestExternalEnvs, KEYLESS_DEPLOY_ADDRESS, MIN_BUCKET_SIZE,
[INFO] [stdout]    |     ^^^^^^^^^^^^^^^^ no `TestExternalEnvs` in the root
[INFO] [stdout]    |
[INFO] [stdout] note: found an item that was configured out
[INFO] [stdout]   --> src/lib.rs:19:9
[INFO] [stdout]    |
[INFO] [stdout] 18 | #[cfg(any(test, feature = "test-utils"))]
[INFO] [stdout]    |          ------------------------------ the item is gated here
[INFO] [stdout] 19 | pub mod test_utils;
[INFO] [stdout]    |         ^^^^^^^^^^
[INFO] [stdout] help: a similar name exists in the module
[INFO] [stdout]    |
[INFO] [stdout] 29 -     TestExternalEnvs, KEYLESS_DEPLOY_ADDRESS, MIN_BUCKET_SIZE,
[INFO] [stdout] 29 +     ExternalEnvs, KEYLESS_DEPLOY_ADDRESS, MIN_BUCKET_SIZE,
[INFO] [stdout]    |
[INFO] [stdout] 
[INFO] [stdout] 
[INFO] [stdout] error[E0432]: unresolved imports `mega_evm::test_utils`, `mega_evm::TestExternalEnvs`
[INFO] [stdout]   --> tests/rex5/oracle_hint_metering.rs:23:5
[INFO] [stdout]    |
[INFO] [stdout] 23 |     test_utils::{BytecodeBuilder, MemoryDatabase},
[INFO] [stdout]    |     ^^^^^^^^^^ could not find `test_utils` in `mega_evm`
[INFO] [stdout] 24 |     EvmTxRuntimeLimits, MegaContext, MegaEvm, MegaSpecId, MegaTransaction, TestExternalEnvs,
[INFO] [stdout]    |                                                                            ^^^^^^^^^^^^^^^^ no `TestExternalEnvs` in the root
[INFO] [stdout]    |
[INFO] [stdout] note: found an item that was configured out
[INFO] [stdout]   --> src/lib.rs:19:9
[INFO] [stdout]    |
[INFO] [stdout] 18 | #[cfg(any(test, feature = "test-utils"))]
[INFO] [stdout]    |          ------------------------------ the item is gated here
[INFO] [stdout] 19 | pub mod test_utils;
[INFO] [stdout]    |         ^^^^^^^^^^
[INFO] [stdout] help: a similar name exists in the module
[INFO] [stdout]    |
[INFO] [stdout] 24 -     EvmTxRuntimeLimits, MegaContext, MegaEvm, MegaSpecId, MegaTransaction, TestExternalEnvs,
[INFO] [stdout] 24 +     EvmTxRuntimeLimits, MegaContext, MegaEvm, MegaSpecId, MegaTransaction, ExternalEnvs,
[INFO] [stdout]    |
[INFO] [stdout] 
[INFO] [stdout] 
[INFO] [stdout] error[E0432]: unresolved imports `mega_evm::test_utils`, `mega_evm::BucketHasher`, `mega_evm::TestExternalEnvs`
[INFO] [stdout]   --> tests/rex5/pre_block_system_calls.rs:22:5
[INFO] [stdout]    |
[INFO] [stdout] 22 |     test_utils::{ErrorInjectingDatabase, MemoryDatabase},
[INFO] [stdout]    |     ^^^^^^^^^^ could not find `test_utils` in `mega_evm`
[INFO] [stdout] 23 |     BlockLimits, BucketHasher, BucketId, MegaBlockExecutionCtx, MegaBlockExecutorFactory,
[INFO] [stdout]    |                  ^^^^^^^^^^^^ no `BucketHasher` in the root
[INFO] [stdout] 24 |     MegaEvmFactory, MegaHardfork, MegaHardforkConfig, MegaSpecId, SequencerRegistryConfig,
[INFO] [stdout] 25 |     TestExternalEnvs,
[INFO] [stdout]    |     ^^^^^^^^^^^^^^^^ no `TestExternalEnvs` in the root
[INFO] [stdout]    |
[INFO] [stdout] note: found an item that was configured out
[INFO] [stdout]   --> src/lib.rs:19:9
[INFO] [stdout]    |
[INFO] [stdout] 18 | #[cfg(any(test, feature = "test-utils"))]
[INFO] [stdout]    |          ------------------------------ the item is gated here
[INFO] [stdout] 19 | pub mod test_utils;
[INFO] [stdout]    |         ^^^^^^^^^^
[INFO] [stdout] help: a similar name exists in the module
[INFO] [stdout]    |
[INFO] [stdout] 25 -     TestExternalEnvs,
[INFO] [stdout] 25 +     ExternalEnvs,
[INFO] [stdout]    |
[INFO] [stdout] 
[INFO] [stdout] 
[INFO] [stdout] error[E0432]: unresolved import `mega_evm::test_utils`
[INFO] [stdout]   --> tests/rex5/precompile_compute_gas.rs:26:5
[INFO] [stdout]    |
[INFO] [stdout] 26 |     test_utils::{BytecodeBuilder, MemoryDatabase},
[INFO] [stdout]    |     ^^^^^^^^^^ could not find `test_utils` in `mega_evm`
[INFO] [stdout]    |
[INFO] [stdout] note: found an item that was configured out
[INFO] [stdout]   --> src/lib.rs:19:9
[INFO] [stdout]    |
[INFO] [stdout] 18 | #[cfg(any(test, feature = "test-utils"))]
[INFO] [stdout]    |          ------------------------------ the item is gated here
[INFO] [stdout] 19 | pub mod test_utils;
[INFO] [stdout]    |         ^^^^^^^^^^
[INFO] [stdout] 
[INFO] [stdout] 
[INFO] [stdout] error[E0432]: unresolved imports `mega_evm::test_utils`, `mega_evm::TestExternalEnvs`
[INFO] [stdout]   --> tests/rex5/sandbox_accounting.rs:16:5
[INFO] [stdout]    |
[INFO] [stdout] 16 |     test_utils::{BytecodeBuilder, MemoryDatabase},
[INFO] [stdout]    |     ^^^^^^^^^^ could not find `test_utils` in `mega_evm`
[INFO] [stdout] 17 |     EvmTxRuntimeLimits, IKeylessDeploy, IOracle, LimitKind, LimitUsage, MegaContext, MegaEvm,
[INFO] [stdout] 18 |     MegaHaltReason, MegaSpecId, MegaTransaction, TestExternalEnvs, VolatileDataAccess,
[INFO] [stdout]    |                                                  ^^^^^^^^^^^^^^^^ no `TestExternalEnvs` in the root
[INFO] [stdout]    |
[INFO] [stdout] note: found an item that was configured out
[INFO] [stdout]   --> src/lib.rs:19:9
[INFO] [stdout]    |
[INFO] [stdout] 18 | #[cfg(any(test, feature = "test-utils"))]
[INFO] [stdout]    |          ------------------------------ the item is gated here
[INFO] [stdout] 19 | pub mod test_utils;
[INFO] [stdout]    |         ^^^^^^^^^^
[INFO] [stdout] help: a similar name exists in the module
[INFO] [stdout]    |
[INFO] [stdout] 18 -     MegaHaltReason, MegaSpecId, MegaTransaction, TestExternalEnvs, VolatileDataAccess,
[INFO] [stdout] 18 +     MegaHaltReason, MegaSpecId, MegaTransaction, ExternalEnvs, VolatileDataAccess,
[INFO] [stdout]    |
[INFO] [stdout] 
[INFO] [stdout] 
[INFO] [stdout] error[E0432]: unresolved import `mega_evm::test_utils`
[INFO] [stdout]   --> tests/rex5/selfdestruct_beneficiary.rs:11:5
[INFO] [stdout]    |
[INFO] [stdout] 11 |     test_utils::{BytecodeBuilder, MemoryDatabase},
[INFO] [stdout]    |     ^^^^^^^^^^ could not find `test_utils` in `mega_evm`
[INFO] [stdout]    |
[INFO] [stdout] note: found an item that was configured out
[INFO] [stdout]   --> src/lib.rs:19:9
[INFO] [stdout]    |
[INFO] [stdout] 18 | #[cfg(any(test, feature = "test-utils"))]
[INFO] [stdout]    |          ------------------------------ the item is gated here
[INFO] [stdout] 19 | pub mod test_utils;
[INFO] [stdout]    |         ^^^^^^^^^^
[INFO] [stdout] 
[INFO] [stdout] 
[INFO] [stdout] error[E0432]: unresolved import `mega_evm::test_utils`
[INFO] [stdout]   --> tests/rex5/sstore_storage_gas_error.rs:12:5
[INFO] [stdout]    |
[INFO] [stdout] 12 |     test_utils::{BytecodeBuilder, MemoryDatabase},
[INFO] [stdout]    |     ^^^^^^^^^^ could not find `test_utils` in `mega_evm`
[INFO] [stdout]    |
[INFO] [stdout] note: found an item that was configured out
[INFO] [stdout]   --> src/lib.rs:19:9
[INFO] [stdout]    |
[INFO] [stdout] 18 | #[cfg(any(test, feature = "test-utils"))]
[INFO] [stdout]    |          ------------------------------ the item is gated here
[INFO] [stdout] 19 | pub mod test_utils;
[INFO] [stdout]    |         ^^^^^^^^^^
[INFO] [stdout] 
[INFO] [stdout] 
[INFO] [stdout] error[E0432]: unresolved import `mega_evm::test_utils`
[INFO] [stdout]   --> tests/rex5/stipend_accounting.rs:16:5
[INFO] [stdout]    |
[INFO] [stdout] 16 |     test_utils::{BytecodeBuilder, MemoryDatabase},
[INFO] [stdout]    |     ^^^^^^^^^^ could not find `test_utils` in `mega_evm`
[INFO] [stdout]    |
[INFO] [stdout] note: found an item that was configured out
[INFO] [stdout]   --> src/lib.rs:19:9
[INFO] [stdout]    |
[INFO] [stdout] 18 | #[cfg(any(test, feature = "test-utils"))]
[INFO] [stdout]    |          ------------------------------ the item is gated here
[INFO] [stdout] 19 | pub mod test_utils;
[INFO] [stdout]    |         ^^^^^^^^^^
[INFO] [stdout] 
[INFO] [stdout] 
[INFO] [stdout] warning: unused import: `SaltEnv`
[INFO] [stdout]   --> tests/mini_rex/gas.rs:10:27
[INFO] [stdout]    |
[INFO] [stdout] 10 |     MegaTransactionError, SaltEnv, TestExternalEnvs, MIN_BUCKET_SIZE,
[INFO] [stdout]    |                           ^^^^^^^
[INFO] [stdout]    |
[INFO] [stdout]    = note: `#[warn(unused_imports)]` (part of `#[warn(unused)]`) on by default
[INFO] [stdout] 
[INFO] [stdout] 
[INFO] [stdout] warning: unused import: `mega_evm::SaltEnv`
[INFO] [stdout]    --> tests/mini_rex/gas.rs:931:9
[INFO] [stdout]     |
[INFO] [stdout] 931 |     use mega_evm::SaltEnv;
[INFO] [stdout]     |         ^^^^^^^^^^^^^^^^^
[INFO] [stdout] 
[INFO] [stdout] 
[INFO] [stdout] warning: unused import: `mega_evm::SaltEnv`
[INFO] [stdout]    --> tests/mini_rex/gas.rs:977:9
[INFO] [stdout]     |
[INFO] [stdout] 977 |     use mega_evm::SaltEnv;
[INFO] [stdout]     |         ^^^^^^^^^^^^^^^^^
[INFO] [stdout] 
[INFO] [stdout] 
[INFO] [stdout] error[E0432]: unresolved imports `mega_evm::test_utils`, `mega_evm::TestExternalEnvs`
[INFO] [stdout]   --> tests/rex5/system_tx_replay.rs:32:5
[INFO] [stdout]    |
[INFO] [stdout] 32 |     test_utils::MemoryDatabase, BlockLimits, EVMError, IOracle, MegaBlockExecutionCtx,
[INFO] [stdout]    |     ^^^^^^^^^^ could not find `test_utils` in `mega_evm`
[INFO] [stdout] ...
[INFO] [stdout] 35 |     MegaTxEnvelope, SequencerRegistryConfig, TestExternalEnvs, MEGA_SYSTEM_ADDRESS,
[INFO] [stdout]    |                                              ^^^^^^^^^^^^^^^^ no `TestExternalEnvs` in the root
[INFO] [stdout]    |
[INFO] [stdout] note: found an item that was configured out
[INFO] [stdout]   --> src/lib.rs:19:9
[INFO] [stdout]    |
[INFO] [stdout] 18 | #[cfg(any(test, feature = "test-utils"))]
[INFO] [stdout]    |          ------------------------------ the item is gated here
[INFO] [stdout] 19 | pub mod test_utils;
[INFO] [stdout]    |         ^^^^^^^^^^
[INFO] [stdout] help: a similar name exists in the module
[INFO] [stdout]    |
[INFO] [stdout] 35 -     MegaTxEnvelope, SequencerRegistryConfig, TestExternalEnvs, MEGA_SYSTEM_ADDRESS,
[INFO] [stdout] 35 +     MegaTxEnvelope, SequencerRegistryConfig, ExternalEnvs, MEGA_SYSTEM_ADDRESS,
[INFO] [stdout]    |
[INFO] [stdout] 
[INFO] [stdout] 
[INFO] [stdout] For more information about this error, try `rustc --explain E0432`.
[INFO] [stdout] 
[INFO] [stdout] For more information about this error, try `rustc --explain E0432`.
[INFO] [stdout] 
[INFO] [stderr] error: could not compile `mega-evm` (test "rex") due to 3 previous errors; 1 warning emitted
[INFO] [stderr] error: could not compile `mega-evm` (test "rex3") due to 3 previous errors
[INFO] [stdout] error[E0425]: cannot find type `RecordedHint` in crate `mega_evm`
[INFO] [stdout]   --> tests/rex5/oracle_hint_metering.rs:89:64
[INFO] [stdout]    |
[INFO] [stdout] 89 | ) -> (ExecutionResult<mega_evm::MegaHaltReason>, Vec<mega_evm::RecordedHint>, u64) {
[INFO] [stdout]    |                                                                ^^^^^^^^^^^^ not found in `mega_evm`
[INFO] [stdout] 
[INFO] [stdout] 
[INFO] [stdout] error[E0425]: cannot find type `RecordedHint` in crate `mega_evm`
[INFO] [stdout]    --> tests/rex5/oracle_hint_metering.rs:124:64
[INFO] [stdout]     |
[INFO] [stdout] 124 | ) -> (ExecutionResult<mega_evm::MegaHaltReason>, Vec<mega_evm::RecordedHint>, u64) {
[INFO] [stdout]     |                                                                ^^^^^^^^^^^^ not found in `mega_evm`
[INFO] [stdout] 
[INFO] [stdout] 
[INFO] [stdout] warning: unused import: `SaltEnv`
[INFO] [stdout]   --> tests/rex5/gas_validation.rs:20:27
[INFO] [stdout]    |
[INFO] [stdout] 20 |     MegaTransactionError, SaltEnv, TestExternalEnvs, MIN_BUCKET_SIZE,
[INFO] [stdout]    |                           ^^^^^^^
[INFO] [stdout]    |
[INFO] [stdout]    = note: `#[warn(unused_imports)]` (part of `#[warn(unused)]`) on by default
[INFO] [stdout] 
[INFO] [stdout] 
[INFO] [stdout] For more information about this error, try `rustc --explain E0432`.
[INFO] [stdout] 
[INFO] [stderr] error: could not compile `mega-evm` (test "mutation") due to 3 previous errors
[INFO] [stdout] For more information about this error, try `rustc --explain E0432`.
[INFO] [stdout] 
[INFO] [stdout] Some errors have detailed explanations: E0425, E0432.
[INFO] [stdout] 
[INFO] [stderr] error: could not compile `mega-evm` (test "rex2") due to 4 previous errors
[INFO] [stdout] For more information about an error, try `rustc --explain E0425`.
[INFO] [stdout] 
[INFO] [stderr] error: could not compile `mega-evm` (test "rex5") due to 29 previous errors; 1 warning emitted
[INFO] [stdout] For more information about this error, try `rustc --explain E0432`.
[INFO] [stdout] 
[INFO] [stderr] error: could not compile `mega-evm` (test "block_executor") due to 6 previous errors
[INFO] [stdout] For more information about this error, try `rustc --explain E0432`.
[INFO] [stdout] 
[INFO] [stderr] error: could not compile `mega-evm` (test "mini_rex") due to 12 previous errors; 3 warnings emitted
[INFO] [stdout] For more information about this error, try `rustc --explain E0432`.
[INFO] [stdout] 
[INFO] [stderr] error: could not compile `mega-evm` (test "rex4") due to 13 previous errors
[INFO] running `Command { std: "docker" "inspect" "e515c336ee1d062cdac0e0b65d9e44d99bc423576410fa275e00c63df2923903", kill_on_drop: false }`
[INFO] running `Command { std: "docker" "rm" "-f" "e515c336ee1d062cdac0e0b65d9e44d99bc423576410fa275e00c63df2923903", kill_on_drop: false }`
[INFO] [stdout] e515c336ee1d062cdac0e0b65d9e44d99bc423576410fa275e00c63df2923903
