[INFO] fetching crate mdflib-sys 0.2.2...
[INFO] testing mdflib-sys-0.2.2 against 1.100.0-beta.1+cargoflags=--release for beta-release-1.100-2
[INFO] extracting crate mdflib-sys 0.2.2 into /workspace/builds/worker-7-tc2/source
[INFO] started tweaking crates.io crate mdflib-sys 0.2.2
[INFO] finished tweaking crates.io crate mdflib-sys 0.2.2
[INFO] tweaked toml for crates.io crate mdflib-sys 0.2.2 written to /workspace/builds/worker-7-tc2/source/Cargo.toml
[INFO] validating manifest of crates.io crate mdflib-sys 0.2.2 on toolchain 1.100.0-beta.1
[INFO] running `Command { std: CARGO_HOME="/workspace/cargo-home" RUSTUP_HOME="/workspace/rustup-home" "/workspace/cargo-home/bin/cargo" "+1.100.0-beta.1" "metadata" "--manifest-path" "Cargo.toml" "--no-deps", kill_on_drop: false }`
[INFO] crate crates.io crate mdflib-sys 0.2.2 already has a lockfile, it will not be regenerated
[INFO] running `Command { std: CARGO_HOME="/workspace/cargo-home" RUSTUP_HOME="/workspace/rustup-home" "/workspace/cargo-home/bin/cargo" "+1.100.0-beta.1" "fetch" "--manifest-path" "Cargo.toml", kill_on_drop: false }`
[INFO] running `Command { std: "docker" "create" "-v" "/var/lib/crater-agent-workspace/builds/worker-7-tc2/source:/opt/rustwide/workdir:ro,Z" "-v" "/var/lib/crater-agent-workspace/builds/worker-7-tc2/target:/opt/rustwide/target:rw,Z" "-v" "/var/lib/crater-agent-workspace/cargo-home:/opt/rustwide/cargo-home:ro,Z" "-v" "/var/lib/crater-agent-workspace/rustup-home:/opt/rustwide/rustup-home:ro,Z" "-m" "1610612736" "--network" "none" "ghcr.io/rust-lang/crates-build-env/linux@sha256:77db811e55d90add9212f6832c23229e3de5f1c1f9905e8cb07319ea15df73ac" "sleep" "infinity", kill_on_drop: false }`
[INFO] [stdout] 1f9e39f46e7a5b3a6548906336564045b91c46e943dd4bab7e2f796bf7bd1129
[INFO] running `Command { std: "docker" "start" "1f9e39f46e7a5b3a6548906336564045b91c46e943dd4bab7e2f796bf7bd1129", kill_on_drop: false }`
[INFO] running `Command { std: "docker" "inspect" "1f9e39f46e7a5b3a6548906336564045b91c46e943dd4bab7e2f796bf7bd1129", kill_on_drop: false }`
[INFO] running `Command { std: "docker" "exec" "-e" "SOURCE_DIR=/opt/rustwide/workdir" "-e" "CARGO_HOME=/opt/rustwide/cargo-home" "-e" "RUSTUP_HOME=/opt/rustwide/rustup-home" "-e" "CARGO_TARGET_DIR=/opt/rustwide/target" "-w" "/opt/rustwide/workdir" "--user" "0:0" "1f9e39f46e7a5b3a6548906336564045b91c46e943dd4bab7e2f796bf7bd1129" "/opt/rustwide/cargo-home/bin/cargo" "+1.100.0-beta.1" "metadata" "--no-deps" "--format-version=1", kill_on_drop: false }`
[INFO] running `Command { std: "docker" "inspect" "1f9e39f46e7a5b3a6548906336564045b91c46e943dd4bab7e2f796bf7bd1129", kill_on_drop: false }`
[INFO] running `Command { std: "docker" "exec" "-e" "SOURCE_DIR=/opt/rustwide/workdir" "-e" "CARGO_HOME=/opt/rustwide/cargo-home" "-e" "RUSTUP_HOME=/opt/rustwide/rustup-home" "-e" "CARGO_TARGET_DIR=/opt/rustwide/target" "-e" "CARGO_INCREMENTAL=0" "-e" "RUST_BACKTRACE=full" "-e" "RUSTFLAGS=--cap-lints=warn" "-e" "RUSTDOCFLAGS=--cap-lints=warn" "-w" "/opt/rustwide/workdir" "--user" "0:0" "1f9e39f46e7a5b3a6548906336564045b91c46e943dd4bab7e2f796bf7bd1129" "/opt/rustwide/cargo-home/bin/cargo" "+1.100.0-beta.1" "build" "--frozen" "--message-format=json" "--release", kill_on_drop: false }`
[INFO] [stderr]    Compiling proc-macro2 v1.0.106
[INFO] [stderr]    Compiling quote v1.0.45
[INFO] [stderr]    Compiling clang-sys v1.8.1
[INFO] [stderr]    Compiling libc v0.2.186
[INFO] [stderr]    Compiling regex-syntax v0.8.10
[INFO] [stderr]    Compiling cfg-if v1.0.4
[INFO] [stderr]    Compiling memchr v2.8.0
[INFO] [stderr]    Compiling bindgen v0.70.1
[INFO] [stderr]    Compiling log v0.4.29
[INFO] [stderr]    Compiling rustc-hash v1.1.0
[INFO] [stderr]    Compiling bitflags v2.11.1
[INFO] [stderr]    Compiling libloading v0.8.9
[INFO] [stderr]    Compiling nom v7.1.3
[INFO] [stderr]    Compiling syn v2.0.117
[INFO] [stderr]    Compiling regex-automata v0.4.14
[INFO] [stderr]    Compiling cexpr v0.6.0
[INFO] [stderr]    Compiling regex v1.12.3
[INFO] [stderr]    Compiling prettyplease v0.2.37
[INFO] [stderr]    Compiling mdflib-sys v0.2.2 (/opt/rustwide/workdir)
[INFO] [stderr] error: failed to run custom build command for `mdflib-sys v0.2.2 (/opt/rustwide/workdir)`
[INFO] [stderr] note: To improve backtraces for build dependencies, set the CARGO_PROFILE_RELEASE_BUILD_OVERRIDE_DEBUG=true environment variable to enable debug information generation.
[INFO] [stderr] 
[INFO] [stderr] Caused by:
[INFO] [stderr]   process didn't exit successfully: `/opt/rustwide/target/release/build/mdflib-sys/ab715a107c18c770/out/build_script_build` (exit status: 101)
[INFO] [stderr]   --- stdout
[INFO] [stderr]   cargo:rerun-if-changed=/opt/rustwide/workdir/patches
[INFO] [stderr]   cargo:rerun-if-changed=/opt/rustwide/workdir/patches/0001-musl-compat.patch
[INFO] [stderr] 
[INFO] [stderr]   --- stderr
[INFO] [stderr] 
[INFO] [stderr]   thread 'main' (459) panicked at build.rs:321:9:
[INFO] [stderr]   CMake build failed:
[INFO] [stderr]   stdout: [  1%] Building CXX object mdflib/CMakeFiles/mdf.dir/src/idblock.cpp.o
[INFO] [stderr]   [  1%] Building CXX object mdflib/CMakeFiles/mdf.dir/src/hd3block.cpp.o
[INFO] [stderr]   [  1%] Building CXX object mdflib/CMakeFiles/mdf.dir/src/mdfblock.cpp.o
[INFO] [stderr]   [  2%] Building CXX object mdflib/CMakeFiles/mdf.dir/src/mdffile.cpp.o
[INFO] [stderr]   [  3%] Building CXX object mdflib/CMakeFiles/mdf.dir/src/tx3block.cpp.o
[INFO] [stderr]   [  4%] Building CXX object mdflib/CMakeFiles/mdf.dir/src/cc3block.cpp.o
[INFO] [stderr]   [  5%] Building CXX object mdflib/CMakeFiles/mdf.dir/src/cd3block.cpp.o
[INFO] [stderr]   [  6%] Building CXX object mdflib/CMakeFiles/mdf.dir/src/mdf3file.cpp.o
[INFO] [stderr]   [  7%] Building CXX object mdflib/CMakeFiles/mdf.dir/src/dg3block.cpp.o
[INFO] [stderr]   [  8%] Building CXX object mdflib/CMakeFiles/mdf.dir/src/pr3block.cpp.o
[INFO] [stderr]   [  9%] Building CXX object mdflib/CMakeFiles/mdf.dir/src/sr3block.cpp.o
[INFO] [stderr]   [  9%] Building CXX object mdflib/CMakeFiles/mdf.dir/src/ce3block.cpp.o
[INFO] [stderr]   [  9%] Building CXX object mdflib/CMakeFiles/mdf.dir/src/cg3block.cpp.o
[INFO] [stderr]   [ 10%] Building CXX object mdflib/CMakeFiles/mdf.dir/src/mdfreader.cpp.o
[INFO] [stderr]   [ 11%] Building CXX object mdflib/CMakeFiles/mdf.dir/src/cn3block.cpp.o
[INFO] [stderr]   [ 11%] Building CXX object mdflib/CMakeFiles/mdf.dir/src/tr3block.cpp.o
[INFO] [stderr]   [ 11%] Building CXX object mdflib/CMakeFiles/mdf.dir/src/hd4block.cpp.o
[INFO] [stderr]   [ 12%] Building CXX object mdflib/CMakeFiles/mdf.dir/src/tx4block.cpp.o
[INFO] [stderr]   [ 13%] Building CXX object mdflib/CMakeFiles/mdf.dir/src/md4block.cpp.o
[INFO] [stderr]   [ 13%] Building CXX object mdflib/CMakeFiles/mdf.dir/src/fh4block.cpp.o
[INFO] [stderr] 
[INFO] [stderr]   stderr: c++: fatal error: Killed signal terminated program cc1plus
[INFO] [stderr]   compilation terminated.
[INFO] [stderr]   gmake[2]: *** [mdflib/CMakeFiles/mdf.dir/build.make:289: mdflib/CMakeFiles/mdf.dir/src/mdf3file.cpp.o] Error 1
[INFO] [stderr]   gmake[2]: *** Waiting for unfinished jobs....
[INFO] [stderr]   c++: fatal error: Killed signal terminated program cc1plus
[INFO] [stderr]   compilation terminated.
[INFO] [stderr]   gmake[2]: *** [mdflib/CMakeFiles/mdf.dir/build.make:93: mdflib/CMakeFiles/mdf.dir/src/mdffile.cpp.o] Error 1
[INFO] [stderr]   c++: fatal error: Killed signal terminated program cc1plus
[INFO] [stderr]   compilation terminated.
[INFO] [stderr]   gmake[2]: *** [mdflib/CMakeFiles/mdf.dir/build.make:121: mdflib/CMakeFiles/mdf.dir/src/hd3block.cpp.o] Error 1
[INFO] [stderr]   c++: fatal error: Killed signal terminated program cc1plus
[INFO] [stderr]   compilation terminated.
[INFO] [stderr]   gmake[2]: *** [mdflib/CMakeFiles/mdf.dir/build.make:275: mdflib/CMakeFiles/mdf.dir/src/mdfreader.cpp.o] Error 1
[INFO] [stderr]   gmake[1]: *** [CMakeFiles/Makefile2:106: mdflib/CMakeFiles/mdf.dir/all] Error 2
[INFO] [stderr]   gmake: *** [Makefile:136: all] Error 2
[INFO] [stderr] 
[INFO] [stderr]   stack backtrace:
[INFO] [stderr]      0:     0x5fc65e029721 - <<std[617be2ca0a6fd877]::sys::backtrace::BacktraceLock>::print::DisplayBacktrace as core[a373ad73a504971]::fmt::Display>::fmt
[INFO] [stderr]      1:     0x5fc65e04204a - core[a373ad73a504971]::fmt::write
[INFO] [stderr]      2:     0x5fc65e02f82c - <std[617be2ca0a6fd877]::sys::stdio::unix::Stderr as core[a373ad73a504971]::io::write::Write>::write_fmt
[INFO] [stderr]      3:     0x5fc65e002b66 - std[617be2ca0a6fd877]::panicking::default_hook::{closure#0}
[INFO] [stderr]      4:     0x5fc65e020941 - std[617be2ca0a6fd877]::panicking::default_hook
[INFO] [stderr]      5:     0x5fc65e020c6b - std[617be2ca0a6fd877]::panicking::panic_with_hook
[INFO] [stderr]      6:     0x5fc65e002c12 - std[617be2ca0a6fd877]::panicking::panic_handler::{closure#0}
[INFO] [stderr]      7:     0x5fc65dffb6c9 - std[617be2ca0a6fd877]::sys::backtrace::__rust_end_short_backtrace::<std[617be2ca0a6fd877]::panicking::panic_handler::{closure#0}, !>
[INFO] [stderr]      8:     0x5fc65e0038fd - __rustc[ea4f61d10b84890b]::rust_begin_unwind
[INFO] [stderr]      9:     0x5fc65e04286c - core[a373ad73a504971]::panicking::panic_fmt
[INFO] [stderr]     10:     0x5fc65da9642e - build_script_build[2532ba6be9045aae]::build_bundled
[INFO] [stderr]     11:     0x5fc65da9e0db - build_script_build[2532ba6be9045aae]::main
[INFO] [stderr]     12:     0x5fc65daa2943 - <fn() as core[a373ad73a504971]::ops::function::FnOnce<()>>::call_once
[INFO] [stderr]     13:     0x5fc65da9fc4e - std[617be2ca0a6fd877]::sys::backtrace::__rust_begin_short_backtrace::<fn(), ()>
[INFO] [stderr]     14:     0x5fc65daa0a69 - std[617be2ca0a6fd877]::rt::lang_start::<()>::{closure#0}
[INFO] [stderr]     15:     0x5fc65e01f8a8 - std[617be2ca0a6fd877]::rt::lang_start_internal
[INFO] [stderr]     16:     0x5fc65da9f921 - std[617be2ca0a6fd877]::rt::lang_start::<()>
[INFO] [stderr]     17:     0x5fc65da9e375 - main
[INFO] [stderr]     18:     0x78d412554601 - <unknown>
[INFO] [stderr]     19:     0x78d412554718 - __libc_start_main
[INFO] [stderr]     20:     0x5fc65da8e765 - _start
[INFO] [stderr]     21:                0x0 - <unknown>
[INFO] running `Command { std: "docker" "inspect" "1f9e39f46e7a5b3a6548906336564045b91c46e943dd4bab7e2f796bf7bd1129", kill_on_drop: false }`
[INFO] running `Command { std: "docker" "rm" "-f" "1f9e39f46e7a5b3a6548906336564045b91c46e943dd4bab7e2f796bf7bd1129", kill_on_drop: false }`
[INFO] [stdout] 1f9e39f46e7a5b3a6548906336564045b91c46e943dd4bab7e2f796bf7bd1129
