[INFO] fetching crate mdarray-linalg-tblis 0.2.0...
[INFO] testing mdarray-linalg-tblis-0.2.0 against 1.99.0-beta.8+cargoflags=--release for beta-release-1.100-2
[INFO] extracting crate mdarray-linalg-tblis 0.2.0 into /workspace/builds/worker-6-tc1/source
[INFO] started tweaking crates.io crate mdarray-linalg-tblis 0.2.0
[INFO] removed 0 missing tests
[INFO] finished tweaking crates.io crate mdarray-linalg-tblis 0.2.0
[INFO] tweaked toml for crates.io crate mdarray-linalg-tblis 0.2.0 written to /workspace/builds/worker-6-tc1/source/Cargo.toml
[INFO] validating manifest of crates.io crate mdarray-linalg-tblis 0.2.0 on toolchain 1.99.0-beta.8
[INFO] running `Command { std: CARGO_HOME="/workspace/cargo-home" RUSTUP_HOME="/workspace/rustup-home" "/workspace/cargo-home/bin/cargo" "+1.99.0-beta.8" "metadata" "--manifest-path" "Cargo.toml" "--no-deps", kill_on_drop: false }`
[INFO] crate crates.io crate mdarray-linalg-tblis 0.2.0 already has a lockfile, it will not be regenerated
[INFO] running `Command { std: CARGO_HOME="/workspace/cargo-home" RUSTUP_HOME="/workspace/rustup-home" "/workspace/cargo-home/bin/cargo" "+1.99.0-beta.8" "fetch" "--manifest-path" "Cargo.toml", kill_on_drop: false }`
[INFO] [stderr]     Updating crates.io index
[INFO] [stderr]  Downloading crates ...
[INFO] [stderr]   Downloaded tblis-ffi v0.2.6
[INFO] [stderr]   Downloaded opt-einsum-path v0.2.0
[INFO] [stderr]   Downloaded duplicate v2.0.1
[INFO] [stderr]   Downloaded tblis v0.2.6
[INFO] [stderr]   Downloaded mdarray v0.8.0
[INFO] [stderr]   Downloaded mdarray-linalg v0.2.0
[INFO] [stderr]   Downloaded tblis-src v0.2.6
[INFO] running `Command { std: "docker" "create" "-v" "/var/lib/crater-agent-workspace/builds/worker-6-tc1/source:/opt/rustwide/workdir:ro,Z" "-v" "/var/lib/crater-agent-workspace/builds/worker-6-tc1/target:/opt/rustwide/target:rw,Z" "-v" "/var/lib/crater-agent-workspace/cargo-home:/opt/rustwide/cargo-home:ro,Z" "-v" "/var/lib/crater-agent-workspace/rustup-home:/opt/rustwide/rustup-home:ro,Z" "-m" "1610612736" "--network" "none" "ghcr.io/rust-lang/crates-build-env/linux@sha256:77db811e55d90add9212f6832c23229e3de5f1c1f9905e8cb07319ea15df73ac" "sleep" "infinity", kill_on_drop: false }`
[INFO] [stdout] 2bd2c58feb32ad8612c1ee55f34db138ccbf902f4d74e3544c61808a0843d087
[INFO] running `Command { std: "docker" "start" "2bd2c58feb32ad8612c1ee55f34db138ccbf902f4d74e3544c61808a0843d087", kill_on_drop: false }`
[INFO] running `Command { std: "docker" "inspect" "2bd2c58feb32ad8612c1ee55f34db138ccbf902f4d74e3544c61808a0843d087", kill_on_drop: false }`
[INFO] running `Command { std: "docker" "exec" "-e" "SOURCE_DIR=/opt/rustwide/workdir" "-e" "CARGO_HOME=/opt/rustwide/cargo-home" "-e" "RUSTUP_HOME=/opt/rustwide/rustup-home" "-e" "CARGO_TARGET_DIR=/opt/rustwide/target" "-w" "/opt/rustwide/workdir" "--user" "0:0" "2bd2c58feb32ad8612c1ee55f34db138ccbf902f4d74e3544c61808a0843d087" "/opt/rustwide/cargo-home/bin/cargo" "+1.99.0-beta.8" "metadata" "--no-deps" "--format-version=1", kill_on_drop: false }`
[INFO] running `Command { std: "docker" "inspect" "2bd2c58feb32ad8612c1ee55f34db138ccbf902f4d74e3544c61808a0843d087", kill_on_drop: false }`
[INFO] running `Command { std: "docker" "exec" "-e" "SOURCE_DIR=/opt/rustwide/workdir" "-e" "CARGO_HOME=/opt/rustwide/cargo-home" "-e" "RUSTUP_HOME=/opt/rustwide/rustup-home" "-e" "CARGO_TARGET_DIR=/opt/rustwide/target" "-e" "CARGO_INCREMENTAL=0" "-e" "RUST_BACKTRACE=full" "-e" "RUSTFLAGS=--cap-lints=warn" "-e" "RUSTDOCFLAGS=--cap-lints=warn" "-w" "/opt/rustwide/workdir" "--user" "0:0" "2bd2c58feb32ad8612c1ee55f34db138ccbf902f4d74e3544c61808a0843d087" "/opt/rustwide/cargo-home/bin/cargo" "+1.99.0-beta.8" "build" "--frozen" "--message-format=json" "--release", kill_on_drop: false }`
[INFO] [stderr]    Compiling libc v0.2.183
[INFO] [stderr]    Compiling zerocopy v0.8.52
[INFO] [stderr]    Compiling either v1.16.0
[INFO] [stderr]    Compiling num-traits v0.2.19
[INFO] [stderr]    Compiling proc-macro2-diagnostics v0.10.1
[INFO] [stderr]    Compiling mdarray v0.8.0
[INFO] [stderr]    Compiling darling_core v0.20.11
[INFO] [stderr]    Compiling thiserror-impl v2.0.18
[INFO] [stderr]    Compiling itertools v0.14.0
[INFO] [stderr]    Compiling duplicate v2.0.1
[INFO] [stderr]    Compiling thiserror v2.0.18
[INFO] [stderr]    Compiling getrandom v0.3.4
[INFO] [stderr]    Compiling num-integer v0.1.46
[INFO] [stderr]    Compiling num-complex v0.4.6
[INFO] [stderr]    Compiling approx v0.5.1
[INFO] [stderr]    Compiling rand_core v0.9.5
[INFO] [stderr]    Compiling darling_macro v0.20.11
[INFO] [stderr]    Compiling darling v0.20.11
[INFO] [stderr]    Compiling derive_builder_core v0.20.2
[INFO] [stderr]    Compiling num-bigint v0.4.6
[INFO] [stderr]    Compiling num-iter v0.1.46
[INFO] [stderr]    Compiling derive_builder_macro v0.20.2
[INFO] [stderr]    Compiling derive_builder v0.20.2
[INFO] [stderr]    Compiling num-rational v0.4.2
[INFO] [stderr]    Compiling num v0.4.3
[INFO] [stderr]    Compiling tblis-ffi v0.2.6
[INFO] [stderr]    Compiling ppv-lite86 v0.2.21
[INFO] [stderr]    Compiling rand_chacha v0.9.0
[INFO] [stderr]    Compiling rand v0.9.4
[INFO] [stderr]    Compiling opt-einsum-path v0.2.0
[INFO] [stderr]    Compiling mdarray-linalg v0.2.0
[INFO] [stderr]    Compiling tblis v0.2.6
[INFO] [stderr]    Compiling mdarray-linalg-tblis v0.2.0 (/opt/rustwide/workdir)
[INFO] [stderr]     Finished `release` profile [optimized] target(s) in 27.50s
[INFO] running `Command { std: "docker" "inspect" "2bd2c58feb32ad8612c1ee55f34db138ccbf902f4d74e3544c61808a0843d087", kill_on_drop: false }`
[INFO] running `Command { std: "docker" "exec" "-e" "SOURCE_DIR=/opt/rustwide/workdir" "-e" "CARGO_HOME=/opt/rustwide/cargo-home" "-e" "RUSTUP_HOME=/opt/rustwide/rustup-home" "-e" "CARGO_TARGET_DIR=/opt/rustwide/target" "-e" "CARGO_INCREMENTAL=0" "-e" "RUST_BACKTRACE=full" "-e" "RUSTFLAGS=--cap-lints=warn" "-e" "RUSTDOCFLAGS=--cap-lints=warn" "-w" "/opt/rustwide/workdir" "--user" "0:0" "2bd2c58feb32ad8612c1ee55f34db138ccbf902f4d74e3544c61808a0843d087" "/opt/rustwide/cargo-home/bin/cargo" "+1.99.0-beta.8" "test" "--frozen" "--no-run" "--message-format=json" "--release", kill_on_drop: false }`
[INFO] [stderr]    Compiling cc v1.2.57
[INFO] [stderr]    Compiling cmake v0.1.58
[INFO] [stderr]    Compiling tblis-src v0.2.6
[INFO] [stderr]    Compiling mdarray-linalg-tblis v0.2.0 (/opt/rustwide/workdir)
[INFO] [stdout] error: linking with `cc` failed: exit status: 1
[INFO] [stdout]   |
[INFO] [stdout]   = note:  "cc" "-m64" "/opt/rustwide/target/release/deps/rustct0RcBJ/symbols.o" "<2 object files omitted>" "-Wl,--as-needed" "-Wl,-Bstatic" "<sysroot>/lib/rustlib/x86_64-unknown-linux-gnu/lib/{libtest-*,libgetopts-*,librustc_std_workspace_std-*}.rlib" "/opt/rustwide/target/release/deps/{libtblis-e30af597d770ebce,libtblis_ffi-dd49d9af2235e906,libderive_builder-c8ebb3d30173e3ce,libopt_einsum_path-4441d4be4d95273e,libnum-de79cae3639febe0,libnum_iter-07b7d7e0d9904d99,libnum_rational-be881fef368098cc,libnum_bigint-1642df36ae0d07dd,libnum_integer-aa5dfb5761eaa996,libmdarray_linalg-9223384c202a4901,libitertools-a7297bf09f4c0fb0,libeither-d2909fced3fbbfcc,libapprox-37a9a2c75eb0d481,librand-051f5b74198c4a52,librand_chacha-67d4cd2095a4882f,libppv_lite86-0e94806c6ad51786,libzerocopy-73b65af1f2bd577f,librand_core-2167efccff7db042,libgetrandom-930e1c672de9e7ba,liblibc-8dc755d72fede4ba,libcfg_if-6d8dca19095bb388,libnum_complex-6c0dc023b50f9396,libnum_traits-af66b93df6dcecf9,libthiserror-9c7e1b47db2041fb,libmdarray-57f230ace9a400e1,libtblis_src-33361e54950d4fd5}.rlib" "<sysroot>/lib/rustlib/x86_64-unknown-linux-gnu/lib/{libstd-*,libpanic_unwind-*,libobject-*,libmemchr-*,libaddr2line-*,libgimli-*,libcfg_if-*,librustc_demangle-*,libstd_detect-*,libhashbrown-*,librustc_std_workspace_alloc-*,libminiz_oxide-*,libadler2-*,libunwind-*,liblibc-*,librustc_std_workspace_core-*,liballoc-*,libcore-*,libcompiler_builtins-*}.rlib" "-Wl,-Bdynamic" "-lc" "-lm" "-lrt" "-lpthread" "-ltblis" "-lgcc_s" "-lutil" "-lrt" "-lpthread" "-lm" "-ldl" "-lc" "-L" "/opt/rustwide/target/release/deps/rustct0RcBJ/raw-dylibs" "-B<sysroot>/lib/rustlib/x86_64-unknown-linux-gnu/bin/gcc-ld" "-fuse-ld=lld" "-Wl,--eh-frame-hdr" "-Wl,-z,noexecstack" "-L" "/opt/rustwide/target/release" "-L" "/opt/rustwide/target/release/deps" "-L" "<sysroot>/lib/rustlib/x86_64-unknown-linux-gnu/lib" "-L" "<sysroot>/lib" "-L" "/opt/rustwide/cargo-home/bin" "-L" "/usr/local/sbin" "-L" "/usr/local/bin" "-L" "/usr/sbin" "-L" "/usr/bin" "-L" "/usr" "-L" "/usr/lib" "-L" "/usr/lib/x86_64-linux-gnu" "-L" "/usr/lib64" "-L" "/usr/local" "-L" "/usr/local/lib" "-L" "/usr/local/share" "-L" "/opt" "-L" "<sysroot>/lib/rustlib/x86_64-unknown-linux-gnu/lib" "-o" "/opt/rustwide/target/release/deps/mdarray_linalg_tblis-a30b5f23500c6476" "-Wl,--gc-sections" "-pie" "-Wl,-z,relro,-z,now" "-Wl,-O1" "-Wl,--strip-debug" "-nodefaultlibs"
[INFO] [stdout]   = note: some arguments are omitted. use `--verbose` to show all linker arguments
[INFO] [stdout]   = note: rust-lld: error: unable to find library -ltblis
[INFO] [stdout]           collect2: error: ld returned 1 exit status
[INFO] [stdout]           
[INFO] [stdout] 
[INFO] [stdout] 
[INFO] [stderr] error: could not compile `mdarray-linalg-tblis` (lib test) due to 1 previous error
[INFO] [stderr] warning: build failed, waiting for other jobs to finish...
[INFO] [stdout] error: linking with `cc` failed: exit status: 1
[INFO] [stdout]   |
[INFO] [stdout]   = note:  "cc" "-m64" "/opt/rustwide/target/release/deps/rustcQQkioH/symbols.o" "<17 object files omitted>" "-Wl,--as-needed" "-Wl,-Bstatic" "<sysroot>/lib/rustlib/x86_64-unknown-linux-gnu/lib/{libtest-*,libgetopts-*,librustc_std_workspace_std-*}.rlib" "/opt/rustwide/target/release/deps/{libmdarray_linalg_tblis-0e7059d924093821,libtblis-e30af597d770ebce,libtblis_ffi-dd49d9af2235e906,libderive_builder-c8ebb3d30173e3ce,libopt_einsum_path-4441d4be4d95273e,libnum-de79cae3639febe0,libnum_iter-07b7d7e0d9904d99,libnum_rational-be881fef368098cc,libnum_bigint-1642df36ae0d07dd,libnum_integer-aa5dfb5761eaa996,libmdarray_linalg-9223384c202a4901,libitertools-a7297bf09f4c0fb0,libeither-d2909fced3fbbfcc,libapprox-37a9a2c75eb0d481,librand-051f5b74198c4a52,librand_chacha-67d4cd2095a4882f,libppv_lite86-0e94806c6ad51786,libzerocopy-73b65af1f2bd577f,librand_core-2167efccff7db042,libgetrandom-930e1c672de9e7ba,liblibc-8dc755d72fede4ba,libcfg_if-6d8dca19095bb388,libnum_complex-6c0dc023b50f9396,libnum_traits-af66b93df6dcecf9,libthiserror-9c7e1b47db2041fb,libmdarray-57f230ace9a400e1,libtblis_src-33361e54950d4fd5}.rlib" "<sysroot>/lib/rustlib/x86_64-unknown-linux-gnu/lib/{libstd-*,libpanic_unwind-*,libobject-*,libmemchr-*,libaddr2line-*,libgimli-*,libcfg_if-*,librustc_demangle-*,libstd_detect-*,libhashbrown-*,librustc_std_workspace_alloc-*,libminiz_oxide-*,libadler2-*,libunwind-*,liblibc-*,librustc_std_workspace_core-*,liballoc-*,libcore-*,libcompiler_builtins-*}.rlib" "-Wl,-Bdynamic" "-lc" "-lm" "-lrt" "-lpthread" "-ltblis" "-lgcc_s" "-lutil" "-lrt" "-lpthread" "-lm" "-ldl" "-lc" "-L" "/opt/rustwide/target/release/deps/rustcQQkioH/raw-dylibs" "-B<sysroot>/lib/rustlib/x86_64-unknown-linux-gnu/bin/gcc-ld" "-fuse-ld=lld" "-Wl,--eh-frame-hdr" "-Wl,-z,noexecstack" "-L" "/opt/rustwide/target/release" "-L" "/opt/rustwide/target/release/deps" "-L" "<sysroot>/lib/rustlib/x86_64-unknown-linux-gnu/lib" "-L" "<sysroot>/lib" "-L" "/opt/rustwide/cargo-home/bin" "-L" "/usr/local/sbin" "-L" "/usr/local/bin" "-L" "/usr/sbin" "-L" "/usr/bin" "-L" "/usr" "-L" "/usr/lib" "-L" "/usr/lib/x86_64-linux-gnu" "-L" "/usr/lib64" "-L" "/usr/local" "-L" "/usr/local/lib" "-L" "/usr/local/share" "-L" "/opt" "-L" "<sysroot>/lib/rustlib/x86_64-unknown-linux-gnu/lib" "-o" "/opt/rustwide/target/release/deps/contract-f3e929d464bb902e" "-Wl,--gc-sections" "-pie" "-Wl,-z,relro,-z,now" "-Wl,-O1" "-Wl,--strip-debug" "-nodefaultlibs"
[INFO] [stdout]   = note: some arguments are omitted. use `--verbose` to show all linker arguments
[INFO] [stdout]   = note: rust-lld: error: unable to find library -ltblis
[INFO] [stdout]           collect2: error: ld returned 1 exit status
[INFO] [stdout]           
[INFO] [stdout] 
[INFO] [stdout] 
[INFO] [stderr] error: could not compile `mdarray-linalg-tblis` (test "contract") due to 1 previous error
[INFO] running `Command { std: "docker" "inspect" "2bd2c58feb32ad8612c1ee55f34db138ccbf902f4d74e3544c61808a0843d087", kill_on_drop: false }`
[INFO] running `Command { std: "docker" "rm" "-f" "2bd2c58feb32ad8612c1ee55f34db138ccbf902f4d74e3544c61808a0843d087", kill_on_drop: false }`
[INFO] [stdout] 2bd2c58feb32ad8612c1ee55f34db138ccbf902f4d74e3544c61808a0843d087
