[INFO] fetching crate mcpmesh-local-api 0.58.0...
[INFO] testing mcpmesh-local-api-0.58.0 against 1.99.0-beta.8+cargoflags=--release for beta-release-1.100-2
[INFO] extracting crate mcpmesh-local-api 0.58.0 into /workspace/builds/worker-6-tc1/source
[INFO] started tweaking crates.io crate mcpmesh-local-api 0.58.0
[INFO] removed 0 missing examples
[INFO] removed 0 missing tests
[INFO] finished tweaking crates.io crate mcpmesh-local-api 0.58.0
[INFO] tweaked toml for crates.io crate mcpmesh-local-api 0.58.0 written to /workspace/builds/worker-6-tc1/source/Cargo.toml
[INFO] validating manifest of crates.io crate mcpmesh-local-api 0.58.0 on toolchain 1.99.0-beta.8
[INFO] running `Command { std: CARGO_HOME="/workspace/cargo-home" RUSTUP_HOME="/workspace/rustup-home" "/workspace/cargo-home/bin/cargo" "+1.99.0-beta.8" "metadata" "--manifest-path" "Cargo.toml" "--no-deps", kill_on_drop: false }`
[INFO] crate crates.io crate mcpmesh-local-api 0.58.0 already has a lockfile, it will not be regenerated
[INFO] running `Command { std: CARGO_HOME="/workspace/cargo-home" RUSTUP_HOME="/workspace/rustup-home" "/workspace/cargo-home/bin/cargo" "+1.99.0-beta.8" "fetch" "--manifest-path" "Cargo.toml", kill_on_drop: false }`
[INFO] [stderr]     Updating crates.io index
[INFO] [stderr]  Downloading crates ...
[INFO] [stderr]   Downloaded memchr v2.8.2
[INFO] [stderr]   Downloaded mcpmesh-codec v0.58.0
[INFO] [stderr]   Downloaded mio v1.2.1
[INFO] [stderr]   Downloaded socket2 v0.6.4
[INFO] [stderr]   Downloaded bytes v1.12.0
[INFO] running `Command { std: "docker" "create" "-v" "/var/lib/crater-agent-workspace/builds/worker-6-tc1/source:/opt/rustwide/workdir:ro,Z" "-v" "/var/lib/crater-agent-workspace/builds/worker-6-tc1/target:/opt/rustwide/target:rw,Z" "-v" "/var/lib/crater-agent-workspace/cargo-home:/opt/rustwide/cargo-home:ro,Z" "-v" "/var/lib/crater-agent-workspace/rustup-home:/opt/rustwide/rustup-home:ro,Z" "-m" "1610612736" "--network" "none" "ghcr.io/rust-lang/crates-build-env/linux@sha256:77db811e55d90add9212f6832c23229e3de5f1c1f9905e8cb07319ea15df73ac" "sleep" "infinity", kill_on_drop: false }`
[INFO] [stdout] 02e8997cb6bbdd6289c22d7f5d2c26414355a8ad8210e51139dd7cd3444553e1
[INFO] running `Command { std: "docker" "start" "02e8997cb6bbdd6289c22d7f5d2c26414355a8ad8210e51139dd7cd3444553e1", kill_on_drop: false }`
[INFO] running `Command { std: "docker" "inspect" "02e8997cb6bbdd6289c22d7f5d2c26414355a8ad8210e51139dd7cd3444553e1", kill_on_drop: false }`
[INFO] running `Command { std: "docker" "exec" "-e" "SOURCE_DIR=/opt/rustwide/workdir" "-e" "CARGO_HOME=/opt/rustwide/cargo-home" "-e" "RUSTUP_HOME=/opt/rustwide/rustup-home" "-e" "CARGO_TARGET_DIR=/opt/rustwide/target" "-w" "/opt/rustwide/workdir" "--user" "0:0" "02e8997cb6bbdd6289c22d7f5d2c26414355a8ad8210e51139dd7cd3444553e1" "/opt/rustwide/cargo-home/bin/cargo" "+1.99.0-beta.8" "metadata" "--no-deps" "--format-version=1", kill_on_drop: false }`
[INFO] running `Command { std: "docker" "inspect" "02e8997cb6bbdd6289c22d7f5d2c26414355a8ad8210e51139dd7cd3444553e1", kill_on_drop: false }`
[INFO] running `Command { std: "docker" "exec" "-e" "SOURCE_DIR=/opt/rustwide/workdir" "-e" "CARGO_HOME=/opt/rustwide/cargo-home" "-e" "RUSTUP_HOME=/opt/rustwide/rustup-home" "-e" "CARGO_TARGET_DIR=/opt/rustwide/target" "-e" "CARGO_INCREMENTAL=0" "-e" "RUST_BACKTRACE=full" "-e" "RUSTFLAGS=--cap-lints=warn" "-e" "RUSTDOCFLAGS=--cap-lints=warn" "-w" "/opt/rustwide/workdir" "--user" "0:0" "02e8997cb6bbdd6289c22d7f5d2c26414355a8ad8210e51139dd7cd3444553e1" "/opt/rustwide/cargo-home/bin/cargo" "+1.99.0-beta.8" "build" "--frozen" "--message-format=json" "--release", kill_on_drop: false }`
[INFO] [stderr]    Compiling proc-macro2 v1.0.106
[INFO] [stderr]    Compiling unicode-ident v1.0.24
[INFO] [stderr]    Compiling quote v1.0.46
[INFO] [stderr]    Compiling serde_core v1.0.228
[INFO] [stderr]    Compiling zmij v1.0.21
[INFO] [stderr]    Compiling serde v1.0.228
[INFO] [stderr]    Compiling serde_json v1.0.150
[INFO] [stderr]    Compiling memchr v2.8.2
[INFO] [stderr]    Compiling syn v2.0.118
[INFO] [stderr]    Compiling serde_derive v1.0.228
[INFO] [stderr]    Compiling mcpmesh-local-api v0.58.0 (/opt/rustwide/workdir)
[INFO] [stderr]     Finished `release` profile [optimized] target(s) in 19.77s
[INFO] running `Command { std: "docker" "inspect" "02e8997cb6bbdd6289c22d7f5d2c26414355a8ad8210e51139dd7cd3444553e1", kill_on_drop: false }`
[INFO] running `Command { std: "docker" "exec" "-e" "SOURCE_DIR=/opt/rustwide/workdir" "-e" "CARGO_HOME=/opt/rustwide/cargo-home" "-e" "RUSTUP_HOME=/opt/rustwide/rustup-home" "-e" "CARGO_TARGET_DIR=/opt/rustwide/target" "-e" "CARGO_INCREMENTAL=0" "-e" "RUST_BACKTRACE=full" "-e" "RUSTFLAGS=--cap-lints=warn" "-e" "RUSTDOCFLAGS=--cap-lints=warn" "-w" "/opt/rustwide/workdir" "--user" "0:0" "02e8997cb6bbdd6289c22d7f5d2c26414355a8ad8210e51139dd7cd3444553e1" "/opt/rustwide/cargo-home/bin/cargo" "+1.99.0-beta.8" "test" "--frozen" "--no-run" "--message-format=json" "--release", kill_on_drop: false }`
[INFO] [stderr]    Compiling proc-macro2 v1.0.106
[INFO] [stderr]    Compiling quote v1.0.46
[INFO] [stderr]    Compiling libc v0.2.186
[INFO] [stderr]    Compiling getrandom v0.4.3
[INFO] [stderr]    Compiling rustix v1.1.4
[INFO] [stderr]    Compiling linux-raw-sys v0.12.1
[INFO] [stderr]    Compiling bitflags v2.13.0
[INFO] [stderr]    Compiling cfg-if v1.0.4
[INFO] [stderr]    Compiling once_cell v1.21.4
[INFO] [stderr]    Compiling fastrand v2.4.1
[INFO] [stderr]    Compiling bytes v1.12.0
[INFO] [stderr]    Compiling pin-project-lite v0.2.17
[INFO] [stderr]    Compiling syn v2.0.118
[INFO] [stderr]    Compiling mio v1.2.1
[INFO] [stderr]    Compiling socket2 v0.6.4
[INFO] [stderr]    Compiling tempfile v3.27.0
[INFO] [stderr]    Compiling serde_derive v1.0.228
[INFO] [stderr]    Compiling tokio-macros v2.7.0
[INFO] [stderr]    Compiling tokio v1.52.3
[INFO] [stderr]    Compiling serde v1.0.228
[INFO] [stderr]    Compiling mcpmesh-local-api v0.58.0 (/opt/rustwide/workdir)
[INFO] [stdout] error[E0432]: unresolved import `mcpmesh_local_api::connect_control_default`
[INFO] [stdout]   --> examples/watch.rs:8:58
[INFO] [stdout]    |
[INFO] [stdout]  8 | use mcpmesh_local_api::{ReachabilitySource, StreamFrame, connect_control_default};
[INFO] [stdout]    |                                                          ^^^^^^^^^^^^^^^^^^^^^^^ no `connect_control_default` in the root
[INFO] [stdout]    |
[INFO] [stdout] note: found an item that was configured out
[INFO] [stdout]   --> src/lib.rs:98:5
[INFO] [stdout]    |
[INFO] [stdout] 95 | #[cfg(feature = "client")]
[INFO] [stdout]    |       ------------------ the item is gated behind the `client` feature
[INFO] [stdout] ...
[INFO] [stdout] 98 |     connect_control_default, connect_control_io,
[INFO] [stdout]    |     ^^^^^^^^^^^^^^^^^^^^^^^
[INFO] [stdout] 
[INFO] [stdout] 
[INFO] [stdout] error[E0432]: unresolved import `mcpmesh_local_api::connect_control_default`
[INFO] [stdout]   --> examples/status.rs:9:5
[INFO] [stdout]    |
[INFO] [stdout]  9 | use mcpmesh_local_api::connect_control_default;
[INFO] [stdout]    |     ^^^^^^^^^^^^^^^^^^^-----------------------
[INFO] [stdout]    |                        |
[INFO] [stdout]    |                        no `connect_control_default` in the root
[INFO] [stdout]    |
[INFO] [stdout] note: found an item that was configured out
[INFO] [stdout]   --> src/lib.rs:98:5
[INFO] [stdout]    |
[INFO] [stdout] 95 | #[cfg(feature = "client")]
[INFO] [stdout]    |       ------------------ the item is gated behind the `client` feature
[INFO] [stdout] ...
[INFO] [stdout] 98 |     connect_control_default, connect_control_io,
[INFO] [stdout]    |     ^^^^^^^^^^^^^^^^^^^^^^^
[INFO] [stdout] 
[INFO] [stdout] 
[INFO] [stdout] warning: method call on a diverging inference variable
[INFO] [stdout]   --> examples/watch.rs:16:27
[INFO] [stdout]    |
[INFO] [stdout] 16 |     let mut stream = mesh.subscribe().await?;
[INFO] [stdout]    |                           ^^^^^^^^^
[INFO] [stdout]    |
[INFO] [stdout]    = help: consider providing a type annotation
[INFO] [stdout]    = warning: this was previously accepted by the compiler but is being phased out; it will become a hard error in a future release!
[INFO] [stdout]    = note: for more information, see issue #156047 <https://github.com/rust-lang/rust/issues/156047>
[INFO] [stdout]    = note: `#[warn(method_call_on_diverging_infer_var)]` (part of `#[warn(future_incompatible)]`) on by default
[INFO] [stdout] 
[INFO] [stdout] 
[INFO] [stdout] warning: method call on a diverging inference variable
[INFO] [stdout]   --> examples/status.rs:17:23
[INFO] [stdout]    |
[INFO] [stdout] 17 |     let status = mesh.status().await?;
[INFO] [stdout]    |                       ^^^^^^
[INFO] [stdout]    |
[INFO] [stdout]    = help: consider providing a type annotation
[INFO] [stdout]    = warning: this was previously accepted by the compiler but is being phased out; it will become a hard error in a future release!
[INFO] [stdout]    = note: for more information, see issue #156047 <https://github.com/rust-lang/rust/issues/156047>
[INFO] [stdout]    = note: `#[warn(method_call_on_diverging_infer_var)]` (part of `#[warn(future_incompatible)]`) on by default
[INFO] [stdout] 
[INFO] [stdout] 
[INFO] [stdout] error[E0599]: no method named `subscribe` found for type `!` in the current scope
[INFO] [stdout]   --> examples/watch.rs:16:27
[INFO] [stdout]    |
[INFO] [stdout] 16 |     let mut stream = mesh.subscribe().await?;
[INFO] [stdout]    |                           ^^^^^^^^^ method not found in `!`
[INFO] [stdout] 
[INFO] [stdout] 
[INFO] [stdout] warning: method call on a diverging inference variable
[INFO] [stdout]   --> examples/watch.rs:17:36
[INFO] [stdout]    |
[INFO] [stdout] 17 |     while let Some(frame) = stream.next().await? {
[INFO] [stdout]    |                                    ^^^^
[INFO] [stdout]    |
[INFO] [stdout]    = help: consider providing a type annotation
[INFO] [stdout]    = warning: this was previously accepted by the compiler but is being phased out; it will become a hard error in a future release!
[INFO] [stdout]    = note: for more information, see issue #156047 <https://github.com/rust-lang/rust/issues/156047>
[INFO] [stdout] 
[INFO] [stdout] 
[INFO] [stdout] error[E0599]: no method named `next` found for type `!` in the current scope
[INFO] [stdout]   --> examples/watch.rs:17:36
[INFO] [stdout]    |
[INFO] [stdout] 17 |     while let Some(frame) = stream.next().await? {
[INFO] [stdout]    |                                    ^^^^
[INFO] [stdout]    |
[INFO] [stdout] help: there is a method `ne` with a similar name, but with different arguments
[INFO] [stdout]   --> /rustc/dfb0accb7f508ae8be965d8629557221c889dd98/library/core/src/cmp.rs:275:4
[INFO] [stdout] 
[INFO] [stdout] 
[INFO] [stdout] Some errors have detailed explanations: E0432, E0599.
[INFO] [stdout] 
[INFO] [stdout] For more information about an error, try `rustc --explain E0432`.
[INFO] [stdout] 
[INFO] [stdout] error[E0599]: no method named `status` found for type `!` in the current scope
[INFO] [stdout]   --> examples/status.rs:17:23
[INFO] [stdout]    |
[INFO] [stdout] 17 |     let status = mesh.status().await?;
[INFO] [stdout]    |                       ^^^^^^ method not found in `!`
[INFO] [stdout] 
[INFO] [stdout] 
[INFO] [stderr] error: could not compile `mcpmesh-local-api` (example "watch") due to 3 previous errors; 4 warnings emitted
[INFO] [stderr] warning: build failed, waiting for other jobs to finish...
[INFO] [stdout] Some errors have detailed explanations: E0432, E0599.
[INFO] [stdout] 
[INFO] [stdout] For more information about an error, try `rustc --explain E0432`.
[INFO] [stdout] 
[INFO] [stderr] error: could not compile `mcpmesh-local-api` (example "status") due to 2 previous errors; 2 warnings emitted
[INFO] running `Command { std: "docker" "inspect" "02e8997cb6bbdd6289c22d7f5d2c26414355a8ad8210e51139dd7cd3444553e1", kill_on_drop: false }`
[INFO] running `Command { std: "docker" "rm" "-f" "02e8997cb6bbdd6289c22d7f5d2c26414355a8ad8210e51139dd7cd3444553e1", kill_on_drop: false }`
[INFO] [stdout] 02e8997cb6bbdd6289c22d7f5d2c26414355a8ad8210e51139dd7cd3444553e1
