[INFO] fetching crate mc-sgx-urts-sys 0.12.0...
[INFO] testing mc-sgx-urts-sys-0.12.0 against 1.100.0-beta.1+cargoflags=--release for beta-release-1.100-2
[INFO] extracting crate mc-sgx-urts-sys 0.12.0 into /workspace/builds/worker-4-tc2/source
[INFO] started tweaking crates.io crate mc-sgx-urts-sys 0.12.0
[INFO] finished tweaking crates.io crate mc-sgx-urts-sys 0.12.0
[INFO] tweaked toml for crates.io crate mc-sgx-urts-sys 0.12.0 written to /workspace/builds/worker-4-tc2/source/Cargo.toml
[INFO] validating manifest of crates.io crate mc-sgx-urts-sys 0.12.0 on toolchain 1.100.0-beta.1
[INFO] running `Command { std: CARGO_HOME="/workspace/cargo-home" RUSTUP_HOME="/workspace/rustup-home" "/workspace/cargo-home/bin/cargo" "+1.100.0-beta.1" "metadata" "--manifest-path" "Cargo.toml" "--no-deps", kill_on_drop: false }`
[INFO] crate crates.io crate mc-sgx-urts-sys 0.12.0 already has a lockfile, it will not be regenerated
[INFO] running `Command { std: CARGO_HOME="/workspace/cargo-home" RUSTUP_HOME="/workspace/rustup-home" "/workspace/cargo-home/bin/cargo" "+1.100.0-beta.1" "fetch" "--manifest-path" "Cargo.toml", kill_on_drop: false }`
[INFO] running `Command { std: "docker" "create" "-v" "/var/lib/crater-agent-workspace/builds/worker-4-tc2/source:/opt/rustwide/workdir:ro,Z" "-v" "/var/lib/crater-agent-workspace/builds/worker-4-tc2/target:/opt/rustwide/target:rw,Z" "-v" "/var/lib/crater-agent-workspace/cargo-home:/opt/rustwide/cargo-home:ro,Z" "-v" "/var/lib/crater-agent-workspace/rustup-home:/opt/rustwide/rustup-home:ro,Z" "-m" "1610612736" "--network" "none" "ghcr.io/rust-lang/crates-build-env/linux@sha256:77db811e55d90add9212f6832c23229e3de5f1c1f9905e8cb07319ea15df73ac" "sleep" "infinity", kill_on_drop: false }`
[INFO] [stdout] 7e1be6e4383464d813a3cb0868f12aecef5c8bf0cdbfcd0766d61861d13ca782
[INFO] running `Command { std: "docker" "start" "7e1be6e4383464d813a3cb0868f12aecef5c8bf0cdbfcd0766d61861d13ca782", kill_on_drop: false }`
[INFO] running `Command { std: "docker" "inspect" "7e1be6e4383464d813a3cb0868f12aecef5c8bf0cdbfcd0766d61861d13ca782", kill_on_drop: false }`
[INFO] running `Command { std: "docker" "exec" "-e" "SOURCE_DIR=/opt/rustwide/workdir" "-e" "CARGO_HOME=/opt/rustwide/cargo-home" "-e" "RUSTUP_HOME=/opt/rustwide/rustup-home" "-e" "CARGO_TARGET_DIR=/opt/rustwide/target" "-w" "/opt/rustwide/workdir" "--user" "0:0" "7e1be6e4383464d813a3cb0868f12aecef5c8bf0cdbfcd0766d61861d13ca782" "/opt/rustwide/cargo-home/bin/cargo" "+1.100.0-beta.1" "metadata" "--no-deps" "--format-version=1", kill_on_drop: false }`
[INFO] running `Command { std: "docker" "inspect" "7e1be6e4383464d813a3cb0868f12aecef5c8bf0cdbfcd0766d61861d13ca782", kill_on_drop: false }`
[INFO] running `Command { std: "docker" "exec" "-e" "SOURCE_DIR=/opt/rustwide/workdir" "-e" "CARGO_HOME=/opt/rustwide/cargo-home" "-e" "RUSTUP_HOME=/opt/rustwide/rustup-home" "-e" "CARGO_TARGET_DIR=/opt/rustwide/target" "-e" "CARGO_INCREMENTAL=0" "-e" "RUST_BACKTRACE=full" "-e" "RUSTFLAGS=--cap-lints=warn" "-e" "RUSTDOCFLAGS=--cap-lints=warn" "-w" "/opt/rustwide/workdir" "--user" "0:0" "7e1be6e4383464d813a3cb0868f12aecef5c8bf0cdbfcd0766d61861d13ca782" "/opt/rustwide/cargo-home/bin/cargo" "+1.100.0-beta.1" "build" "--frozen" "--message-format=json" "--release", kill_on_drop: false }`
[INFO] [stderr]    Compiling proc-macro2 v1.0.64
[INFO] [stderr]    Compiling unicode-ident v1.0.10
[INFO] [stderr]    Compiling quote v1.0.29
[INFO] [stderr]    Compiling libc v0.2.152
[INFO] [stderr]    Compiling memchr v2.5.0
[INFO] [stderr]    Compiling prettyplease v0.2.10
[INFO] [stderr]    Compiling regex-syntax v0.7.4
[INFO] [stderr]    Compiling bindgen v0.66.1
[INFO] [stderr]    Compiling either v1.8.1
[INFO] [stderr]    Compiling peeking_take_while v0.1.2
[INFO] [stderr]    Compiling log v0.4.19
[INFO] [stderr]    Compiling lazycell v1.3.0
[INFO] [stderr]    Compiling lazy_static v1.4.0
[INFO] [stderr]    Compiling clang-sys v1.6.1
[INFO] [stderr]    Compiling libloading v0.7.4
[INFO] [stderr]    Compiling bitflags v2.4.1
[INFO] [stderr]    Compiling cargo-emit v0.2.1
[INFO] [stderr]    Compiling strsim v0.10.0
[INFO] [stderr]    Compiling serde v1.0.193
[INFO] [stderr]    Compiling nom v7.1.3
[INFO] [stderr]    Compiling which v4.4.0
[INFO] [stderr]    Compiling syn v2.0.28
[INFO] [stderr]    Compiling cexpr v0.6.0
[INFO] [stderr]    Compiling regex-automata v0.3.3
[INFO] [stderr]    Compiling regex v1.9.1
[INFO] [stderr]    Compiling darling_core v0.20.3
[INFO] [stderr]    Compiling serde_derive v1.0.193
[INFO] [stderr]    Compiling darling_macro v0.20.3
[INFO] [stderr]    Compiling darling v0.20.3
[INFO] [stderr]    Compiling serde_with_macros v3.4.0
[INFO] [stderr]    Compiling mc-sgx-core-build v0.12.0
[INFO] [stderr]    Compiling mc-sgx-core-sys-types v0.12.0
[INFO] [stderr]    Compiling mc-sgx-urts-sys-types v0.12.0
[INFO] [stderr]    Compiling mc-sgx-urts-sys v0.12.0 (/opt/rustwide/workdir)
[INFO] [stderr]    Compiling serde_with v3.4.0
[INFO] [stderr]     Finished `release` profile [optimized] target(s) in 18.93s
[INFO] running `Command { std: "docker" "inspect" "7e1be6e4383464d813a3cb0868f12aecef5c8bf0cdbfcd0766d61861d13ca782", kill_on_drop: false }`
[INFO] running `Command { std: "docker" "exec" "-e" "SOURCE_DIR=/opt/rustwide/workdir" "-e" "CARGO_HOME=/opt/rustwide/cargo-home" "-e" "RUSTUP_HOME=/opt/rustwide/rustup-home" "-e" "CARGO_TARGET_DIR=/opt/rustwide/target" "-e" "CARGO_INCREMENTAL=0" "-e" "RUST_BACKTRACE=full" "-e" "RUSTFLAGS=--cap-lints=warn" "-e" "RUSTDOCFLAGS=--cap-lints=warn" "-w" "/opt/rustwide/workdir" "--user" "0:0" "7e1be6e4383464d813a3cb0868f12aecef5c8bf0cdbfcd0766d61861d13ca782" "/opt/rustwide/cargo-home/bin/cargo" "+1.100.0-beta.1" "test" "--frozen" "--no-run" "--message-format=json" "--release", kill_on_drop: false }`
[INFO] [stderr]    Compiling mc-sgx-urts-sys v0.12.0 (/opt/rustwide/workdir)
[INFO] [stdout] error: linking with `cc` failed: exit status: 1
[INFO] [stdout]   |
[INFO] [stdout]   = note:  "cc" "-m64" "/opt/rustwide/target/release/build/mc-sgx-urts-sys/bdbab08fdb6cdeba/out/rustcjqQyM5/symbols.o" "<2 object files omitted>" "-Wl,--as-needed" "-Wl,-Bdynamic" "-lsgx_launch" "-lsgx_urts" "-lsgx_uae_service" "-Wl,-Bstatic" "<sysroot>/lib/rustlib/x86_64-unknown-linux-gnu/lib/{libtest-*,libgetopts-*,librustc_std_workspace_std-*}.rlib" "/opt/rustwide/target/release/build/mc-sgx-urts-sys-types/9a3e48f5fa78c5c1/out/libmc_sgx_urts_sys_types-9a3e48f5fa78c5c1.rlib" "/opt/rustwide/target/release/build/mc-sgx-core-sys-types/7b54a13301fb6d44/out/libmc_sgx_core_sys_types-7b54a13301fb6d44.rlib" "/opt/rustwide/target/release/build/serde_with/773d5ce5543ce9ec/out/libserde_with-773d5ce5543ce9ec.rlib" "/opt/rustwide/target/release/build/serde/7d8f2c864832db21/out/libserde-7d8f2c864832db21.rlib" "<sysroot>/lib/rustlib/x86_64-unknown-linux-gnu/lib/{libstd-*,libpanic_unwind-*,libobject-*,libmemchr-*,libaddr2line-*,libgimli-*,libcfg_if-*,librustc_demangle-*,libstd_detect-*,libhashbrown-*,librustc_std_workspace_alloc-*,libminiz_oxide-*,libadler2-*,libunwind-*,liblibc-*,librustc_std_workspace_core-*,liballoc-*,libcore-*,libcompiler_builtins-*}.rlib" "-Wl,-Bdynamic" "-lgcc_s" "-lutil" "-lrt" "-lpthread" "-lm" "-ldl" "-lc" "-L" "/opt/rustwide/target/release/build/mc-sgx-urts-sys/bdbab08fdb6cdeba/out/rustcjqQyM5/raw-dylibs" "-B<sysroot>/lib/rustlib/x86_64-unknown-linux-gnu/bin/gcc-ld" "-fuse-ld=lld" "-Wl,--eh-frame-hdr" "-Wl,-z,noexecstack" "-L" "/opt/intel/sgxsdk/lib64" "-L" "<sysroot>/lib/rustlib/x86_64-unknown-linux-gnu/lib" "-o" "/opt/rustwide/target/release/build/mc-sgx-urts-sys/bdbab08fdb6cdeba/out/mc_sgx_urts_sys-bdbab08fdb6cdeba" "-Wl,--gc-sections" "-pie" "-Wl,-z,relro,-z,now" "-Wl,-O1" "-Wl,--strip-debug" "-nodefaultlibs"
[INFO] [stdout]   = note: some arguments are omitted. use `--verbose` to show all linker arguments
[INFO] [stdout]   = note: rust-lld: error: unable to find library -lsgx_launch
[INFO] [stdout]           rust-lld: error: unable to find library -lsgx_urts
[INFO] [stdout]           rust-lld: error: unable to find library -lsgx_uae_service
[INFO] [stdout]           collect2: error: ld returned 1 exit status
[INFO] [stdout]           
[INFO] [stdout] 
[INFO] [stdout] 
[INFO] [stderr] error: could not compile `mc-sgx-urts-sys` (lib test) due to 1 previous error
[INFO] running `Command { std: "docker" "inspect" "7e1be6e4383464d813a3cb0868f12aecef5c8bf0cdbfcd0766d61861d13ca782", kill_on_drop: false }`
[INFO] running `Command { std: "docker" "rm" "-f" "7e1be6e4383464d813a3cb0868f12aecef5c8bf0cdbfcd0766d61861d13ca782", kill_on_drop: false }`
[INFO] [stdout] 7e1be6e4383464d813a3cb0868f12aecef5c8bf0cdbfcd0766d61861d13ca782
