[INFO] fetching crate mbrotli 0.5.15...
[INFO] testing mbrotli-0.5.15 against 1.99.0-beta.8+cargoflags=--release for beta-release-1.100-2
[INFO] extracting crate mbrotli 0.5.15 into /workspace/builds/worker-7-tc1/source
[INFO] started tweaking crates.io crate mbrotli 0.5.15
[INFO] removed 0 missing examples
[INFO] removed 0 missing tests
[INFO] finished tweaking crates.io crate mbrotli 0.5.15
[INFO] tweaked toml for crates.io crate mbrotli 0.5.15 written to /workspace/builds/worker-7-tc1/source/Cargo.toml
[INFO] validating manifest of crates.io crate mbrotli 0.5.15 on toolchain 1.99.0-beta.8
[INFO] running `Command { std: CARGO_HOME="/workspace/cargo-home" RUSTUP_HOME="/workspace/rustup-home" "/workspace/cargo-home/bin/cargo" "+1.99.0-beta.8" "metadata" "--manifest-path" "Cargo.toml" "--no-deps", kill_on_drop: false }`
[INFO] crate crates.io crate mbrotli 0.5.15 already has a lockfile, it will not be regenerated
[INFO] running `Command { std: CARGO_HOME="/workspace/cargo-home" RUSTUP_HOME="/workspace/rustup-home" "/workspace/cargo-home/bin/cargo" "+1.99.0-beta.8" "fetch" "--manifest-path" "Cargo.toml", kill_on_drop: false }`
[INFO] [stderr]     Updating crates.io index
[INFO] [stderr]  Downloading crates ...
[INFO] [stderr]   Downloaded fearless_simd_macros v0.1.0
[INFO] [stderr]   Downloaded fearless_simd v1.1.0
[INFO] [stderr]   Downloaded hotpath-macros v0.28.6
[INFO] [stderr]   Downloaded hotpath v0.28.6
[INFO] [stderr]   Downloaded hotpath-drain v0.28.6
[INFO] [stderr]   Downloaded borrowed-buf v0.1.1
[INFO] running `Command { std: "docker" "create" "-v" "/var/lib/crater-agent-workspace/builds/worker-7-tc1/source:/opt/rustwide/workdir:ro,Z" "-v" "/var/lib/crater-agent-workspace/builds/worker-7-tc1/target:/opt/rustwide/target:rw,Z" "-v" "/var/lib/crater-agent-workspace/cargo-home:/opt/rustwide/cargo-home:ro,Z" "-v" "/var/lib/crater-agent-workspace/rustup-home:/opt/rustwide/rustup-home:ro,Z" "-m" "1610612736" "--network" "none" "ghcr.io/rust-lang/crates-build-env/linux@sha256:77db811e55d90add9212f6832c23229e3de5f1c1f9905e8cb07319ea15df73ac" "sleep" "infinity", kill_on_drop: false }`
[INFO] [stdout] b5dce3f13350ec646c43346b7325e144f292c7edb18ed55d81b40911cb615362
[INFO] running `Command { std: "docker" "start" "b5dce3f13350ec646c43346b7325e144f292c7edb18ed55d81b40911cb615362", kill_on_drop: false }`
[INFO] running `Command { std: "docker" "inspect" "b5dce3f13350ec646c43346b7325e144f292c7edb18ed55d81b40911cb615362", kill_on_drop: false }`
[INFO] running `Command { std: "docker" "exec" "-e" "SOURCE_DIR=/opt/rustwide/workdir" "-e" "CARGO_HOME=/opt/rustwide/cargo-home" "-e" "RUSTUP_HOME=/opt/rustwide/rustup-home" "-e" "CARGO_TARGET_DIR=/opt/rustwide/target" "-w" "/opt/rustwide/workdir" "--user" "0:0" "b5dce3f13350ec646c43346b7325e144f292c7edb18ed55d81b40911cb615362" "/opt/rustwide/cargo-home/bin/cargo" "+1.99.0-beta.8" "metadata" "--no-deps" "--format-version=1", kill_on_drop: false }`
[INFO] running `Command { std: "docker" "inspect" "b5dce3f13350ec646c43346b7325e144f292c7edb18ed55d81b40911cb615362", kill_on_drop: false }`
[INFO] running `Command { std: "docker" "exec" "-e" "SOURCE_DIR=/opt/rustwide/workdir" "-e" "CARGO_HOME=/opt/rustwide/cargo-home" "-e" "RUSTUP_HOME=/opt/rustwide/rustup-home" "-e" "CARGO_TARGET_DIR=/opt/rustwide/target" "-e" "CARGO_INCREMENTAL=0" "-e" "RUST_BACKTRACE=full" "-e" "RUSTFLAGS=--cap-lints=warn" "-e" "RUSTDOCFLAGS=--cap-lints=warn" "-w" "/opt/rustwide/workdir" "--user" "0:0" "b5dce3f13350ec646c43346b7325e144f292c7edb18ed55d81b40911cb615362" "/opt/rustwide/cargo-home/bin/cargo" "+1.99.0-beta.8" "build" "--frozen" "--message-format=json" "--release", kill_on_drop: false }`
[INFO] [stderr]    Compiling syn v3.0.9
[INFO] [stderr]    Compiling thiserror v2.0.21
[INFO] [stderr]    Compiling borrowed-buf v0.1.1
[INFO] [stderr]    Compiling fearless_simd v1.1.0
[INFO] [stderr]    Compiling thiserror-impl v2.0.21
[INFO] [stderr]    Compiling fearless_simd_macros v0.1.0
[INFO] [stderr]    Compiling mbrotli v0.5.15 (/opt/rustwide/workdir)
[INFO] [stderr]     Finished `release` profile [optimized] target(s) in 3m 24s
[INFO] running `Command { std: "docker" "inspect" "b5dce3f13350ec646c43346b7325e144f292c7edb18ed55d81b40911cb615362", kill_on_drop: false }`
[INFO] running `Command { std: "docker" "exec" "-e" "SOURCE_DIR=/opt/rustwide/workdir" "-e" "CARGO_HOME=/opt/rustwide/cargo-home" "-e" "RUSTUP_HOME=/opt/rustwide/rustup-home" "-e" "CARGO_TARGET_DIR=/opt/rustwide/target" "-e" "CARGO_INCREMENTAL=0" "-e" "RUST_BACKTRACE=full" "-e" "RUSTFLAGS=--cap-lints=warn" "-e" "RUSTDOCFLAGS=--cap-lints=warn" "-w" "/opt/rustwide/workdir" "--user" "0:0" "b5dce3f13350ec646c43346b7325e144f292c7edb18ed55d81b40911cb615362" "/opt/rustwide/cargo-home/bin/cargo" "+1.99.0-beta.8" "test" "--frozen" "--no-run" "--message-format=json" "--release", kill_on_drop: false }`
[INFO] [stderr]    Compiling zerocopy v0.8.63
[INFO] [stderr]    Compiling zerocopy-derive v0.8.63
[INFO] [stderr]    Compiling serde_derive v1.0.229
[INFO] [stderr]    Compiling clap_lex v1.1.1
[INFO] [stderr]    Compiling alloca v0.4.0
[INFO] [stderr]    Compiling serde_json v1.0.154
[INFO] [stderr]    Compiling itertools v0.13.0
[INFO] [stderr]    Compiling getrandom v0.4.3
[INFO] [stderr]    Compiling page_size v0.6.0
[INFO] [stderr]    Compiling fearless_simd v1.1.0
[INFO] [stderr]    Compiling clap_builder v4.6.7
[INFO] [stderr]    Compiling tempfile v3.27.0
[INFO] [stderr]    Compiling criterion-plot v0.8.2
[INFO] [stderr]    Compiling clap v4.6.7
[INFO] [stderr]    Compiling serde v1.0.229
[INFO] [stderr]    Compiling tinytemplate v1.2.1
[INFO] [stderr]    Compiling half v2.7.1
[INFO] [stderr]    Compiling ciborium-ll v0.2.2
[INFO] [stderr]    Compiling ciborium v0.2.2
[INFO] [stderr]    Compiling criterion v0.8.2
[INFO] [stderr]    Compiling mbrotli v0.5.15 (/opt/rustwide/workdir)
[INFO] [stdout] error: couldn't read `src/decompressor/core/../../../brotli-ffi/vendor/brotli/tests/testdata/alice29.txt.compressed`: No such file or directory (os error 2)
[INFO] [stdout]     --> src/decompressor/core/stream.rs:2040:23
[INFO] [stdout]      |
[INFO] [stdout] 2040 |           let encoded = include_bytes!(
[INFO] [stdout]      |  _______________________^
[INFO] [stdout] 2041 | |             "../../../brotli-ffi/vendor/brotli/tests/testdata/alice29.txt.compressed"
[INFO] [stdout] 2042 | |         );
[INFO] [stdout]      | |_________^
[INFO] [stdout] 
[INFO] [stdout] 
[INFO] [stdout] error: couldn't read `src/decompressor/core/../../../brotli-ffi/vendor/brotli/tests/testdata/alice29.txt`: No such file or directory (os error 2)
[INFO] [stdout]     --> src/decompressor/core/stream.rs:2073:13
[INFO] [stdout]      |
[INFO] [stdout] 2073 |             include_bytes!("../../../brotli-ffi/vendor/brotli/tests/testdata/alice29.txt");
[INFO] [stdout]      |             ^^^^^^^^^^^^^^^^^^^^^^^^^^^^^^^^^^^^^^^^^^^^^^^^^^^^^^^^^^^^^^^^^^^^^^^^^^^^^^
[INFO] [stdout] 
[INFO] [stdout] 
[INFO] [stdout] error: couldn't read `src/decompressor/core/../../../brotli-ffi/vendor/brotli/tests/testdata/alice29.txt`: No such file or directory (os error 2)
[INFO] [stdout]     --> src/decompressor/core/stream.rs:2087:13
[INFO] [stdout]      |
[INFO] [stdout] 2087 |             include_bytes!("../../../brotli-ffi/vendor/brotli/tests/testdata/alice29.txt");
[INFO] [stdout]      |             ^^^^^^^^^^^^^^^^^^^^^^^^^^^^^^^^^^^^^^^^^^^^^^^^^^^^^^^^^^^^^^^^^^^^^^^^^^^^^^
[INFO] [stdout] 
[INFO] [stdout] 
[INFO] [stdout] error: couldn't read `src/decompressor/core/../../../brotli-ffi/vendor/brotli/tests/testdata/alice29.txt.compressed`: No such file or directory (os error 2)
[INFO] [stdout]     --> src/decompressor/core/stream.rs:2287:17
[INFO] [stdout]      |
[INFO] [stdout] 2287 | /                 include_bytes!(
[INFO] [stdout] 2288 | |                     "../../../brotli-ffi/vendor/brotli/tests/testdata/alice29.txt.compressed"
[INFO] [stdout] 2289 | |                 ),
[INFO] [stdout]      | |_________________^
[INFO] [stdout] 
[INFO] [stdout] 
[INFO] [stdout] error: couldn't read `src/decompressor/core/../../../brotli-ffi/vendor/brotli/tests/testdata/alice29.txt`: No such file or directory (os error 2)
[INFO] [stdout]     --> src/decompressor/core/stream.rs:2290:17
[INFO] [stdout]      |
[INFO] [stdout] 2290 |                 include_bytes!("../../../brotli-ffi/vendor/brotli/tests/testdata/alice29.txt"),
[INFO] [stdout]      |                 ^^^^^^^^^^^^^^^^^^^^^^^^^^^^^^^^^^^^^^^^^^^^^^^^^^^^^^^^^^^^^^^^^^^^^^^^^^^^^^
[INFO] [stdout] 
[INFO] [stdout] 
[INFO] [stdout] error: couldn't read `src/decompressor/core/../../../brotli-ffi/vendor/brotli/tests/testdata/quickfox_repeated.compressed`: No such file or directory (os error 2)
[INFO] [stdout]     --> src/decompressor/core/stream.rs:2293:17
[INFO] [stdout]      |
[INFO] [stdout] 2293 | /                 include_bytes!(
[INFO] [stdout] 2294 | |                     "../../../brotli-ffi/vendor/brotli/tests/testdata/quickfox_repeated.compressed"
[INFO] [stdout] 2295 | |                 ),
[INFO] [stdout]      | |_________________^
[INFO] [stdout] 
[INFO] [stdout] 
[INFO] [stdout] error: couldn't read `src/decompressor/core/../../../brotli-ffi/vendor/brotli/tests/testdata/quickfox_repeated`: No such file or directory (os error 2)
[INFO] [stdout]     --> src/decompressor/core/stream.rs:2296:17
[INFO] [stdout]      |
[INFO] [stdout] 2296 | /                 include_bytes!(
[INFO] [stdout] 2297 | |                     "../../../brotli-ffi/vendor/brotli/tests/testdata/quickfox_repeated"
[INFO] [stdout] 2298 | |                 ),
[INFO] [stdout]      | |_________________^
[INFO] [stdout] 
[INFO] [stdout] 
[INFO] [stdout] error[E0433]: cannot find module or crate `google_brotli_ffi` in this scope
[INFO] [stdout]    --> src/shared/dictionary/all_matches.rs:902:13
[INFO] [stdout]     |
[INFO] [stdout] 902 |             google_brotli_ffi::mbrotli_shim_find_all_static_dictionary_matches(
[INFO] [stdout]     |             ^^^^^^^^^^^^^^^^^ use of unresolved module or unlinked crate `google_brotli_ffi`
[INFO] [stdout]     |
[INFO] [stdout]     = help: if you wanted to use a crate named `google_brotli_ffi`, use `cargo add google_brotli_ffi` to add it to your `Cargo.toml`
[INFO] [stdout] 
[INFO] [stdout] 
[INFO] [stdout] error[E0433]: cannot find module or crate `google_brotli_ffi` in this scope
[INFO] [stdout]    --> src/compressor/core/fragment.rs:143:13
[INFO] [stdout]     |
[INFO] [stdout] 143 |             google_brotli_ffi::BrotliDecoderDecompress(
[INFO] [stdout]     |             ^^^^^^^^^^^^^^^^^ use of unresolved module or unlinked crate `google_brotli_ffi`
[INFO] [stdout]     |
[INFO] [stdout]     = help: if you wanted to use a crate named `google_brotli_ffi`, use `cargo add google_brotli_ffi` to add it to your `Cargo.toml`
[INFO] [stdout] 
[INFO] [stdout] 
[INFO] [stdout] error[E0433]: cannot find module or crate `google_brotli_ffi` in this scope
[INFO] [stdout]    --> src/compressor/core/fragment.rs:150:28
[INFO] [stdout]     |
[INFO] [stdout] 150 |         assert_eq!(status, google_brotli_ffi::BROTLI_DECODER_RESULT_SUCCESS);
[INFO] [stdout]     |                            ^^^^^^^^^^^^^^^^^ use of unresolved module or unlinked crate `google_brotli_ffi`
[INFO] [stdout]     |
[INFO] [stdout]     = help: if you wanted to use a crate named `google_brotli_ffi`, use `cargo add google_brotli_ffi` to add it to your `Cargo.toml`
[INFO] [stdout] 
[INFO] [stdout] 
[INFO] [stdout] error[E0433]: cannot find module or crate `google_brotli_ffi` in this scope
[INFO] [stdout]    --> src/compressor/core/fragment.rs:249:21
[INFO] [stdout]     |
[INFO] [stdout] 249 |                     google_brotli_ffi::BrotliDecoderDecompress(
[INFO] [stdout]     |                     ^^^^^^^^^^^^^^^^^ use of unresolved module or unlinked crate `google_brotli_ffi`
[INFO] [stdout]     |
[INFO] [stdout]     = help: if you wanted to use a crate named `google_brotli_ffi`, use `cargo add google_brotli_ffi` to add it to your `Cargo.toml`
[INFO] [stdout] 
[INFO] [stdout] 
[INFO] [stdout] error[E0433]: cannot find module or crate `google_brotli_ffi` in this scope
[INFO] [stdout]    --> src/compressor/core/fragment.rs:258:21
[INFO] [stdout]     |
[INFO] [stdout] 258 |                     google_brotli_ffi::BROTLI_DECODER_RESULT_SUCCESS,
[INFO] [stdout]     |                     ^^^^^^^^^^^^^^^^^ use of unresolved module or unlinked crate `google_brotli_ffi`
[INFO] [stdout]     |
[INFO] [stdout]     = help: if you wanted to use a crate named `google_brotli_ffi`, use `cargo add google_brotli_ffi` to add it to your `Cargo.toml`
[INFO] [stdout] 
[INFO] [stdout] 
[INFO] [stdout] error[E0433]: cannot find module or crate `google_brotli_ffi` in this scope
[INFO] [stdout]     --> src/compressor/core/hq/block_splitter.rs:1110:13
[INFO] [stdout]      |
[INFO] [stdout] 1110 |             google_brotli_ffi::mbrotli_shim_split_block(
[INFO] [stdout]      |             ^^^^^^^^^^^^^^^^^ use of unresolved module or unlinked crate `google_brotli_ffi`
[INFO] [stdout]      |
[INFO] [stdout]      = help: if you wanted to use a crate named `google_brotli_ffi`, use `cargo add google_brotli_ffi` to add it to your `Cargo.toml`
[INFO] [stdout] 
[INFO] [stdout] 
[INFO] [stdout] error[E0433]: cannot find module or crate `google_brotli_ffi` in this scope
[INFO] [stdout]    --> src/compressor/core/hq/encoder.rs:882:33
[INFO] [stdout]     |
[INFO] [stdout] 882 |         let capacity = unsafe { google_brotli_ffi::BrotliEncoderMaxCompressedSize(input.len()) }
[INFO] [stdout]     |                                 ^^^^^^^^^^^^^^^^^ use of unresolved module or unlinked crate `google_brotli_ffi`
[INFO] [stdout]     |
[INFO] [stdout]     = help: if you wanted to use a crate named `google_brotli_ffi`, use `cargo add google_brotli_ffi` to add it to your `Cargo.toml`
[INFO] [stdout] 
[INFO] [stdout] 
[INFO] [stdout] error[E0433]: cannot find module or crate `google_brotli_ffi` in this scope
[INFO] [stdout]    --> src/compressor/core/hq/encoder.rs:888:13
[INFO] [stdout]     |
[INFO] [stdout] 888 |             google_brotli_ffi::BrotliEncoderCompress(
[INFO] [stdout]     |             ^^^^^^^^^^^^^^^^^ use of unresolved module or unlinked crate `google_brotli_ffi`
[INFO] [stdout]     |
[INFO] [stdout]     = help: if you wanted to use a crate named `google_brotli_ffi`, use `cargo add google_brotli_ffi` to add it to your `Cargo.toml`
[INFO] [stdout] 
[INFO] [stdout] 
[INFO] [stdout] error[E0433]: cannot find module or crate `google_brotli_ffi` in this scope
[INFO] [stdout]    --> src/compressor/core/hq/encoder.rs:891:17
[INFO] [stdout]     |
[INFO] [stdout] 891 |                 google_brotli_ffi::BROTLI_DEFAULT_MODE,
[INFO] [stdout]     |                 ^^^^^^^^^^^^^^^^^ use of unresolved module or unlinked crate `google_brotli_ffi`
[INFO] [stdout]     |
[INFO] [stdout]     = help: if you wanted to use a crate named `google_brotli_ffi`, use `cargo add google_brotli_ffi` to add it to your `Cargo.toml`
[INFO] [stdout] 
[INFO] [stdout] 
[INFO] [stdout] error[E0433]: cannot find module or crate `google_brotli_ffi` in this scope
[INFO] [stdout]    --> src/compressor/core/hq/encoder.rs:898:24
[INFO] [stdout]     |
[INFO] [stdout] 898 |         assert_eq!(ok, google_brotli_ffi::BROTLI_TRUE, "the C encoder failed");
[INFO] [stdout]     |                        ^^^^^^^^^^^^^^^^^ use of unresolved module or unlinked crate `google_brotli_ffi`
[INFO] [stdout]     |
[INFO] [stdout]     = help: if you wanted to use a crate named `google_brotli_ffi`, use `cargo add google_brotli_ffi` to add it to your `Cargo.toml`
[INFO] [stdout] 
[INFO] [stdout] 
[INFO] [stdout] error[E0433]: cannot find module or crate `google_brotli_ffi` in this scope
[INFO] [stdout]    --> src/compressor/core/hq/metablock.rs:586:13
[INFO] [stdout]     |
[INFO] [stdout] 586 |             google_brotli_ffi::mbrotli_shim_build_meta_block(
[INFO] [stdout]     |             ^^^^^^^^^^^^^^^^^ use of unresolved module or unlinked crate `google_brotli_ffi`
[INFO] [stdout]     |
[INFO] [stdout]     = help: if you wanted to use a crate named `google_brotli_ffi`, use `cargo add google_brotli_ffi` to add it to your `Cargo.toml`
[INFO] [stdout] 
[INFO] [stdout] 
[INFO] [stdout] error[E0433]: cannot find module or crate `google_brotli_ffi` in this scope
[INFO] [stdout]     --> src/compressor/core/hq/zopfli.rs:1386:13
[INFO] [stdout]      |
[INFO] [stdout] 1386 |             google_brotli_ffi::mbrotli_shim_zopfli_references(
[INFO] [stdout]      |             ^^^^^^^^^^^^^^^^^ use of unresolved module or unlinked crate `google_brotli_ffi`
[INFO] [stdout]      |
[INFO] [stdout]      = help: if you wanted to use a crate named `google_brotli_ffi`, use `cargo add google_brotli_ffi` to add it to your `Cargo.toml`
[INFO] [stdout] 
[INFO] [stdout] 
[INFO] [stdout] error[E0433]: cannot find module or crate `google_brotli_ffi` in this scope
[INFO] [stdout]    --> src/compressor/core/rfc9841/prepared.rs:505:13
[INFO] [stdout]     |
[INFO] [stdout] 505 |             google_brotli_ffi::mbrotli_shim_prepare_dictionary(
[INFO] [stdout]     |             ^^^^^^^^^^^^^^^^^ use of unresolved module or unlinked crate `google_brotli_ffi`
[INFO] [stdout]     |
[INFO] [stdout]     = help: if you wanted to use a crate named `google_brotli_ffi`, use `cargo add google_brotli_ffi` to add it to your `Cargo.toml`
[INFO] [stdout] 
[INFO] [stdout] 
[INFO] [stdout] error[E0433]: cannot find module or crate `google_brotli_ffi` in this scope
[INFO] [stdout]    --> src/compressor/core/rfc9841/prepared.rs:517:21
[INFO] [stdout]     |
[INFO] [stdout] 517 |         if built != google_brotli_ffi::BROTLI_TRUE {
[INFO] [stdout]     |                     ^^^^^^^^^^^^^^^^^ use of unresolved module or unlinked crate `google_brotli_ffi`
[INFO] [stdout]     |
[INFO] [stdout]     = help: if you wanted to use a crate named `google_brotli_ffi`, use `cargo add google_brotli_ffi` to add it to your `Cargo.toml`
[INFO] [stdout] 
[INFO] [stdout] 
[INFO] [stdout] For more information about this error, try `rustc --explain E0433`.
[INFO] [stdout] 
[INFO] [stderr] error: could not compile `mbrotli` (lib test) due to 21 previous errors
[INFO] [stderr] warning: build failed, waiting for other jobs to finish...
[INFO] [stderr] error: could not compile `mbrotli` (lib)
[INFO] [stderr] 
[INFO] [stderr] Caused by:
[INFO] [stderr]   process didn't exit successfully: `/opt/rustwide/rustup-home/toolchains/1.99.0-beta.8-x86_64-unknown-linux-gnu/bin/rustc --crate-name mbrotli --edition=2024 src/lib.rs --error-format=json --json=diagnostic-rendered-ansi,artifacts,future-incompat --crate-type lib --emit=dep-info,metadata,link -C opt-level=3 -C embed-bitcode=no --cfg 'feature="compression"' --cfg 'feature="decompression"' --cfg 'feature="default"' --cfg 'feature="std"' --check-cfg 'cfg(docsrs,test)' --check-cfg 'cfg(feature, values("compression", "decompression", "default", "diagnostics", "experimental", "hotpath", "hotpath-alloc", "hotpath-cpu", "no_std", "std"))' -C metadata=7e978bd4f1644bb5 -C extra-filename=-1163bed8ee3e6dd1 --out-dir /opt/rustwide/target/release/deps -C strip=debuginfo -L dependency=/opt/rustwide/target/release/deps --extern borrowed_buf=/opt/rustwide/target/release/deps/libborrowed_buf-fd506a5922f6b2fe.rmeta --extern fearless_simd=/opt/rustwide/target/release/deps/libfearless_simd-f3fac46e708112a9.rmeta --extern fearless_simd_macros=/opt/rustwide/target/release/deps/libfearless_simd_macros-95a843cc98ab66c2.so --extern thiserror=/opt/rustwide/target/release/deps/libthiserror-c03239039cd9084f.rmeta --cap-lints=warn` (signal: 9, SIGKILL: kill)
[INFO] running `Command { std: "docker" "inspect" "b5dce3f13350ec646c43346b7325e144f292c7edb18ed55d81b40911cb615362", kill_on_drop: false }`
[INFO] running `Command { std: "docker" "rm" "-f" "b5dce3f13350ec646c43346b7325e144f292c7edb18ed55d81b40911cb615362", kill_on_drop: false }`
[INFO] [stdout] b5dce3f13350ec646c43346b7325e144f292c7edb18ed55d81b40911cb615362
