[INFO] fetching crate matrix-sdk-common 0.19.1...
[INFO] testing matrix-sdk-common-0.19.1 against 1.100.0-beta.1+cargoflags=--release for beta-release-1.100-2
[INFO] extracting crate matrix-sdk-common 0.19.1 into /workspace/builds/worker-5-tc2/source
[INFO] started tweaking crates.io crate matrix-sdk-common 0.19.1
[INFO] finished tweaking crates.io crate matrix-sdk-common 0.19.1
[INFO] tweaked toml for crates.io crate matrix-sdk-common 0.19.1 written to /workspace/builds/worker-5-tc2/source/Cargo.toml
[INFO] validating manifest of crates.io crate matrix-sdk-common 0.19.1 on toolchain 1.100.0-beta.1
[INFO] running `Command { std: CARGO_HOME="/workspace/cargo-home" RUSTUP_HOME="/workspace/rustup-home" "/workspace/cargo-home/bin/cargo" "+1.100.0-beta.1" "metadata" "--manifest-path" "Cargo.toml" "--no-deps", kill_on_drop: false }`
[INFO] crate crates.io crate matrix-sdk-common 0.19.1 already has a lockfile, it will not be regenerated
[INFO] running `Command { std: CARGO_HOME="/workspace/cargo-home" RUSTUP_HOME="/workspace/rustup-home" "/workspace/cargo-home/bin/cargo" "+1.100.0-beta.1" "fetch" "--manifest-path" "Cargo.toml", kill_on_drop: false }`
[INFO] running `Command { std: "docker" "create" "-v" "/var/lib/crater-agent-workspace/builds/worker-5-tc2/source:/opt/rustwide/workdir:ro,Z" "-v" "/var/lib/crater-agent-workspace/builds/worker-5-tc2/target:/opt/rustwide/target:rw,Z" "-v" "/var/lib/crater-agent-workspace/cargo-home:/opt/rustwide/cargo-home:ro,Z" "-v" "/var/lib/crater-agent-workspace/rustup-home:/opt/rustwide/rustup-home:ro,Z" "-m" "1610612736" "--network" "none" "ghcr.io/rust-lang/crates-build-env/linux@sha256:77db811e55d90add9212f6832c23229e3de5f1c1f9905e8cb07319ea15df73ac" "sleep" "infinity", kill_on_drop: false }`
[INFO] [stdout] 9a5da2be7f2255825f921afd06e39ef16732f26d9d820ff8de37cfa2a194b6e2
[INFO] running `Command { std: "docker" "start" "9a5da2be7f2255825f921afd06e39ef16732f26d9d820ff8de37cfa2a194b6e2", kill_on_drop: false }`
[INFO] running `Command { std: "docker" "inspect" "9a5da2be7f2255825f921afd06e39ef16732f26d9d820ff8de37cfa2a194b6e2", kill_on_drop: false }`
[INFO] running `Command { std: "docker" "exec" "-e" "SOURCE_DIR=/opt/rustwide/workdir" "-e" "CARGO_HOME=/opt/rustwide/cargo-home" "-e" "RUSTUP_HOME=/opt/rustwide/rustup-home" "-e" "CARGO_TARGET_DIR=/opt/rustwide/target" "-w" "/opt/rustwide/workdir" "--user" "0:0" "9a5da2be7f2255825f921afd06e39ef16732f26d9d820ff8de37cfa2a194b6e2" "/opt/rustwide/cargo-home/bin/cargo" "+1.100.0-beta.1" "metadata" "--no-deps" "--format-version=1", kill_on_drop: false }`
[INFO] running `Command { std: "docker" "inspect" "9a5da2be7f2255825f921afd06e39ef16732f26d9d820ff8de37cfa2a194b6e2", kill_on_drop: false }`
[INFO] running `Command { std: "docker" "exec" "-e" "SOURCE_DIR=/opt/rustwide/workdir" "-e" "CARGO_HOME=/opt/rustwide/cargo-home" "-e" "RUSTUP_HOME=/opt/rustwide/rustup-home" "-e" "CARGO_TARGET_DIR=/opt/rustwide/target" "-e" "CARGO_INCREMENTAL=0" "-e" "RUST_BACKTRACE=full" "-e" "RUSTFLAGS=--cap-lints=warn" "-e" "RUSTDOCFLAGS=--cap-lints=warn" "-w" "/opt/rustwide/workdir" "--user" "0:0" "9a5da2be7f2255825f921afd06e39ef16732f26d9d820ff8de37cfa2a194b6e2" "/opt/rustwide/cargo-home/bin/cargo" "+1.100.0-beta.1" "build" "--frozen" "--message-format=json" "--release", kill_on_drop: false }`
[INFO] [stderr]    Compiling winnow v1.0.1
[INFO] [stderr]    Compiling serde_core v1.0.229
[INFO] [stderr]    Compiling smallvec v1.16.1
[INFO] [stderr]    Compiling thiserror v2.0.20
[INFO] [stderr]    Compiling typewit v1.14.2
[INFO] [stderr]    Compiling js_int v0.2.2
[INFO] [stderr]    Compiling syn v3.0.5
[INFO] [stderr]    Compiling as_variant v1.3.0
[INFO] [stderr]    Compiling zerovec-derive v0.10.3
[INFO] [stderr]    Compiling icu_provider_macros v1.5.0
[INFO] [stderr]    Compiling regex-automata v0.4.18
[INFO] [stderr]    Compiling ruma-common v0.20.0
[INFO] [stderr]    Compiling yoke-derive v0.7.5
[INFO] [stderr]    Compiling tracing v0.1.44
[INFO] [stderr]    Compiling zerofrom v0.1.8
[INFO] [stderr]    Compiling time v0.3.55
[INFO] [stderr]    Compiling serde_html_form v0.4.1
[INFO] [stderr]    Compiling serde_json v1.0.151
[INFO] [stderr]    Compiling date_header v1.0.5
[INFO] [stderr]    Compiling bytemuck v1.25.2
[INFO] [stderr]    Compiling ruma-events v0.35.0
[INFO] [stderr]    Compiling wildmatch v2.6.1
[INFO] [stderr]    Compiling safe_arch v0.7.4
[INFO] [stderr]    Compiling js_option v0.2.0
[INFO] [stderr]    Compiling rand_core v0.9.5
[INFO] [stderr]    Compiling ruma-client-api v0.25.0
[INFO] [stderr]    Compiling assign v1.1.1
[INFO] [stderr]    Compiling archery v1.2.2
[INFO] [stderr]    Compiling maplit v1.0.2
[INFO] [stderr]    Compiling imbl-sized-chunks v0.2.0
[INFO] [stderr]    Compiling rand_xoshiro v0.7.0
[INFO] [stderr]    Compiling matrix-sdk-common v0.19.1 (/opt/rustwide/workdir)
[INFO] [stderr]    Compiling const_panic v0.2.17
[INFO] [stderr]    Compiling futures-util v0.3.34
[INFO] [stderr]    Compiling yoke v0.7.5
[INFO] [stderr]    Compiling wide v0.7.33
[INFO] [stderr]    Compiling zerovec v0.10.4
[INFO] [stderr]    Compiling konst v0.4.3
[INFO] [stderr]    Compiling toml_parser v1.1.2+spec-1.1.0
[INFO] [stderr]    Compiling imbl v7.0.2
[INFO] [stderr]    Compiling toml_datetime v1.1.1+spec-1.1.0
[INFO] [stderr]    Compiling serde_spanned v1.1.1
[INFO] [stderr]    Compiling toml_edit v0.25.6+spec-1.1.0
[INFO] [stderr]    Compiling toml v1.1.2+spec-1.1.0
[INFO] [stderr]    Compiling proc-macro-crate v3.5.0
[INFO] [stderr]    Compiling regex v1.13.1
[INFO] [stderr]    Compiling displaydoc v0.2.7
[INFO] [stderr]    Compiling serde_derive v1.0.229
[INFO] [stderr]    Compiling thiserror-impl v2.0.20
[INFO] [stderr]    Compiling tokio-macros v2.7.2
[INFO] [stderr]    Compiling tokio v1.53.1
[INFO] [stderr]    Compiling tinystr v0.7.6
[INFO] [stderr]    Compiling icu_locid v1.5.0
[INFO] [stderr]    Compiling icu_collections v1.5.0
[INFO] [stderr]    Compiling ruma-identifiers-validation v0.12.1
[INFO] [stderr]    Compiling icu_provider v1.5.0
[INFO] [stderr]    Compiling icu_locid_transform v1.5.0
[INFO] [stderr]    Compiling icu_properties v1.5.1
[INFO] [stderr]    Compiling serde v1.0.229
[INFO] [stderr]    Compiling eyeball-im v0.9.1
[INFO] [stderr]    Compiling ruma-macros v0.20.0
[INFO] [stderr]    Compiling icu_normalizer v1.5.0
[INFO] [stderr]    Compiling idna_adapter v1.2.0
[INFO] [stderr]    Compiling idna v1.1.0
[INFO] [stderr]    Compiling url v2.5.8
[INFO] [stderr]    Compiling ruma v0.17.0
[INFO] [stderr]     Finished `release` profile [optimized] target(s) in 2m 56s
[INFO] running `Command { std: "docker" "inspect" "9a5da2be7f2255825f921afd06e39ef16732f26d9d820ff8de37cfa2a194b6e2", kill_on_drop: false }`
[INFO] running `Command { std: "docker" "exec" "-e" "SOURCE_DIR=/opt/rustwide/workdir" "-e" "CARGO_HOME=/opt/rustwide/cargo-home" "-e" "RUSTUP_HOME=/opt/rustwide/rustup-home" "-e" "CARGO_TARGET_DIR=/opt/rustwide/target" "-e" "CARGO_INCREMENTAL=0" "-e" "RUST_BACKTRACE=full" "-e" "RUSTFLAGS=--cap-lints=warn" "-e" "RUSTDOCFLAGS=--cap-lints=warn" "-w" "/opt/rustwide/workdir" "--user" "0:0" "9a5da2be7f2255825f921afd06e39ef16732f26d9d820ff8de37cfa2a194b6e2" "/opt/rustwide/cargo-home/bin/cargo" "+1.100.0-beta.1" "test" "--frozen" "--no-run" "--message-format=json" "--release", kill_on_drop: false }`
[INFO] [stderr]    Compiling syn v3.0.5
[INFO] [stderr]    Compiling wasm-bindgen-shared v0.2.128
[INFO] [stderr]    Compiling regex-automata v0.4.18
[INFO] [stderr]    Compiling getrandom v0.3.4
[INFO] [stderr]    Compiling serde_json v1.0.151
[INFO] [stderr]    Compiling bumpalo v3.20.3
[INFO] [stderr]    Compiling wasm-bindgen v0.2.128
[INFO] [stderr]    Compiling num-traits v0.2.19
[INFO] [stderr]    Compiling pest v2.8.7
[INFO] [stderr]    Compiling rustix v1.1.4
[INFO] [stderr]    Compiling ppv-lite86 v0.2.21
[INFO] [stderr]    Compiling getrandom v0.4.3
[INFO] [stderr]    Compiling thread_local v1.1.8
[INFO] [stderr]    Compiling linktime-proc-macro v0.2.3
[INFO] [stderr]    Compiling link-section v0.19.3
[INFO] [stderr]    Compiling rand_core v0.9.5
[INFO] [stderr]    Compiling console v0.16.4
[INFO] [stderr]    Compiling similar v2.6.0
[INFO] [stderr]    Compiling nu-ansi-term v0.50.3
[INFO] [stderr]    Compiling rand_xoshiro v0.7.0
[INFO] [stderr]    Compiling rand_xorshift v0.4.0
[INFO] [stderr]    Compiling rand v0.9.5
[INFO] [stderr]    Compiling wasm-bindgen-test-shared v0.2.128
[INFO] [stderr]    Compiling imbl v7.0.2
[INFO] [stderr]    Compiling assert_matches v1.5.0
[INFO] [stderr]    Compiling assert_matches2 v0.1.2
[INFO] [stderr]    Compiling ctor v1.0.13
[INFO] [stderr]    Compiling rand_chacha v0.9.0
[INFO] [stderr]    Compiling proptest v1.11.0
[INFO] [stderr]    Compiling tempfile v3.27.0
[INFO] [stderr]    Compiling pest_meta v2.8.7
[INFO] [stderr]    Compiling pest_generator v2.8.7
[INFO] [stderr]    Compiling pest_derive v2.8.7
[INFO] [stderr]    Compiling wasm-bindgen-macro-support v0.2.128
[INFO] [stderr]    Compiling regex v1.13.1
[INFO] [stderr]    Compiling matchers v0.2.0
[INFO] [stderr]    Compiling displaydoc v0.2.7
[INFO] [stderr]    Compiling serde_derive v1.0.229
[INFO] [stderr]    Compiling thiserror-impl v2.0.20
[INFO] [stderr]    Compiling tokio-macros v2.7.2
[INFO] [stderr]    Compiling async-trait v0.1.92
[INFO] [stderr]    Compiling wasm-bindgen-test-macro v0.3.78
[INFO] [stderr]    Compiling tracing-subscriber v0.3.23
[INFO] [stderr]    Compiling tinystr v0.7.6
[INFO] [stderr]    Compiling icu_collections v1.5.0
[INFO] [stderr]    Compiling icu_locid v1.5.0
[INFO] [stderr]    Compiling tokio v1.53.1
[INFO] [stderr]    Compiling icu_provider v1.5.0
[INFO] [stderr]    Compiling thiserror v2.0.20
[INFO] [stderr]    Compiling ruma-identifiers-validation v0.12.1
[INFO] [stderr]    Compiling icu_locid_transform v1.5.0
[INFO] [stderr]    Compiling matrix-sdk-test-utils v0.19.1
[INFO] [stderr]    Compiling icu_properties v1.5.1
[INFO] [stderr]    Compiling serde v1.0.229
[INFO] [stderr]    Compiling eyeball-im v0.9.1
[INFO] [stderr]    Compiling js_int v0.2.2
[INFO] [stderr]    Compiling insta v1.48.0
[INFO] [stderr]    Compiling ruma-macros v0.20.0
[INFO] [stderr]    Compiling wasm-bindgen-macro v0.2.128
[INFO] [stderr]    Compiling icu_normalizer v1.5.0
[INFO] [stderr]    Compiling idna_adapter v1.2.0
[INFO] [stderr]    Compiling idna v1.1.0
[INFO] [stderr]    Compiling js-sys v0.3.105
[INFO] [stderr]    Compiling url v2.5.8
[INFO] [stderr]    Compiling ruma-common v0.20.0
[INFO] [stderr]    Compiling ruma-events v0.35.0
[INFO] [stderr]    Compiling wasm-bindgen-futures v0.4.78
[INFO] [stderr]    Compiling wasm-bindgen-test v0.3.78
[INFO] [stderr]    Compiling ruma-client-api v0.25.0
[INFO] [stderr]    Compiling ruma v0.17.0
[INFO] [stderr]    Compiling matrix-sdk-common v0.19.1 (/opt/rustwide/workdir)
[INFO] [stdout] error[E0432]: unresolved import `matrix_sdk_test_macros`
[INFO] [stdout]    --> src/cross_process_lock.rs:745:9
[INFO] [stdout]     |
[INFO] [stdout] 745 |     use matrix_sdk_test_macros::async_test;
[INFO] [stdout]     |         ^^^^^^^^^^^^^^^^^^^^^^ use of unresolved module or unlinked crate `matrix_sdk_test_macros`
[INFO] [stdout]     |
[INFO] [stdout] help: there is a crate or module with a similar name
[INFO] [stdout]     |
[INFO] [stdout] 745 -     use matrix_sdk_test_macros::async_test;
[INFO] [stdout] 745 +     use matrix_sdk_test_utils::async_test;
[INFO] [stdout]     |
[INFO] [stdout] 
[INFO] [stdout] 
[INFO] [stdout] error[E0432]: unresolved import `matrix_sdk_test_macros`
[INFO] [stdout]    --> src/executor.rs:188:9
[INFO] [stdout]     |
[INFO] [stdout] 188 |     use matrix_sdk_test_macros::async_test;
[INFO] [stdout]     |         ^^^^^^^^^^^^^^^^^^^^^^ use of unresolved module or unlinked crate `matrix_sdk_test_macros`
[INFO] [stdout]     |
[INFO] [stdout] help: there is a crate or module with a similar name
[INFO] [stdout]     |
[INFO] [stdout] 188 -     use matrix_sdk_test_macros::async_test;
[INFO] [stdout] 188 +     use matrix_sdk_test_utils::async_test;
[INFO] [stdout]     |
[INFO] [stdout] 
[INFO] [stdout] 
[INFO] [stdout] error[E0432]: unresolved import `matrix_sdk_test_macros`
[INFO] [stdout]    --> src/linked_chunk/order_tracker.rs:168:9
[INFO] [stdout]     |
[INFO] [stdout] 168 |     use matrix_sdk_test_macros::async_test;
[INFO] [stdout]     |         ^^^^^^^^^^^^^^^^^^^^^^ use of unresolved module or unlinked crate `matrix_sdk_test_macros`
[INFO] [stdout]     |
[INFO] [stdout] help: there is a crate or module with a similar name
[INFO] [stdout]     |
[INFO] [stdout] 168 -     use matrix_sdk_test_macros::async_test;
[INFO] [stdout] 168 +     use matrix_sdk_test_utils::async_test;
[INFO] [stdout]     |
[INFO] [stdout] 
[INFO] [stdout] 
[INFO] [stdout] error[E0432]: unresolved import `matrix_sdk_test_macros`
[INFO] [stdout]   --> src/sleep.rs:37:9
[INFO] [stdout]    |
[INFO] [stdout] 37 |     use matrix_sdk_test_macros::async_test;
[INFO] [stdout]    |         ^^^^^^^^^^^^^^^^^^^^^^ use of unresolved module or unlinked crate `matrix_sdk_test_macros`
[INFO] [stdout]    |
[INFO] [stdout] help: there is a crate or module with a similar name
[INFO] [stdout]    |
[INFO] [stdout] 37 -     use matrix_sdk_test_macros::async_test;
[INFO] [stdout] 37 +     use matrix_sdk_test_utils::async_test;
[INFO] [stdout]    |
[INFO] [stdout] 
[INFO] [stdout] 
[INFO] [stdout] error[E0432]: unresolved import `matrix_sdk_test_macros`
[INFO] [stdout]    --> src/task_monitor.rs:534:9
[INFO] [stdout]     |
[INFO] [stdout] 534 |     use matrix_sdk_test_macros::async_test;
[INFO] [stdout]     |         ^^^^^^^^^^^^^^^^^^^^^^ use of unresolved module or unlinked crate `matrix_sdk_test_macros`
[INFO] [stdout]     |
[INFO] [stdout] help: there is a crate or module with a similar name
[INFO] [stdout]     |
[INFO] [stdout] 534 -     use matrix_sdk_test_macros::async_test;
[INFO] [stdout] 534 +     use matrix_sdk_test_utils::async_test;
[INFO] [stdout]     |
[INFO] [stdout] 
[INFO] [stdout] 
[INFO] [stdout] error[E0432]: unresolved import `matrix_sdk_test_macros`
[INFO] [stdout]   --> src/timeout.rs:65:9
[INFO] [stdout]    |
[INFO] [stdout] 65 |     use matrix_sdk_test_macros::async_test;
[INFO] [stdout]    |         ^^^^^^^^^^^^^^^^^^^^^^ use of unresolved module or unlinked crate `matrix_sdk_test_macros`
[INFO] [stdout]    |
[INFO] [stdout] help: there is a crate or module with a similar name
[INFO] [stdout]    |
[INFO] [stdout] 65 -     use matrix_sdk_test_macros::async_test;
[INFO] [stdout] 65 +     use matrix_sdk_test_utils::async_test;
[INFO] [stdout]    |
[INFO] [stdout] 
[INFO] [stdout] 
[INFO] [stdout] error[E0433]: cannot find module or crate `matrix_sdk_test_macros` in this scope
[INFO] [stdout]    --> src/tracing_timer.rs:122:7
[INFO] [stdout]     |
[INFO] [stdout] 122 |     #[matrix_sdk_test_macros::async_test]
[INFO] [stdout]     |       ^^^^^^^^^^^^^^^^^^^^^^ use of unresolved module or unlinked crate `matrix_sdk_test_macros`
[INFO] [stdout] 
[INFO] [stdout] 
[INFO] [stdout] warning: unused import: `Level`
[INFO] [stdout]    --> src/tracing_timer.rs:124:23
[INFO] [stdout]     |
[INFO] [stdout] 124 |         use tracing::{Level, span};
[INFO] [stdout]     |                       ^^^^^
[INFO] [stdout]     |
[INFO] [stdout]     = note: `#[warn(unused_imports)]` (part of `#[warn(unused)]`) on by default
[INFO] [stdout] 
[INFO] [stdout] 
[INFO] [stdout] Some errors have detailed explanations: E0432, E0433.
[INFO] [stdout] 
[INFO] [stdout] For more information about an error, try `rustc --explain E0432`.
[INFO] [stdout] 
[INFO] [stderr] error: could not compile `matrix-sdk-common` (lib test) due to 7 previous errors; 1 warning emitted
[INFO] [stderr] warning: build failed, waiting for other jobs to finish...
[INFO] running `Command { std: "docker" "inspect" "9a5da2be7f2255825f921afd06e39ef16732f26d9d820ff8de37cfa2a194b6e2", kill_on_drop: false }`
[INFO] running `Command { std: "docker" "rm" "-f" "9a5da2be7f2255825f921afd06e39ef16732f26d9d820ff8de37cfa2a194b6e2", kill_on_drop: false }`
[INFO] [stdout] 9a5da2be7f2255825f921afd06e39ef16732f26d9d820ff8de37cfa2a194b6e2
