[INFO] fetching crate mathtex-font 0.2.0...
[INFO] testing mathtex-font-0.2.0 against 1.100.0-beta.1+cargoflags=--release for beta-release-1.100-2
[INFO] extracting crate mathtex-font 0.2.0 into /workspace/builds/worker-6-tc2/source
[INFO] started tweaking crates.io crate mathtex-font 0.2.0
[INFO] finished tweaking crates.io crate mathtex-font 0.2.0
[INFO] tweaked toml for crates.io crate mathtex-font 0.2.0 written to /workspace/builds/worker-6-tc2/source/Cargo.toml
[INFO] validating manifest of crates.io crate mathtex-font 0.2.0 on toolchain 1.100.0-beta.1
[INFO] running `Command { std: CARGO_HOME="/workspace/cargo-home" RUSTUP_HOME="/workspace/rustup-home" "/workspace/cargo-home/bin/cargo" "+1.100.0-beta.1" "metadata" "--manifest-path" "Cargo.toml" "--no-deps", kill_on_drop: false }`
[INFO] crate crates.io crate mathtex-font 0.2.0 already has a lockfile, it will not be regenerated
[INFO] running `Command { std: CARGO_HOME="/workspace/cargo-home" RUSTUP_HOME="/workspace/rustup-home" "/workspace/cargo-home/bin/cargo" "+1.100.0-beta.1" "fetch" "--manifest-path" "Cargo.toml", kill_on_drop: false }`
[INFO] running `Command { std: "docker" "create" "-v" "/var/lib/crater-agent-workspace/builds/worker-6-tc2/source:/opt/rustwide/workdir:ro,Z" "-v" "/var/lib/crater-agent-workspace/builds/worker-6-tc2/target:/opt/rustwide/target:rw,Z" "-v" "/var/lib/crater-agent-workspace/cargo-home:/opt/rustwide/cargo-home:ro,Z" "-v" "/var/lib/crater-agent-workspace/rustup-home:/opt/rustwide/rustup-home:ro,Z" "-m" "1610612736" "--network" "none" "ghcr.io/rust-lang/crates-build-env/linux@sha256:77db811e55d90add9212f6832c23229e3de5f1c1f9905e8cb07319ea15df73ac" "sleep" "infinity", kill_on_drop: false }`
[INFO] [stdout] 39e1826b6999e1fc16e304a393c875839a94f788d59728f1caa69dd15d149cda
[INFO] running `Command { std: "docker" "start" "39e1826b6999e1fc16e304a393c875839a94f788d59728f1caa69dd15d149cda", kill_on_drop: false }`
[INFO] running `Command { std: "docker" "inspect" "39e1826b6999e1fc16e304a393c875839a94f788d59728f1caa69dd15d149cda", kill_on_drop: false }`
[INFO] running `Command { std: "docker" "exec" "-e" "SOURCE_DIR=/opt/rustwide/workdir" "-e" "CARGO_HOME=/opt/rustwide/cargo-home" "-e" "RUSTUP_HOME=/opt/rustwide/rustup-home" "-e" "CARGO_TARGET_DIR=/opt/rustwide/target" "-w" "/opt/rustwide/workdir" "--user" "0:0" "39e1826b6999e1fc16e304a393c875839a94f788d59728f1caa69dd15d149cda" "/opt/rustwide/cargo-home/bin/cargo" "+1.100.0-beta.1" "metadata" "--no-deps" "--format-version=1", kill_on_drop: false }`
[INFO] running `Command { std: "docker" "inspect" "39e1826b6999e1fc16e304a393c875839a94f788d59728f1caa69dd15d149cda", kill_on_drop: false }`
[INFO] running `Command { std: "docker" "exec" "-e" "SOURCE_DIR=/opt/rustwide/workdir" "-e" "CARGO_HOME=/opt/rustwide/cargo-home" "-e" "RUSTUP_HOME=/opt/rustwide/rustup-home" "-e" "CARGO_TARGET_DIR=/opt/rustwide/target" "-e" "CARGO_INCREMENTAL=0" "-e" "RUST_BACKTRACE=full" "-e" "RUSTFLAGS=--cap-lints=warn" "-e" "RUSTDOCFLAGS=--cap-lints=warn" "-w" "/opt/rustwide/workdir" "--user" "0:0" "39e1826b6999e1fc16e304a393c875839a94f788d59728f1caa69dd15d149cda" "/opt/rustwide/cargo-home/bin/cargo" "+1.100.0-beta.1" "build" "--frozen" "--message-format=json" "--release", kill_on_drop: false }`
[INFO] [stderr]    Compiling ttf-parser v0.25.1
[INFO] [stderr]    Compiling unicode-bidi-mirroring v0.4.0
[INFO] [stderr]    Compiling unicode-ccc v0.4.0
[INFO] [stderr]    Compiling mathtex-ir v0.2.0
[INFO] [stderr]    Compiling rustybuzz v0.20.1
[INFO] [stderr]    Compiling mathtex-font v0.2.0 (/opt/rustwide/workdir)
[INFO] [stderr]     Finished `release` profile [optimized] target(s) in 13.12s
[INFO] running `Command { std: "docker" "inspect" "39e1826b6999e1fc16e304a393c875839a94f788d59728f1caa69dd15d149cda", kill_on_drop: false }`
[INFO] running `Command { std: "docker" "exec" "-e" "SOURCE_DIR=/opt/rustwide/workdir" "-e" "CARGO_HOME=/opt/rustwide/cargo-home" "-e" "RUSTUP_HOME=/opt/rustwide/rustup-home" "-e" "CARGO_TARGET_DIR=/opt/rustwide/target" "-e" "CARGO_INCREMENTAL=0" "-e" "RUST_BACKTRACE=full" "-e" "RUSTFLAGS=--cap-lints=warn" "-e" "RUSTDOCFLAGS=--cap-lints=warn" "-w" "/opt/rustwide/workdir" "--user" "0:0" "39e1826b6999e1fc16e304a393c875839a94f788d59728f1caa69dd15d149cda" "/opt/rustwide/cargo-home/bin/cargo" "+1.100.0-beta.1" "test" "--frozen" "--no-run" "--message-format=json" "--release", kill_on_drop: false }`
[INFO] [stderr]    Compiling mathtex-font v0.2.0 (/opt/rustwide/workdir)
[INFO] [stdout] error[E0433]: cannot find module or crate `mathtex_test_fixtures` in this scope
[INFO] [stdout]     --> src/lib.rs:1262:9
[INFO] [stdout]      |
[INFO] [stdout] 1262 |         mathtex_test_fixtures::read(relative).map(|bytes| FontData::new(FontKey(2), bytes))
[INFO] [stdout]      |         ^^^^^^^^^^^^^^^^^^^^^ use of unresolved module or unlinked crate `mathtex_test_fixtures`
[INFO] [stdout]      |
[INFO] [stdout]      = help: if you wanted to use a crate named `mathtex_test_fixtures`, use `cargo add mathtex_test_fixtures` to add it to your `Cargo.toml`
[INFO] [stdout] 
[INFO] [stdout] 
[INFO] [stdout] error[E0433]: cannot find module or crate `mathtex_test_fixtures` in this scope
[INFO] [stdout]     --> src/lib.rs:1367:39
[INFO] [stdout]      |
[INFO] [stdout] 1367 |         let Some(font) = fixture_font(mathtex_test_fixtures::DEJAVU_SANS) else {
[INFO] [stdout]      |                                       ^^^^^^^^^^^^^^^^^^^^^ use of unresolved module or unlinked crate `mathtex_test_fixtures`
[INFO] [stdout]      |
[INFO] [stdout]      = help: if you wanted to use a crate named `mathtex_test_fixtures`, use `cargo add mathtex_test_fixtures` to add it to your `Cargo.toml`
[INFO] [stdout] 
[INFO] [stdout] 
[INFO] [stdout] error[E0433]: cannot find module or crate `mathtex_test_fixtures` in this scope
[INFO] [stdout]     --> src/lib.rs:1405:40
[INFO] [stdout]      |
[INFO] [stdout] 1405 |         let Some(owned) = fixture_font(mathtex_test_fixtures::LM_MONO) else {
[INFO] [stdout]      |                                        ^^^^^^^^^^^^^^^^^^^^^ use of unresolved module or unlinked crate `mathtex_test_fixtures`
[INFO] [stdout]      |
[INFO] [stdout]      = help: if you wanted to use a crate named `mathtex_test_fixtures`, use `cargo add mathtex_test_fixtures` to add it to your `Cargo.toml`
[INFO] [stdout] 
[INFO] [stdout] 
[INFO] [stdout] error[E0433]: cannot find module or crate `mathtex_test_fixtures` in this scope
[INFO] [stdout]     --> src/lib.rs:1446:14
[INFO] [stdout]      |
[INFO] [stdout] 1446 |             (mathtex_test_fixtures::LM_MONO, 1000),
[INFO] [stdout]      |              ^^^^^^^^^^^^^^^^^^^^^ use of unresolved module or unlinked crate `mathtex_test_fixtures`
[INFO] [stdout]      |
[INFO] [stdout]      = help: if you wanted to use a crate named `mathtex_test_fixtures`, use `cargo add mathtex_test_fixtures` to add it to your `Cargo.toml`
[INFO] [stdout] 
[INFO] [stdout] 
[INFO] [stdout] error[E0433]: cannot find module or crate `mathtex_test_fixtures` in this scope
[INFO] [stdout]     --> src/lib.rs:1447:14
[INFO] [stdout]      |
[INFO] [stdout] 1447 |             (mathtex_test_fixtures::DEJAVU_SANS, 2048),
[INFO] [stdout]      |              ^^^^^^^^^^^^^^^^^^^^^ use of unresolved module or unlinked crate `mathtex_test_fixtures`
[INFO] [stdout]      |
[INFO] [stdout]      = help: if you wanted to use a crate named `mathtex_test_fixtures`, use `cargo add mathtex_test_fixtures` to add it to your `Cargo.toml`
[INFO] [stdout] 
[INFO] [stdout] 
[INFO] [stdout] error[E0433]: cannot find module or crate `mathtex_test_fixtures` in this scope
[INFO] [stdout]     --> src/lib.rs:1469:31
[INFO] [stdout]      |
[INFO] [stdout] 1469 |             let cff = file == mathtex_test_fixtures::LM_MONO;
[INFO] [stdout]      |                               ^^^^^^^^^^^^^^^^^^^^^ use of unresolved module or unlinked crate `mathtex_test_fixtures`
[INFO] [stdout]      |
[INFO] [stdout]      = help: if you wanted to use a crate named `mathtex_test_fixtures`, use `cargo add mathtex_test_fixtures` to add it to your `Cargo.toml`
[INFO] [stdout] 
[INFO] [stdout] 
[INFO] [stdout] For more information about this error, try `rustc --explain E0433`.
[INFO] [stdout] 
[INFO] [stderr] error: could not compile `mathtex-font` (lib test) due to 6 previous errors
[INFO] running `Command { std: "docker" "inspect" "39e1826b6999e1fc16e304a393c875839a94f788d59728f1caa69dd15d149cda", kill_on_drop: false }`
[INFO] running `Command { std: "docker" "rm" "-f" "39e1826b6999e1fc16e304a393c875839a94f788d59728f1caa69dd15d149cda", kill_on_drop: false }`
[INFO] [stdout] 39e1826b6999e1fc16e304a393c875839a94f788d59728f1caa69dd15d149cda
