[INFO] fetching crate masl_validator 1.1.0...
[INFO] testing masl_validator-1.1.0 against 1.99.0-beta.8+cargoflags=--release for beta-release-1.100-2
[INFO] extracting crate masl_validator 1.1.0 into /workspace/builds/worker-0-tc1/source
[INFO] started tweaking crates.io crate masl_validator 1.1.0
[INFO] removed 0 missing tests
[INFO] finished tweaking crates.io crate masl_validator 1.1.0
[INFO] tweaked toml for crates.io crate masl_validator 1.1.0 written to /workspace/builds/worker-0-tc1/source/Cargo.toml
[INFO] validating manifest of crates.io crate masl_validator 1.1.0 on toolchain 1.99.0-beta.8
[INFO] running `Command { std: CARGO_HOME="/workspace/cargo-home" RUSTUP_HOME="/workspace/rustup-home" "/workspace/cargo-home/bin/cargo" "+1.99.0-beta.8" "metadata" "--manifest-path" "Cargo.toml" "--no-deps", kill_on_drop: false }`
[INFO] crate crates.io crate masl_validator 1.1.0 already has a lockfile, it will not be regenerated
[INFO] running `Command { std: CARGO_HOME="/workspace/cargo-home" RUSTUP_HOME="/workspace/rustup-home" "/workspace/cargo-home/bin/cargo" "+1.99.0-beta.8" "fetch" "--manifest-path" "Cargo.toml", kill_on_drop: false }`
[INFO] [stderr]     Updating crates.io index
[INFO] [stderr]  Downloading crates ...
[INFO] [stderr]   Downloaded pest_derive v2.8.7
[INFO] [stderr]   Downloaded masl_parser v1.1.0
[INFO] [stderr]   Downloaded pest_meta v2.8.7
[INFO] [stderr]   Downloaded masl_diagnostics v1.1.0
[INFO] [stderr]   Downloaded masl_hir v1.1.0
[INFO] [stderr]   Downloaded masl_ir v1.1.0
[INFO] [stderr]   Downloaded masl_ast v1.1.0
[INFO] [stderr]   Downloaded pest_generator v2.8.7
[INFO] [stderr]   Downloaded pest v2.8.7
[INFO] [stderr]   Downloaded masl_bytecode v1.1.0
[INFO] running `Command { std: "docker" "create" "-v" "/var/lib/crater-agent-workspace/builds/worker-0-tc1/source:/opt/rustwide/workdir:ro,Z" "-v" "/var/lib/crater-agent-workspace/builds/worker-0-tc1/target:/opt/rustwide/target:rw,Z" "-v" "/var/lib/crater-agent-workspace/cargo-home:/opt/rustwide/cargo-home:ro,Z" "-v" "/var/lib/crater-agent-workspace/rustup-home:/opt/rustwide/rustup-home:ro,Z" "-m" "1610612736" "--network" "none" "ghcr.io/rust-lang/crates-build-env/linux@sha256:77db811e55d90add9212f6832c23229e3de5f1c1f9905e8cb07319ea15df73ac" "sleep" "infinity", kill_on_drop: false }`
[INFO] [stdout] 5f527fe8eb8934fd6802b41362906a32bf1ed4e8750910206d782b254d4bad64
[INFO] running `Command { std: "docker" "start" "5f527fe8eb8934fd6802b41362906a32bf1ed4e8750910206d782b254d4bad64", kill_on_drop: false }`
[INFO] running `Command { std: "docker" "inspect" "5f527fe8eb8934fd6802b41362906a32bf1ed4e8750910206d782b254d4bad64", kill_on_drop: false }`
[INFO] running `Command { std: "docker" "exec" "-e" "SOURCE_DIR=/opt/rustwide/workdir" "-e" "CARGO_HOME=/opt/rustwide/cargo-home" "-e" "RUSTUP_HOME=/opt/rustwide/rustup-home" "-e" "CARGO_TARGET_DIR=/opt/rustwide/target" "-w" "/opt/rustwide/workdir" "--user" "0:0" "5f527fe8eb8934fd6802b41362906a32bf1ed4e8750910206d782b254d4bad64" "/opt/rustwide/cargo-home/bin/cargo" "+1.99.0-beta.8" "metadata" "--no-deps" "--format-version=1", kill_on_drop: false }`
[INFO] running `Command { std: "docker" "inspect" "5f527fe8eb8934fd6802b41362906a32bf1ed4e8750910206d782b254d4bad64", kill_on_drop: false }`
[INFO] running `Command { std: "docker" "exec" "-e" "SOURCE_DIR=/opt/rustwide/workdir" "-e" "CARGO_HOME=/opt/rustwide/cargo-home" "-e" "RUSTUP_HOME=/opt/rustwide/rustup-home" "-e" "CARGO_TARGET_DIR=/opt/rustwide/target" "-e" "CARGO_INCREMENTAL=0" "-e" "RUST_BACKTRACE=full" "-e" "RUSTFLAGS=--cap-lints=warn" "-e" "RUSTDOCFLAGS=--cap-lints=warn" "-w" "/opt/rustwide/workdir" "--user" "0:0" "5f527fe8eb8934fd6802b41362906a32bf1ed4e8750910206d782b254d4bad64" "/opt/rustwide/cargo-home/bin/cargo" "+1.99.0-beta.8" "build" "--frozen" "--message-format=json" "--release", kill_on_drop: false }`
[INFO] [stderr]    Compiling memchr v2.8.2
[INFO] [stderr]    Compiling rustix v1.1.4
[INFO] [stderr]    Compiling rustc-demangle v0.1.27
[INFO] [stderr]    Compiling is_ci v1.2.0
[INFO] [stderr]    Compiling supports-hyperlinks v3.2.0
[INFO] [stderr]    Compiling textwrap v0.16.2
[INFO] [stderr]    Compiling supports-unicode v3.0.0
[INFO] [stderr]    Compiling smol_str v0.3.6
[INFO] [stderr]    Compiling xxhash-rust v0.8.16
[INFO] [stderr]    Compiling miette-derive v7.6.0
[INFO] [stderr]    Compiling sha2 v0.11.0
[INFO] [stderr]    Compiling supports-color v3.0.2
[INFO] [stderr]    Compiling object v0.37.3
[INFO] [stderr]    Compiling terminal_size v0.4.4
[INFO] [stderr]    Compiling backtrace v0.3.76
[INFO] [stderr]    Compiling backtrace-ext v0.2.1
[INFO] [stderr]    Compiling miette v7.6.0
[INFO] [stderr]    Compiling masl_diagnostics v1.1.0
[INFO] [stderr]    Compiling masl_ast v1.1.0
[INFO] [stderr]    Compiling masl_hir v1.1.0
[INFO] [stderr]    Compiling masl_ir v1.1.0
[INFO] [stderr]    Compiling masl_bytecode v1.1.0
[INFO] [stderr]    Compiling masl_validator v1.1.0 (/opt/rustwide/workdir)
[INFO] [stderr]     Finished `release` profile [optimized] target(s) in 14.98s
[INFO] running `Command { std: "docker" "inspect" "5f527fe8eb8934fd6802b41362906a32bf1ed4e8750910206d782b254d4bad64", kill_on_drop: false }`
[INFO] running `Command { std: "docker" "exec" "-e" "SOURCE_DIR=/opt/rustwide/workdir" "-e" "CARGO_HOME=/opt/rustwide/cargo-home" "-e" "RUSTUP_HOME=/opt/rustwide/rustup-home" "-e" "CARGO_TARGET_DIR=/opt/rustwide/target" "-e" "CARGO_INCREMENTAL=0" "-e" "RUST_BACKTRACE=full" "-e" "RUSTFLAGS=--cap-lints=warn" "-e" "RUSTDOCFLAGS=--cap-lints=warn" "-w" "/opt/rustwide/workdir" "--user" "0:0" "5f527fe8eb8934fd6802b41362906a32bf1ed4e8750910206d782b254d4bad64" "/opt/rustwide/cargo-home/bin/cargo" "+1.99.0-beta.8" "test" "--frozen" "--no-run" "--message-format=json" "--release", kill_on_drop: false }`
[INFO] [stderr]    Compiling object v0.37.3
[INFO] [stderr]    Compiling memchr v2.8.2
[INFO] [stderr]    Compiling pest v2.8.7
[INFO] [stderr]    Compiling pest_meta v2.8.7
[INFO] [stderr]    Compiling pest_generator v2.8.7
[INFO] [stderr]    Compiling pest_derive v2.8.7
[INFO] [stderr]    Compiling backtrace v0.3.76
[INFO] [stderr]    Compiling backtrace-ext v0.2.1
[INFO] [stderr]    Compiling miette v7.6.0
[INFO] [stderr]    Compiling masl_diagnostics v1.1.0
[INFO] [stderr]    Compiling masl_ast v1.1.0
[INFO] [stderr]    Compiling masl_hir v1.1.0
[INFO] [stderr]    Compiling masl_parser v1.1.0
[INFO] [stderr]    Compiling masl_ir v1.1.0
[INFO] [stderr]    Compiling masl_bytecode v1.1.0
[INFO] [stderr]    Compiling masl_validator v1.1.0 (/opt/rustwide/workdir)
[INFO] [stdout] error[E0433]: cannot find module or crate `masl_compiler` in this scope
[INFO] [stdout]  --> tests/registry_tests.rs:5:17
[INFO] [stdout]   |
[INFO] [stdout] 5 |     let bytes = masl_compiler::compile(source).expect("compile error");
[INFO] [stdout]   |                 ^^^^^^^^^^^^^ use of unresolved module or unlinked crate `masl_compiler`
[INFO] [stdout]   |
[INFO] [stdout]   = help: if you wanted to use a crate named `masl_compiler`, use `cargo add masl_compiler` to add it to your `Cargo.toml`
[INFO] [stdout] 
[INFO] [stdout] 
[INFO] [stdout] error[E0433]: cannot find module or crate `masl_compiler` in this scope
[INFO] [stdout]   --> tests/registry_tests.rs:46:24
[INFO] [stdout]    |
[INFO] [stdout] 46 |     let target_bytes = masl_compiler::compile(src_catalog).expect("compile error");
[INFO] [stdout]    |                        ^^^^^^^^^^^^^ use of unresolved module or unlinked crate `masl_compiler`
[INFO] [stdout]    |
[INFO] [stdout]    = help: if you wanted to use a crate named `masl_compiler`, use `cargo add masl_compiler` to add it to your `Cargo.toml`
[INFO] [stdout] 
[INFO] [stdout] 
[INFO] [stdout] error[E0433]: cannot find module or crate `masl_compiler` in this scope
[INFO] [stdout]   --> tests/registry_tests.rs:73:24
[INFO] [stdout]    |
[INFO] [stdout] 73 |     let target_bytes = masl_compiler::compile(src_catalog).expect("compile error");
[INFO] [stdout]    |                        ^^^^^^^^^^^^^ use of unresolved module or unlinked crate `masl_compiler`
[INFO] [stdout]    |
[INFO] [stdout]    = help: if you wanted to use a crate named `masl_compiler`, use `cargo add masl_compiler` to add it to your `Cargo.toml`
[INFO] [stdout] 
[INFO] [stdout] 
[INFO] [stdout] error[E0433]: cannot find module or crate `masl_compiler` in this scope
[INFO] [stdout]    --> tests/registry_tests.rs:105:24
[INFO] [stdout]     |
[INFO] [stdout] 105 |     let target_bytes = masl_compiler::compile(src_catalog).expect("compile error");
[INFO] [stdout]     |                        ^^^^^^^^^^^^^ use of unresolved module or unlinked crate `masl_compiler`
[INFO] [stdout]     |
[INFO] [stdout]     = help: if you wanted to use a crate named `masl_compiler`, use `cargo add masl_compiler` to add it to your `Cargo.toml`
[INFO] [stdout] 
[INFO] [stdout] 
[INFO] [stdout] error[E0433]: cannot find module or crate `masl_compiler` in this scope
[INFO] [stdout]    --> tests/registry_tests.rs:136:24
[INFO] [stdout]     |
[INFO] [stdout] 136 |     let target_bytes = masl_compiler::compile(src_catalog).expect("compile error");
[INFO] [stdout]     |                        ^^^^^^^^^^^^^ use of unresolved module or unlinked crate `masl_compiler`
[INFO] [stdout]     |
[INFO] [stdout]     = help: if you wanted to use a crate named `masl_compiler`, use `cargo add masl_compiler` to add it to your `Cargo.toml`
[INFO] [stdout] 
[INFO] [stdout] 
[INFO] [stdout] error[E0433]: cannot find module or crate `masl_compiler` in this scope
[INFO] [stdout]    --> tests/registry_tests.rs:178:24
[INFO] [stdout]     |
[INFO] [stdout] 178 |     let target_bytes = masl_compiler::compile(src_catalog).expect("compile error");
[INFO] [stdout]     |                        ^^^^^^^^^^^^^ use of unresolved module or unlinked crate `masl_compiler`
[INFO] [stdout]     |
[INFO] [stdout]     = help: if you wanted to use a crate named `masl_compiler`, use `cargo add masl_compiler` to add it to your `Cargo.toml`
[INFO] [stdout] 
[INFO] [stdout] 
[INFO] [stdout] error[E0433]: cannot find module or crate `masl_compiler` in this scope
[INFO] [stdout]    --> tests/registry_tests.rs:224:24
[INFO] [stdout]     |
[INFO] [stdout] 224 |     let target_bytes = masl_compiler::compile(src_a).expect("compile error");
[INFO] [stdout]     |                        ^^^^^^^^^^^^^ use of unresolved module or unlinked crate `masl_compiler`
[INFO] [stdout]     |
[INFO] [stdout]     = help: if you wanted to use a crate named `masl_compiler`, use `cargo add masl_compiler` to add it to your `Cargo.toml`
[INFO] [stdout] 
[INFO] [stdout] 
[INFO] [stdout] error[E0433]: cannot find module or crate `masl_compiler` in this scope
[INFO] [stdout]    --> tests/registry_tests.rs:251:24
[INFO] [stdout]     |
[INFO] [stdout] 251 |     let target_bytes = masl_compiler::compile(src_catalog_unused).expect("compile error");
[INFO] [stdout]     |                        ^^^^^^^^^^^^^ use of unresolved module or unlinked crate `masl_compiler`
[INFO] [stdout]     |
[INFO] [stdout]     = help: if you wanted to use a crate named `masl_compiler`, use `cargo add masl_compiler` to add it to your `Cargo.toml`
[INFO] [stdout] 
[INFO] [stdout] 
[INFO] [stdout] For more information about this error, try `rustc --explain E0433`.
[INFO] [stdout] 
[INFO] [stderr] error: could not compile `masl_validator` (test "registry_tests") due to 8 previous errors
[INFO] [stderr] warning: build failed, waiting for other jobs to finish...
[INFO] running `Command { std: "docker" "inspect" "5f527fe8eb8934fd6802b41362906a32bf1ed4e8750910206d782b254d4bad64", kill_on_drop: false }`
[INFO] running `Command { std: "docker" "rm" "-f" "5f527fe8eb8934fd6802b41362906a32bf1ed4e8750910206d782b254d4bad64", kill_on_drop: false }`
[INFO] [stdout] 5f527fe8eb8934fd6802b41362906a32bf1ed4e8750910206d782b254d4bad64
