[INFO] fetching crate many_cpus_impl 2.4.24...
[INFO] testing many_cpus_impl-2.4.24 against 1.100.0-beta.1+cargoflags=--release for beta-release-1.100-2
[INFO] extracting crate many_cpus_impl 2.4.24 into /workspace/builds/worker-5-tc2/source
[INFO] started tweaking crates.io crate many_cpus_impl 2.4.24
[INFO] finished tweaking crates.io crate many_cpus_impl 2.4.24
[INFO] tweaked toml for crates.io crate many_cpus_impl 2.4.24 written to /workspace/builds/worker-5-tc2/source/Cargo.toml
[INFO] validating manifest of crates.io crate many_cpus_impl 2.4.24 on toolchain 1.100.0-beta.1
[INFO] running `Command { std: CARGO_HOME="/workspace/cargo-home" RUSTUP_HOME="/workspace/rustup-home" "/workspace/cargo-home/bin/cargo" "+1.100.0-beta.1" "metadata" "--manifest-path" "Cargo.toml" "--no-deps", kill_on_drop: false }`
[INFO] crate crates.io crate many_cpus_impl 2.4.24 already has a lockfile, it will not be regenerated
[INFO] running `Command { std: CARGO_HOME="/workspace/cargo-home" RUSTUP_HOME="/workspace/rustup-home" "/workspace/cargo-home/bin/cargo" "+1.100.0-beta.1" "fetch" "--manifest-path" "Cargo.toml", kill_on_drop: false }`
[INFO] running `Command { std: "docker" "create" "-v" "/var/lib/crater-agent-workspace/builds/worker-5-tc2/source:/opt/rustwide/workdir:ro,Z" "-v" "/var/lib/crater-agent-workspace/builds/worker-5-tc2/target:/opt/rustwide/target:rw,Z" "-v" "/var/lib/crater-agent-workspace/cargo-home:/opt/rustwide/cargo-home:ro,Z" "-v" "/var/lib/crater-agent-workspace/rustup-home:/opt/rustwide/rustup-home:ro,Z" "-m" "1610612736" "--network" "none" "ghcr.io/rust-lang/crates-build-env/linux@sha256:77db811e55d90add9212f6832c23229e3de5f1c1f9905e8cb07319ea15df73ac" "sleep" "infinity", kill_on_drop: false }`
[INFO] [stdout] 8e85b4c18a5b4cadedf4d6846f64e857fd72c2cf15171cd8134c173b29b91c23
[INFO] running `Command { std: "docker" "start" "8e85b4c18a5b4cadedf4d6846f64e857fd72c2cf15171cd8134c173b29b91c23", kill_on_drop: false }`
[INFO] running `Command { std: "docker" "inspect" "8e85b4c18a5b4cadedf4d6846f64e857fd72c2cf15171cd8134c173b29b91c23", kill_on_drop: false }`
[INFO] running `Command { std: "docker" "exec" "-e" "SOURCE_DIR=/opt/rustwide/workdir" "-e" "CARGO_HOME=/opt/rustwide/cargo-home" "-e" "RUSTUP_HOME=/opt/rustwide/rustup-home" "-e" "CARGO_TARGET_DIR=/opt/rustwide/target" "-w" "/opt/rustwide/workdir" "--user" "0:0" "8e85b4c18a5b4cadedf4d6846f64e857fd72c2cf15171cd8134c173b29b91c23" "/opt/rustwide/cargo-home/bin/cargo" "+1.100.0-beta.1" "metadata" "--no-deps" "--format-version=1", kill_on_drop: false }`
[INFO] running `Command { std: "docker" "inspect" "8e85b4c18a5b4cadedf4d6846f64e857fd72c2cf15171cd8134c173b29b91c23", kill_on_drop: false }`
[INFO] running `Command { std: "docker" "exec" "-e" "SOURCE_DIR=/opt/rustwide/workdir" "-e" "CARGO_HOME=/opt/rustwide/cargo-home" "-e" "RUSTUP_HOME=/opt/rustwide/rustup-home" "-e" "CARGO_TARGET_DIR=/opt/rustwide/target" "-e" "CARGO_INCREMENTAL=0" "-e" "RUST_BACKTRACE=full" "-e" "RUSTFLAGS=--cap-lints=warn" "-e" "RUSTDOCFLAGS=--cap-lints=warn" "-w" "/opt/rustwide/workdir" "--user" "0:0" "8e85b4c18a5b4cadedf4d6846f64e857fd72c2cf15171cd8134c173b29b91c23" "/opt/rustwide/cargo-home/bin/cargo" "+1.100.0-beta.1" "build" "--frozen" "--message-format=json" "--release", kill_on_drop: false }`
[INFO] [stderr]    Compiling libc v0.2.190
[INFO] [stderr]    Compiling new_zealand v1.0.11
[INFO] [stderr]    Compiling nonempty v0.12.0
[INFO] [stderr]    Compiling itertools v0.15.0
[INFO] [stderr]    Compiling syn v3.0.9
[INFO] [stderr]    Compiling syn v2.0.119
[INFO] [stderr]    Compiling getrandom v0.4.3
[INFO] [stderr]    Compiling rand v0.10.3
[INFO] [stderr]    Compiling derive_more-impl v2.1.1
[INFO] [stderr]    Compiling ohno_macros_impl v0.5.2
[INFO] [stderr]    Compiling derive_more v2.1.1
[INFO] [stderr]    Compiling ohno_macros v0.5.2
[INFO] [stderr]    Compiling ohno v0.5.2
[INFO] [stderr]    Compiling cpulist v1.1.11
[INFO] [stderr]    Compiling many_cpus_impl v2.4.24 (/opt/rustwide/workdir)
[INFO] [stderr]     Finished `release` profile [optimized] target(s) in 7.87s
[INFO] running `Command { std: "docker" "inspect" "8e85b4c18a5b4cadedf4d6846f64e857fd72c2cf15171cd8134c173b29b91c23", kill_on_drop: false }`
[INFO] running `Command { std: "docker" "exec" "-e" "SOURCE_DIR=/opt/rustwide/workdir" "-e" "CARGO_HOME=/opt/rustwide/cargo-home" "-e" "RUSTUP_HOME=/opt/rustwide/rustup-home" "-e" "CARGO_TARGET_DIR=/opt/rustwide/target" "-e" "CARGO_INCREMENTAL=0" "-e" "RUST_BACKTRACE=full" "-e" "RUSTFLAGS=--cap-lints=warn" "-e" "RUSTDOCFLAGS=--cap-lints=warn" "-w" "/opt/rustwide/workdir" "--user" "0:0" "8e85b4c18a5b4cadedf4d6846f64e857fd72c2cf15171cd8134c173b29b91c23" "/opt/rustwide/cargo-home/bin/cargo" "+1.100.0-beta.1" "test" "--frozen" "--no-run" "--message-format=json" "--release", kill_on_drop: false }`
[INFO] [stderr]    Compiling syn v3.0.9
[INFO] [stderr]    Compiling syn v2.0.119
[INFO] [stderr]    Compiling gungraun-macros v0.10.0
[INFO] [stderr]    Compiling alloca v0.4.0
[INFO] [stderr]    Compiling serde_json v1.0.154
[INFO] [stderr]    Compiling proc-macro-error-attr3 v3.1.1
[INFO] [stderr]    Compiling bincode-next v3.1.1
[INFO] [stderr]    Compiling mockall_derive v0.15.0
[INFO] [stderr]    Compiling gungraun-common v0.1.0
[INFO] [stderr]    Compiling rapidhash v4.5.1
[INFO] [stderr]    Compiling clap_builder v4.6.7
[INFO] [stderr]    Compiling getrandom v0.4.3
[INFO] [stderr]    Compiling gungraun v0.20.0
[INFO] [stderr]    Compiling unty-next v0.1.2
[INFO] [stderr]    Compiling mockall v0.15.0
[INFO] [stderr]    Compiling pastey v0.2.3
[INFO] [stderr]    Compiling fragile v2.1.0
[INFO] [stderr]    Compiling rand v0.10.3
[INFO] [stderr]    Compiling criterion-plot v0.8.2
[INFO] [stderr]    Compiling predicates v3.1.4
[INFO] [stderr]    Compiling page_size v0.6.0
[INFO] [stderr]    Compiling downcast v0.11.0
[INFO] [stderr]    Compiling mutants v0.0.4
[INFO] [stderr]    Compiling clap v4.6.7
[INFO] [stderr]    Compiling ohno_macros_impl v0.5.2
[INFO] [stderr]    Compiling proc-macro-error3 v3.1.1
[INFO] [stderr]    Compiling serde_derive v1.0.229
[INFO] [stderr]    Compiling ohno_macros v0.5.2
[INFO] [stderr]    Compiling ohno v0.5.2
[INFO] [stderr]    Compiling cpulist v1.1.11
[INFO] [stderr]    Compiling zerocopy-derive v0.8.63
[INFO] [stderr]    Compiling derive_more-impl v2.1.1
[INFO] [stderr]    Compiling derive_more v2.1.1
[INFO] [stderr]    Compiling many_cpus_impl v2.4.24 (/opt/rustwide/workdir)
[INFO] [stderr]    Compiling zerocopy v0.8.63
[INFO] [stderr]    Compiling serde v1.0.229
[INFO] [stderr]    Compiling either-or-both v0.3.1
[INFO] [stderr]    Compiling tinytemplate v1.2.1
[INFO] [stderr]    Compiling gungraun-runner v0.20.0
[INFO] [stderr]    Compiling half v2.7.1
[INFO] [stderr]    Compiling ciborium-ll v0.2.2
[INFO] [stderr]    Compiling ciborium v0.2.2
[INFO] [stderr]    Compiling criterion v0.8.2
[INFO] [stdout] error[E0432]: unresolved import `testing`
[INFO] [stdout]    --> src/processor_set.rs:431:9
[INFO] [stdout]     |
[INFO] [stdout] 431 |     use testing::with_watchdog;
[INFO] [stdout]     |         ^^^^^^^ use of unresolved module or unlinked crate `testing`
[INFO] [stdout]     |
[INFO] [stdout]     = help: if you wanted to use a crate named `testing`, use `cargo add testing` to add it to your `Cargo.toml`
[INFO] [stdout] 
[INFO] [stdout] 
[INFO] [stdout] error[E0432]: unresolved import `testing`
[INFO] [stdout]    --> src/processor_set.rs:853:9
[INFO] [stdout]     |
[INFO] [stdout] 853 |     use testing::with_watchdog;
[INFO] [stdout]     |         ^^^^^^^ use of unresolved module or unlinked crate `testing`
[INFO] [stdout]     |
[INFO] [stdout]     = help: if you wanted to use a crate named `testing`, use `cargo add testing` to add it to your `Cargo.toml`
[INFO] [stdout] 
[INFO] [stdout] 
[INFO] [stdout] error[E0432]: unresolved import `testing`
[INFO] [stdout]    --> src/pal/linux/platform.rs:855:9
[INFO] [stdout]     |
[INFO] [stdout] 855 |     use testing::{assert_panics, f64_diff_abs, with_watchdog};
[INFO] [stdout]     |         ^^^^^^^ use of unresolved module or unlinked crate `testing`
[INFO] [stdout]     |
[INFO] [stdout]     = help: if you wanted to use a crate named `testing`, use `cargo add testing` to add it to your `Cargo.toml`
[INFO] [stdout] 
[INFO] [stdout] 
[INFO] [stdout] error[E0433]: cannot find `testing` in the list of imported crates
[INFO] [stdout]   --> src/lib.rs:37:3
[INFO] [stdout]    |
[INFO] [stdout] 37 | ::testing::set_allocator!();
[INFO] [stdout]    |   ^^^^^^^ could not find `testing` in the list of imported crates
[INFO] [stdout] 
[INFO] [stdout] 
[INFO] [stdout] Some errors have detailed explanations: E0432, E0433.
[INFO] [stdout] 
[INFO] [stdout] For more information about an error, try `rustc --explain E0432`.
[INFO] [stdout] 
[INFO] [stderr] error: could not compile `many_cpus_impl` (lib test) due to 4 previous errors
[INFO] running `Command { std: "docker" "inspect" "8e85b4c18a5b4cadedf4d6846f64e857fd72c2cf15171cd8134c173b29b91c23", kill_on_drop: false }`
[INFO] running `Command { std: "docker" "rm" "-f" "8e85b4c18a5b4cadedf4d6846f64e857fd72c2cf15171cd8134c173b29b91c23", kill_on_drop: false }`
[INFO] [stdout] 8e85b4c18a5b4cadedf4d6846f64e857fd72c2cf15171cd8134c173b29b91c23
