[INFO] fetching crate malina 0.1.0...
[INFO] testing malina-0.1.0 against 1.99.0-beta.8+cargoflags=--release for beta-release-1.100-2
[INFO] extracting crate malina 0.1.0 into /workspace/builds/worker-2-tc1/source
[INFO] started tweaking crates.io crate malina 0.1.0
[INFO] finished tweaking crates.io crate malina 0.1.0
[INFO] tweaked toml for crates.io crate malina 0.1.0 written to /workspace/builds/worker-2-tc1/source/Cargo.toml
[INFO] validating manifest of crates.io crate malina 0.1.0 on toolchain 1.99.0-beta.8
[INFO] running `Command { std: CARGO_HOME="/workspace/cargo-home" RUSTUP_HOME="/workspace/rustup-home" "/workspace/cargo-home/bin/cargo" "+1.99.0-beta.8" "metadata" "--manifest-path" "Cargo.toml" "--no-deps", kill_on_drop: false }`
[INFO] crate crates.io crate malina 0.1.0 already has a lockfile, it will not be regenerated
[INFO] running `Command { std: CARGO_HOME="/workspace/cargo-home" RUSTUP_HOME="/workspace/rustup-home" "/workspace/cargo-home/bin/cargo" "+1.99.0-beta.8" "fetch" "--manifest-path" "Cargo.toml", kill_on_drop: false }`
[INFO] [stderr]     Updating crates.io index
[INFO] [stderr]  Downloading crates ...
[INFO] [stderr]   Downloaded v_escape-codegen-base v0.1.0
[INFO] [stderr]   Downloaded v_escape v0.19.0
[INFO] [stderr]   Downloaded virt-sys v0.3.1
[INFO] [stderr]   Downloaded v_escape-proc-macro v0.1.0
[INFO] [stderr]   Downloaded virt v0.4.3
[INFO] [stderr]   Downloaded supports-color v2.1.0
[INFO] [stderr]   Downloaded ignore v0.4.25
[INFO] [stderr]   Downloaded v_escape-base v0.1.0
[INFO] [stderr]   Downloaded toml-span v0.7.1
[INFO] [stderr]   Downloaded objc2-open-directory v0.3.2
[INFO] [stderr]   Downloaded terminal_size v0.4.4
[INFO] [stderr]   Downloaded sysinfo v0.39.2
[INFO] [stderr]   Downloaded hadris-iso v1.1.2
[INFO] [stderr]   Downloaded endian-num v0.2.0
[INFO] [stderr]   Downloaded hadris-macros v1.1.2
[INFO] [stderr]   Downloaded hadris-common v1.1.2
[INFO] [stderr]   Downloaded hadris-part v1.1.2
[INFO] [stderr]   Downloaded noalloc v0.0.1
[INFO] [stderr]   Downloaded hadris-io v1.1.2
[INFO] [stderr]   Downloaded env_logger v0.11.10
[INFO] [stderr]   Downloaded jiff-static v0.2.24
[INFO] [stderr]   Downloaded jiff v0.2.24
[INFO] [stderr]   Downloaded env_filter v1.0.1
[INFO] [stderr]   Downloaded clap_complete v4.6.5
[INFO] running `Command { std: "docker" "create" "-v" "/var/lib/crater-agent-workspace/builds/worker-2-tc1/source:/opt/rustwide/workdir:ro,Z" "-v" "/var/lib/crater-agent-workspace/builds/worker-2-tc1/target:/opt/rustwide/target:rw,Z" "-v" "/var/lib/crater-agent-workspace/cargo-home:/opt/rustwide/cargo-home:ro,Z" "-v" "/var/lib/crater-agent-workspace/rustup-home:/opt/rustwide/rustup-home:ro,Z" "-m" "1610612736" "--network" "none" "ghcr.io/rust-lang/crates-build-env/linux@sha256:77db811e55d90add9212f6832c23229e3de5f1c1f9905e8cb07319ea15df73ac" "sleep" "infinity", kill_on_drop: false }`
[INFO] [stdout] 528eb71b0649d6041777408a36caedecb363c4298e2e553266433d96a909b886
[INFO] running `Command { std: "docker" "start" "528eb71b0649d6041777408a36caedecb363c4298e2e553266433d96a909b886", kill_on_drop: false }`
[INFO] running `Command { std: "docker" "inspect" "528eb71b0649d6041777408a36caedecb363c4298e2e553266433d96a909b886", kill_on_drop: false }`
[INFO] running `Command { std: "docker" "exec" "-e" "SOURCE_DIR=/opt/rustwide/workdir" "-e" "CARGO_HOME=/opt/rustwide/cargo-home" "-e" "RUSTUP_HOME=/opt/rustwide/rustup-home" "-e" "CARGO_TARGET_DIR=/opt/rustwide/target" "-w" "/opt/rustwide/workdir" "--user" "0:0" "528eb71b0649d6041777408a36caedecb363c4298e2e553266433d96a909b886" "/opt/rustwide/cargo-home/bin/cargo" "+1.99.0-beta.8" "metadata" "--no-deps" "--format-version=1", kill_on_drop: false }`
[INFO] running `Command { std: "docker" "inspect" "528eb71b0649d6041777408a36caedecb363c4298e2e553266433d96a909b886", kill_on_drop: false }`
[INFO] running `Command { std: "docker" "exec" "-e" "SOURCE_DIR=/opt/rustwide/workdir" "-e" "CARGO_HOME=/opt/rustwide/cargo-home" "-e" "RUSTUP_HOME=/opt/rustwide/rustup-home" "-e" "CARGO_TARGET_DIR=/opt/rustwide/target" "-e" "CARGO_INCREMENTAL=0" "-e" "RUST_BACKTRACE=full" "-e" "RUSTFLAGS=--cap-lints=warn" "-e" "RUSTDOCFLAGS=--cap-lints=warn" "-w" "/opt/rustwide/workdir" "--user" "0:0" "528eb71b0649d6041777408a36caedecb363c4298e2e553266433d96a909b886" "/opt/rustwide/cargo-home/bin/cargo" "+1.99.0-beta.8" "build" "--frozen" "--message-format=json" "--release", kill_on_drop: false }`
[INFO] [stderr]    Compiling memchr v2.8.0
[INFO] [stderr]    Compiling zerocopy v0.8.48
[INFO] [stderr]    Compiling siphasher v1.0.3
[INFO] [stderr]    Compiling rand_core v0.6.4
[INFO] [stderr]    Compiling regex-syntax v0.8.10
[INFO] [stderr]    Compiling syn v2.0.117
[INFO] [stderr]    Compiling crossbeam-utils v0.8.21
[INFO] [stderr]    Compiling log v0.4.29
[INFO] [stderr]    Compiling rand v0.8.6
[INFO] [stderr]    Compiling phf_shared v0.11.3
[INFO] [stderr]    Compiling object v0.37.3
[INFO] [stderr]    Compiling phf v0.11.3
[INFO] [stderr]    Compiling chrono v0.4.44
[INFO] [stderr]    Compiling getrandom v0.2.17
[INFO] [stderr]    Compiling futures-core v0.3.32
[INFO] [stderr]    Compiling aho-corasick v1.1.4
[INFO] [stderr]    Compiling phf_generator v0.11.3
[INFO] [stderr]    Compiling phf_codegen v0.11.3
[INFO] [stderr]    Compiling pest v2.8.6
[INFO] [stderr]    Compiling crossbeam-epoch v0.9.18
[INFO] [stderr]    Compiling bstr v1.12.1
[INFO] [stderr]    Compiling is_ci v1.2.0
[INFO] [stderr]    Compiling gimli v0.32.3
[INFO] [stderr]    Compiling libm v0.2.16
[INFO] [stderr]    Compiling regex-automata v0.4.14
[INFO] [stderr]    Compiling futures-sink v0.3.32
[INFO] [stderr]    Compiling rustix v1.1.4
[INFO] [stderr]    Compiling pest_meta v2.8.6
[INFO] [stderr]    Compiling futures-channel v0.3.32
[INFO] [stderr]    Compiling virt-sys v0.3.1
[INFO] [stderr]    Compiling miniz_oxide v0.8.9
[INFO] [stderr]    Compiling regex v1.12.3
[INFO] [stderr]    Compiling crossbeam-deque v0.8.6
[INFO] [stderr]    Compiling parse-zoneinfo v0.3.1
[INFO] [stderr]    Compiling is-terminal v0.4.17
[INFO] [stderr]    Compiling serde_json v1.0.149
[INFO] [stderr]    Compiling owo-colors v4.3.0
[INFO] [stderr]    Compiling addr2line v0.25.1
[INFO] [stderr]    Compiling chrono-tz-build v0.3.0
[INFO] [stderr]    Compiling thiserror v2.0.18
[INFO] [stderr]    Compiling chrono-tz v0.9.0
[INFO] [stderr]    Compiling globset v0.4.18
[INFO] [stderr]    Compiling crc-catalog v2.5.0
[INFO] [stderr]    Compiling rustc-demangle v0.1.27
[INFO] [stderr]    Compiling serde v1.0.228
[INFO] [stderr]    Compiling bytemuck_derive v1.10.2
[INFO] [stderr]    Compiling zerocopy-derive v0.8.48
[INFO] [stderr]    Compiling futures-macro v0.3.32
[INFO] [stderr]    Compiling thiserror-impl v2.0.18
[INFO] [stderr]    Compiling bytemuck v1.25.0
[INFO] [stderr]    Compiling bitflags v2.11.1
[INFO] [stderr]    Compiling hadris-io v1.1.2
[INFO] [stderr]    Compiling futures-util v0.3.32
[INFO] [stderr]    Compiling endian-num v0.2.0
[INFO] [stderr]    Compiling clap_derive v4.6.1
[INFO] [stderr]    Compiling tracing-attributes v0.1.31
[INFO] [stderr]    Compiling ignore v0.4.25
[INFO] [stderr]    Compiling crc v3.4.0
[INFO] [stderr]    Compiling backtrace v0.3.76
[INFO] [stderr]    Compiling supports-color v2.1.0
[INFO] [stderr]    Compiling pest_generator v2.8.6
[INFO] [stderr]    Compiling v_escape-codegen-base v0.1.0
[INFO] [stderr]    Compiling supports-color v3.0.2
[INFO] [stderr]    Compiling errno v0.3.14
[INFO] [stderr]    Compiling hadris-macros v1.1.2
[INFO] [stderr]    Compiling noalloc v0.0.1
[INFO] [stderr]    Compiling ucd-trie v0.1.7
[INFO] [stderr]    Compiling deunicode v1.6.2
[INFO] [stderr]    Compiling unicode-linebreak v0.1.5
[INFO] [stderr]    Compiling ppv-lite86 v0.2.21
[INFO] [stderr]    Compiling slug v0.1.6
[INFO] [stderr]    Compiling textwrap v0.16.2
[INFO] [stderr]    Compiling rand_chacha v0.9.0
[INFO] [stderr]    Compiling rand v0.9.4
[INFO] [stderr]    Compiling rand_chacha v0.3.1
[INFO] [stderr]    Compiling hadris-common v1.1.2
[INFO] [stderr]    Compiling humansize v2.1.3
[INFO] [stderr]    Compiling hadris-part v1.1.2
[INFO] [stderr]    Compiling signal-hook-registry v1.4.8
[INFO] [stderr]    Compiling pest_derive v2.8.6
[INFO] [stderr]    Compiling v_escape-proc-macro v0.1.0
[INFO] [stderr]    Compiling backtrace-ext v0.2.1
[INFO] [stderr]    Compiling clap v4.6.1
[INFO] [stderr]    Compiling tracing v0.1.44
[INFO] [stderr]    Compiling globwalk v0.9.1
[INFO] [stderr]    Compiling futures-executor v0.3.32
[INFO] [stderr]    Compiling spin v0.10.0
[INFO] [stderr]    Compiling terminal_size v0.4.4
[INFO] [stderr]    Compiling miette-derive v7.6.0
[INFO] [stderr]    Compiling env_filter v1.0.1
[INFO] [stderr]    Compiling mio v1.2.0
[INFO] [stderr]    Compiling supports-unicode v3.0.0
[INFO] [stderr]    Compiling supports-hyperlinks v3.2.0
[INFO] [stderr]    Compiling jiff v0.2.24
[INFO] [stderr]    Compiling unicode-segmentation v1.13.2
[INFO] [stderr]    Compiling uuid v1.23.1
[INFO] [stderr]    Compiling unicode-width v0.1.14
[INFO] [stderr]    Compiling v_escape-base v0.1.0
[INFO] [stderr]    Compiling virt v0.4.3
[INFO] [stderr]    Compiling v_escape v0.19.0
[INFO] [stderr]    Compiling miette v7.6.0
[INFO] [stderr]    Compiling toml-span v0.7.1
[INFO] [stderr]    Compiling tokio v1.52.3
[INFO] [stderr]    Compiling hadris-iso v1.1.2
[INFO] [stderr]    Compiling futures v0.3.32
[INFO] [stderr]    Compiling clap_complete v4.6.5
[INFO] [stderr]    Compiling tera v1.20.1
[INFO] [stderr]    Compiling env_logger v0.11.10
[INFO] [stderr]    Compiling sysinfo v0.39.2
[INFO] [stderr]    Compiling malina v0.1.0 (/opt/rustwide/workdir)
[INFO] [stdout] warning: unused import: `Provider`
[INFO] [stdout]   --> src/laboratories.rs:11:30
[INFO] [stdout]    |
[INFO] [stdout] 11 |     laboratory::{Laboratory, Provider},
[INFO] [stdout]    |                              ^^^^^^^^
[INFO] [stdout]    |
[INFO] [stdout]    = note: `#[warn(unused_imports)]` (part of `#[warn(unused)]`) on by default
[INFO] [stdout] 
[INFO] [stdout] 
[INFO] [stdout] warning: unused variable: `identifier`
[INFO] [stdout]    --> src/providers/libvirt.rs:372:5
[INFO] [stdout]     |
[INFO] [stdout] 372 |     identifier: &Identifier,
[INFO] [stdout]     |     ^^^^^^^^^^ help: if this is intentional, prefix it with an underscore: `_identifier`
[INFO] [stdout]     |
[INFO] [stdout]     = note: `#[warn(unused_variables)]` (part of `#[warn(unused)]`) on by default
[INFO] [stdout] 
[INFO] [stdout] 
[INFO] [stdout] warning: enum `State` is never used
[INFO] [stdout]   --> src/errors/state.rs:10:10
[INFO] [stdout]    |
[INFO] [stdout] 10 | pub enum State {
[INFO] [stdout]    |          ^^^^^
[INFO] [stdout]    |
[INFO] [stdout]    = note: `#[warn(dead_code)]` (part of `#[warn(unused)]`) on by default
[INFO] [stdout] 
[INFO] [stdout] 
[INFO] [stdout] warning: field `version` is never read
[INFO] [stdout]    --> src/laboratories/machines/operating_system.rs:124:9
[INFO] [stdout]     |
[INFO] [stdout] 123 |     Windows {
[INFO] [stdout]     |     ------- field in this variant
[INFO] [stdout] 124 |         version: WindowsVersion,
[INFO] [stdout]     |         ^^^^^^^
[INFO] [stdout]     |
[INFO] [stdout]     = note: `OperatingSystem` has derived impls for the traits `Clone` and `Debug`, but these are intentionally ignored during dead code analysis
[INFO] [stdout] 
[INFO] [stdout] 
[INFO] [stdout] warning: methods `stop_machine`, `destroy_machine`, and `query_machine_state` are never used
[INFO] [stdout]   --> src/providers.rs:37:8
[INFO] [stdout]    |
[INFO] [stdout] 32 | pub trait Provider: Send + Sync {
[INFO] [stdout]    |           -------- methods in this trait
[INFO] [stdout] ...
[INFO] [stdout] 37 |     fn stop_machine(&self, identifier: Identifier, force: bool) -> ProviderFuture<()>;
[INFO] [stdout]    |        ^^^^^^^^^^^^
[INFO] [stdout] 38 |     fn destroy_machine(&self, identifier: Identifier) -> ProviderFuture<()>;
[INFO] [stdout]    |        ^^^^^^^^^^^^^^^
[INFO] [stdout] 39 |     fn query_machine_state(&self, identifier: Identifier) -> ProviderFuture<state::Machine>;
[INFO] [stdout]    |        ^^^^^^^^^^^^^^^^^^^
[INFO] [stdout] 
[INFO] [stdout] 
[INFO] [stdout] warning: methods `stop_machine`, `destroy_machine`, and `query_machine_state` are never used
[INFO] [stdout]    --> src/providers/libvirt.rs:104:12
[INFO] [stdout]     |
[INFO] [stdout]  29 | impl Libvirt {
[INFO] [stdout]     | ------------ methods in this implementation
[INFO] [stdout] ...
[INFO] [stdout] 104 |     pub fn stop_machine(&self, identifier: Identifier, force: bool) -> ProviderFuture<()> {
[INFO] [stdout]     |            ^^^^^^^^^^^^
[INFO] [stdout] ...
[INFO] [stdout] 137 |     pub fn destroy_machine(&self, identifier: Identifier) -> ProviderFuture<()> {
[INFO] [stdout]     |            ^^^^^^^^^^^^^^^
[INFO] [stdout] ...
[INFO] [stdout] 166 |     pub fn query_machine_state(&self, identifier: Identifier) -> ProviderFuture<state::Machine> {
[INFO] [stdout]     |            ^^^^^^^^^^^^^^^^^^^
[INFO] [stdout] 
[INFO] [stdout] 
[INFO] [stdout] warning: function `map_domain_state` is never used
[INFO] [stdout]    --> src/providers/libvirt.rs:335:4
[INFO] [stdout]     |
[INFO] [stdout] 335 | fn map_domain_state(domain_state: sys::virDomainState) -> state::Machine {
[INFO] [stdout]     |    ^^^^^^^^^^^^^^^^
[INFO] [stdout] 
[INFO] [stdout] 
[INFO] [stdout] warning: method `name` is never used
[INFO] [stdout]   --> src/seeders.rs:13:8
[INFO] [stdout]    |
[INFO] [stdout] 12 | pub trait Seeder {
[INFO] [stdout]    |           ------ method in this trait
[INFO] [stdout] 13 |     fn name(&self) -> &'static str;
[INFO] [stdout]    |        ^^^^
[INFO] [stdout] 
[INFO] [stdout] 
[INFO] [stdout] warning: enum `Machine` is never used
[INFO] [stdout]   --> src/state.rs:12:10
[INFO] [stdout]    |
[INFO] [stdout] 12 | pub enum Machine {
[INFO] [stdout]    |          ^^^^^^^
[INFO] [stdout] 
[INFO] [stdout] 
[INFO] [stdout] warning: methods `can_transition_to`, `valid_transitions`, and `transition_to` are never used
[INFO] [stdout]   --> src/state.rs:21:12
[INFO] [stdout]    |
[INFO] [stdout] 20 | impl Machine {
[INFO] [stdout]    | ------------ methods in this implementation
[INFO] [stdout] 21 |     pub fn can_transition_to(&self, target: &Machine) -> bool {
[INFO] [stdout]    |            ^^^^^^^^^^^^^^^^^
[INFO] [stdout] ...
[INFO] [stdout] 25 |     pub fn valid_transitions(&self) -> Vec<Machine> {
[INFO] [stdout]    |            ^^^^^^^^^^^^^^^^^
[INFO] [stdout] ...
[INFO] [stdout] 35 |     pub fn transition_to(self, target: Machine) -> Result<Machine, State> {
[INFO] [stdout]    |            ^^^^^^^^^^^^^
[INFO] [stdout] 
[INFO] [stdout] 
[INFO] [stdout] error: linking with `cc` failed: exit status: 1
[INFO] [stdout]   |
[INFO] [stdout]   = note:  "cc" "-m64" "/opt/rustwide/target/release/deps/rustch11Spn/symbols.o" "<17 object files omitted>" "-Wl,--as-needed" "-Wl,-Bstatic" "/opt/rustwide/target/release/deps/{libv_escape-75b5ffd90d601312,libv_escape_base-dcd1e99d3603e67f,libbase64-5ba8d8f2fe9c6ccd,libhadris_iso-8c81dc5d3e7045d9,libtracing-dbb1ed5201d85458,libtracing_core-3e7f99a7051d5219,libonce_cell-a92ce0590bdd2571,libhadris_part-6dbfa22b5ac12c75,libendian_num-c4099005c129540d,libspin-0eaee3c9dde8d1c6,liblock_api-0c6a3406bef68330,libscopeguard-5f9373ec660020b4,libhadris_io-eda308137d0e29e2,libhadris_common-5bfd1b8d02ddb411,libnoalloc-a61e8cd0de387c31,libcrc-68f1d963fe4ea5d9,libcrc_catalog-d14f20ceff7aa844,libvirt-671edcd904e7b704,libuuid-e79055c39f903de9,libvirt_sys-95ce1a42c3396133,libtokio-56e68a5a91a41951,libsignal_hook_registry-e4a9764ff21d3abc,liberrno-4f9c146176600aa7,libpin_project_lite-9a89bb36c0c56875,libmio-8a7d37a8f4f4fa6c,libtera-ddcbffb2b75ebbb4,libslug-42bd6ce62955dfa2,libdeunicode-92bd7c8734aa40ee,libglobwalk-d5c708b29ea49c39,libignore-e48f97a56135712c,libwalkdir-b24d3c4a20f5d974,libsame_file-b5b248986923a61c,libcrossbeam_deque-2e5b856b763eae6f,libcrossbeam_epoch-4c09bcc51d5aa664,libcrossbeam_utils-dfae1366581d5be5,libglobset-3cf7e77a1d57d1a5,libbstr-e803f2356b9e6d7b,libpest-4b2b9e9a6c9ff873,libucd_trie-554bd57ca799e1b6,libserde-ca2bf0c9dc1d326f,librand-0406f410d724d69e,librand_chacha-282a60a56719b8ff,libppv_lite86-3ffcd421de50794e,libzerocopy-740179da83597850,librand_core-5cfa68847821ee64,libgetrandom-83e9c714ed5bfff1,libpercent_encoding-6ee9e8dd7e10ccaa,libunicode_segmentation-ad96a6328f82ceaf,liblazy_static-fdd6af0286056ca3,libhumansize-13797f2802dd5b68,liblibm-e31d014029871662,libchrono_tz-d4033bb424260934,libphf-e9c92b73ed9f3e17,libphf_shared-32547dcabff33105,libsiphasher-c7de3e9dcb058a9d,libchrono-6aad6200c79eaf03,libiana_time_zone-ea2d38d0aead4a1d,libnum_traits-cc425fcf9e73133e,libenv_logger-836c437aaefe7b2b,libjiff-bc7137af3c89a49d,libenv_filter-c07ed6e8794701af,liblog-9f5fd3dda547de7d,libsysinfo-da5c2823448b0417,libregex-60b5e3d98bcb6d47,libregex_automata-38cb75f42a0994fc,libaho_corasick-c5361bd5a36bf8bb,libregex_syntax-e74e29b98e81dab5,libtoml_span-c4d6f8e44b256f39,libsmallvec-841086f162eea166,libthiserror-71117ee0a5cceb11,libserde_json-3ee695c9ce118d4c,libitoa-1e9e3b22820c4a15,libzmij-3fd0fbc0da54c581,libserde_core-fc2e9ba380840c21,libmiette-dd61da634fd9e179,libbacktrace_ext-98b9517744432114,libsupports_unicode-6138b8f5d2520d25,libsupports_hyperlinks-62af9ae37fdbc8e3,libterminal_size-ea4f32cbfab5ee60,librustix-99c1c2be7cf61584,libbitflags-af9156cd5f318db5,libbytemuck-19f8b6b60dba6f7e,liblinux_raw_sys-6cd558001fb913e0,libtextwrap-cee37408ccee10a1,libunicode_linebreak-099becb619943548,libunicode_width-c2e256aa7a1ffd47,libbacktrace-900e606d31242c48,libminiz_oxide-0706f5dec424a5ee,libadler2-8213662f6a5e4f3b,libobject-9c77ffba850ff7b5,libmemchr-67bd3f6c39c2c1d0,libaddr2line-d016d47c3ae2e3aa,libgimli-58bf5f75427c0ba7,librustc_demangle-23c150a8a5d56cfc,libunicode_width-d4b78c57f51ab2bb,libowo_colors-752fd60fc64f3226,libsupports_color-cef7c6d905786b74,libis_terminal-d5ac694c10285568,liblibc-9127009e093ab63a,libsupports_color-bd3374ec3be6422e,libis_ci-00c5fe8ff50dba20,libcfg_if-6d8dca19095bb388,libclap_complete-c8f0d1c2fa357d6c,libclap-92cab168749bad38,libclap_builder-539a1096adb4f7aa,libstrsim-59d8e27f2067b49a,libanstream-fbf9902fe662423b,libanstyle_query-b45e303465962535,libis_terminal_polyfill-d4b89543c4de780e,libcolorchoice-fd7c3d86e50e55dc,libanstyle_parse-5d41ba8ec76e50fb,libutf8parse-fd39fdebeec71100,libclap_lex-07d624aa69fa7d24,libanstyle-bd06819c7e2cd060}.rlib" "<sysroot>/lib/rustlib/x86_64-unknown-linux-gnu/lib/{libstd-*,libpanic_unwind-*,libobject-*,libmemchr-*,libaddr2line-*,libgimli-*,libcfg_if-*,librustc_demangle-*,libstd_detect-*,libhashbrown-*,librustc_std_workspace_alloc-*,libminiz_oxide-*,libadler2-*,libunwind-*,liblibc-*,librustc_std_workspace_core-*,liballoc-*,libcore-*,libcompiler_builtins-*}.rlib" "-Wl,-Bdynamic" "-lgcc_s" "-lutil" "-lrt" "-lpthread" "-lm" "-ldl" "-lc" "-L" "/opt/rustwide/target/release/deps/rustch11Spn/raw-dylibs" "-B<sysroot>/lib/rustlib/x86_64-unknown-linux-gnu/bin/gcc-ld" "-fuse-ld=lld" "-Wl,--eh-frame-hdr" "-Wl,-z,noexecstack" "-L" "<sysroot>/lib/rustlib/x86_64-unknown-linux-gnu/lib" "-o" "/opt/rustwide/target/release/deps/malina-e312e04aaa24f687" "-Wl,--gc-sections" "-pie" "-Wl,-z,relro,-z,now" "-Wl,-O1" "-Wl,--strip-debug" "-nodefaultlibs"
[INFO] [stdout]   = note: some arguments are omitted. use `--verbose` to show all linker arguments
[INFO] [stdout]   = note: rust-lld: error: undefined symbol: virDomainDefineXML
[INFO] [stdout]           >>> referenced by virt.3710abe47286f851-cgu.0
[INFO] [stdout]           >>>               virt-671edcd904e7b704.virt.3710abe47286f851-cgu.0.rcgu.o:(<virt::domain::Domain>::define_xml) in archive /opt/rustwide/target/release/deps/libvirt-671edcd904e7b704.rlib
[INFO] [stdout]           
[INFO] [stdout]           rust-lld: error: undefined symbol: virGetLastError
[INFO] [stdout]           >>> referenced by virt.3710abe47286f851-cgu.1
[INFO] [stdout]           >>>               virt-671edcd904e7b704.virt.3710abe47286f851-cgu.1.rcgu.o:(<virt::error::Error>::last_error) in archive /opt/rustwide/target/release/deps/libvirt-671edcd904e7b704.rlib
[INFO] [stdout]           
[INFO] [stdout]           rust-lld: error: undefined symbol: virDomainGetXMLDesc
[INFO] [stdout]           >>> referenced by virt.3710abe47286f851-cgu.0
[INFO] [stdout]           >>>               virt-671edcd904e7b704.virt.3710abe47286f851-cgu.0.rcgu.o:(<virt::domain::Domain>::get_xml_desc) in archive /opt/rustwide/target/release/deps/libvirt-671edcd904e7b704.rlib
[INFO] [stdout]           
[INFO] [stdout]           rust-lld: error: undefined symbol: virConnectListAllDomains
[INFO] [stdout]           >>> referenced by virt.3710abe47286f851-cgu.2
[INFO] [stdout]           >>>               virt-671edcd904e7b704.virt.3710abe47286f851-cgu.2.rcgu.o:(<virt::connect::Connect>::list_all_domains) in archive /opt/rustwide/target/release/deps/libvirt-671edcd904e7b704.rlib
[INFO] [stdout]           
[INFO] [stdout]           rust-lld: error: undefined symbol: virConnectListAllNetworks
[INFO] [stdout]           >>> referenced by virt.3710abe47286f851-cgu.2
[INFO] [stdout]           >>>               virt-671edcd904e7b704.virt.3710abe47286f851-cgu.2.rcgu.o:(<virt::connect::Connect>::list_all_networks) in archive /opt/rustwide/target/release/deps/libvirt-671edcd904e7b704.rlib
[INFO] [stdout]           
[INFO] [stdout]           rust-lld: error: undefined symbol: virDomainAttachDeviceFlags
[INFO] [stdout]           >>> referenced by virt.3710abe47286f851-cgu.0
[INFO] [stdout]           >>>               virt-671edcd904e7b704.virt.3710abe47286f851-cgu.0.rcgu.o:(<virt::domain::Domain>::attach_device_flags) in archive /opt/rustwide/target/release/deps/libvirt-671edcd904e7b704.rlib
[INFO] [stdout]           
[INFO] [stdout]           rust-lld: error: undefined symbol: virDomainCreate
[INFO] [stdout]           >>> referenced by virt.3710abe47286f851-cgu.0
[INFO] [stdout]           >>>               virt-671edcd904e7b704.virt.3710abe47286f851-cgu.0.rcgu.o:(<virt::domain::Domain>::create) in archive /opt/rustwide/target/release/deps/libvirt-671edcd904e7b704.rlib
[INFO] [stdout]           
[INFO] [stdout]           rust-lld: error: undefined symbol: virDomainDestroy
[INFO] [stdout]           >>> referenced by virt.3710abe47286f851-cgu.0
[INFO] [stdout]           >>>               virt-671edcd904e7b704.virt.3710abe47286f851-cgu.0.rcgu.o:(<virt::domain::Domain>::destroy) in archive /opt/rustwide/target/release/deps/libvirt-671edcd904e7b704.rlib
[INFO] [stdout]           
[INFO] [stdout]           rust-lld: error: undefined symbol: virDomainGetName
[INFO] [stdout]           >>> referenced by virt.3710abe47286f851-cgu.0
[INFO] [stdout]           >>>               virt-671edcd904e7b704.virt.3710abe47286f851-cgu.0.rcgu.o:(<virt::domain::Domain>::get_name) in archive /opt/rustwide/target/release/deps/libvirt-671edcd904e7b704.rlib
[INFO] [stdout]           
[INFO] [stdout]           rust-lld: error: undefined symbol: virDomainShutdown
[INFO] [stdout]           >>> referenced by virt.3710abe47286f851-cgu.0
[INFO] [stdout]           >>>               virt-671edcd904e7b704.virt.3710abe47286f851-cgu.0.rcgu.o:(<virt::domain::Domain>::shutdown) in archive /opt/rustwide/target/release/deps/libvirt-671edcd904e7b704.rlib
[INFO] [stdout]           
[INFO] [stdout]           rust-lld: error: undefined symbol: virDomainUndefine
[INFO] [stdout]           >>> referenced by virt.3710abe47286f851-cgu.0
[INFO] [stdout]           >>>               virt-671edcd904e7b704.virt.3710abe47286f851-cgu.0.rcgu.o:(<virt::domain::Domain>::undefine) in archive /opt/rustwide/target/release/deps/libvirt-671edcd904e7b704.rlib
[INFO] [stdout]           
[INFO] [stdout]           rust-lld: error: undefined symbol: virDomainGetState
[INFO] [stdout]           >>> referenced by virt.3710abe47286f851-cgu.0
[INFO] [stdout]           >>>               virt-671edcd904e7b704.virt.3710abe47286f851-cgu.0.rcgu.o:(<virt::domain::Domain>::get_state) in archive /opt/rustwide/target/release/deps/libvirt-671edcd904e7b704.rlib
[INFO] [stdout]           
[INFO] [stdout]           rust-lld: error: undefined symbol: virDomainIsActive
[INFO] [stdout]           >>> referenced by virt.3710abe47286f851-cgu.0
[INFO] [stdout]           >>>               virt-671edcd904e7b704.virt.3710abe47286f851-cgu.0.rcgu.o:(<virt::domain::Domain>::is_active) in archive /opt/rustwide/target/release/deps/libvirt-671edcd904e7b704.rlib
[INFO] [stdout]           
[INFO] [stdout]           rust-lld: error: undefined symbol: virConnectOpen
[INFO] [stdout]           >>> referenced by virt.3710abe47286f851-cgu.2
[INFO] [stdout]           >>>               virt-671edcd904e7b704.virt.3710abe47286f851-cgu.2.rcgu.o:(<virt::connect::Connect>::open) in archive /opt/rustwide/target/release/deps/libvirt-671edcd904e7b704.rlib
[INFO] [stdout]           >>> referenced by virt.3710abe47286f851-cgu.2
[INFO] [stdout]           >>>               virt-671edcd904e7b704.virt.3710abe47286f851-cgu.2.rcgu.o:(<virt::connect::Connect>::open) in archive /opt/rustwide/target/release/deps/libvirt-671edcd904e7b704.rlib
[INFO] [stdout]           
[INFO] [stdout]           rust-lld: error: undefined symbol: virDomainFree
[INFO] [stdout]           >>> referenced by virt.3710abe47286f851-cgu.0
[INFO] [stdout]           >>>               virt-671edcd904e7b704.virt.3710abe47286f851-cgu.0.rcgu.o:(<virt::domain::Domain as core::ops::drop::Drop>::drop) in archive /opt/rustwide/target/release/deps/libvirt-671edcd904e7b704.rlib
[INFO] [stdout]           >>> referenced by virt.3710abe47286f851-cgu.5
[INFO] [stdout]           >>>               virt-671edcd904e7b704.virt.3710abe47286f851-cgu.5.rcgu.o:(<alloc::vec::Vec<virt::domain::Domain> as core::ops::drop::Drop>::drop) in archive /opt/rustwide/target/release/deps/libvirt-671edcd904e7b704.rlib
[INFO] [stdout]           
[INFO] [stdout]           rust-lld: error: undefined symbol: virNetworkDefineXML
[INFO] [stdout]           >>> referenced by virt.3710abe47286f851-cgu.4
[INFO] [stdout]           >>>               virt-671edcd904e7b704.virt.3710abe47286f851-cgu.4.rcgu.o:(<virt::network::Network>::define_xml) in archive /opt/rustwide/target/release/deps/libvirt-671edcd904e7b704.rlib
[INFO] [stdout]           
[INFO] [stdout]           rust-lld: error: undefined symbol: virNetworkIsPersistent
[INFO] [stdout]           >>> referenced by virt.3710abe47286f851-cgu.4
[INFO] [stdout]           >>>               virt-671edcd904e7b704.virt.3710abe47286f851-cgu.4.rcgu.o:(<virt::network::Network>::is_persistent) in archive /opt/rustwide/target/release/deps/libvirt-671edcd904e7b704.rlib
[INFO] [stdout]           
[INFO] [stdout]           rust-lld: error: undefined symbol: virNetworkSetAutostart
[INFO] [stdout]           >>> referenced by virt.3710abe47286f851-cgu.4
[INFO] [stdout]           >>>               virt-671edcd904e7b704.virt.3710abe47286f851-cgu.4.rcgu.o:(<virt::network::Network>::set_autostart) in archive /opt/rustwide/target/release/deps/libvirt-671edcd904e7b704.rlib
[INFO] [stdout]           
[INFO] [stdout]           rust-lld: error: undefined symbol: virNetworkCreate
[INFO] [stdout]           >>> referenced by virt.3710abe47286f851-cgu.4
[INFO] [stdout]           >>>               virt-671edcd904e7b704.virt.3710abe47286f851-cgu.4.rcgu.o:(<virt::network::Network>::create) in archive /opt/rustwide/target/release/deps/libvirt-671edcd904e7b704.rlib
[INFO] [stdout]           
[INFO] [stdout]           rust-lld: error: undefined symbol: virNetworkGetName
[INFO] [stdout]           >>> referenced by virt.3710abe47286f851-cgu.4
[INFO] [stdout]           >>>               virt-671edcd904e7b704.virt.3710abe47286f851-cgu.4.rcgu.o:(<virt::network::Network>::get_name) in archive /opt/rustwide/target/release/deps/libvirt-671edcd904e7b704.rlib
[INFO] [stdout]           
[INFO] [stdout]           rust-lld: error: too many errors emitted, stopping now (use --error-limit=0 to see all errors)
[INFO] [stdout]           collect2: error: ld returned 1 exit status
[INFO] [stdout]           
[INFO] [stdout] 
[INFO] [stdout] 
[INFO] [stderr] error: could not compile `malina` (bin "malina") due to 1 previous error; 10 warnings emitted
[INFO] running `Command { std: "docker" "inspect" "528eb71b0649d6041777408a36caedecb363c4298e2e553266433d96a909b886", kill_on_drop: false }`
[INFO] running `Command { std: "docker" "rm" "-f" "528eb71b0649d6041777408a36caedecb363c4298e2e553266433d96a909b886", kill_on_drop: false }`
[INFO] [stdout] 528eb71b0649d6041777408a36caedecb363c4298e2e553266433d96a909b886
