[INFO] fetching crate makepad-draw-2d 0.3.0...
[INFO] testing makepad-draw-2d-0.3.0 against 1.99.0-beta.8+cargoflags=--release for beta-release-1.100-2
[INFO] extracting crate makepad-draw-2d 0.3.0 into /workspace/builds/worker-4-tc1/source
[INFO] started tweaking crates.io crate makepad-draw-2d 0.3.0
[INFO] finished tweaking crates.io crate makepad-draw-2d 0.3.0
[INFO] tweaked toml for crates.io crate makepad-draw-2d 0.3.0 written to /workspace/builds/worker-4-tc1/source/Cargo.toml
[INFO] validating manifest of crates.io crate makepad-draw-2d 0.3.0 on toolchain 1.99.0-beta.8
[INFO] running `Command { std: CARGO_HOME="/workspace/cargo-home" RUSTUP_HOME="/workspace/rustup-home" "/workspace/cargo-home/bin/cargo" "+1.99.0-beta.8" "metadata" "--manifest-path" "Cargo.toml" "--no-deps", kill_on_drop: false }`
[INFO] running `Command { std: CARGO_HOME="/workspace/cargo-home" RUSTUP_HOME="/workspace/rustup-home" "/workspace/cargo-home/bin/cargo" "+1.99.0-beta.8" "generate-lockfile" "--manifest-path" "Cargo.toml", kill_on_drop: false }`
[INFO] [stderr]     Updating crates.io index
[INFO] [stderr]     Blocking waiting for file lock on package cache
[INFO] [stderr]      Locking 17 packages to highest compatible versions
[INFO] [stderr]       Adding makepad-platform v0.3.0 (available: v1.0.0)
[INFO] [stderr]       Adding makepad-vector v0.3.0 (available: v1.0.0)
[INFO] running `Command { std: CARGO_HOME="/workspace/cargo-home" RUSTUP_HOME="/workspace/rustup-home" "/workspace/cargo-home/bin/cargo" "+1.99.0-beta.8" "fetch" "--manifest-path" "Cargo.toml", kill_on_drop: false }`
[INFO] [stderr]     Blocking waiting for file lock on package cache
[INFO] [stderr]  Downloading crates ...
[INFO] [stderr]   Downloaded makepad-vector v0.3.0
[INFO] [stderr]   Downloaded makepad-wasm-bridge v0.3.0
[INFO] [stderr]   Downloaded makepad-live-id-macros v0.3.0
[INFO] [stderr]   Downloaded makepad-live-id v0.3.0
[INFO] [stderr]   Downloaded makepad-derive-live v0.3.0
[INFO] [stderr]   Downloaded makepad-math v0.3.0
[INFO] [stderr]   Downloaded makepad-micro-serde-derive v0.3.0
[INFO] [stderr]   Downloaded makepad-micro-proc-macro v0.3.0
[INFO] [stderr]   Downloaded makepad-error-log v0.3.0
[INFO] [stderr]   Downloaded makepad-derive-wasm-bridge v0.3.0
[INFO] [stderr]   Downloaded makepad-live-tokenizer v0.3.0
[INFO] [stderr]   Downloaded makepad-micro-serde v0.3.0
[INFO] [stderr]   Downloaded makepad-platform v0.3.0
[INFO] [stderr]   Downloaded makepad-image-formats v0.3.0
[INFO] [stderr]   Downloaded makepad-objc-sys v0.3.0
[INFO] [stderr]   Downloaded makepad-live-compiler v0.3.0
[INFO] [stderr]   Downloaded makepad-shader-compiler v0.3.0
[INFO] running `Command { std: "docker" "create" "-v" "/var/lib/crater-agent-workspace/builds/worker-4-tc1/source:/opt/rustwide/workdir:ro,Z" "-v" "/var/lib/crater-agent-workspace/builds/worker-4-tc1/target:/opt/rustwide/target:rw,Z" "-v" "/var/lib/crater-agent-workspace/cargo-home:/opt/rustwide/cargo-home:ro,Z" "-v" "/var/lib/crater-agent-workspace/rustup-home:/opt/rustwide/rustup-home:ro,Z" "-m" "1610612736" "--network" "none" "ghcr.io/rust-lang/crates-build-env/linux@sha256:77db811e55d90add9212f6832c23229e3de5f1c1f9905e8cb07319ea15df73ac" "sleep" "infinity", kill_on_drop: false }`
[INFO] [stdout] 4a278dd6cd6ffe41da3f91fec4380c322a916dc06cccb26f353fd8ff32a6a34f
[INFO] running `Command { std: "docker" "start" "4a278dd6cd6ffe41da3f91fec4380c322a916dc06cccb26f353fd8ff32a6a34f", kill_on_drop: false }`
[INFO] running `Command { std: "docker" "inspect" "4a278dd6cd6ffe41da3f91fec4380c322a916dc06cccb26f353fd8ff32a6a34f", kill_on_drop: false }`
[INFO] running `Command { std: "docker" "exec" "-e" "SOURCE_DIR=/opt/rustwide/workdir" "-e" "CARGO_HOME=/opt/rustwide/cargo-home" "-e" "RUSTUP_HOME=/opt/rustwide/rustup-home" "-e" "CARGO_TARGET_DIR=/opt/rustwide/target" "-w" "/opt/rustwide/workdir" "--user" "0:0" "4a278dd6cd6ffe41da3f91fec4380c322a916dc06cccb26f353fd8ff32a6a34f" "/opt/rustwide/cargo-home/bin/cargo" "+1.99.0-beta.8" "metadata" "--no-deps" "--format-version=1", kill_on_drop: false }`
[INFO] running `Command { std: "docker" "inspect" "4a278dd6cd6ffe41da3f91fec4380c322a916dc06cccb26f353fd8ff32a6a34f", kill_on_drop: false }`
[INFO] running `Command { std: "docker" "exec" "-e" "SOURCE_DIR=/opt/rustwide/workdir" "-e" "CARGO_HOME=/opt/rustwide/cargo-home" "-e" "RUSTUP_HOME=/opt/rustwide/rustup-home" "-e" "CARGO_TARGET_DIR=/opt/rustwide/target" "-e" "CARGO_INCREMENTAL=0" "-e" "RUST_BACKTRACE=full" "-e" "RUSTFLAGS=--cap-lints=warn" "-e" "RUSTDOCFLAGS=--cap-lints=warn" "-w" "/opt/rustwide/workdir" "--user" "0:0" "4a278dd6cd6ffe41da3f91fec4380c322a916dc06cccb26f353fd8ff32a6a34f" "/opt/rustwide/cargo-home/bin/cargo" "+1.99.0-beta.8" "build" "--frozen" "--message-format=json" "--release", kill_on_drop: false }`
[INFO] [stderr]    Compiling makepad-micro-proc-macro v0.3.0
[INFO] [stderr]    Compiling makepad-error-log v0.3.0
[INFO] [stderr]    Compiling makepad-math v0.3.0
[INFO] [stderr]    Compiling makepad-platform v0.3.0
[INFO] [stderr]    Compiling makepad-vector v0.3.0
[INFO] [stderr]    Compiling makepad-image-formats v0.3.0
[INFO] [stderr]    Compiling makepad-live-id-macros v0.3.0
[INFO] [stderr]    Compiling makepad-micro-serde-derive v0.3.0
[INFO] [stderr]    Compiling makepad-live-id v0.3.0
[INFO] [stderr]    Compiling makepad-micro-serde v0.3.0
[INFO] [stderr]    Compiling makepad-derive-live v0.3.0
[INFO] [stdout] error[E0615]: attempted to take value of method `line` on type `Span`
[INFO] [stdout]   --> /opt/rustwide/cargo-home/registry/src/index.crates.io-1949cf8c6b5b557f/makepad-derive-live-0.3.0/src/live_design_macro.rs:24:58
[INFO] [stdout]    |
[INFO] [stdout] 24 |         tb.add("        line:").unsuf_usize(span.start().line - 1).add(",");
[INFO] [stdout]    |                                                          ^^^^ method, not a field
[INFO] [stdout]    |
[INFO] [stdout] help: use parentheses to call the method
[INFO] [stdout]    |
[INFO] [stdout] 24 |         tb.add("        line:").unsuf_usize(span.start().line() - 1).add(",");
[INFO] [stdout]    |                                                              ++
[INFO] [stdout] 
[INFO] [stdout] 
[INFO] [stdout] error[E0615]: attempted to take value of method `column` on type `Span`
[INFO] [stdout]   --> /opt/rustwide/cargo-home/registry/src/index.crates.io-1949cf8c6b5b557f/makepad-derive-live-0.3.0/src/live_design_macro.rs:25:60
[INFO] [stdout]    |
[INFO] [stdout] 25 |         tb.add("        column:").unsuf_usize(span.start().column - 1).add(",");
[INFO] [stdout]    |                                                            ^^^^^^ method, not a field
[INFO] [stdout]    |
[INFO] [stdout] help: use parentheses to call the method
[INFO] [stdout]    |
[INFO] [stdout] 25 |         tb.add("        column:").unsuf_usize(span.start().column() - 1).add(",");
[INFO] [stdout]    |                                                                  ++
[INFO] [stdout] 
[INFO] [stdout] 
[INFO] [stdout] error[E0615]: attempted to take value of method `line` on type `Span`
[INFO] [stdout]   --> /opt/rustwide/cargo-home/registry/src/index.crates.io-1949cf8c6b5b557f/makepad-derive-live-0.3.0/src/live_design_macro.rs:94:36
[INFO] [stdout]    |
[INFO] [stdout] 94 |                 line: span.start().line,
[INFO] [stdout]    |                                    ^^^^ method, not a field
[INFO] [stdout]    |
[INFO] [stdout] help: use parentheses to call the method
[INFO] [stdout]    |
[INFO] [stdout] 94 |                 line: span.start().line(),
[INFO] [stdout]    |                                        ++
[INFO] [stdout] 
[INFO] [stdout] 
[INFO] [stdout] error[E0615]: attempted to take value of method `column` on type `Span`
[INFO] [stdout]   --> /opt/rustwide/cargo-home/registry/src/index.crates.io-1949cf8c6b5b557f/makepad-derive-live-0.3.0/src/live_design_macro.rs:95:38
[INFO] [stdout]    |
[INFO] [stdout] 95 |                 column: span.start().column
[INFO] [stdout]    |                                      ^^^^^^ method, not a field
[INFO] [stdout]    |
[INFO] [stdout] help: use parentheses to call the method
[INFO] [stdout]    |
[INFO] [stdout] 95 |                 column: span.start().column()
[INFO] [stdout]    |                                            ++
[INFO] [stdout] 
[INFO] [stdout] 
[INFO] [stdout] error[E0615]: attempted to take value of method `line` on type `Span`
[INFO] [stdout]    --> /opt/rustwide/cargo-home/registry/src/index.crates.io-1949cf8c6b5b557f/makepad-derive-live-0.3.0/src/live_design_macro.rs:101:34
[INFO] [stdout]     |
[INFO] [stdout] 101 |                 line: span.end().line,
[INFO] [stdout]     |                                  ^^^^ method, not a field
[INFO] [stdout]     |
[INFO] [stdout] help: use parentheses to call the method
[INFO] [stdout]     |
[INFO] [stdout] 101 |                 line: span.end().line(),
[INFO] [stdout]     |                                      ++
[INFO] [stdout] 
[INFO] [stdout] 
[INFO] [stdout] error[E0615]: attempted to take value of method `column` on type `Span`
[INFO] [stdout]    --> /opt/rustwide/cargo-home/registry/src/index.crates.io-1949cf8c6b5b557f/makepad-derive-live-0.3.0/src/live_design_macro.rs:102:36
[INFO] [stdout]     |
[INFO] [stdout] 102 |                 column: span.end().column
[INFO] [stdout]     |                                    ^^^^^^ method, not a field
[INFO] [stdout]     |
[INFO] [stdout] help: use parentheses to call the method
[INFO] [stdout]     |
[INFO] [stdout] 102 |                 column: span.end().column()
[INFO] [stdout]     |                                          ++
[INFO] [stdout] 
[INFO] [stdout] 
[INFO] [stdout] For more information about this error, try `rustc --explain E0615`.
[INFO] [stdout] 
[INFO] [stderr] error: could not compile `makepad-derive-live` (lib) due to 6 previous errors
[INFO] [stderr] warning: build failed, waiting for other jobs to finish...
[INFO] running `Command { std: "docker" "inspect" "4a278dd6cd6ffe41da3f91fec4380c322a916dc06cccb26f353fd8ff32a6a34f", kill_on_drop: false }`
[INFO] running `Command { std: "docker" "rm" "-f" "4a278dd6cd6ffe41da3f91fec4380c322a916dc06cccb26f353fd8ff32a6a34f", kill_on_drop: false }`
[INFO] [stdout] 4a278dd6cd6ffe41da3f91fec4380c322a916dc06cccb26f353fd8ff32a6a34f
