[INFO] fetching crate magika 1.1.0...
[INFO] testing magika-1.1.0 against 1.99.0-beta.8+cargoflags=--release for beta-release-1.100-2
[INFO] extracting crate magika 1.1.0 into /workspace/builds/worker-2-tc1/source
[INFO] started tweaking crates.io crate magika 1.1.0
[INFO] finished tweaking crates.io crate magika 1.1.0
[INFO] tweaked toml for crates.io crate magika 1.1.0 written to /workspace/builds/worker-2-tc1/source/Cargo.toml
[INFO] validating manifest of crates.io crate magika 1.1.0 on toolchain 1.99.0-beta.8
[INFO] running `Command { std: CARGO_HOME="/workspace/cargo-home" RUSTUP_HOME="/workspace/rustup-home" "/workspace/cargo-home/bin/cargo" "+1.99.0-beta.8" "metadata" "--manifest-path" "Cargo.toml" "--no-deps", kill_on_drop: false }`
[INFO] crate crates.io crate magika 1.1.0 already has a lockfile, it will not be regenerated
[INFO] running `Command { std: CARGO_HOME="/workspace/cargo-home" RUSTUP_HOME="/workspace/rustup-home" "/workspace/cargo-home/bin/cargo" "+1.99.0-beta.8" "fetch" "--manifest-path" "Cargo.toml", kill_on_drop: false }`
[INFO] [stderr]     Updating crates.io index
[INFO] [stderr]  Downloading crates ...
[INFO] [stderr]   Downloaded windows-link v0.2.0
[INFO] [stderr]   Downloaded ort v2.0.0-rc.12
[INFO] [stderr]   Downloaded hmac-sha256 v1.1.14
[INFO] [stderr]   Downloaded schannel v0.1.28
[INFO] [stderr]   Downloaded ort-sys v2.0.0-rc.12
[INFO] [stderr]   Downloaded flate2 v1.1.4
[INFO] [stderr]   Downloaded ureq-proto v0.5.2
[INFO] [stderr]   Downloaded openssl-sys v0.9.114
[INFO] [stderr]   Downloaded cc v1.2.55
[INFO] [stderr]   Downloaded matrixmultiply v0.3.10
[INFO] [stderr]   Downloaded webpki-root-certs v1.0.6
[INFO] [stderr]   Downloaded ureq v3.1.2
[INFO] [stderr]   Downloaded openssl v0.10.78
[INFO] [stderr]   Downloaded lzma-rust2 v0.15.7
[INFO] [stderr]   Downloaded ndarray v0.17.1
[INFO] [stderr]   Downloaded libc v0.2.176
[INFO] [stderr]   Downloaded windows-sys v0.61.1
[INFO] running `Command { std: "docker" "create" "-v" "/var/lib/crater-agent-workspace/builds/worker-2-tc1/source:/opt/rustwide/workdir:ro,Z" "-v" "/var/lib/crater-agent-workspace/builds/worker-2-tc1/target:/opt/rustwide/target:rw,Z" "-v" "/var/lib/crater-agent-workspace/cargo-home:/opt/rustwide/cargo-home:ro,Z" "-v" "/var/lib/crater-agent-workspace/rustup-home:/opt/rustwide/rustup-home:ro,Z" "-m" "1610612736" "--network" "none" "ghcr.io/rust-lang/crates-build-env/linux@sha256:77db811e55d90add9212f6832c23229e3de5f1c1f9905e8cb07319ea15df73ac" "sleep" "infinity", kill_on_drop: false }`
[INFO] [stdout] 9c50978e4d1e394de4ecba3ab089e27b79d96119e6b2378ef48c9f1dfd99dadc
[INFO] running `Command { std: "docker" "start" "9c50978e4d1e394de4ecba3ab089e27b79d96119e6b2378ef48c9f1dfd99dadc", kill_on_drop: false }`
[INFO] running `Command { std: "docker" "inspect" "9c50978e4d1e394de4ecba3ab089e27b79d96119e6b2378ef48c9f1dfd99dadc", kill_on_drop: false }`
[INFO] running `Command { std: "docker" "exec" "-e" "SOURCE_DIR=/opt/rustwide/workdir" "-e" "CARGO_HOME=/opt/rustwide/cargo-home" "-e" "RUSTUP_HOME=/opt/rustwide/rustup-home" "-e" "CARGO_TARGET_DIR=/opt/rustwide/target" "-w" "/opt/rustwide/workdir" "--user" "0:0" "9c50978e4d1e394de4ecba3ab089e27b79d96119e6b2378ef48c9f1dfd99dadc" "/opt/rustwide/cargo-home/bin/cargo" "+1.99.0-beta.8" "metadata" "--no-deps" "--format-version=1", kill_on_drop: false }`
[INFO] running `Command { std: "docker" "inspect" "9c50978e4d1e394de4ecba3ab089e27b79d96119e6b2378ef48c9f1dfd99dadc", kill_on_drop: false }`
[INFO] running `Command { std: "docker" "exec" "-e" "SOURCE_DIR=/opt/rustwide/workdir" "-e" "CARGO_HOME=/opt/rustwide/cargo-home" "-e" "RUSTUP_HOME=/opt/rustwide/rustup-home" "-e" "CARGO_TARGET_DIR=/opt/rustwide/target" "-e" "CARGO_INCREMENTAL=0" "-e" "RUST_BACKTRACE=full" "-e" "RUSTFLAGS=--cap-lints=warn" "-e" "RUSTDOCFLAGS=--cap-lints=warn" "-w" "/opt/rustwide/workdir" "--user" "0:0" "9c50978e4d1e394de4ecba3ab089e27b79d96119e6b2378ef48c9f1dfd99dadc" "/opt/rustwide/cargo-home/bin/cargo" "+1.99.0-beta.8" "build" "--frozen" "--message-format=json" "--release", kill_on_drop: false }`
[INFO] [stderr]    Compiling num-traits v0.2.19
[INFO] [stderr]    Compiling proc-macro2 v1.0.101
[INFO] [stderr]    Compiling unicode-ident v1.0.19
[INFO] [stderr]    Compiling quote v1.0.41
[INFO] [stderr]    Compiling matrixmultiply v0.3.10
[INFO] [stderr]    Compiling ort-sys v2.0.0-rc.12
[INFO] [stderr]    Compiling rawpointer v0.2.1
[INFO] [stderr]    Compiling smallvec v1.15.1
[INFO] [stderr]    Compiling tokio v1.47.1
[INFO] [stderr]    Compiling syn v2.0.106
[INFO] [stderr]    Compiling num-integer v0.1.46
[INFO] [stderr]    Compiling num-complex v0.4.6
[INFO] [stderr]    Compiling ndarray v0.17.1
[INFO] [stderr]    Compiling thiserror-impl v1.0.69
[INFO] [stderr]    Compiling thiserror v1.0.69
[INFO] [stderr]    Compiling ort v2.0.0-rc.12
[INFO] [stderr]    Compiling magika v1.1.0 (/opt/rustwide/workdir)
[INFO] [stderr]     Finished `release` profile [optimized] target(s) in 29.70s
[INFO] running `Command { std: "docker" "inspect" "9c50978e4d1e394de4ecba3ab089e27b79d96119e6b2378ef48c9f1dfd99dadc", kill_on_drop: false }`
[INFO] running `Command { std: "docker" "exec" "-e" "SOURCE_DIR=/opt/rustwide/workdir" "-e" "CARGO_HOME=/opt/rustwide/cargo-home" "-e" "RUSTUP_HOME=/opt/rustwide/rustup-home" "-e" "CARGO_TARGET_DIR=/opt/rustwide/target" "-e" "CARGO_INCREMENTAL=0" "-e" "RUST_BACKTRACE=full" "-e" "RUSTFLAGS=--cap-lints=warn" "-e" "RUSTDOCFLAGS=--cap-lints=warn" "-w" "/opt/rustwide/workdir" "--user" "0:0" "9c50978e4d1e394de4ecba3ab089e27b79d96119e6b2378ef48c9f1dfd99dadc" "/opt/rustwide/cargo-home/bin/cargo" "+1.99.0-beta.8" "test" "--frozen" "--no-run" "--message-format=json" "--release", kill_on_drop: false }`
[INFO] [stderr]    Compiling serde_json v1.0.145
[INFO] [stderr]    Compiling simd-adler32 v0.3.7
[INFO] [stderr]    Compiling cfg-if v1.0.3
[INFO] [stderr]    Compiling serde_derive v1.0.228
[INFO] [stderr]    Compiling memchr v2.7.6
[INFO] [stderr]    Compiling data-encoding v2.9.0
[INFO] [stderr]    Compiling crc32fast v1.5.0
[INFO] [stderr]    Compiling miniz_oxide v0.8.9
[INFO] [stderr]    Compiling flate2 v1.1.4
[INFO] [stderr]    Compiling serde v1.0.228
[INFO] [stderr]    Compiling magika v1.1.0 (/opt/rustwide/workdir)
[INFO] [stdout] error: linking with `cc` failed: exit status: 1
[INFO] [stdout]   |
[INFO] [stdout]   = note:  "cc" "-m64" "/opt/rustwide/target/release/deps/rustcORtNfl/symbols.o" "<11 object files omitted>" "-Wl,--as-needed" "-Wl,-Bstatic" "/opt/rustwide/target/release/deps/{libserde_json-c8fac166aaa72cad,libmemchr-1df3f384506278db,libitoa-6ac79ecd3493b3ff,libryu-85b27257faa1b487}.rlib" "<sysroot>/lib/rustlib/x86_64-unknown-linux-gnu/lib/{libtest-*,libgetopts-*,librustc_std_workspace_std-*}.rlib" "/opt/rustwide/target/release/deps/{libthiserror-50c5d9d9ba0be9fb,libserde-c9f8fada7598c988,libserde_core-fc2e9ba380840c21,libflate2-e95cd46fa085b134,libminiz_oxide-dc0c0c69b43174f1,libsimd_adler32-b17a88cdb53f5d4f,libcrc32fast-86d064ece648b0a6,libcfg_if-5732471c02c4c133,libdata_encoding-1600cf91613c3d50,libtokio-9023c4f7335f4e94,libbytes-4eeb723b82a97eeb,libpin_project_lite-a042d89c9815bfb5,libort-21ef11e23133f083,libort_sys-9ddb925d6a4f7dbd,libndarray-c4386817374e7a99,libmatrixmultiply-7e3eb8cb54c662fe,libnum_complex-4d6246f29a2f4b92,libnum_integer-14c593748cdb860f,libnum_traits-944120fb87f0a31f,librawpointer-e637704b8109ab79,libsmallvec-cba087a5aa4d51ce}.rlib" "<sysroot>/lib/rustlib/x86_64-unknown-linux-gnu/lib/{libstd-*,libpanic_unwind-*,libobject-*,libmemchr-*,libaddr2line-*,libgimli-*,libcfg_if-*,librustc_demangle-*,libstd_detect-*,libhashbrown-*,librustc_std_workspace_alloc-*,libminiz_oxide-*,libadler2-*,libunwind-*,liblibc-*,librustc_std_workspace_core-*,liballoc-*,libcore-*,libcompiler_builtins-*}.rlib" "-Wl,-Bdynamic" "-lgcc_s" "-lutil" "-lrt" "-lpthread" "-lm" "-ldl" "-lc" "-L" "/opt/rustwide/target/release/deps/rustcORtNfl/raw-dylibs" "-B<sysroot>/lib/rustlib/x86_64-unknown-linux-gnu/bin/gcc-ld" "-fuse-ld=lld" "-Wl,--eh-frame-hdr" "-Wl,-z,noexecstack" "-L" "<sysroot>/lib/rustlib/x86_64-unknown-linux-gnu/lib" "-o" "/opt/rustwide/target/release/deps/magika-4d7a089b5480d4f8" "-Wl,--gc-sections" "-pie" "-Wl,-z,relro,-z,now" "-Wl,-O1" "-Wl,--strip-debug" "-nodefaultlibs"
[INFO] [stdout]   = note: some arguments are omitted. use `--verbose` to show all linker arguments
[INFO] [stdout]   = note: rust-lld: error: undefined symbol: OrtGetApiBase
[INFO] [stdout]           >>> referenced by ort.a3f78855f5754546-cgu.07
[INFO] [stdout]           >>>               ort-21ef11e23133f083.ort.a3f78855f5754546-cgu.07.rcgu.o:(ort::setup_api) in archive /opt/rustwide/target/release/deps/libort-21ef11e23133f083.rlib
[INFO] [stdout]           
[INFO] [stdout]           rust-lld: error: undefined symbol: 
[INFO] [stdout]           
[INFO] [stdout]           The ort-sys crate could not link to ONNX Runtime because:
[INFO] [stdout]           	- `libonnxruntime` is not configured via `pkg-config`
[INFO] [stdout]           	- ort-sys was instructed not to download prebuilt binaries (`cargo build --offline`), or the `download-binaries` feature is not enabled
[INFO] [stdout]           	- Neither `ORT_LIB_PATH` or `ORT_IOS_XCFWK_PATH` (for iOS) were set to link to custom binaries
[INFO] [stdout]           
[INFO] [stdout]           To rectify this:
[INFO] [stdout]           	- Compile ONNX Runtime from source and manually configure linking (see https://ort.pyke.io/setup/linking for more information)
[INFO] [stdout]           	- Enable the `download-binaries` feature if the target is supported
[INFO] [stdout]           	- Enable ort's `alternative-backend` feature if you intend to use a different backend (or ort-sys' `disable-linking` feature if you use this crate directly)
[INFO] [stdout]           
[INFO] [stdout]           >>> referenced by ort_sys.e8f3b3e3023f210d-cgu.0
[INFO] [stdout]           >>>               ort_sys-9ddb925d6a4f7dbd.ort_sys.e8f3b3e3023f210d-cgu.0.rcgu.o:(ort_sys::link_error::X) in archive /opt/rustwide/target/release/deps/libort_sys-9ddb925d6a4f7dbd.rlib
[INFO] [stdout]           collect2: error: ld returned 1 exit status
[INFO] [stdout]           
[INFO] [stdout] 
[INFO] [stdout] 
[INFO] [stderr] error: could not compile `magika` (lib test) due to 1 previous error
[INFO] running `Command { std: "docker" "inspect" "9c50978e4d1e394de4ecba3ab089e27b79d96119e6b2378ef48c9f1dfd99dadc", kill_on_drop: false }`
[INFO] running `Command { std: "docker" "rm" "-f" "9c50978e4d1e394de4ecba3ab089e27b79d96119e6b2378ef48c9f1dfd99dadc", kill_on_drop: false }`
[INFO] [stdout] 9c50978e4d1e394de4ecba3ab089e27b79d96119e6b2378ef48c9f1dfd99dadc
