[INFO] fetching crate macula-mldsa 0.3.0...
[INFO] testing macula-mldsa-0.3.0 against 1.100.0-beta.1+cargoflags=--release for beta-release-1.100-2
[INFO] extracting crate macula-mldsa 0.3.0 into /workspace/builds/worker-3-tc2/source
[INFO] started tweaking crates.io crate macula-mldsa 0.3.0
[INFO] removed 0 missing examples
[INFO] removed 0 missing tests
[INFO] finished tweaking crates.io crate macula-mldsa 0.3.0
[INFO] tweaked toml for crates.io crate macula-mldsa 0.3.0 written to /workspace/builds/worker-3-tc2/source/Cargo.toml
[INFO] validating manifest of crates.io crate macula-mldsa 0.3.0 on toolchain 1.100.0-beta.1
[INFO] running `Command { std: CARGO_HOME="/workspace/cargo-home" RUSTUP_HOME="/workspace/rustup-home" "/workspace/cargo-home/bin/cargo" "+1.100.0-beta.1" "metadata" "--manifest-path" "Cargo.toml" "--no-deps", kill_on_drop: false }`
[INFO] crate crates.io crate macula-mldsa 0.3.0 already has a lockfile, it will not be regenerated
[INFO] running `Command { std: CARGO_HOME="/workspace/cargo-home" RUSTUP_HOME="/workspace/rustup-home" "/workspace/cargo-home/bin/cargo" "+1.100.0-beta.1" "fetch" "--manifest-path" "Cargo.toml", kill_on_drop: false }`
[INFO] running `Command { std: "docker" "create" "-v" "/var/lib/crater-agent-workspace/builds/worker-3-tc2/source:/opt/rustwide/workdir:ro,Z" "-v" "/var/lib/crater-agent-workspace/builds/worker-3-tc2/target:/opt/rustwide/target:rw,Z" "-v" "/var/lib/crater-agent-workspace/cargo-home:/opt/rustwide/cargo-home:ro,Z" "-v" "/var/lib/crater-agent-workspace/rustup-home:/opt/rustwide/rustup-home:ro,Z" "-m" "1610612736" "--network" "none" "ghcr.io/rust-lang/crates-build-env/linux@sha256:77db811e55d90add9212f6832c23229e3de5f1c1f9905e8cb07319ea15df73ac" "sleep" "infinity", kill_on_drop: false }`
[INFO] [stdout] 386c550950565ff7a03572b3e0ca149e39ea4ab264f67d73c94264061a6738ff
[INFO] running `Command { std: "docker" "start" "386c550950565ff7a03572b3e0ca149e39ea4ab264f67d73c94264061a6738ff", kill_on_drop: false }`
[INFO] running `Command { std: "docker" "inspect" "386c550950565ff7a03572b3e0ca149e39ea4ab264f67d73c94264061a6738ff", kill_on_drop: false }`
[INFO] running `Command { std: "docker" "exec" "-e" "SOURCE_DIR=/opt/rustwide/workdir" "-e" "CARGO_HOME=/opt/rustwide/cargo-home" "-e" "RUSTUP_HOME=/opt/rustwide/rustup-home" "-e" "CARGO_TARGET_DIR=/opt/rustwide/target" "-w" "/opt/rustwide/workdir" "--user" "0:0" "386c550950565ff7a03572b3e0ca149e39ea4ab264f67d73c94264061a6738ff" "/opt/rustwide/cargo-home/bin/cargo" "+1.100.0-beta.1" "metadata" "--no-deps" "--format-version=1", kill_on_drop: false }`
[INFO] running `Command { std: "docker" "inspect" "386c550950565ff7a03572b3e0ca149e39ea4ab264f67d73c94264061a6738ff", kill_on_drop: false }`
[INFO] running `Command { std: "docker" "exec" "-e" "SOURCE_DIR=/opt/rustwide/workdir" "-e" "CARGO_HOME=/opt/rustwide/cargo-home" "-e" "RUSTUP_HOME=/opt/rustwide/rustup-home" "-e" "CARGO_TARGET_DIR=/opt/rustwide/target" "-e" "CARGO_INCREMENTAL=0" "-e" "RUST_BACKTRACE=full" "-e" "RUSTFLAGS=--cap-lints=warn" "-e" "RUSTDOCFLAGS=--cap-lints=warn" "-w" "/opt/rustwide/workdir" "--user" "0:0" "386c550950565ff7a03572b3e0ca149e39ea4ab264f67d73c94264061a6738ff" "/opt/rustwide/cargo-home/bin/cargo" "+1.100.0-beta.1" "build" "--frozen" "--message-format=json" "--release", kill_on_drop: false }`
[INFO] [stderr]    Compiling libc v0.2.189
[INFO] [stderr]    Compiling getrandom v0.4.3
[INFO] [stderr]    Compiling macula-keccak v0.3.0
[INFO] [stderr]    Compiling macula-mldsa v0.3.0 (/opt/rustwide/workdir)
[INFO] [stderr]     Finished `release` profile [optimized] target(s) in 3.96s
[INFO] running `Command { std: "docker" "inspect" "386c550950565ff7a03572b3e0ca149e39ea4ab264f67d73c94264061a6738ff", kill_on_drop: false }`
[INFO] running `Command { std: "docker" "exec" "-e" "SOURCE_DIR=/opt/rustwide/workdir" "-e" "CARGO_HOME=/opt/rustwide/cargo-home" "-e" "RUSTUP_HOME=/opt/rustwide/rustup-home" "-e" "CARGO_TARGET_DIR=/opt/rustwide/target" "-e" "CARGO_INCREMENTAL=0" "-e" "RUST_BACKTRACE=full" "-e" "RUSTFLAGS=--cap-lints=warn" "-e" "RUSTDOCFLAGS=--cap-lints=warn" "-w" "/opt/rustwide/workdir" "--user" "0:0" "386c550950565ff7a03572b3e0ca149e39ea4ab264f67d73c94264061a6738ff" "/opt/rustwide/cargo-home/bin/cargo" "+1.100.0-beta.1" "test" "--frozen" "--no-run" "--message-format=json" "--release", kill_on_drop: false }`
[INFO] [stderr]    Compiling serde_core v1.0.229
[INFO] [stderr]    Compiling serde_json v1.0.151
[INFO] [stderr]    Compiling macula-mldsa v0.3.0 (/opt/rustwide/workdir)
[INFO] [stdout] error[E0603]: module `internal` is private
[INFO] [stdout]   --> tests/public_key.rs:11:5
[INFO] [stdout]    |
[INFO] [stdout] 11 |     internal, public_key, Error, ParameterSet, PrivateKey, ML_DSA_44, ML_DSA_65, ML_DSA_87,
[INFO] [stdout]    |     ^^^^^^^^ private module
[INFO] [stdout]    |
[INFO] [stdout] note: the module `internal` is defined here
[INFO] [stdout]   --> src/lib.rs:45:1
[INFO] [stdout]    |
[INFO] [stdout] 45 | mod internal;
[INFO] [stdout]    | ^^^^^^^^^^^^
[INFO] [stdout] 
[INFO] [stdout] 
[INFO] [stdout] error[E0603]: module `internal` is private
[INFO] [stdout]   --> tests/sign_verify.rs:11:5
[INFO] [stdout]    |
[INFO] [stdout] 11 |     internal, key_gen, sign, verify, Error, ParameterSet, PrivateKey, ML_DSA_44, ML_DSA_65,
[INFO] [stdout]    |     ^^^^^^^^ private module
[INFO] [stdout]    |
[INFO] [stdout] note: the module `internal` is defined here
[INFO] [stdout]   --> src/lib.rs:45:1
[INFO] [stdout]    |
[INFO] [stdout] 45 | mod internal;
[INFO] [stdout]    | ^^^^^^^^^^^^
[INFO] [stdout] 
[INFO] [stdout] 
[INFO] [stdout] error[E0603]: module `internal` is private
[INFO] [stdout]   --> tests/heap_residue.rs:32:20
[INFO] [stdout]    |
[INFO] [stdout] 32 | use macula_mldsa::{internal, ParameterSet, PrivateKey, ML_DSA_44, ML_DSA_65, ML_DSA_87};
[INFO] [stdout]    |                    ^^^^^^^^ private module
[INFO] [stdout]    |
[INFO] [stdout] note: the module `internal` is defined here
[INFO] [stdout]   --> src/lib.rs:45:1
[INFO] [stdout]    |
[INFO] [stdout] 45 | mod internal;
[INFO] [stdout]    | ^^^^^^^^^^^^
[INFO] [stdout] 
[INFO] [stdout] 
[INFO] [stdout] error[E0603]: module `internal` is private
[INFO] [stdout]   --> examples/otp_signature_interop.rs:38:5
[INFO] [stdout]    |
[INFO] [stdout] 38 |     internal, public_key, sign, verify, ParameterSet, PrivateKey, ML_DSA_44, ML_DSA_65, ML_DSA_87,
[INFO] [stdout]    |     ^^^^^^^^ private module
[INFO] [stdout]    |
[INFO] [stdout] note: the module `internal` is defined here
[INFO] [stdout]   --> src/lib.rs:45:1
[INFO] [stdout]    |
[INFO] [stdout] 45 | mod internal;
[INFO] [stdout]    | ^^^^^^^^^^^^
[INFO] [stdout] 
[INFO] [stdout] 
[INFO] [stdout] For more information about this error, try `rustc --explain E0603`.
[INFO] [stdout] 
[INFO] [stderr] error: could not compile `macula-mldsa` (test "public_key") due to 1 previous error
[INFO] [stderr] warning: build failed, waiting for other jobs to finish...
[INFO] [stdout] error[E0432]: unresolved import `macula_mldsa::internal::sign_mu_counting_attempts`
[INFO] [stdout]   --> examples/signing_timing.rs:74:39
[INFO] [stdout]    |
[INFO] [stdout] 74 | use macula_mldsa::internal::{key_gen, sign_mu_counting_attempts};
[INFO] [stdout]    |                                       ^^^^^^^^^^^^^^^^^^^^^^^^^ no `sign_mu_counting_attempts` in `internal`
[INFO] [stdout] 
[INFO] [stdout] 
[INFO] [stdout] error[E0603]: module `internal` is private
[INFO] [stdout]   --> examples/signing_timing.rs:74:19
[INFO] [stdout]    |
[INFO] [stdout] 74 | use macula_mldsa::internal::{key_gen, sign_mu_counting_attempts};
[INFO] [stdout]    |                   ^^^^^^^^   ------- function `key_gen` is not publicly re-exported
[INFO] [stdout]    |                   |
[INFO] [stdout]    |                   private module
[INFO] [stdout]    |
[INFO] [stdout] note: the module `internal` is defined here
[INFO] [stdout]   --> src/lib.rs:45:1
[INFO] [stdout]    |
[INFO] [stdout] 45 | mod internal;
[INFO] [stdout]    | ^^^^^^^^^^^^
[INFO] [stdout] 
[INFO] [stdout] 
[INFO] [stdout] error[E0603]: module `internal` is private
[INFO] [stdout]   --> examples/signing_timing.rs:74:19
[INFO] [stdout]    |
[INFO] [stdout] 74 | use macula_mldsa::internal::{key_gen, sign_mu_counting_attempts};
[INFO] [stdout]    |                   ^^^^^^^^ private module
[INFO] [stdout]    |
[INFO] [stdout] note: the module `internal` is defined here
[INFO] [stdout]   --> src/lib.rs:45:1
[INFO] [stdout]    |
[INFO] [stdout] 45 | mod internal;
[INFO] [stdout]    | ^^^^^^^^^^^^
[INFO] [stdout] 
[INFO] [stdout] 
[INFO] [stdout] For more information about this error, try `rustc --explain E0603`.
[INFO] [stdout] 
[INFO] [stdout] For more information about this error, try `rustc --explain E0603`.
[INFO] [stdout] 
[INFO] [stderr] error: could not compile `macula-mldsa` (test "sign_verify") due to 1 previous error
[INFO] [stderr] error: could not compile `macula-mldsa` (test "heap_residue") due to 1 previous error
[INFO] [stdout] For more information about this error, try `rustc --explain E0603`.
[INFO] [stdout] 
[INFO] [stderr] error: could not compile `macula-mldsa` (example "otp_signature_interop") due to 1 previous error
[INFO] [stdout] Some errors have detailed explanations: E0432, E0603.
[INFO] [stdout] 
[INFO] [stdout] For more information about an error, try `rustc --explain E0432`.
[INFO] [stdout] 
[INFO] [stderr] error: could not compile `macula-mldsa` (example "signing_timing") due to 3 previous errors
[INFO] running `Command { std: "docker" "inspect" "386c550950565ff7a03572b3e0ca149e39ea4ab264f67d73c94264061a6738ff", kill_on_drop: false }`
[INFO] running `Command { std: "docker" "rm" "-f" "386c550950565ff7a03572b3e0ca149e39ea4ab264f67d73c94264061a6738ff", kill_on_drop: false }`
[INFO] [stdout] 386c550950565ff7a03572b3e0ca149e39ea4ab264f67d73c94264061a6738ff
