[INFO] fetching crate macos-accessibility-client 0.0.2...
[INFO] testing macos-accessibility-client-0.0.2 against 1.100.0-beta.1+cargoflags=--release for beta-release-1.100-2
[INFO] extracting crate macos-accessibility-client 0.0.2 into /workspace/builds/worker-0-tc2/source
[INFO] started tweaking crates.io crate macos-accessibility-client 0.0.2
[INFO] finished tweaking crates.io crate macos-accessibility-client 0.0.2
[INFO] tweaked toml for crates.io crate macos-accessibility-client 0.0.2 written to /workspace/builds/worker-0-tc2/source/Cargo.toml
[INFO] validating manifest of crates.io crate macos-accessibility-client 0.0.2 on toolchain 1.100.0-beta.1
[INFO] running `Command { std: CARGO_HOME="/workspace/cargo-home" RUSTUP_HOME="/workspace/rustup-home" "/workspace/cargo-home/bin/cargo" "+1.100.0-beta.1" "metadata" "--manifest-path" "Cargo.toml" "--no-deps", kill_on_drop: false }`
[INFO] crate crates.io crate macos-accessibility-client 0.0.2 already has a lockfile, it will not be regenerated
[INFO] running `Command { std: CARGO_HOME="/workspace/cargo-home" RUSTUP_HOME="/workspace/rustup-home" "/workspace/cargo-home/bin/cargo" "+1.100.0-beta.1" "fetch" "--manifest-path" "Cargo.toml", kill_on_drop: false }`
[INFO] running `Command { std: "docker" "create" "-v" "/var/lib/crater-agent-workspace/builds/worker-0-tc2/source:/opt/rustwide/workdir:ro,Z" "-v" "/var/lib/crater-agent-workspace/builds/worker-0-tc2/target:/opt/rustwide/target:rw,Z" "-v" "/var/lib/crater-agent-workspace/cargo-home:/opt/rustwide/cargo-home:ro,Z" "-v" "/var/lib/crater-agent-workspace/rustup-home:/opt/rustwide/rustup-home:ro,Z" "-m" "1610612736" "--network" "none" "ghcr.io/rust-lang/crates-build-env/linux@sha256:77db811e55d90add9212f6832c23229e3de5f1c1f9905e8cb07319ea15df73ac" "sleep" "infinity", kill_on_drop: false }`
[INFO] [stdout] c37f07564fcde5cdde7ffb8a19202ac5d914539833a9e7628c192ef27281ff62
[INFO] running `Command { std: "docker" "start" "c37f07564fcde5cdde7ffb8a19202ac5d914539833a9e7628c192ef27281ff62", kill_on_drop: false }`
[INFO] running `Command { std: "docker" "inspect" "c37f07564fcde5cdde7ffb8a19202ac5d914539833a9e7628c192ef27281ff62", kill_on_drop: false }`
[INFO] running `Command { std: "docker" "exec" "-e" "SOURCE_DIR=/opt/rustwide/workdir" "-e" "CARGO_HOME=/opt/rustwide/cargo-home" "-e" "RUSTUP_HOME=/opt/rustwide/rustup-home" "-e" "CARGO_TARGET_DIR=/opt/rustwide/target" "-w" "/opt/rustwide/workdir" "--user" "0:0" "c37f07564fcde5cdde7ffb8a19202ac5d914539833a9e7628c192ef27281ff62" "/opt/rustwide/cargo-home/bin/cargo" "+1.100.0-beta.1" "metadata" "--no-deps" "--format-version=1", kill_on_drop: false }`
[INFO] running `Command { std: "docker" "inspect" "c37f07564fcde5cdde7ffb8a19202ac5d914539833a9e7628c192ef27281ff62", kill_on_drop: false }`
[INFO] running `Command { std: "docker" "exec" "-e" "SOURCE_DIR=/opt/rustwide/workdir" "-e" "CARGO_HOME=/opt/rustwide/cargo-home" "-e" "RUSTUP_HOME=/opt/rustwide/rustup-home" "-e" "CARGO_TARGET_DIR=/opt/rustwide/target" "-e" "CARGO_INCREMENTAL=0" "-e" "RUST_BACKTRACE=full" "-e" "RUSTFLAGS=--cap-lints=warn" "-e" "RUSTDOCFLAGS=--cap-lints=warn" "-w" "/opt/rustwide/workdir" "--user" "0:0" "c37f07564fcde5cdde7ffb8a19202ac5d914539833a9e7628c192ef27281ff62" "/opt/rustwide/cargo-home/bin/cargo" "+1.100.0-beta.1" "build" "--frozen" "--message-format=json" "--release", kill_on_drop: false }`
[INFO] [stderr]    Compiling libc v0.2.180
[INFO] [stderr]    Compiling macos-accessibility-client v0.0.2 (/opt/rustwide/workdir)
[INFO] [stderr]    Compiling core-foundation-sys v0.8.7
[INFO] [stderr]    Compiling core-foundation v0.10.1
[INFO] [stderr]     Finished `release` profile [optimized] target(s) in 2.45s
[INFO] running `Command { std: "docker" "inspect" "c37f07564fcde5cdde7ffb8a19202ac5d914539833a9e7628c192ef27281ff62", kill_on_drop: false }`
[INFO] running `Command { std: "docker" "exec" "-e" "SOURCE_DIR=/opt/rustwide/workdir" "-e" "CARGO_HOME=/opt/rustwide/cargo-home" "-e" "RUSTUP_HOME=/opt/rustwide/rustup-home" "-e" "CARGO_TARGET_DIR=/opt/rustwide/target" "-e" "CARGO_INCREMENTAL=0" "-e" "RUST_BACKTRACE=full" "-e" "RUSTFLAGS=--cap-lints=warn" "-e" "RUSTDOCFLAGS=--cap-lints=warn" "-w" "/opt/rustwide/workdir" "--user" "0:0" "c37f07564fcde5cdde7ffb8a19202ac5d914539833a9e7628c192ef27281ff62" "/opt/rustwide/cargo-home/bin/cargo" "+1.100.0-beta.1" "test" "--frozen" "--no-run" "--message-format=json" "--release", kill_on_drop: false }`
[INFO] [stderr]    Compiling macos-accessibility-client v0.0.2 (/opt/rustwide/workdir)
[INFO] [stdout] error: linking with `cc` failed: exit status: 1
[INFO] [stdout]   |
[INFO] [stdout]   = note:  "cc" "-m64" "/opt/rustwide/target/release/build/macos-accessibility-client/efea423f46a15e7f/out/rustcsgNwyG/symbols.o" "<2 object files omitted>" "-Wl,--as-needed" "-Wl,-Bstatic" "<sysroot>/lib/rustlib/x86_64-unknown-linux-gnu/lib/{libtest-*,libgetopts-*,librustc_std_workspace_std-*}.rlib" "/opt/rustwide/target/release/build/core-foundation/dbe25bdc9382ab7b/out/libcore_foundation-dbe25bdc9382ab7b.rlib" "/opt/rustwide/target/release/build/libc/6e32314a1a8360bf/out/liblibc-6e32314a1a8360bf.rlib" "/opt/rustwide/target/release/build/core-foundation-sys/2f979499bf1765ad/out/libcore_foundation_sys-2f979499bf1765ad.rlib" "<sysroot>/lib/rustlib/x86_64-unknown-linux-gnu/lib/{libstd-*,libpanic_unwind-*,libobject-*,libmemchr-*,libaddr2line-*,libgimli-*,libcfg_if-*,librustc_demangle-*,libstd_detect-*,libhashbrown-*,librustc_std_workspace_alloc-*,libminiz_oxide-*,libadler2-*,libunwind-*,liblibc-*,librustc_std_workspace_core-*,liballoc-*,libcore-*,libcompiler_builtins-*}.rlib" "-Wl,-Bdynamic" "-lgcc_s" "-lutil" "-lrt" "-lpthread" "-lm" "-ldl" "-lc" "-L" "/opt/rustwide/target/release/build/macos-accessibility-client/efea423f46a15e7f/out/rustcsgNwyG/raw-dylibs" "-B<sysroot>/lib/rustlib/x86_64-unknown-linux-gnu/bin/gcc-ld" "-fuse-ld=lld" "-Wl,--eh-frame-hdr" "-Wl,-z,noexecstack" "-L" "<sysroot>/lib/rustlib/x86_64-unknown-linux-gnu/lib" "-o" "/opt/rustwide/target/release/build/macos-accessibility-client/efea423f46a15e7f/out/macos_accessibility_client-efea423f46a15e7f" "-Wl,--gc-sections" "-pie" "-Wl,-z,relro,-z,now" "-Wl,-O1" "-Wl,--strip-debug" "-nodefaultlibs"
[INFO] [stdout]   = note: some arguments are omitted. use `--verbose` to show all linker arguments
[INFO] [stdout]   = note: rust-lld: error: undefined symbol: kCFAllocatorDefault
[INFO] [stdout]           >>> referenced by macos_accessibility_client.1dd93b8b18309da1-cgu.0
[INFO] [stdout]           >>>               /opt/rustwide/target/release/build/macos-accessibility-client/efea423f46a15e7f/out/macos_accessibility_client-efea423f46a15e7f.macos_accessibility_client.1dd93b8b18309da1-cgu.0.rcgu.o:(<core_foundation::dictionary::CFDictionary<core_foundation::string::CFString, core_foundation::boolean::CFBoolean>>::from_CFType_pairs)
[INFO] [stdout]           
[INFO] [stdout]           rust-lld: error: undefined symbol: kCFTypeDictionaryKeyCallBacks
[INFO] [stdout]           >>> referenced by macos_accessibility_client.1dd93b8b18309da1-cgu.0
[INFO] [stdout]           >>>               /opt/rustwide/target/release/build/macos-accessibility-client/efea423f46a15e7f/out/macos_accessibility_client-efea423f46a15e7f.macos_accessibility_client.1dd93b8b18309da1-cgu.0.rcgu.o:(<core_foundation::dictionary::CFDictionary<core_foundation::string::CFString, core_foundation::boolean::CFBoolean>>::from_CFType_pairs)
[INFO] [stdout]           
[INFO] [stdout]           rust-lld: error: undefined symbol: kCFTypeDictionaryValueCallBacks
[INFO] [stdout]           >>> referenced by macos_accessibility_client.1dd93b8b18309da1-cgu.0
[INFO] [stdout]           >>>               /opt/rustwide/target/release/build/macos-accessibility-client/efea423f46a15e7f/out/macos_accessibility_client-efea423f46a15e7f.macos_accessibility_client.1dd93b8b18309da1-cgu.0.rcgu.o:(<core_foundation::dictionary::CFDictionary<core_foundation::string::CFString, core_foundation::boolean::CFBoolean>>::from_CFType_pairs)
[INFO] [stdout]           
[INFO] [stdout]           rust-lld: error: undefined symbol: CFDictionaryCreate
[INFO] [stdout]           >>> referenced by macos_accessibility_client.1dd93b8b18309da1-cgu.0
[INFO] [stdout]           >>>               /opt/rustwide/target/release/build/macos-accessibility-client/efea423f46a15e7f/out/macos_accessibility_client-efea423f46a15e7f.macos_accessibility_client.1dd93b8b18309da1-cgu.0.rcgu.o:(<core_foundation::dictionary::CFDictionary<core_foundation::string::CFString, core_foundation::boolean::CFBoolean>>::from_CFType_pairs)
[INFO] [stdout]           
[INFO] [stdout]           rust-lld: error: undefined symbol: AXIsProcessTrusted
[INFO] [stdout]           >>> referenced by macos_accessibility_client.1dd93b8b18309da1-cgu.0
[INFO] [stdout]           >>>               /opt/rustwide/target/release/build/macos-accessibility-client/efea423f46a15e7f/out/macos_accessibility_client-efea423f46a15e7f.macos_accessibility_client.1dd93b8b18309da1-cgu.0.rcgu.o:(<macos_accessibility_client::tests::test_application_is_trusted::{closure#0} as core::ops::function::FnOnce<()>>::call_once)
[INFO] [stdout]           
[INFO] [stdout]           rust-lld: error: undefined symbol: kAXTrustedCheckOptionPrompt
[INFO] [stdout]           >>> referenced by macos_accessibility_client.1dd93b8b18309da1-cgu.0
[INFO] [stdout]           >>>               /opt/rustwide/target/release/build/macos-accessibility-client/efea423f46a15e7f/out/macos_accessibility_client-efea423f46a15e7f.macos_accessibility_client.1dd93b8b18309da1-cgu.0.rcgu.o:(<macos_accessibility_client::tests::test_application_is_trusted_with_prompt::{closure#0} as core::ops::function::FnOnce<()>>::call_once)
[INFO] [stdout]           
[INFO] [stdout]           rust-lld: error: undefined symbol: CFRetain
[INFO] [stdout]           >>> referenced by macos_accessibility_client.1dd93b8b18309da1-cgu.0
[INFO] [stdout]           >>>               /opt/rustwide/target/release/build/macos-accessibility-client/efea423f46a15e7f/out/macos_accessibility_client-efea423f46a15e7f.macos_accessibility_client.1dd93b8b18309da1-cgu.0.rcgu.o:(<macos_accessibility_client::tests::test_application_is_trusted_with_prompt::{closure#0} as core::ops::function::FnOnce<()>>::call_once)
[INFO] [stdout]           >>> referenced by core_foundation.5cbaf96936c38464-cgu.0
[INFO] [stdout]           >>>               core_foundation-dbe25bdc9382ab7b.core_foundation.5cbaf96936c38464-cgu.0.rcgu.o:(<core_foundation::boolean::CFBoolean>::true_value) in archive /opt/rustwide/target/release/build/core-foundation/dbe25bdc9382ab7b/out/libcore_foundation-dbe25bdc9382ab7b.rlib
[INFO] [stdout]           
[INFO] [stdout]           rust-lld: error: undefined symbol: AXIsProcessTrustedWithOptions
[INFO] [stdout]           >>> referenced by macos_accessibility_client.1dd93b8b18309da1-cgu.0
[INFO] [stdout]           >>>               /opt/rustwide/target/release/build/macos-accessibility-client/efea423f46a15e7f/out/macos_accessibility_client-efea423f46a15e7f.macos_accessibility_client.1dd93b8b18309da1-cgu.0.rcgu.o:(<macos_accessibility_client::tests::test_application_is_trusted_with_prompt::{closure#0} as core::ops::function::FnOnce<()>>::call_once)
[INFO] [stdout]           
[INFO] [stdout]           rust-lld: error: undefined symbol: CFRelease
[INFO] [stdout]           >>> referenced by macos_accessibility_client.1dd93b8b18309da1-cgu.0
[INFO] [stdout]           >>>               /opt/rustwide/target/release/build/macos-accessibility-client/efea423f46a15e7f/out/macos_accessibility_client-efea423f46a15e7f.macos_accessibility_client.1dd93b8b18309da1-cgu.0.rcgu.o:(<macos_accessibility_client::tests::test_application_is_trusted_with_prompt::{closure#0} as core::ops::function::FnOnce<()>>::call_once)
[INFO] [stdout]           >>> referenced by macos_accessibility_client.1dd93b8b18309da1-cgu.0
[INFO] [stdout]           >>>               /opt/rustwide/target/release/build/macos-accessibility-client/efea423f46a15e7f/out/macos_accessibility_client-efea423f46a15e7f.macos_accessibility_client.1dd93b8b18309da1-cgu.0.rcgu.o:(<macos_accessibility_client::tests::test_application_is_trusted_with_prompt::{closure#0} as core::ops::function::FnOnce<()>>::call_once)
[INFO] [stdout]           >>> referenced by core_foundation.5cbaf96936c38464-cgu.0
[INFO] [stdout]           >>>               core_foundation-dbe25bdc9382ab7b.core_foundation.5cbaf96936c38464-cgu.0.rcgu.o:(<core_foundation::characterset::CFCharacterSet as core::ops::drop::Drop>::drop) in archive /opt/rustwide/target/release/build/core-foundation/dbe25bdc9382ab7b/out/libcore_foundation-dbe25bdc9382ab7b.rlib
[INFO] [stdout]           
[INFO] [stdout]           rust-lld: error: undefined symbol: kCFBooleanTrue
[INFO] [stdout]           >>> referenced by core_foundation.5cbaf96936c38464-cgu.0
[INFO] [stdout]           >>>               core_foundation-dbe25bdc9382ab7b.core_foundation.5cbaf96936c38464-cgu.0.rcgu.o:(<core_foundation::boolean::CFBoolean>::true_value) in archive /opt/rustwide/target/release/build/core-foundation/dbe25bdc9382ab7b/out/libcore_foundation-dbe25bdc9382ab7b.rlib
[INFO] [stdout]           collect2: error: ld returned 1 exit status
[INFO] [stdout]           
[INFO] [stdout] 
[INFO] [stdout] 
[INFO] [stderr] error: could not compile `macos-accessibility-client` (lib test) due to 1 previous error
[INFO] running `Command { std: "docker" "inspect" "c37f07564fcde5cdde7ffb8a19202ac5d914539833a9e7628c192ef27281ff62", kill_on_drop: false }`
[INFO] running `Command { std: "docker" "rm" "-f" "c37f07564fcde5cdde7ffb8a19202ac5d914539833a9e7628c192ef27281ff62", kill_on_drop: false }`
[INFO] [stdout] c37f07564fcde5cdde7ffb8a19202ac5d914539833a9e7628c192ef27281ff62
