[INFO] fetching crate macmon 0.10.0...
[INFO] testing macmon-0.10.0 against 1.99.0-beta.8+cargoflags=--release for beta-release-1.100-2
[INFO] extracting crate macmon 0.10.0 into /workspace/builds/worker-2-tc1/source
[INFO] started tweaking crates.io crate macmon 0.10.0
[INFO] removed 0 missing examples
[INFO] finished tweaking crates.io crate macmon 0.10.0
[INFO] tweaked toml for crates.io crate macmon 0.10.0 written to /workspace/builds/worker-2-tc1/source/Cargo.toml
[INFO] validating manifest of crates.io crate macmon 0.10.0 on toolchain 1.99.0-beta.8
[INFO] running `Command { std: CARGO_HOME="/workspace/cargo-home" RUSTUP_HOME="/workspace/rustup-home" "/workspace/cargo-home/bin/cargo" "+1.99.0-beta.8" "metadata" "--manifest-path" "Cargo.toml" "--no-deps", kill_on_drop: false }`
[INFO] crate crates.io crate macmon 0.10.0 already has a lockfile, it will not be regenerated
[INFO] running `Command { std: CARGO_HOME="/workspace/cargo-home" RUSTUP_HOME="/workspace/rustup-home" "/workspace/cargo-home/bin/cargo" "+1.99.0-beta.8" "fetch" "--manifest-path" "Cargo.toml", kill_on_drop: false }`
[INFO] [stderr]     Updating crates.io index
[INFO] [stderr]  Downloading crates ...
[INFO] [stderr]   Downloaded fast-srgb8 v1.0.0
[INFO] [stderr]   Downloaded palette_derive v0.7.6
[INFO] [stderr]   Downloaded serde-inline-default v1.0.2
[INFO] [stderr]   Downloaded palette v0.7.6
[INFO] [stderr]   Downloaded ratatui-termion v0.1.2
[INFO] [stderr]   Downloaded termion v4.0.6
[INFO] running `Command { std: "docker" "create" "-v" "/var/lib/crater-agent-workspace/builds/worker-2-tc1/source:/opt/rustwide/workdir:ro,Z" "-v" "/var/lib/crater-agent-workspace/builds/worker-2-tc1/target:/opt/rustwide/target:rw,Z" "-v" "/var/lib/crater-agent-workspace/cargo-home:/opt/rustwide/cargo-home:ro,Z" "-v" "/var/lib/crater-agent-workspace/rustup-home:/opt/rustwide/rustup-home:ro,Z" "-m" "1610612736" "--network" "none" "ghcr.io/rust-lang/crates-build-env/linux@sha256:77db811e55d90add9212f6832c23229e3de5f1c1f9905e8cb07319ea15df73ac" "sleep" "infinity", kill_on_drop: false }`
[INFO] [stdout] a75cf9d4c1a17b2ea89e5da993e116eb7fbbec4cd3728b6b37a91fa02a8a5c34
[INFO] running `Command { std: "docker" "start" "a75cf9d4c1a17b2ea89e5da993e116eb7fbbec4cd3728b6b37a91fa02a8a5c34", kill_on_drop: false }`
[INFO] running `Command { std: "docker" "inspect" "a75cf9d4c1a17b2ea89e5da993e116eb7fbbec4cd3728b6b37a91fa02a8a5c34", kill_on_drop: false }`
[INFO] running `Command { std: "docker" "exec" "-e" "SOURCE_DIR=/opt/rustwide/workdir" "-e" "CARGO_HOME=/opt/rustwide/cargo-home" "-e" "RUSTUP_HOME=/opt/rustwide/rustup-home" "-e" "CARGO_TARGET_DIR=/opt/rustwide/target" "-w" "/opt/rustwide/workdir" "--user" "0:0" "a75cf9d4c1a17b2ea89e5da993e116eb7fbbec4cd3728b6b37a91fa02a8a5c34" "/opt/rustwide/cargo-home/bin/cargo" "+1.99.0-beta.8" "metadata" "--no-deps" "--format-version=1", kill_on_drop: false }`
[INFO] running `Command { std: "docker" "inspect" "a75cf9d4c1a17b2ea89e5da993e116eb7fbbec4cd3728b6b37a91fa02a8a5c34", kill_on_drop: false }`
[INFO] running `Command { std: "docker" "exec" "-e" "SOURCE_DIR=/opt/rustwide/workdir" "-e" "CARGO_HOME=/opt/rustwide/cargo-home" "-e" "RUSTUP_HOME=/opt/rustwide/rustup-home" "-e" "CARGO_TARGET_DIR=/opt/rustwide/target" "-e" "CARGO_INCREMENTAL=0" "-e" "RUST_BACKTRACE=full" "-e" "RUSTFLAGS=--cap-lints=warn" "-e" "RUSTDOCFLAGS=--cap-lints=warn" "-w" "/opt/rustwide/workdir" "--user" "0:0" "a75cf9d4c1a17b2ea89e5da993e116eb7fbbec4cd3728b6b37a91fa02a8a5c34" "/opt/rustwide/cargo-home/bin/cargo" "+1.99.0-beta.8" "build" "--frozen" "--message-format=json" "--release", kill_on_drop: false }`
[INFO] [stderr]    Compiling proc-macro2 v1.0.107
[INFO] [stderr]    Compiling unicode-ident v1.0.26
[INFO] [stderr]    Compiling quote v1.0.47
[INFO] [stderr]    Compiling libc v0.2.190
[INFO] [stderr]    Compiling serde_core v1.0.229
[INFO] [stderr]    Compiling rustversion v1.0.23
[INFO] [stderr]    Compiling allocator-api2 v0.2.21
[INFO] [stderr]    Compiling cfg-if v1.0.4
[INFO] [stderr]    Compiling serde v1.0.229
[INFO] [stderr]    Compiling foldhash v0.2.0
[INFO] [stderr]    Compiling equivalent v1.0.2
[INFO] [stderr]    Compiling heck v0.5.0
[INFO] [stderr]    Compiling strsim v0.11.1
[INFO] [stderr]    Compiling thiserror v2.0.19
[INFO] [stderr]    Compiling ident_case v1.0.1
[INFO] [stderr]    Compiling itoa v1.0.18
[INFO] [stderr]    Compiling either v1.16.0
[INFO] [stderr]    Compiling unicode-segmentation v1.13.3
[INFO] [stderr]    Compiling signal-hook v0.3.18
[INFO] [stderr]    Compiling parking_lot_core v0.9.12
[INFO] [stderr]    Compiling instability v0.3.12
[INFO] [stderr]    Compiling unicode-width v0.2.2
[INFO] [stderr]    Compiling static_assertions v1.1.0
[INFO] [stderr]    Compiling ryu v1.0.23
[INFO] [stderr]    Compiling scopeguard v1.2.0
[INFO] [stderr]    Compiling rustix v1.1.4
[INFO] [stderr]    Compiling indoc v2.0.7
[INFO] [stderr]    Compiling smallvec v1.15.2
[INFO] [stderr]    Compiling log v0.4.33
[INFO] [stderr]    Compiling itertools v0.14.0
[INFO] [stderr]    Compiling critical-section v1.2.0
[INFO] [stderr]    Compiling hashbrown v0.16.1
[INFO] [stderr]    Compiling hashbrown v0.17.1
[INFO] [stderr]    Compiling lock_api v0.4.14
[INFO] [stderr]    Compiling time-core v0.1.9
[INFO] [stderr]    Compiling utf8parse v0.2.2
[INFO] [stderr]    Compiling powerfmt v0.2.0
[INFO] [stderr]    Compiling num_threads v0.1.7
[INFO] [stderr]    Compiling num-conv v0.2.2
[INFO] [stderr]    Compiling deranged v0.5.8
[INFO] [stderr]    Compiling autocfg v1.5.1
[INFO] [stderr]    Compiling litrs v1.0.0
[INFO] [stderr]    Compiling linux-raw-sys v0.12.1
[INFO] [stderr]    Compiling castaway v0.2.4
[INFO] [stderr]    Compiling convert_case v0.10.0
[INFO] [stderr]    Compiling anstyle-parse v1.0.0
[INFO] [stderr]    Compiling colorchoice v1.0.5
[INFO] [stderr]    Compiling anstyle-query v1.1.5
[INFO] [stderr]    Compiling zmij v1.0.23
[INFO] [stderr]    Compiling anstyle v1.0.14
[INFO] [stderr]    Compiling is_terminal_polyfill v1.70.2
[INFO] [stderr]    Compiling clap_lex v1.1.1
[INFO] [stderr]    Compiling serde_json v1.0.151
[INFO] [stderr]    Compiling num-traits v0.2.19
[INFO] [stderr]    Compiling anstream v1.0.0
[INFO] [stderr]    Compiling syn v3.0.6
[INFO] [stderr]    Compiling syn v2.0.119
[INFO] [stderr]    Compiling core-foundation-sys v0.8.7
[INFO] [stderr]    Compiling memchr v2.8.3
[INFO] [stderr]    Compiling iana-time-zone v0.1.65
[INFO] [stderr]    Compiling clap_builder v4.6.7
[INFO] [stderr]    Compiling document-features v0.2.12
[INFO] [stderr]    Compiling chrono v0.4.45
[INFO] [stderr]    Compiling lru v0.18.0
[INFO] [stderr]    Compiling errno v0.3.14
[INFO] [stderr]    Compiling mio v1.2.2
[INFO] [stderr]    Compiling time v0.3.53
[INFO] [stderr]    Compiling core-foundation v0.10.1
[INFO] [stderr]    Compiling signal-hook-registry v1.4.8
[INFO] [stderr]    Compiling parking_lot v0.12.5
[INFO] [stderr]    Compiling signal-hook-mio v0.2.5
[INFO] [stderr]    Compiling unicode-truncate v2.0.1
[INFO] [stderr]    Compiling bitflags v2.13.1
[INFO] [stderr]    Compiling line-clipping v0.3.7
[INFO] [stderr]    Compiling darling_core v0.23.0
[INFO] [stderr]    Compiling serde_derive v1.0.229
[INFO] [stderr]    Compiling thiserror-impl v2.0.19
[INFO] [stderr]    Compiling strum_macros v0.28.0
[INFO] [stderr]    Compiling derive_more-impl v2.1.1
[INFO] [stderr]    Compiling clap_derive v4.6.7
[INFO] [stderr]    Compiling serde-inline-default v1.0.2
[INFO] [stderr]    Compiling derive_more v2.1.1
[INFO] [stderr]    Compiling kasuari v0.4.12
[INFO] [stderr]    Compiling strum v0.28.0
[INFO] [stderr]    Compiling clap v4.6.7
[INFO] [stderr]    Compiling darling_macro v0.23.0
[INFO] [stderr]    Compiling darling v0.23.0
[INFO] [stderr]    Compiling compact_str v0.9.1
[INFO] [stderr]    Compiling crossterm v0.29.0
[INFO] [stderr]    Compiling ratatui-core v0.1.2
[INFO] [stderr]    Compiling ratatui-widgets v0.3.2
[INFO] [stderr]    Compiling ratatui-crossterm v0.1.2
[INFO] [stderr]    Compiling ratatui-macros v0.7.2
[INFO] [stderr]    Compiling ratatui v0.30.2
[INFO] [stderr]    Compiling macmon v0.10.0 (/opt/rustwide/workdir)
[INFO] [stdout] error[E0425]: cannot find function `mach_host_self` in crate `libc`
[INFO] [stdout]    --> src/sources.rs:390:22
[INFO] [stdout]     |
[INFO] [stdout] 390 |     let host = libc::mach_host_self();
[INFO] [stdout]     |                      ^^^^^^^^^^^^^^ not found in `libc`
[INFO] [stdout] 
[INFO] [stdout] 
[INFO] [stdout] error[E0425]: cannot find function `host_processor_info` in crate `libc`
[INFO] [stdout]    --> src/sources.rs:391:11
[INFO] [stdout]     |
[INFO] [stdout] 391 |     libc::host_processor_info(
[INFO] [stdout]     |           ^^^^^^^^^^^^^^^^^^^ not found in `libc`
[INFO] [stdout] 
[INFO] [stdout] 
[INFO] [stdout] error[E0425]: cannot find value `PROCESSOR_CPU_LOAD_INFO` in crate `libc`
[INFO] [stdout]    --> src/sources.rs:393:13
[INFO] [stdout]     |
[INFO] [stdout] 393 |       libc::PROCESSOR_CPU_LOAD_INFO,
[INFO] [stdout]     |             ^^^^^^^^^^^^^^^^^^^^^^^ not found in `libc`
[INFO] [stdout] 
[INFO] [stdout] 
[INFO] [stdout] error[E0425]: cannot find function `vm_deallocate` in crate `libc`
[INFO] [stdout]    --> src/sources.rs:407:11
[INFO] [stdout]     |
[INFO] [stdout] 407 |     libc::vm_deallocate(
[INFO] [stdout]     |           ^^^^^^^^^^^^^ not found in `libc`
[INFO] [stdout] 
[INFO] [stdout] 
[INFO] [stdout] error[E0425]: cannot find function `mach_task_self` in crate `libc`
[INFO] [stdout]    --> src/sources.rs:408:13
[INFO] [stdout]     |
[INFO] [stdout] 408 |       libc::mach_task_self(),
[INFO] [stdout]     |             ^^^^^^^^^^^^^^ not found in `libc`
[INFO] [stdout] 
[INFO] [stdout] 
[INFO] [stdout] error[E0425]: cannot find value `CTL_HW` in crate `libc`
[INFO] [stdout]     --> src/sources.rs:423:27
[INFO] [stdout]      |
[INFO] [stdout]  423 |     let mut name = [libc::CTL_HW, libc::HW_MEMSIZE];
[INFO] [stdout]      |                           ^^^^^^
[INFO] [stdout]      |
[INFO] [stdout]     ::: /opt/rustwide/cargo-home/registry/src/index.crates.io-1949cf8c6b5b557f/libc-0.2.190/src/unix/linux_like/linux/mod.rs:3074:1
[INFO] [stdout]      |
[INFO] [stdout] 3074 | pub const CTL_FS: c_int = 5;
[INFO] [stdout]      | ----------------------- similarly named constant `CTL_FS` defined here
[INFO] [stdout]      |
[INFO] [stdout] help: a constant with a similar name exists
[INFO] [stdout]      |
[INFO] [stdout]  423 -     let mut name = [libc::CTL_HW, libc::HW_MEMSIZE];
[INFO] [stdout]  423 +     let mut name = [libc::CTL_FS, libc::HW_MEMSIZE];
[INFO] [stdout]      |
[INFO] [stdout] 
[INFO] [stdout] 
[INFO] [stdout] error[E0425]: cannot find value `HW_MEMSIZE` in crate `libc`
[INFO] [stdout]    --> src/sources.rs:423:41
[INFO] [stdout]     |
[INFO] [stdout] 423 |     let mut name = [libc::CTL_HW, libc::HW_MEMSIZE];
[INFO] [stdout]     |                                         ^^^^^^^^^^ not found in `libc`
[INFO] [stdout] 
[INFO] [stdout] 
[INFO] [stdout] error[E0425]: cannot find value `HOST_VM_INFO64_COUNT` in crate `libc`
[INFO] [stdout]    --> src/sources.rs:440:32
[INFO] [stdout]     |
[INFO] [stdout] 440 |     let mut count: u32 = libc::HOST_VM_INFO64_COUNT as _;
[INFO] [stdout]     |                                ^^^^^^^^^^^^^^^^^^^^ not found in `libc`
[INFO] [stdout] 
[INFO] [stdout] 
[INFO] [stdout] error[E0425]: cannot find type `vm_statistics64` in crate `libc`
[INFO] [stdout]    --> src/sources.rs:441:46
[INFO] [stdout]     |
[INFO] [stdout] 441 |     let mut stats = std::mem::zeroed::<libc::vm_statistics64>();
[INFO] [stdout]     |                                              ^^^^^^^^^^^^^^^
[INFO] [stdout]     |
[INFO] [stdout]    ::: /opt/rustwide/cargo-home/registry/src/index.crates.io-1949cf8c6b5b557f/libc-0.2.190/src/macros.rs:200:9
[INFO] [stdout]     |
[INFO] [stdout] 200 |         $pub struct $i { $($field)* }
[INFO] [stdout]     |         -------------- similarly named struct `iw_statistics` defined here
[INFO] [stdout]     |
[INFO] [stdout] help: a struct with a similar name exists
[INFO] [stdout]     |
[INFO] [stdout] 441 -     let mut stats = std::mem::zeroed::<libc::vm_statistics64>();
[INFO] [stdout] 441 +     let mut stats = std::mem::zeroed::<libc::iw_statistics>();
[INFO] [stdout]     |
[INFO] [stdout] 
[INFO] [stdout] 
[INFO] [stdout] error[E0425]: cannot find function `host_statistics64` in crate `libc`
[INFO] [stdout]    --> src/sources.rs:445:26
[INFO] [stdout]     |
[INFO] [stdout] 445 |     let ret_code = libc::host_statistics64(
[INFO] [stdout]     |                          ^^^^^^^^^^^^^^^^^ not found in `libc`
[INFO] [stdout] 
[INFO] [stdout] 
[INFO] [stdout] error[E0425]: cannot find function `mach_host_self` in crate `libc`
[INFO] [stdout]    --> src/sources.rs:446:13
[INFO] [stdout]     |
[INFO] [stdout] 446 |       libc::mach_host_self(),
[INFO] [stdout]     |             ^^^^^^^^^^^^^^ not found in `libc`
[INFO] [stdout] 
[INFO] [stdout] 
[INFO] [stdout] error[E0425]: cannot find value `HOST_VM_INFO64` in crate `libc`
[INFO] [stdout]    --> src/sources.rs:447:13
[INFO] [stdout]     |
[INFO] [stdout] 447 |       libc::HOST_VM_INFO64,
[INFO] [stdout]     |             ^^^^^^^^^^^^^^ not found in `libc`
[INFO] [stdout] 
[INFO] [stdout] 
[INFO] [stdout] error[E0425]: cannot find value `VM_SWAPUSAGE` in crate `libc`
[INFO] [stdout]    --> src/sources.rs:476:41
[INFO] [stdout]     |
[INFO] [stdout] 476 |     let mut name = [libc::CTL_VM, libc::VM_SWAPUSAGE];
[INFO] [stdout]     |                                         ^^^^^^^^^^^^ not found in `libc`
[INFO] [stdout] 
[INFO] [stdout] 
[INFO] [stdout] error[E0425]: cannot find type `xsw_usage` in crate `libc`
[INFO] [stdout]    --> src/sources.rs:477:46
[INFO] [stdout]     |
[INFO] [stdout] 477 |     let mut size = std::mem::size_of::<libc::xsw_usage>();
[INFO] [stdout]     |                                              ^^^^^^^^^ not found in `libc`
[INFO] [stdout] 
[INFO] [stdout] 
[INFO] [stdout] error[E0425]: cannot find type `xsw_usage` in crate `libc`
[INFO] [stdout]    --> src/sources.rs:478:24
[INFO] [stdout]     |
[INFO] [stdout] 478 |     let mut xsw: libc::xsw_usage = std::mem::zeroed::<libc::xsw_usage>();
[INFO] [stdout]     |                        ^^^^^^^^^ not found in `libc`
[INFO] [stdout] 
[INFO] [stdout] 
[INFO] [stdout] error[E0425]: cannot find type `xsw_usage` in crate `libc`
[INFO] [stdout]    --> src/sources.rs:478:61
[INFO] [stdout]     |
[INFO] [stdout] 478 |     let mut xsw: libc::xsw_usage = std::mem::zeroed::<libc::xsw_usage>();
[INFO] [stdout]     |                                                             ^^^^^^^^^ not found in `libc`
[INFO] [stdout] 
[INFO] [stdout] 
[INFO] [stdout] error[E0425]: cannot find function `sysctlbyname` in crate `libc`
[INFO] [stdout]    --> src/sources.rs:692:21
[INFO] [stdout]     |
[INFO] [stdout] 692 |     let ret = libc::sysctlbyname(cname.as_ptr(), null_mut(), &mut size, null_mut(), 0);
[INFO] [stdout]     |                     ^^^^^^^^^^^^ not found in `libc`
[INFO] [stdout] 
[INFO] [stdout] 
[INFO] [stdout] error[E0425]: cannot find function `sysctlbyname` in crate `libc`
[INFO] [stdout]    --> src/sources.rs:699:13
[INFO] [stdout]     |
[INFO] [stdout] 699 |       libc::sysctlbyname(cname.as_ptr(), buf.as_mut_ptr() as *mut c_void, &mut size, null_mut(), 0);
[INFO] [stdout]     |             ^^^^^^^^^^^^ not found in `libc`
[INFO] [stdout] 
[INFO] [stdout] 
[INFO] [stdout] error[E0425]: cannot find function `sysctlbyname` in crate `libc`
[INFO] [stdout]    --> src/sources.rs:714:11
[INFO] [stdout]     |
[INFO] [stdout] 714 |     libc::sysctlbyname(cname.as_ptr(), buf.as_mut_ptr().cast(), &mut size, null_mut(), 0)
[INFO] [stdout]     |           ^^^^^^^^^^^^ not found in `libc`
[INFO] [stdout] 
[INFO] [stdout] 
[INFO] [stdout] error[E0455]: link kind `framework` is only supported on Apple targets
[INFO] [stdout]    --> src/sources.rs:139:31
[INFO] [stdout]     |
[INFO] [stdout] 139 | #[link(name = "IOKit", kind = "framework")]
[INFO] [stdout]     |                               ^^^^^^^^^^^
[INFO] [stdout] 
[INFO] [stdout] 
[INFO] [stdout] error[E0455]: link kind `framework` is only supported on Apple targets
[INFO] [stdout]     --> src/sources.rs:1314:31
[INFO] [stdout]      |
[INFO] [stdout] 1314 | #[link(name = "IOKit", kind = "framework")]
[INFO] [stdout]      |                               ^^^^^^^^^^^
[INFO] [stdout] 
[INFO] [stdout] 
[INFO] [stdout] error[E0455]: link kind `framework` is only supported on Apple targets
[INFO] [stdout]     --> src/sources.rs:1409:31
[INFO] [stdout]      |
[INFO] [stdout] 1409 | #[link(name = "IOKit", kind = "framework")]
[INFO] [stdout]      |                               ^^^^^^^^^^^
[INFO] [stdout] 
[INFO] [stdout] 
[INFO] [stdout] Some errors have detailed explanations: E0425, E0455.
[INFO] [stdout] 
[INFO] [stdout] For more information about an error, try `rustc --explain E0425`.
[INFO] [stdout] 
[INFO] [stderr] error: could not compile `macmon` (lib) due to 22 previous errors
[INFO] running `Command { std: "docker" "inspect" "a75cf9d4c1a17b2ea89e5da993e116eb7fbbec4cd3728b6b37a91fa02a8a5c34", kill_on_drop: false }`
[INFO] running `Command { std: "docker" "rm" "-f" "a75cf9d4c1a17b2ea89e5da993e116eb7fbbec4cd3728b6b37a91fa02a8a5c34", kill_on_drop: false }`
[INFO] [stdout] a75cf9d4c1a17b2ea89e5da993e116eb7fbbec4cd3728b6b37a91fa02a8a5c34
