[INFO] fetching crate macho-objc 0.5.6...
[INFO] testing macho-objc-0.5.6 against 1.99.0-beta.8+cargoflags=--release for beta-release-1.100-2
[INFO] extracting crate macho-objc 0.5.6 into /workspace/builds/worker-7-tc1/source
[INFO] started tweaking crates.io crate macho-objc 0.5.6
[INFO] removed 0 missing tests
[INFO] finished tweaking crates.io crate macho-objc 0.5.6
[INFO] tweaked toml for crates.io crate macho-objc 0.5.6 written to /workspace/builds/worker-7-tc1/source/Cargo.toml
[INFO] validating manifest of crates.io crate macho-objc 0.5.6 on toolchain 1.99.0-beta.8
[INFO] running `Command { std: CARGO_HOME="/workspace/cargo-home" RUSTUP_HOME="/workspace/rustup-home" "/workspace/cargo-home/bin/cargo" "+1.99.0-beta.8" "metadata" "--manifest-path" "Cargo.toml" "--no-deps", kill_on_drop: false }`
[INFO] crate crates.io crate macho-objc 0.5.6 already has a lockfile, it will not be regenerated
[INFO] running `Command { std: CARGO_HOME="/workspace/cargo-home" RUSTUP_HOME="/workspace/rustup-home" "/workspace/cargo-home/bin/cargo" "+1.99.0-beta.8" "fetch" "--manifest-path" "Cargo.toml", kill_on_drop: false }`
[INFO] [stderr]     Blocking waiting for file lock on package cache
[INFO] running `Command { std: "docker" "create" "-v" "/var/lib/crater-agent-workspace/builds/worker-7-tc1/source:/opt/rustwide/workdir:ro,Z" "-v" "/var/lib/crater-agent-workspace/builds/worker-7-tc1/target:/opt/rustwide/target:rw,Z" "-v" "/var/lib/crater-agent-workspace/cargo-home:/opt/rustwide/cargo-home:ro,Z" "-v" "/var/lib/crater-agent-workspace/rustup-home:/opt/rustwide/rustup-home:ro,Z" "-m" "1610612736" "--network" "none" "ghcr.io/rust-lang/crates-build-env/linux@sha256:77db811e55d90add9212f6832c23229e3de5f1c1f9905e8cb07319ea15df73ac" "sleep" "infinity", kill_on_drop: false }`
[INFO] [stdout] 1b4032f39640c94b035348229568c9db31bf25192a60beabbf31b235f73a1850
[INFO] running `Command { std: "docker" "start" "1b4032f39640c94b035348229568c9db31bf25192a60beabbf31b235f73a1850", kill_on_drop: false }`
[INFO] running `Command { std: "docker" "inspect" "1b4032f39640c94b035348229568c9db31bf25192a60beabbf31b235f73a1850", kill_on_drop: false }`
[INFO] running `Command { std: "docker" "exec" "-e" "SOURCE_DIR=/opt/rustwide/workdir" "-e" "CARGO_HOME=/opt/rustwide/cargo-home" "-e" "RUSTUP_HOME=/opt/rustwide/rustup-home" "-e" "CARGO_TARGET_DIR=/opt/rustwide/target" "-w" "/opt/rustwide/workdir" "--user" "0:0" "1b4032f39640c94b035348229568c9db31bf25192a60beabbf31b235f73a1850" "/opt/rustwide/cargo-home/bin/cargo" "+1.99.0-beta.8" "metadata" "--no-deps" "--format-version=1", kill_on_drop: false }`
[INFO] running `Command { std: "docker" "inspect" "1b4032f39640c94b035348229568c9db31bf25192a60beabbf31b235f73a1850", kill_on_drop: false }`
[INFO] running `Command { std: "docker" "exec" "-e" "SOURCE_DIR=/opt/rustwide/workdir" "-e" "CARGO_HOME=/opt/rustwide/cargo-home" "-e" "RUSTUP_HOME=/opt/rustwide/rustup-home" "-e" "CARGO_TARGET_DIR=/opt/rustwide/target" "-e" "CARGO_INCREMENTAL=0" "-e" "RUST_BACKTRACE=full" "-e" "RUSTFLAGS=--cap-lints=warn" "-e" "RUSTDOCFLAGS=--cap-lints=warn" "-w" "/opt/rustwide/workdir" "--user" "0:0" "1b4032f39640c94b035348229568c9db31bf25192a60beabbf31b235f73a1850" "/opt/rustwide/cargo-home/bin/cargo" "+1.99.0-beta.8" "build" "--frozen" "--message-format=json" "--release", kill_on_drop: false }`
[INFO] [stderr]    Compiling zerocopy v0.8.48
[INFO] [stderr]    Compiling syn v2.0.117
[INFO] [stderr]    Compiling zerocopy-derive v0.8.48
[INFO] [stderr]    Compiling thiserror-impl v2.0.18
[INFO] [stderr]    Compiling serde_derive v1.0.228
[INFO] [stderr]    Compiling thiserror v2.0.18
[INFO] [stderr]    Compiling serde v1.0.228
[INFO] [stderr]    Compiling macho-core v0.5.6
[INFO] [stderr]    Compiling macho-dyld v0.5.6
[INFO] [stderr]    Compiling macho-objc v0.5.6 (/opt/rustwide/workdir)
[INFO] [stderr]     Finished `release` profile [optimized] target(s) in 21.53s
[INFO] running `Command { std: "docker" "inspect" "1b4032f39640c94b035348229568c9db31bf25192a60beabbf31b235f73a1850", kill_on_drop: false }`
[INFO] running `Command { std: "docker" "exec" "-e" "SOURCE_DIR=/opt/rustwide/workdir" "-e" "CARGO_HOME=/opt/rustwide/cargo-home" "-e" "RUSTUP_HOME=/opt/rustwide/rustup-home" "-e" "CARGO_TARGET_DIR=/opt/rustwide/target" "-e" "CARGO_INCREMENTAL=0" "-e" "RUST_BACKTRACE=full" "-e" "RUSTFLAGS=--cap-lints=warn" "-e" "RUSTDOCFLAGS=--cap-lints=warn" "-w" "/opt/rustwide/workdir" "--user" "0:0" "1b4032f39640c94b035348229568c9db31bf25192a60beabbf31b235f73a1850" "/opt/rustwide/cargo-home/bin/cargo" "+1.99.0-beta.8" "test" "--frozen" "--no-run" "--message-format=json" "--release", kill_on_drop: false }`
[INFO] [stderr]    Compiling macho-objc v0.5.6 (/opt/rustwide/workdir)
[INFO] [stdout] error[E0433]: cannot find module or crate `macho_test_support` in this scope
[INFO] [stdout]  --> tests/leaf_contract.rs:5:17
[INFO] [stdout]   |
[INFO] [stdout] 5 |     let bytes = macho_test_support::thin64_arm64(0);
[INFO] [stdout]   |                 ^^^^^^^^^^^^^^^^^^ use of unresolved module or unlinked crate `macho_test_support`
[INFO] [stdout]   |
[INFO] [stdout]   = help: if you wanted to use a crate named `macho_test_support`, use `cargo add macho_test_support` to add it to your `Cargo.toml`
[INFO] [stdout] 
[INFO] [stdout] 
[INFO] [stdout] error[E0433]: cannot find module or crate `macho_test_support` in this scope
[INFO] [stdout]   --> tests/leaf_contract.rs:36:17
[INFO] [stdout]    |
[INFO] [stdout] 36 |     let bytes = macho_test_support::fat32(&[
[INFO] [stdout]    |                 ^^^^^^^^^^^^^^^^^^ use of unresolved module or unlinked crate `macho_test_support`
[INFO] [stdout]    |
[INFO] [stdout]    = help: if you wanted to use a crate named `macho_test_support`, use `cargo add macho_test_support` to add it to your `Cargo.toml`
[INFO] [stdout] 
[INFO] [stdout] 
[INFO] [stdout] error[E0433]: cannot find module or crate `macho_test_support` in this scope
[INFO] [stdout]   --> tests/leaf_contract.rs:38:13
[INFO] [stdout]    |
[INFO] [stdout] 38 |             macho_test_support::CPU_TYPE_ARM64,
[INFO] [stdout]    |             ^^^^^^^^^^^^^^^^^^ use of unresolved module or unlinked crate `macho_test_support`
[INFO] [stdout]    |
[INFO] [stdout]    = help: if you wanted to use a crate named `macho_test_support`, use `cargo add macho_test_support` to add it to your `Cargo.toml`
[INFO] [stdout] 
[INFO] [stdout] 
[INFO] [stdout] error[E0433]: cannot find module or crate `macho_test_support` in this scope
[INFO] [stdout]   --> tests/leaf_contract.rs:40:13
[INFO] [stdout]    |
[INFO] [stdout] 40 |             macho_test_support::thin64_arm64(0),
[INFO] [stdout]    |             ^^^^^^^^^^^^^^^^^^ use of unresolved module or unlinked crate `macho_test_support`
[INFO] [stdout]    |
[INFO] [stdout]    = help: if you wanted to use a crate named `macho_test_support`, use `cargo add macho_test_support` to add it to your `Cargo.toml`
[INFO] [stdout] 
[INFO] [stdout] 
[INFO] [stdout] error[E0433]: cannot find module or crate `macho_test_support` in this scope
[INFO] [stdout]   --> tests/leaf_contract.rs:43:13
[INFO] [stdout]    |
[INFO] [stdout] 43 |             macho_test_support::CPU_TYPE_X86_64,
[INFO] [stdout]    |             ^^^^^^^^^^^^^^^^^^ use of unresolved module or unlinked crate `macho_test_support`
[INFO] [stdout]    |
[INFO] [stdout]    = help: if you wanted to use a crate named `macho_test_support`, use `cargo add macho_test_support` to add it to your `Cargo.toml`
[INFO] [stdout] 
[INFO] [stdout] 
[INFO] [stdout] error[E0433]: cannot find module or crate `macho_test_support` in this scope
[INFO] [stdout]   --> tests/leaf_contract.rs:45:13
[INFO] [stdout]    |
[INFO] [stdout] 45 |             macho_test_support::thin64_x86_64(0),
[INFO] [stdout]    |             ^^^^^^^^^^^^^^^^^^ use of unresolved module or unlinked crate `macho_test_support`
[INFO] [stdout]    |
[INFO] [stdout]    = help: if you wanted to use a crate named `macho_test_support`, use `cargo add macho_test_support` to add it to your `Cargo.toml`
[INFO] [stdout] 
[INFO] [stdout] 
[INFO] [stdout] For more information about this error, try `rustc --explain E0433`.
[INFO] [stdout] 
[INFO] [stderr] error: could not compile `macho-objc` (test "leaf_contract") due to 6 previous errors
[INFO] [stderr] warning: build failed, waiting for other jobs to finish...
[INFO] [stdout] error[E0433]: cannot find module or crate `macho_test_support` in this scope
[INFO] [stdout]    --> src/imp.rs:620:27
[INFO] [stdout]     |
[INFO] [stdout] 620 |         let class_bytes = macho_test_support::disassembly_objc_boundary();
[INFO] [stdout]     |                           ^^^^^^^^^^^^^^^^^^ use of unresolved module or unlinked crate `macho_test_support`
[INFO] [stdout]     |
[INFO] [stdout]     = help: if you wanted to use a crate named `macho_test_support`, use `cargo add macho_test_support` to add it to your `Cargo.toml`
[INFO] [stdout] 
[INFO] [stdout] 
[INFO] [stdout] error[E0433]: cannot find module or crate `macho_test_support` in this scope
[INFO] [stdout]    --> src/imp.rs:657:30
[INFO] [stdout]     |
[INFO] [stdout] 657 |         let category_bytes = macho_test_support::disassembly_objc_category_labels();
[INFO] [stdout]     |                              ^^^^^^^^^^^^^^^^^^ use of unresolved module or unlinked crate `macho_test_support`
[INFO] [stdout]     |
[INFO] [stdout]     = help: if you wanted to use a crate named `macho_test_support`, use `cargo add macho_test_support` to add it to your `Cargo.toml`
[INFO] [stdout] 
[INFO] [stdout] 
[INFO] [stdout] error[E0433]: cannot find module or crate `macho_test_support` in this scope
[INFO] [stdout]    --> src/imp.rs:679:25
[INFO] [stdout]     |
[INFO] [stdout] 679 |         let mut bytes = macho_test_support::disassembly_objc_boundary();
[INFO] [stdout]     |                         ^^^^^^^^^^^^^^^^^^ use of unresolved module or unlinked crate `macho_test_support`
[INFO] [stdout]     |
[INFO] [stdout]     = help: if you wanted to use a crate named `macho_test_support`, use `cargo add macho_test_support` to add it to your `Cargo.toml`
[INFO] [stdout] 
[INFO] [stdout] 
[INFO] [stdout] error[E0433]: cannot find module or crate `macho_test_support` in this scope
[INFO] [stdout]    --> src/imp.rs:746:25
[INFO] [stdout]     |
[INFO] [stdout] 746 |         let mut bytes = macho_test_support::disassembly_objc_boundary();
[INFO] [stdout]     |                         ^^^^^^^^^^^^^^^^^^ use of unresolved module or unlinked crate `macho_test_support`
[INFO] [stdout]     |
[INFO] [stdout]     = help: if you wanted to use a crate named `macho_test_support`, use `cargo add macho_test_support` to add it to your `Cargo.toml`
[INFO] [stdout] 
[INFO] [stdout] 
[INFO] [stdout] error[E0433]: cannot find module or crate `macho_test_support` in this scope
[INFO] [stdout]    --> src/imp.rs:771:25
[INFO] [stdout]     |
[INFO] [stdout] 771 |         let mut bytes = macho_test_support::disassembly_objc_boundary();
[INFO] [stdout]     |                         ^^^^^^^^^^^^^^^^^^ use of unresolved module or unlinked crate `macho_test_support`
[INFO] [stdout]     |
[INFO] [stdout]     = help: if you wanted to use a crate named `macho_test_support`, use `cargo add macho_test_support` to add it to your `Cargo.toml`
[INFO] [stdout] 
[INFO] [stdout] 
[INFO] [stdout] For more information about this error, try `rustc --explain E0433`.
[INFO] [stdout] 
[INFO] [stderr] error: could not compile `macho-objc` (lib test) due to 5 previous errors
[INFO] running `Command { std: "docker" "inspect" "1b4032f39640c94b035348229568c9db31bf25192a60beabbf31b235f73a1850", kill_on_drop: false }`
[INFO] running `Command { std: "docker" "rm" "-f" "1b4032f39640c94b035348229568c9db31bf25192a60beabbf31b235f73a1850", kill_on_drop: false }`
[INFO] [stdout] 1b4032f39640c94b035348229568c9db31bf25192a60beabbf31b235f73a1850
