[INFO] fetching crate maat-sdk 0.20.5...
[INFO] testing maat-sdk-0.20.5 against 1.99.0-beta.8+cargoflags=--release for beta-release-1.100-2
[INFO] extracting crate maat-sdk 0.20.5 into /workspace/builds/worker-1-tc1/source
[INFO] started tweaking crates.io crate maat-sdk 0.20.5
[INFO] removed 0 missing tests
[INFO] finished tweaking crates.io crate maat-sdk 0.20.5
[INFO] tweaked toml for crates.io crate maat-sdk 0.20.5 written to /workspace/builds/worker-1-tc1/source/Cargo.toml
[INFO] validating manifest of crates.io crate maat-sdk 0.20.5 on toolchain 1.99.0-beta.8
[INFO] running `Command { std: CARGO_HOME="/workspace/cargo-home" RUSTUP_HOME="/workspace/rustup-home" "/workspace/cargo-home/bin/cargo" "+1.99.0-beta.8" "metadata" "--manifest-path" "Cargo.toml" "--no-deps", kill_on_drop: false }`
[INFO] crate crates.io crate maat-sdk 0.20.5 already has a lockfile, it will not be regenerated
[INFO] running `Command { std: CARGO_HOME="/workspace/cargo-home" RUSTUP_HOME="/workspace/rustup-home" "/workspace/cargo-home/bin/cargo" "+1.99.0-beta.8" "fetch" "--manifest-path" "Cargo.toml", kill_on_drop: false }`
[INFO] [stderr]     Updating crates.io index
[INFO] [stderr]  Downloading crates ...
[INFO] [stderr]   Downloaded linkme v0.3.36
[INFO] [stderr]   Downloaded linkme-impl v0.3.36
[INFO] [stderr]   Downloaded maat-sdk-derive v0.20.5
[INFO] [stderr]   Downloaded maat-sdk-types v0.20.5
[INFO] running `Command { std: "docker" "create" "-v" "/var/lib/crater-agent-workspace/builds/worker-1-tc1/source:/opt/rustwide/workdir:ro,Z" "-v" "/var/lib/crater-agent-workspace/builds/worker-1-tc1/target:/opt/rustwide/target:rw,Z" "-v" "/var/lib/crater-agent-workspace/cargo-home:/opt/rustwide/cargo-home:ro,Z" "-v" "/var/lib/crater-agent-workspace/rustup-home:/opt/rustwide/rustup-home:ro,Z" "-m" "1610612736" "--network" "none" "ghcr.io/rust-lang/crates-build-env/linux@sha256:77db811e55d90add9212f6832c23229e3de5f1c1f9905e8cb07319ea15df73ac" "sleep" "infinity", kill_on_drop: false }`
[INFO] [stdout] ea57212b0e5727f35118b0805f4e95e02572cfdb68ff249ce5741d72f497d719
[INFO] running `Command { std: "docker" "start" "ea57212b0e5727f35118b0805f4e95e02572cfdb68ff249ce5741d72f497d719", kill_on_drop: false }`
[INFO] running `Command { std: "docker" "inspect" "ea57212b0e5727f35118b0805f4e95e02572cfdb68ff249ce5741d72f497d719", kill_on_drop: false }`
[INFO] running `Command { std: "docker" "exec" "-e" "SOURCE_DIR=/opt/rustwide/workdir" "-e" "CARGO_HOME=/opt/rustwide/cargo-home" "-e" "RUSTUP_HOME=/opt/rustwide/rustup-home" "-e" "CARGO_TARGET_DIR=/opt/rustwide/target" "-w" "/opt/rustwide/workdir" "--user" "0:0" "ea57212b0e5727f35118b0805f4e95e02572cfdb68ff249ce5741d72f497d719" "/opt/rustwide/cargo-home/bin/cargo" "+1.99.0-beta.8" "metadata" "--no-deps" "--format-version=1", kill_on_drop: false }`
[INFO] running `Command { std: "docker" "inspect" "ea57212b0e5727f35118b0805f4e95e02572cfdb68ff249ce5741d72f497d719", kill_on_drop: false }`
[INFO] running `Command { std: "docker" "exec" "-e" "SOURCE_DIR=/opt/rustwide/workdir" "-e" "CARGO_HOME=/opt/rustwide/cargo-home" "-e" "RUSTUP_HOME=/opt/rustwide/rustup-home" "-e" "CARGO_TARGET_DIR=/opt/rustwide/target" "-e" "CARGO_INCREMENTAL=0" "-e" "RUST_BACKTRACE=full" "-e" "RUSTFLAGS=--cap-lints=warn" "-e" "RUSTDOCFLAGS=--cap-lints=warn" "-w" "/opt/rustwide/workdir" "--user" "0:0" "ea57212b0e5727f35118b0805f4e95e02572cfdb68ff249ce5741d72f497d719" "/opt/rustwide/cargo-home/bin/cargo" "+1.99.0-beta.8" "build" "--frozen" "--message-format=json" "--release", kill_on_drop: false }`
[INFO] [stderr]    Compiling syn v2.0.117
[INFO] [stderr]    Compiling libc v0.2.186
[INFO] [stderr]    Compiling cpufeatures v0.3.0
[INFO] [stderr]    Compiling blake3 v1.8.5
[INFO] [stderr]    Compiling constant_time_eq v0.4.2
[INFO] [stderr]    Compiling arrayvec v0.7.6
[INFO] [stderr]    Compiling arrayref v0.3.9
[INFO] [stderr]    Compiling linkme-impl v0.3.36
[INFO] [stderr]    Compiling digest v0.10.7
[INFO] [stderr]    Compiling linkme v0.3.36
[INFO] [stderr]    Compiling sha2 v0.10.9
[INFO] [stderr]    Compiling getrandom v0.2.17
[INFO] [stderr]    Compiling getrandom v0.4.2
[INFO] [stderr]    Compiling uuid v1.23.1
[INFO] [stderr]    Compiling rand_core v0.6.4
[INFO] [stderr]    Compiling serde_derive v1.0.228
[INFO] [stderr]    Compiling async-trait v0.1.89
[INFO] [stderr]    Compiling maat-sdk v0.20.5 (/opt/rustwide/workdir)
[INFO] [stderr]    Compiling tracing-attributes v0.1.31
[INFO] [stderr]    Compiling maat-sdk-derive v0.20.5
[INFO] [stderr]    Compiling maat-sdk-types v0.20.5
[INFO] [stderr]    Compiling tracing v0.1.44
[INFO] [stderr]    Compiling serde v1.0.228
[INFO] [stderr]    Compiling rand_chacha v0.3.1
[INFO] [stderr]    Compiling rand v0.8.6
[INFO] [stderr]     Finished `release` profile [optimized] target(s) in 39.12s
[INFO] running `Command { std: "docker" "inspect" "ea57212b0e5727f35118b0805f4e95e02572cfdb68ff249ce5741d72f497d719", kill_on_drop: false }`
[INFO] running `Command { std: "docker" "exec" "-e" "SOURCE_DIR=/opt/rustwide/workdir" "-e" "CARGO_HOME=/opt/rustwide/cargo-home" "-e" "RUSTUP_HOME=/opt/rustwide/rustup-home" "-e" "CARGO_TARGET_DIR=/opt/rustwide/target" "-e" "CARGO_INCREMENTAL=0" "-e" "RUST_BACKTRACE=full" "-e" "RUSTFLAGS=--cap-lints=warn" "-e" "RUSTDOCFLAGS=--cap-lints=warn" "-w" "/opt/rustwide/workdir" "--user" "0:0" "ea57212b0e5727f35118b0805f4e95e02572cfdb68ff249ce5741d72f497d719" "/opt/rustwide/cargo-home/bin/cargo" "+1.99.0-beta.8" "test" "--frozen" "--no-run" "--message-format=json" "--release", kill_on_drop: false }`
[INFO] [stderr]    Compiling serde_core v1.0.228
[INFO] [stderr]    Compiling proc-macro2 v1.0.106
[INFO] [stderr]    Compiling quote v1.0.45
[INFO] [stderr]    Compiling memchr v2.8.0
[INFO] [stderr]    Compiling tokio-macros v2.7.0
[INFO] [stderr]    Compiling tokio v1.52.3
[INFO] [stderr]    Compiling syn v2.0.117
[INFO] [stderr]    Compiling serde v1.0.228
[INFO] [stderr]    Compiling serde_spanned v1.1.1
[INFO] [stderr]    Compiling toml_datetime v1.1.1+spec-1.1.0
[INFO] [stderr]    Compiling uuid v1.23.1
[INFO] [stderr]    Compiling serde_json v1.0.150
[INFO] [stderr]    Compiling toml v1.1.2+spec-1.1.0
[INFO] [stderr]    Compiling maat-sdk-types v0.20.5
[INFO] [stderr]    Compiling rand_chacha v0.3.1
[INFO] [stderr]    Compiling rand v0.8.6
[INFO] [stderr]    Compiling trybuild v1.0.116
[INFO] [stderr]    Compiling maat-sdk v0.20.5 (/opt/rustwide/workdir)
[INFO] [stdout] error[E0433]: cannot find `maat` in the list of imported crates
[INFO] [stdout]    --> tests/derive_entity.rs:166:10
[INFO] [stdout]     |
[INFO] [stdout] 166 | #[derive(EntityType)]
[INFO] [stdout]     |          ^^^^^^^^^^ could not find `maat` in the list of imported crates
[INFO] [stdout]     |
[INFO] [stdout]     = note: this error originates in the derive macro `EntityType` (in Nightly builds, run with -Z macro-backtrace for more info)
[INFO] [stdout] 
[INFO] [stdout] 
[INFO] [stdout] error[E0433]: cannot find `maat` in the list of imported crates
[INFO] [stdout]    --> tests/derive_entity.rs:159:10
[INFO] [stdout]     |
[INFO] [stdout] 159 | #[derive(EntityType)]
[INFO] [stdout]     |          ^^^^^^^^^^ could not find `maat` in the list of imported crates
[INFO] [stdout]     |
[INFO] [stdout]     = note: this error originates in the derive macro `EntityType` (in Nightly builds, run with -Z macro-backtrace for more info)
[INFO] [stdout] 
[INFO] [stdout] 
[INFO] [stdout] error[E0433]: cannot find `maat` in the list of imported crates
[INFO] [stdout]    --> tests/derive_entity.rs:124:10
[INFO] [stdout]     |
[INFO] [stdout] 124 | #[derive(EntityType)]
[INFO] [stdout]     |          ^^^^^^^^^^ could not find `maat` in the list of imported crates
[INFO] [stdout]     |
[INFO] [stdout]     = note: this error originates in the derive macro `EntityType` (in Nightly builds, run with -Z macro-backtrace for more info)
[INFO] [stdout] 
[INFO] [stdout] 
[INFO] [stdout] error[E0433]: cannot find `maat` in the list of imported crates
[INFO] [stdout]    --> tests/derive_entity.rs:117:10
[INFO] [stdout]     |
[INFO] [stdout] 117 | #[derive(EntityType)]
[INFO] [stdout]     |          ^^^^^^^^^^ could not find `maat` in the list of imported crates
[INFO] [stdout]     |
[INFO] [stdout]     = note: this error originates in the derive macro `EntityType` (in Nightly builds, run with -Z macro-backtrace for more info)
[INFO] [stdout] 
[INFO] [stdout] 
[INFO] [stdout] error[E0433]: cannot find `maat` in the list of imported crates
[INFO] [stdout]   --> tests/derive_entity.rs:80:10
[INFO] [stdout]    |
[INFO] [stdout] 80 | #[derive(EntityType)]
[INFO] [stdout]    |          ^^^^^^^^^^ could not find `maat` in the list of imported crates
[INFO] [stdout]    |
[INFO] [stdout]    = note: this error originates in the derive macro `EntityType` (in Nightly builds, run with -Z macro-backtrace for more info)
[INFO] [stdout] 
[INFO] [stdout] 
[INFO] [stdout] error[E0433]: cannot find `maat` in the list of imported crates
[INFO] [stdout]   --> tests/derive_entity.rs:62:10
[INFO] [stdout]    |
[INFO] [stdout] 62 | #[derive(EntityType)]
[INFO] [stdout]    |          ^^^^^^^^^^ could not find `maat` in the list of imported crates
[INFO] [stdout]    |
[INFO] [stdout]    = note: this error originates in the derive macro `EntityType` (in Nightly builds, run with -Z macro-backtrace for more info)
[INFO] [stdout] 
[INFO] [stdout] 
[INFO] [stdout] error[E0433]: cannot find `maat` in the list of imported crates
[INFO] [stdout]   --> tests/derive_entity.rs:47:10
[INFO] [stdout]    |
[INFO] [stdout] 47 | #[derive(EntityType)]
[INFO] [stdout]    |          ^^^^^^^^^^ could not find `maat` in the list of imported crates
[INFO] [stdout]    |
[INFO] [stdout]    = note: this error originates in the derive macro `EntityType` (in Nightly builds, run with -Z macro-backtrace for more info)
[INFO] [stdout] 
[INFO] [stdout] 
[INFO] [stdout] error[E0433]: cannot find `maat` in the list of imported crates
[INFO] [stdout]  --> tests/derive_entity.rs:8:10
[INFO] [stdout]   |
[INFO] [stdout] 8 | #[derive(EntityType)]
[INFO] [stdout]   |          ^^^^^^^^^^ could not find `maat` in the list of imported crates
[INFO] [stdout]   |
[INFO] [stdout]   = note: this error originates in the derive macro `EntityType` (in Nightly builds, run with -Z macro-backtrace for more info)
[INFO] [stdout] 
[INFO] [stdout] 
[INFO] [stdout] error: cannot find attribute `linkme` in this scope
[INFO] [stdout]    --> tests/derive_entity.rs:166:10
[INFO] [stdout]     |
[INFO] [stdout] 166 | #[derive(EntityType)]
[INFO] [stdout]     |          ^^^^^^^^^^
[INFO] [stdout]     |
[INFO] [stdout]     = note: `linkme` is in scope, but it is a crate, not an attribute
[INFO] [stdout]     = note: this error originates in the derive macro `EntityType` (in Nightly builds, run with -Z macro-backtrace for more info)
[INFO] [stdout] 
[INFO] [stdout] 
[INFO] [stdout] error: cannot find attribute `linkme` in this scope
[INFO] [stdout]    --> tests/derive_entity.rs:159:10
[INFO] [stdout]     |
[INFO] [stdout] 159 | #[derive(EntityType)]
[INFO] [stdout]     |          ^^^^^^^^^^
[INFO] [stdout]     |
[INFO] [stdout]     = note: `linkme` is in scope, but it is a crate, not an attribute
[INFO] [stdout]     = note: this error originates in the derive macro `EntityType` (in Nightly builds, run with -Z macro-backtrace for more info)
[INFO] [stdout] 
[INFO] [stdout] 
[INFO] [stdout] error: cannot find attribute `linkme` in this scope
[INFO] [stdout]    --> tests/derive_entity.rs:124:10
[INFO] [stdout]     |
[INFO] [stdout] 124 | #[derive(EntityType)]
[INFO] [stdout]     |          ^^^^^^^^^^
[INFO] [stdout]     |
[INFO] [stdout]     = note: `linkme` is in scope, but it is a crate, not an attribute
[INFO] [stdout]     = note: this error originates in the derive macro `EntityType` (in Nightly builds, run with -Z macro-backtrace for more info)
[INFO] [stdout] 
[INFO] [stdout] 
[INFO] [stdout] error: cannot find attribute `linkme` in this scope
[INFO] [stdout]    --> tests/derive_entity.rs:117:10
[INFO] [stdout]     |
[INFO] [stdout] 117 | #[derive(EntityType)]
[INFO] [stdout]     |          ^^^^^^^^^^
[INFO] [stdout]     |
[INFO] [stdout]     = note: `linkme` is in scope, but it is a crate, not an attribute
[INFO] [stdout]     = note: this error originates in the derive macro `EntityType` (in Nightly builds, run with -Z macro-backtrace for more info)
[INFO] [stdout] 
[INFO] [stdout] 
[INFO] [stdout] error: cannot find attribute `linkme` in this scope
[INFO] [stdout]   --> tests/derive_entity.rs:80:10
[INFO] [stdout]    |
[INFO] [stdout] 80 | #[derive(EntityType)]
[INFO] [stdout]    |          ^^^^^^^^^^
[INFO] [stdout]    |
[INFO] [stdout]    = note: `linkme` is in scope, but it is a crate, not an attribute
[INFO] [stdout]    = note: this error originates in the derive macro `EntityType` (in Nightly builds, run with -Z macro-backtrace for more info)
[INFO] [stdout] 
[INFO] [stdout] 
[INFO] [stdout] error: cannot find attribute `linkme` in this scope
[INFO] [stdout]   --> tests/derive_entity.rs:62:10
[INFO] [stdout]    |
[INFO] [stdout] 62 | #[derive(EntityType)]
[INFO] [stdout]    |          ^^^^^^^^^^
[INFO] [stdout]    |
[INFO] [stdout]    = note: `linkme` is in scope, but it is a crate, not an attribute
[INFO] [stdout]    = note: this error originates in the derive macro `EntityType` (in Nightly builds, run with -Z macro-backtrace for more info)
[INFO] [stdout] 
[INFO] [stdout] 
[INFO] [stdout] error: cannot find attribute `linkme` in this scope
[INFO] [stdout]   --> tests/derive_entity.rs:47:10
[INFO] [stdout]    |
[INFO] [stdout] 47 | #[derive(EntityType)]
[INFO] [stdout]    |          ^^^^^^^^^^
[INFO] [stdout]    |
[INFO] [stdout]    = note: `linkme` is in scope, but it is a crate, not an attribute
[INFO] [stdout]    = note: this error originates in the derive macro `EntityType` (in Nightly builds, run with -Z macro-backtrace for more info)
[INFO] [stdout] 
[INFO] [stdout] 
[INFO] [stdout] error: cannot find attribute `linkme` in this scope
[INFO] [stdout]  --> tests/derive_entity.rs:8:10
[INFO] [stdout]   |
[INFO] [stdout] 8 | #[derive(EntityType)]
[INFO] [stdout]   |          ^^^^^^^^^^
[INFO] [stdout]   |
[INFO] [stdout]   = note: `linkme` is in scope, but it is a crate, not an attribute
[INFO] [stdout]   = note: this error originates in the derive macro `EntityType` (in Nightly builds, run with -Z macro-backtrace for more info)
[INFO] [stdout] 
[INFO] [stdout] 
[INFO] [stdout] error[E0277]: the trait bound `EntityBlueprint: From<Pawn>` is not satisfied
[INFO] [stdout]    --> tests/derive_entity.rs:108:34
[INFO] [stdout]     |
[INFO] [stdout] 108 |     let _bp: EntityBlueprint = p.into();
[INFO] [stdout]     |                                  ^^^^ the trait `From<Pawn>` is not implemented for `EntityBlueprint`
[INFO] [stdout]     |
[INFO] [stdout]     = note: required for `Pawn` to implement `Into<EntityBlueprint>`
[INFO] [stdout] 
[INFO] [stdout] 
[INFO] [stdout] Some errors have detailed explanations: E0277, E0433.
[INFO] [stdout] 
[INFO] [stdout] For more information about an error, try `rustc --explain E0277`.
[INFO] [stdout] 
[INFO] [stderr] error: could not compile `maat-sdk` (test "derive_entity") due to 17 previous errors
[INFO] running `Command { std: "docker" "inspect" "ea57212b0e5727f35118b0805f4e95e02572cfdb68ff249ce5741d72f497d719", kill_on_drop: false }`
[INFO] running `Command { std: "docker" "rm" "-f" "ea57212b0e5727f35118b0805f4e95e02572cfdb68ff249ce5741d72f497d719", kill_on_drop: false }`
[INFO] [stdout] ea57212b0e5727f35118b0805f4e95e02572cfdb68ff249ce5741d72f497d719
