[INFO] fetching crate luo-capture 0.1.0...
[INFO] testing luo-capture-0.1.0 against 1.100.0-beta.1+cargoflags=--release for beta-release-1.100-2
[INFO] extracting crate luo-capture 0.1.0 into /workspace/builds/worker-7-tc2/source
[INFO] started tweaking crates.io crate luo-capture 0.1.0
[INFO] removed 0 missing examples
[INFO] finished tweaking crates.io crate luo-capture 0.1.0
[INFO] tweaked toml for crates.io crate luo-capture 0.1.0 written to /workspace/builds/worker-7-tc2/source/Cargo.toml
[INFO] validating manifest of crates.io crate luo-capture 0.1.0 on toolchain 1.100.0-beta.1
[INFO] running `Command { std: CARGO_HOME="/workspace/cargo-home" RUSTUP_HOME="/workspace/rustup-home" "/workspace/cargo-home/bin/cargo" "+1.100.0-beta.1" "metadata" "--manifest-path" "Cargo.toml" "--no-deps", kill_on_drop: false }`
[INFO] crate crates.io crate luo-capture 0.1.0 already has a lockfile, it will not be regenerated
[INFO] running `Command { std: CARGO_HOME="/workspace/cargo-home" RUSTUP_HOME="/workspace/rustup-home" "/workspace/cargo-home/bin/cargo" "+1.100.0-beta.1" "fetch" "--manifest-path" "Cargo.toml", kill_on_drop: false }`
[INFO] running `Command { std: "docker" "create" "-v" "/var/lib/crater-agent-workspace/builds/worker-7-tc2/source:/opt/rustwide/workdir:ro,Z" "-v" "/var/lib/crater-agent-workspace/builds/worker-7-tc2/target:/opt/rustwide/target:rw,Z" "-v" "/var/lib/crater-agent-workspace/cargo-home:/opt/rustwide/cargo-home:ro,Z" "-v" "/var/lib/crater-agent-workspace/rustup-home:/opt/rustwide/rustup-home:ro,Z" "-m" "1610612736" "--network" "none" "ghcr.io/rust-lang/crates-build-env/linux@sha256:77db811e55d90add9212f6832c23229e3de5f1c1f9905e8cb07319ea15df73ac" "sleep" "infinity", kill_on_drop: false }`
[INFO] [stdout] e684d4c996faf7bf494cfc859af182af044ad83afca3ed88b6856b28efbd92e7
[INFO] running `Command { std: "docker" "start" "e684d4c996faf7bf494cfc859af182af044ad83afca3ed88b6856b28efbd92e7", kill_on_drop: false }`
[INFO] running `Command { std: "docker" "inspect" "e684d4c996faf7bf494cfc859af182af044ad83afca3ed88b6856b28efbd92e7", kill_on_drop: false }`
[INFO] running `Command { std: "docker" "exec" "-e" "SOURCE_DIR=/opt/rustwide/workdir" "-e" "CARGO_HOME=/opt/rustwide/cargo-home" "-e" "RUSTUP_HOME=/opt/rustwide/rustup-home" "-e" "CARGO_TARGET_DIR=/opt/rustwide/target" "-w" "/opt/rustwide/workdir" "--user" "0:0" "e684d4c996faf7bf494cfc859af182af044ad83afca3ed88b6856b28efbd92e7" "/opt/rustwide/cargo-home/bin/cargo" "+1.100.0-beta.1" "metadata" "--no-deps" "--format-version=1", kill_on_drop: false }`
[INFO] running `Command { std: "docker" "inspect" "e684d4c996faf7bf494cfc859af182af044ad83afca3ed88b6856b28efbd92e7", kill_on_drop: false }`
[INFO] running `Command { std: "docker" "exec" "-e" "SOURCE_DIR=/opt/rustwide/workdir" "-e" "CARGO_HOME=/opt/rustwide/cargo-home" "-e" "RUSTUP_HOME=/opt/rustwide/rustup-home" "-e" "CARGO_TARGET_DIR=/opt/rustwide/target" "-e" "CARGO_INCREMENTAL=0" "-e" "RUST_BACKTRACE=full" "-e" "RUSTFLAGS=--cap-lints=warn" "-e" "RUSTDOCFLAGS=--cap-lints=warn" "-w" "/opt/rustwide/workdir" "--user" "0:0" "e684d4c996faf7bf494cfc859af182af044ad83afca3ed88b6856b28efbd92e7" "/opt/rustwide/cargo-home/bin/cargo" "+1.100.0-beta.1" "build" "--frozen" "--message-format=json" "--release", kill_on_drop: false }`
[INFO] [stderr]    Compiling proc-macro2 v1.0.105
[INFO] [stderr]    Compiling quote v1.0.43
[INFO] [stderr]    Compiling libc v0.2.179
[INFO] [stderr]    Compiling either v1.15.0
[INFO] [stderr]    Compiling bytes v1.11.0
[INFO] [stderr]    Compiling flate2 v1.1.5
[INFO] [stderr]    Compiling rayon v1.11.0
[INFO] [stderr]    Compiling png v0.17.16
[INFO] [stderr]    Compiling errno v0.3.14
[INFO] [stderr]    Compiling parking_lot_core v0.9.12
[INFO] [stderr]    Compiling socket2 v0.6.1
[INFO] [stderr]    Compiling mio v1.1.1
[INFO] [stderr]    Compiling syn v2.0.114
[INFO] [stderr]    Compiling signal-hook-registry v1.4.8
[INFO] [stderr]    Compiling parking_lot v0.12.5
[INFO] [stderr]    Compiling jpeg-decoder v0.3.2
[INFO] [stderr]    Compiling tiff v0.9.1
[INFO] [stderr]    Compiling zerocopy-derive v0.8.33
[INFO] [stderr]    Compiling tokio-macros v2.6.0
[INFO] [stderr]    Compiling tokio v1.49.0
[INFO] [stderr]    Compiling zerocopy v0.8.33
[INFO] [stderr]    Compiling half v2.7.1
[INFO] [stderr]    Compiling exr v1.74.0
[INFO] [stderr]    Compiling image v0.24.9
[INFO] [stderr]    Compiling luo-capture v0.1.0 (/opt/rustwide/workdir)
[INFO] [stderr] warning: unused dependency `image`
[INFO] [stderr]  --> Cargo.toml:1:15
[INFO] [stderr]   |
[INFO] [stderr] 1 | [dependencies.image]
[INFO] [stderr]   |               ^^^^^^
[INFO] [stderr]   |
[INFO] [stderr]   = note: `cargo::unused_dependencies` is set to `warn` by default
[INFO] [stderr] help: consider removing the dependency on `image`
[INFO] [stderr] warning: `luo-capture` (manifest) generated 1 warning
[INFO] [stderr]     Finished `release` profile [optimized] target(s) in 45.42s
[INFO] running `Command { std: "docker" "inspect" "e684d4c996faf7bf494cfc859af182af044ad83afca3ed88b6856b28efbd92e7", kill_on_drop: false }`
[INFO] running `Command { std: "docker" "exec" "-e" "SOURCE_DIR=/opt/rustwide/workdir" "-e" "CARGO_HOME=/opt/rustwide/cargo-home" "-e" "RUSTUP_HOME=/opt/rustwide/rustup-home" "-e" "CARGO_TARGET_DIR=/opt/rustwide/target" "-e" "CARGO_INCREMENTAL=0" "-e" "RUST_BACKTRACE=full" "-e" "RUSTFLAGS=--cap-lints=warn" "-e" "RUSTDOCFLAGS=--cap-lints=warn" "-w" "/opt/rustwide/workdir" "--user" "0:0" "e684d4c996faf7bf494cfc859af182af044ad83afca3ed88b6856b28efbd92e7" "/opt/rustwide/cargo-home/bin/cargo" "+1.100.0-beta.1" "test" "--frozen" "--no-run" "--message-format=json" "--release", kill_on_drop: false }`
[INFO] [stderr]    Compiling luo-capture v0.1.0 (/opt/rustwide/workdir)
[INFO] [stdout] error[E0433]: cannot find module or crate `luo_capture_rs` in this scope
[INFO] [stdout]  --> examples/usage.rs:1:5
[INFO] [stdout]   |
[INFO] [stdout] 1 | use luo_capture_rs::capture::*;
[INFO] [stdout]   |     ^^^^^^^^^^^^^^ use of unresolved module or unlinked crate `luo_capture_rs`
[INFO] [stdout]   |
[INFO] [stdout] help: there is a crate or module with a similar name
[INFO] [stdout]   |
[INFO] [stdout] 1 - use luo_capture_rs::capture::*;
[INFO] [stdout] 1 + use luo_capture::capture::*;
[INFO] [stdout]   |
[INFO] [stdout] 
[INFO] [stdout] 
[INFO] [stdout] error[E0422]: cannot find struct, variant or union type `CaptureRegion` in this scope
[INFO] [stdout]   --> examples/usage.rs:16:18
[INFO] [stdout]    |
[INFO] [stdout] 16 |     let region = CaptureRegion {
[INFO] [stdout]    |                  ^^^^^^^^^^^^^ not found in this scope
[INFO] [stdout] 
[INFO] [stdout] 
[INFO] [stdout] error[E0422]: cannot find struct, variant or union type `CaptureRegion` in this scope
[INFO] [stdout]   --> examples/usage.rs:68:19
[INFO] [stdout]    |
[INFO] [stdout] 68 |     let region2 = CaptureRegion {
[INFO] [stdout]    |                   ^^^^^^^^^^^^^ not found in this scope
[INFO] [stdout] 
[INFO] [stdout] 
[INFO] [stdout] error[E0425]: cannot find function `init` in this scope
[INFO] [stdout]   --> examples/usage.rs:11:30
[INFO] [stdout]    |
[INFO] [stdout] 11 |     let mut screen_capture = init().expect("Failed to initialize capture");
[INFO] [stdout]    |                              ^^^^ not found in this scope
[INFO] [stdout] 
[INFO] [stdout] 
[INFO] [stdout] error[E0425]: cannot find function `init_async` in this scope
[INFO] [stdout]   --> examples/usage.rs:41:25
[INFO] [stdout]    |
[INFO] [stdout] 41 |     let async_capture = init_async().await.expect("Failed to initialize async capture");
[INFO] [stdout]    |                         ^^^^^^^^^^ not found in this scope
[INFO] [stdout] 
[INFO] [stdout] 
[INFO] [stdout] error[E0433]: cannot find type `ScreenCapture` in this scope
[INFO] [stdout]   --> examples/usage.rs:62:32
[INFO] [stdout]    |
[INFO] [stdout] 62 |     let mut capture_instance = ScreenCapture::new();
[INFO] [stdout]    |                                ^^^^^^^^^^^^^ use of undeclared type `ScreenCapture`
[INFO] [stdout] 
[INFO] [stdout] 
[INFO] [stdout] error[E0433]: cannot find module or crate `luo_capture_rs` in this scope
[INFO] [stdout]   --> examples/usage.rs:76:11
[INFO] [stdout]    |
[INFO] [stdout] 76 |     match luo_capture_rs::capture(&mut capture_instance, region2) {
[INFO] [stdout]    |           ^^^^^^^^^^^^^^ use of unresolved module or unlinked crate `luo_capture_rs`
[INFO] [stdout]    |
[INFO] [stdout] help: there is a crate or module with a similar name
[INFO] [stdout]    |
[INFO] [stdout] 76 -     match luo_capture_rs::capture(&mut capture_instance, region2) {
[INFO] [stdout] 76 +     match luo_capture::capture(&mut capture_instance, region2) {
[INFO] [stdout]    |
[INFO] [stdout] 
[INFO] [stdout] 
[INFO] [stdout] Some errors have detailed explanations: E0422, E0425, E0433.
[INFO] [stdout] 
[INFO] [stdout] For more information about an error, try `rustc --explain E0422`.
[INFO] [stdout] 
[INFO] [stderr] error: could not compile `luo-capture` (example "usage") due to 7 previous errors
[INFO] [stderr] warning: build failed, waiting for other jobs to finish...
[INFO] [stderr] warning: unused dependency `image`
[INFO] [stderr]  --> Cargo.toml:1:15
[INFO] [stderr]   |
[INFO] [stderr] 1 | [dependencies.image]
[INFO] [stderr]   |               ^^^^^^
[INFO] [stderr]   |
[INFO] [stderr]   = note: `cargo::unused_dependencies` is set to `warn` by default
[INFO] [stderr] help: consider removing the dependency on `image`
[INFO] [stderr] warning: `luo-capture` (manifest) generated 1 warning
[INFO] running `Command { std: "docker" "inspect" "e684d4c996faf7bf494cfc859af182af044ad83afca3ed88b6856b28efbd92e7", kill_on_drop: false }`
[INFO] running `Command { std: "docker" "rm" "-f" "e684d4c996faf7bf494cfc859af182af044ad83afca3ed88b6856b28efbd92e7", kill_on_drop: false }`
[INFO] [stdout] e684d4c996faf7bf494cfc859af182af044ad83afca3ed88b6856b28efbd92e7
