[INFO] fetching crate lumen-compiler 0.6.3...
[INFO] testing lumen-compiler-0.6.3 against 1.100.0-beta.1+cargoflags=--release for beta-release-1.100-2
[INFO] extracting crate lumen-compiler 0.6.3 into /workspace/builds/worker-0-tc2/source
[INFO] started tweaking crates.io crate lumen-compiler 0.6.3
[INFO] removed 0 missing tests
[INFO] finished tweaking crates.io crate lumen-compiler 0.6.3
[INFO] tweaked toml for crates.io crate lumen-compiler 0.6.3 written to /workspace/builds/worker-0-tc2/source/Cargo.toml
[INFO] validating manifest of crates.io crate lumen-compiler 0.6.3 on toolchain 1.100.0-beta.1
[INFO] running `Command { std: CARGO_HOME="/workspace/cargo-home" RUSTUP_HOME="/workspace/rustup-home" "/workspace/cargo-home/bin/cargo" "+1.100.0-beta.1" "metadata" "--manifest-path" "Cargo.toml" "--no-deps", kill_on_drop: false }`
[INFO] crate crates.io crate lumen-compiler 0.6.3 already has a lockfile, it will not be regenerated
[INFO] running `Command { std: CARGO_HOME="/workspace/cargo-home" RUSTUP_HOME="/workspace/rustup-home" "/workspace/cargo-home/bin/cargo" "+1.100.0-beta.1" "fetch" "--manifest-path" "Cargo.toml", kill_on_drop: false }`
[INFO] running `Command { std: "docker" "create" "-v" "/var/lib/crater-agent-workspace/builds/worker-0-tc2/source:/opt/rustwide/workdir:ro,Z" "-v" "/var/lib/crater-agent-workspace/builds/worker-0-tc2/target:/opt/rustwide/target:rw,Z" "-v" "/var/lib/crater-agent-workspace/cargo-home:/opt/rustwide/cargo-home:ro,Z" "-v" "/var/lib/crater-agent-workspace/rustup-home:/opt/rustwide/rustup-home:ro,Z" "-m" "1610612736" "--network" "none" "ghcr.io/rust-lang/crates-build-env/linux@sha256:77db811e55d90add9212f6832c23229e3de5f1c1f9905e8cb07319ea15df73ac" "sleep" "infinity", kill_on_drop: false }`
[INFO] [stdout] b1e0869316486a9acaa133935807bfdc77b39bc7d60f6a42b4167a0b218522f9
[INFO] running `Command { std: "docker" "start" "b1e0869316486a9acaa133935807bfdc77b39bc7d60f6a42b4167a0b218522f9", kill_on_drop: false }`
[INFO] running `Command { std: "docker" "inspect" "b1e0869316486a9acaa133935807bfdc77b39bc7d60f6a42b4167a0b218522f9", kill_on_drop: false }`
[INFO] running `Command { std: "docker" "exec" "-e" "SOURCE_DIR=/opt/rustwide/workdir" "-e" "CARGO_HOME=/opt/rustwide/cargo-home" "-e" "RUSTUP_HOME=/opt/rustwide/rustup-home" "-e" "CARGO_TARGET_DIR=/opt/rustwide/target" "-w" "/opt/rustwide/workdir" "--user" "0:0" "b1e0869316486a9acaa133935807bfdc77b39bc7d60f6a42b4167a0b218522f9" "/opt/rustwide/cargo-home/bin/cargo" "+1.100.0-beta.1" "metadata" "--no-deps" "--format-version=1", kill_on_drop: false }`
[INFO] running `Command { std: "docker" "inspect" "b1e0869316486a9acaa133935807bfdc77b39bc7d60f6a42b4167a0b218522f9", kill_on_drop: false }`
[INFO] running `Command { std: "docker" "exec" "-e" "SOURCE_DIR=/opt/rustwide/workdir" "-e" "CARGO_HOME=/opt/rustwide/cargo-home" "-e" "RUSTUP_HOME=/opt/rustwide/rustup-home" "-e" "CARGO_TARGET_DIR=/opt/rustwide/target" "-e" "CARGO_INCREMENTAL=0" "-e" "RUST_BACKTRACE=full" "-e" "RUSTFLAGS=--cap-lints=warn" "-e" "RUSTDOCFLAGS=--cap-lints=warn" "-w" "/opt/rustwide/workdir" "--user" "0:0" "b1e0869316486a9acaa133935807bfdc77b39bc7d60f6a42b4167a0b218522f9" "/opt/rustwide/cargo-home/bin/cargo" "+1.100.0-beta.1" "build" "--frozen" "--message-format=json" "--release", kill_on_drop: false }`
[INFO] [stderr]    Compiling unicode-ident v1.0.23
[INFO] [stderr]    Compiling serde_core v1.0.229
[INFO] [stderr]    Compiling serde v1.0.229
[INFO] [stderr]    Compiling thiserror v2.0.21
[INFO] [stderr]    Compiling hybrid-array v0.4.15
[INFO] [stderr]    Compiling proc-macro2 v1.0.106
[INFO] [stderr]    Compiling quote v1.0.44
[INFO] [stderr]    Compiling syn v3.0.6
[INFO] [stderr]    Compiling syn v2.0.115
[INFO] [stderr]    Compiling crypto-common v0.2.2
[INFO] [stderr]    Compiling block-buffer v0.12.1
[INFO] [stderr]    Compiling digest v0.11.3
[INFO] [stderr]    Compiling sha2 v0.11.0
[INFO] [stderr]    Compiling serde_derive v1.0.229
[INFO] [stderr]    Compiling thiserror-impl v2.0.21
[INFO] [stderr]    Compiling strum_macros v0.28.0
[INFO] [stderr]    Compiling serde_json v1.0.151
[INFO] [stderr]    Compiling strum v0.28.0
[INFO] [stderr]    Compiling num-bigint v0.5.1
[INFO] [stderr]    Compiling lumen-compiler v0.6.3 (/opt/rustwide/workdir)
[INFO] [stderr]     Finished `release` profile [optimized] target(s) in 47.89s
[INFO] running `Command { std: "docker" "inspect" "b1e0869316486a9acaa133935807bfdc77b39bc7d60f6a42b4167a0b218522f9", kill_on_drop: false }`
[INFO] running `Command { std: "docker" "exec" "-e" "SOURCE_DIR=/opt/rustwide/workdir" "-e" "CARGO_HOME=/opt/rustwide/cargo-home" "-e" "RUSTUP_HOME=/opt/rustwide/rustup-home" "-e" "CARGO_TARGET_DIR=/opt/rustwide/target" "-e" "CARGO_INCREMENTAL=0" "-e" "RUST_BACKTRACE=full" "-e" "RUSTFLAGS=--cap-lints=warn" "-e" "RUSTDOCFLAGS=--cap-lints=warn" "-w" "/opt/rustwide/workdir" "--user" "0:0" "b1e0869316486a9acaa133935807bfdc77b39bc7d60f6a42b4167a0b218522f9" "/opt/rustwide/cargo-home/bin/cargo" "+1.100.0-beta.1" "test" "--frozen" "--no-run" "--message-format=json" "--release", kill_on_drop: false }`
[INFO] [stderr]    Compiling lumen-compiler v0.6.3 (/opt/rustwide/workdir)
[INFO] [stdout] error[E0433]: cannot find module or crate `lumen_runtime` in this scope
[INFO] [stdout]    --> tests/null_ops_suite.rs:359:9
[INFO] [stdout]     |
[INFO] [stdout] 359 |     use lumen_runtime::vm::vm::VM;
[INFO] [stdout]     |         ^^^^^^^^^^^^^ use of unresolved module or unlinked crate `lumen_runtime`
[INFO] [stdout]     |
[INFO] [stdout]     = help: if you wanted to use a crate named `lumen_runtime`, use `cargo add lumen_runtime` to add it to your `Cargo.toml`
[INFO] [stdout] 
[INFO] [stdout] 
[INFO] [stdout] error[E0433]: cannot find module or crate `lumen_runtime` in this scope
[INFO] [stdout]    --> tests/null_ops_suite.rs:373:9
[INFO] [stdout]     |
[INFO] [stdout] 373 |     use lumen_runtime::vm::vm::VM;
[INFO] [stdout]     |         ^^^^^^^^^^^^^ use of unresolved module or unlinked crate `lumen_runtime`
[INFO] [stdout]     |
[INFO] [stdout]     = help: if you wanted to use a crate named `lumen_runtime`, use `cargo add lumen_runtime` to add it to your `Cargo.toml`
[INFO] [stdout] 
[INFO] [stdout] 
[INFO] [stdout] error[E0433]: cannot find module or crate `lumen_runtime` in this scope
[INFO] [stdout]    --> tests/null_ops_suite.rs:387:9
[INFO] [stdout]     |
[INFO] [stdout] 387 |     use lumen_runtime::vm::vm::VM;
[INFO] [stdout]     |         ^^^^^^^^^^^^^ use of unresolved module or unlinked crate `lumen_runtime`
[INFO] [stdout]     |
[INFO] [stdout]     = help: if you wanted to use a crate named `lumen_runtime`, use `cargo add lumen_runtime` to add it to your `Cargo.toml`
[INFO] [stdout] 
[INFO] [stdout] 
[INFO] [stdout] error[E0433]: cannot find module or crate `lumen_runtime` in this scope
[INFO] [stdout]    --> tests/null_ops_suite.rs:407:9
[INFO] [stdout]     |
[INFO] [stdout] 407 |     use lumen_runtime::vm::vm::VM;
[INFO] [stdout]     |         ^^^^^^^^^^^^^ use of unresolved module or unlinked crate `lumen_runtime`
[INFO] [stdout]     |
[INFO] [stdout]     = help: if you wanted to use a crate named `lumen_runtime`, use `cargo add lumen_runtime` to add it to your `Cargo.toml`
[INFO] [stdout] 
[INFO] [stdout] 
[INFO] [stdout] error[E0433]: cannot find module or crate `lumen_runtime` in this scope
[INFO] [stdout]    --> tests/null_ops_suite.rs:422:9
[INFO] [stdout]     |
[INFO] [stdout] 422 |     use lumen_runtime::vm::vm::VM;
[INFO] [stdout]     |         ^^^^^^^^^^^^^ use of unresolved module or unlinked crate `lumen_runtime`
[INFO] [stdout]     |
[INFO] [stdout]     = help: if you wanted to use a crate named `lumen_runtime`, use `cargo add lumen_runtime` to add it to your `Cargo.toml`
[INFO] [stdout] 
[INFO] [stdout] 
[INFO] [stdout] error[E0433]: cannot find module or crate `lumen_runtime` in this scope
[INFO] [stdout]    --> tests/null_ops_suite.rs:445:9
[INFO] [stdout]     |
[INFO] [stdout] 445 |     use lumen_runtime::vm::vm::VM;
[INFO] [stdout]     |         ^^^^^^^^^^^^^ use of unresolved module or unlinked crate `lumen_runtime`
[INFO] [stdout]     |
[INFO] [stdout]     = help: if you wanted to use a crate named `lumen_runtime`, use `cargo add lumen_runtime` to add it to your `Cargo.toml`
[INFO] [stdout] 
[INFO] [stdout] 
[INFO] [stdout] error[E0433]: cannot find module or crate `lumen_runtime` in this scope
[INFO] [stdout]    --> tests/null_ops_suite.rs:463:9
[INFO] [stdout]     |
[INFO] [stdout] 463 |     use lumen_runtime::vm::vm::VM;
[INFO] [stdout]     |         ^^^^^^^^^^^^^ use of unresolved module or unlinked crate `lumen_runtime`
[INFO] [stdout]     |
[INFO] [stdout]     = help: if you wanted to use a crate named `lumen_runtime`, use `cargo add lumen_runtime` to add it to your `Cargo.toml`
[INFO] [stdout] 
[INFO] [stdout] 
[INFO] [stdout] error[E0433]: cannot find module or crate `lumen_runtime` in this scope
[INFO] [stdout]    --> tests/null_ops_suite.rs:477:9
[INFO] [stdout]     |
[INFO] [stdout] 477 |     use lumen_runtime::vm::vm::VM;
[INFO] [stdout]     |         ^^^^^^^^^^^^^ use of unresolved module or unlinked crate `lumen_runtime`
[INFO] [stdout]     |
[INFO] [stdout]     = help: if you wanted to use a crate named `lumen_runtime`, use `cargo add lumen_runtime` to add it to your `Cargo.toml`
[INFO] [stdout] 
[INFO] [stdout] 
[INFO] [stdout] error[E0433]: cannot find module or crate `lumen_runtime` in this scope
[INFO] [stdout]    --> tests/null_ops_suite.rs:493:9
[INFO] [stdout]     |
[INFO] [stdout] 493 |     use lumen_runtime::vm::vm::VM;
[INFO] [stdout]     |         ^^^^^^^^^^^^^ use of unresolved module or unlinked crate `lumen_runtime`
[INFO] [stdout]     |
[INFO] [stdout]     = help: if you wanted to use a crate named `lumen_runtime`, use `cargo add lumen_runtime` to add it to your `Cargo.toml`
[INFO] [stdout] 
[INFO] [stdout] 
[INFO] [stdout] error[E0433]: cannot find module or crate `lumen_runtime` in this scope
[INFO] [stdout]    --> tests/null_ops_suite.rs:510:9
[INFO] [stdout]     |
[INFO] [stdout] 510 |     use lumen_runtime::vm::vm::VM;
[INFO] [stdout]     |         ^^^^^^^^^^^^^ use of unresolved module or unlinked crate `lumen_runtime`
[INFO] [stdout]     |
[INFO] [stdout]     = help: if you wanted to use a crate named `lumen_runtime`, use `cargo add lumen_runtime` to add it to your `Cargo.toml`
[INFO] [stdout] 
[INFO] [stdout] 
[INFO] [stdout] For more information about this error, try `rustc --explain E0433`.
[INFO] [stdout] 
[INFO] [stderr] error: could not compile `lumen-compiler` (test "null_ops_suite") due to 10 previous errors
[INFO] [stderr] warning: build failed, waiting for other jobs to finish...
[INFO] running `Command { std: "docker" "inspect" "b1e0869316486a9acaa133935807bfdc77b39bc7d60f6a42b4167a0b218522f9", kill_on_drop: false }`
[INFO] running `Command { std: "docker" "rm" "-f" "b1e0869316486a9acaa133935807bfdc77b39bc7d60f6a42b4167a0b218522f9", kill_on_drop: false }`
[INFO] [stdout] b1e0869316486a9acaa133935807bfdc77b39bc7d60f6a42b4167a0b218522f9
