[INFO] fetching crate lsys-lib-sms 0.1.0...
[INFO] testing lsys-lib-sms-0.1.0 against 1.99.0-beta.8+cargoflags=--release for beta-release-1.100-2
[INFO] extracting crate lsys-lib-sms 0.1.0 into /workspace/builds/worker-6-tc1/source
[INFO] started tweaking crates.io crate lsys-lib-sms 0.1.0
[INFO] finished tweaking crates.io crate lsys-lib-sms 0.1.0
[INFO] tweaked toml for crates.io crate lsys-lib-sms 0.1.0 written to /workspace/builds/worker-6-tc1/source/Cargo.toml
[INFO] validating manifest of crates.io crate lsys-lib-sms 0.1.0 on toolchain 1.99.0-beta.8
[INFO] running `Command { std: CARGO_HOME="/workspace/cargo-home" RUSTUP_HOME="/workspace/rustup-home" "/workspace/cargo-home/bin/cargo" "+1.99.0-beta.8" "metadata" "--manifest-path" "Cargo.toml" "--no-deps", kill_on_drop: false }`
[INFO] running `Command { std: CARGO_HOME="/workspace/cargo-home" RUSTUP_HOME="/workspace/rustup-home" "/workspace/cargo-home/bin/cargo" "+1.99.0-beta.8" "generate-lockfile" "--manifest-path" "Cargo.toml", kill_on_drop: false }`
[INFO] [stderr]     Updating crates.io index
[INFO] [stderr]      Locking 182 packages to highest compatible versions
[INFO] [stderr]       Adding base64 v0.21.7 (available: v0.23.1)
[INFO] [stderr]       Adding generic-array v0.14.7 (available: v0.14.9)
[INFO] [stderr]       Adding hmac v0.12.1 (available: v0.13.0)
[INFO] [stderr]       Adding md5 v0.7.0 (available: v0.8.1)
[INFO] [stderr]       Adding rand v0.8.8 (available: v0.10.3)
[INFO] [stderr]       Adding reqwest v0.11.27 (available: v0.13.5)
[INFO] [stderr]       Adding sha2 v0.10.9 (available: v0.11.1)
[INFO] running `Command { std: CARGO_HOME="/workspace/cargo-home" RUSTUP_HOME="/workspace/rustup-home" "/workspace/cargo-home/bin/cargo" "+1.99.0-beta.8" "fetch" "--manifest-path" "Cargo.toml", kill_on_drop: false }`
[INFO] [stderr]  Downloading crates ...
[INFO] [stderr]   Downloaded gjson v0.8.1
[INFO] running `Command { std: "docker" "create" "-v" "/var/lib/crater-agent-workspace/builds/worker-6-tc1/source:/opt/rustwide/workdir:ro,Z" "-v" "/var/lib/crater-agent-workspace/builds/worker-6-tc1/target:/opt/rustwide/target:rw,Z" "-v" "/var/lib/crater-agent-workspace/cargo-home:/opt/rustwide/cargo-home:ro,Z" "-v" "/var/lib/crater-agent-workspace/rustup-home:/opt/rustwide/rustup-home:ro,Z" "-m" "1610612736" "--network" "none" "ghcr.io/rust-lang/crates-build-env/linux@sha256:77db811e55d90add9212f6832c23229e3de5f1c1f9905e8cb07319ea15df73ac" "sleep" "infinity", kill_on_drop: false }`
[INFO] [stdout] 735630bb63f2842fc93c45a2586757c6935468ce9b9bb0b4f9fa2ba34d5e84bf
[INFO] running `Command { std: "docker" "start" "735630bb63f2842fc93c45a2586757c6935468ce9b9bb0b4f9fa2ba34d5e84bf", kill_on_drop: false }`
[INFO] running `Command { std: "docker" "inspect" "735630bb63f2842fc93c45a2586757c6935468ce9b9bb0b4f9fa2ba34d5e84bf", kill_on_drop: false }`
[INFO] running `Command { std: "docker" "exec" "-e" "SOURCE_DIR=/opt/rustwide/workdir" "-e" "CARGO_HOME=/opt/rustwide/cargo-home" "-e" "RUSTUP_HOME=/opt/rustwide/rustup-home" "-e" "CARGO_TARGET_DIR=/opt/rustwide/target" "-w" "/opt/rustwide/workdir" "--user" "0:0" "735630bb63f2842fc93c45a2586757c6935468ce9b9bb0b4f9fa2ba34d5e84bf" "/opt/rustwide/cargo-home/bin/cargo" "+1.99.0-beta.8" "metadata" "--no-deps" "--format-version=1", kill_on_drop: false }`
[INFO] running `Command { std: "docker" "inspect" "735630bb63f2842fc93c45a2586757c6935468ce9b9bb0b4f9fa2ba34d5e84bf", kill_on_drop: false }`
[INFO] running `Command { std: "docker" "exec" "-e" "SOURCE_DIR=/opt/rustwide/workdir" "-e" "CARGO_HOME=/opt/rustwide/cargo-home" "-e" "RUSTUP_HOME=/opt/rustwide/rustup-home" "-e" "CARGO_TARGET_DIR=/opt/rustwide/target" "-e" "CARGO_INCREMENTAL=0" "-e" "RUST_BACKTRACE=full" "-e" "RUSTFLAGS=--cap-lints=warn" "-e" "RUSTDOCFLAGS=--cap-lints=warn" "-w" "/opt/rustwide/workdir" "--user" "0:0" "735630bb63f2842fc93c45a2586757c6935468ce9b9bb0b4f9fa2ba34d5e84bf" "/opt/rustwide/cargo-home/bin/cargo" "+1.99.0-beta.8" "build" "--frozen" "--message-format=json" "--release", kill_on_drop: false }`
[INFO] [stderr]    Compiling unicode-ident v1.0.27
[INFO] [stderr]    Compiling libc v0.2.191
[INFO] [stderr]    Compiling cc v1.8.0
[INFO] [stderr]    Compiling typenum v1.20.1
[INFO] [stderr]    Compiling foreign-types-shared v0.1.1
[INFO] [stderr]    Compiling openssl v0.10.81
[INFO] [stderr]    Compiling equivalent v1.0.3
[INFO] [stderr]    Compiling http v0.2.12
[INFO] [stderr]    Compiling native-tls v0.2.18
[INFO] [stderr]    Compiling hashbrown v0.17.1
[INFO] [stderr]    Compiling zerocopy v0.8.63
[INFO] [stderr]    Compiling bitflags v2.13.2
[INFO] [stderr]    Compiling futures-sink v0.3.34
[INFO] [stderr]    Compiling futures-task v0.3.34
[INFO] [stderr]    Compiling smallvec v1.16.3
[INFO] [stderr]    Compiling serde v1.0.229
[INFO] [stderr]    Compiling foreign-types v0.3.2
[INFO] [stderr]    Compiling slab v0.4.12
[INFO] [stderr]    Compiling num-traits v0.2.19
[INFO] [stderr]    Compiling want v0.3.2
[INFO] [stderr]    Compiling proc-macro2 v1.0.107
[INFO] [stderr]    Compiling futures-util v0.3.34
[INFO] [stderr]    Compiling encoding_rs v0.8.42
[INFO] [stderr]    Compiling base64 v0.21.7
[INFO] [stderr]    Compiling core_detect v1.0.0
[INFO] [stderr]    Compiling serde_json v1.0.154
[INFO] [stderr]    Compiling multiversion_no_op v1.0.0
[INFO] [stderr]    Compiling simdutf8 v0.1.5
[INFO] [stderr]    Compiling sync_wrapper v0.1.2
[INFO] [stderr]    Compiling iana-time-zone v0.1.65
[INFO] [stderr]    Compiling md5 v0.7.0
[INFO] [stderr]    Compiling quote v1.0.47
[INFO] [stderr]    Compiling rustls-pemfile v1.0.4
[INFO] [stderr]    Compiling indexmap v2.14.2
[INFO] [stderr]    Compiling gjson v0.8.1
[INFO] [stderr]    Compiling generic-array v0.14.7
[INFO] [stderr]    Compiling syn v3.0.9
[INFO] [stderr]    Compiling syn v2.0.119
[INFO] [stderr]    Compiling http-body v0.4.6
[INFO] [stderr]    Compiling serde_urlencoded v0.7.1
[INFO] [stderr]    Compiling chrono v0.4.45
[INFO] [stderr]    Compiling socket2 v0.6.5
[INFO] [stderr]    Compiling mio v1.2.4
[INFO] [stderr]    Compiling getrandom v0.2.17
[INFO] [stderr]    Compiling socket2 v0.5.10
[INFO] [stderr]    Compiling block-buffer v0.10.4
[INFO] [stderr]    Compiling crypto-common v0.1.7
[INFO] [stderr]    Compiling rand_core v0.6.4
[INFO] [stderr]    Compiling digest v0.10.7
[INFO] [stderr]    Compiling tokio v1.53.3
[INFO] [stderr]    Compiling sha2 v0.10.9
[INFO] [stderr]    Compiling openssl-sys v0.9.117
[INFO] [stderr]    Compiling ring v0.17.14
[INFO] [stderr]    Compiling hmac v0.12.1
[INFO] [stderr]    Compiling synstructure v0.14.0
[INFO] [stderr]    Compiling zerovec-derive v0.11.6
[INFO] [stderr]    Compiling displaydoc v0.2.7
[INFO] [stderr]    Compiling zerofrom-derive v0.1.8
[INFO] [stderr]    Compiling yoke-derive v0.8.4
[INFO] [stderr]    Compiling zerofrom v0.1.8
[INFO] [stderr]    Compiling yoke v0.8.3
[INFO] [stderr]    Compiling zerovec v0.11.8
[INFO] [stderr]    Compiling zerotrie v0.2.5
[INFO] [stderr]    Compiling tinystr v0.8.4
[INFO] [stderr]    Compiling potential_utf v0.1.6
[INFO] [stderr]    Compiling icu_locale_core v2.3.0
[INFO] [stderr]    Compiling icu_collections v2.3.0
[INFO] [stderr]    Compiling ppv-lite86 v0.2.21
[INFO] [stderr]    Compiling rand_chacha v0.3.1
[INFO] [stderr]    Compiling rand v0.8.8
[INFO] [stderr]    Compiling tokio-util v0.7.20
[INFO] [stderr]    Compiling openssl-macros v0.1.1
[INFO] [stderr]    Compiling tracing-attributes v0.1.31
[INFO] [stderr]    Compiling icu_provider v2.3.1
[INFO] [stderr]    Compiling tracing v0.1.44
[INFO] [stderr]    Compiling icu_properties v2.3.0
[INFO] [stderr]    Compiling icu_normalizer v2.3.0
[INFO] [stderr]    Compiling h2 v0.3.27
[INFO] [stderr]    Compiling idna_adapter v1.2.2
[INFO] [stderr]    Compiling idna v1.1.0
[INFO] [stderr]    Compiling url v2.5.8
[INFO] [stderr]    Compiling tokio-native-tls v0.3.1
[INFO] [stderr]    Compiling hyper v0.14.32
[INFO] [stderr]    Compiling hyper-tls v0.5.0
[INFO] [stderr]    Compiling reqwest v0.11.27
[INFO] [stderr]    Compiling lsys-lib-sms v0.1.0 (/opt/rustwide/workdir)
[INFO] [stdout] warning: use of deprecated associated function `chrono::NaiveDateTime::from_timestamp_opt`: use `DateTime::from_timestamp` instead
[INFO] [stdout]    --> src/sms_lib/sender_aliyun.rs:259:39
[INFO] [stdout]     |
[INFO] [stdout] 259 |         let datetime = NaiveDateTime::from_timestamp_opt(now_time as i64, 0).unwrap_or_default();
[INFO] [stdout]     |                                       ^^^^^^^^^^^^^^^^^^
[INFO] [stdout]     |
[INFO] [stdout]     = note: `#[warn(deprecated)]` on by default
[INFO] [stdout] 
[INFO] [stdout] 
[INFO] [stdout] warning: use of deprecated associated function `chrono::NaiveDateTime::from_timestamp_opt`: use `DateTime::from_timestamp` instead
[INFO] [stdout]    --> src/sms_lib/sender_tencent.rs:256:39
[INFO] [stdout]     |
[INFO] [stdout] 256 |         let datetime = NaiveDateTime::from_timestamp_opt(now_time as i64, 0).unwrap_or_default();
[INFO] [stdout]     |                                       ^^^^^^^^^^^^^^^^^^
[INFO] [stdout] 
[INFO] [stdout] 
[INFO] [stdout] warning: use of deprecated associated function `chrono::NaiveDateTime::from_timestamp_opt`: use `DateTime::from_timestamp` instead
[INFO] [stdout]    --> src/sms_lib/sender_jdcloud.rs:180:39
[INFO] [stdout]     |
[INFO] [stdout] 180 |         let datetime = NaiveDateTime::from_timestamp_opt(now_time as i64, 0).unwrap_or_default();
[INFO] [stdout]     |                                       ^^^^^^^^^^^^^^^^^^
[INFO] [stdout] 
[INFO] [stdout] 
[INFO] [stdout] warning: use of deprecated associated function `chrono::NaiveDateTime::from_timestamp_opt`: use `DateTime::from_timestamp` instead
[INFO] [stdout]   --> src/sms_lib/sender_cloopen.rs:89:39
[INFO] [stdout]    |
[INFO] [stdout] 89 |         let datetime = NaiveDateTime::from_timestamp_opt(time as i64, 0).unwrap_or_default();
[INFO] [stdout]    |                                       ^^^^^^^^^^^^^^^^^^
[INFO] [stdout] 
[INFO] [stdout] 
[INFO] [stdout] warning: use of deprecated associated function `chrono::NaiveDateTime::from_timestamp_opt`: use `DateTime::from_timestamp` instead
[INFO] [stdout]   --> src/sms_lib/sender_cloopen.rs:97:39
[INFO] [stdout]    |
[INFO] [stdout] 97 |         let datetime = NaiveDateTime::from_timestamp_opt(time as i64, 0).unwrap_or_default();
[INFO] [stdout]    |                                       ^^^^^^^^^^^^^^^^^^
[INFO] [stdout] 
[INFO] [stdout] 
[INFO] [stderr]     Finished `release` profile [optimized] target(s) in 1m 11s
[INFO] running `Command { std: "docker" "inspect" "735630bb63f2842fc93c45a2586757c6935468ce9b9bb0b4f9fa2ba34d5e84bf", kill_on_drop: false }`
[INFO] running `Command { std: "docker" "exec" "-e" "SOURCE_DIR=/opt/rustwide/workdir" "-e" "CARGO_HOME=/opt/rustwide/cargo-home" "-e" "RUSTUP_HOME=/opt/rustwide/rustup-home" "-e" "CARGO_TARGET_DIR=/opt/rustwide/target" "-e" "CARGO_INCREMENTAL=0" "-e" "RUST_BACKTRACE=full" "-e" "RUSTFLAGS=--cap-lints=warn" "-e" "RUSTDOCFLAGS=--cap-lints=warn" "-w" "/opt/rustwide/workdir" "--user" "0:0" "735630bb63f2842fc93c45a2586757c6935468ce9b9bb0b4f9fa2ba34d5e84bf" "/opt/rustwide/cargo-home/bin/cargo" "+1.99.0-beta.8" "test" "--frozen" "--no-run" "--message-format=json" "--release", kill_on_drop: false }`
[INFO] [stderr]    Compiling tokio v1.53.3
[INFO] [stderr]    Compiling tokio-util v0.7.20
[INFO] [stderr]    Compiling tokio-native-tls v0.3.1
[INFO] [stderr]    Compiling h2 v0.3.27
[INFO] [stderr]    Compiling hyper v0.14.32
[INFO] [stderr]    Compiling hyper-tls v0.5.0
[INFO] [stderr]    Compiling reqwest v0.11.27
[INFO] [stderr]    Compiling lsys-lib-sms v0.1.0 (/opt/rustwide/workdir)
[INFO] [stdout] warning: use of deprecated associated function `chrono::NaiveDateTime::from_timestamp_opt`: use `DateTime::from_timestamp` instead
[INFO] [stdout]    --> src/sms_lib/sender_aliyun.rs:259:39
[INFO] [stdout]     |
[INFO] [stdout] 259 |         let datetime = NaiveDateTime::from_timestamp_opt(now_time as i64, 0).unwrap_or_default();
[INFO] [stdout]     |                                       ^^^^^^^^^^^^^^^^^^
[INFO] [stdout]     |
[INFO] [stdout]     = note: `#[warn(deprecated)]` on by default
[INFO] [stdout] 
[INFO] [stdout] 
[INFO] [stdout] warning: use of deprecated associated function `chrono::NaiveDateTime::from_timestamp_opt`: use `DateTime::from_timestamp` instead
[INFO] [stdout]    --> src/sms_lib/sender_tencent.rs:256:39
[INFO] [stdout]     |
[INFO] [stdout] 256 |         let datetime = NaiveDateTime::from_timestamp_opt(now_time as i64, 0).unwrap_or_default();
[INFO] [stdout]     |                                       ^^^^^^^^^^^^^^^^^^
[INFO] [stdout] 
[INFO] [stdout] 
[INFO] [stdout] warning: use of deprecated associated function `chrono::NaiveDateTime::from_timestamp_opt`: use `DateTime::from_timestamp` instead
[INFO] [stdout]    --> src/sms_lib/sender_jdcloud.rs:180:39
[INFO] [stdout]     |
[INFO] [stdout] 180 |         let datetime = NaiveDateTime::from_timestamp_opt(now_time as i64, 0).unwrap_or_default();
[INFO] [stdout]     |                                       ^^^^^^^^^^^^^^^^^^
[INFO] [stdout] 
[INFO] [stdout] 
[INFO] [stdout] warning: use of deprecated associated function `chrono::NaiveDateTime::from_timestamp_opt`: use `DateTime::from_timestamp` instead
[INFO] [stdout]   --> src/sms_lib/sender_cloopen.rs:89:39
[INFO] [stdout]    |
[INFO] [stdout] 89 |         let datetime = NaiveDateTime::from_timestamp_opt(time as i64, 0).unwrap_or_default();
[INFO] [stdout]    |                                       ^^^^^^^^^^^^^^^^^^
[INFO] [stdout] 
[INFO] [stdout] 
[INFO] [stdout] warning: use of deprecated associated function `chrono::NaiveDateTime::from_timestamp_opt`: use `DateTime::from_timestamp` instead
[INFO] [stdout]   --> src/sms_lib/sender_cloopen.rs:97:39
[INFO] [stdout]    |
[INFO] [stdout] 97 |         let datetime = NaiveDateTime::from_timestamp_opt(time as i64, 0).unwrap_or_default();
[INFO] [stdout]    |                                       ^^^^^^^^^^^^^^^^^^
[INFO] [stdout] 
[INFO] [stdout] 
[INFO] [stdout] error[E0433]: cannot find `test` in `tokio`
[INFO] [stdout]  --> tests/sender_netease.rs:1:10
[INFO] [stdout]   |
[INFO] [stdout] 1 | #[tokio::test]
[INFO] [stdout]   |          ^^^^ could not find `test` in `tokio`
[INFO] [stdout] 
[INFO] [stdout] 
[INFO] [stdout] error[E0433]: cannot find `test` in `tokio`
[INFO] [stdout]  --> tests/sender_aliyun.rs:1:10
[INFO] [stdout]   |
[INFO] [stdout] 1 | #[tokio::test]
[INFO] [stdout]   |          ^^^^ could not find `test` in `tokio`
[INFO] [stdout] 
[INFO] [stdout] 
[INFO] [stdout] error[E0433]: cannot find `test` in `tokio`
[INFO] [stdout]  --> tests/sender_cloopen.rs:1:10
[INFO] [stdout]   |
[INFO] [stdout] 1 | #[tokio::test]
[INFO] [stdout]   |          ^^^^ could not find `test` in `tokio`
[INFO] [stdout] 
[INFO] [stdout] 
[INFO] [stdout] error[E0433]: cannot find `test` in `tokio`
[INFO] [stdout]  --> tests/sender_huawei.rs:1:10
[INFO] [stdout]   |
[INFO] [stdout] 1 | #[tokio::test]
[INFO] [stdout]   |          ^^^^ could not find `test` in `tokio`
[INFO] [stdout] 
[INFO] [stdout] 
[INFO] [stdout] error[E0433]: cannot find `test` in `tokio`
[INFO] [stdout]  --> tests/sender_jdcloud.rs:1:10
[INFO] [stdout]   |
[INFO] [stdout] 1 | #[tokio::test]
[INFO] [stdout]   |          ^^^^ could not find `test` in `tokio`
[INFO] [stdout] 
[INFO] [stdout] 
[INFO] [stdout] error[E0433]: cannot find `test` in `tokio`
[INFO] [stdout]  --> tests/sender_tencent.rs:1:10
[INFO] [stdout]   |
[INFO] [stdout] 1 | #[tokio::test]
[INFO] [stdout]   |          ^^^^ could not find `test` in `tokio`
[INFO] [stdout] 
[INFO] [stdout] 
[INFO] [stdout] error[E0433]: cannot find `test` in `tokio`
[INFO] [stdout]  --> tests/sender_aliyun.rs:1:10
[INFO] [stdout]   |
[INFO] [stdout] 1 | #[tokio::test]
[INFO] [stdout]   |          ^^^^ could not find `test` in `tokio`
[INFO] [stdout] 
[INFO] [stdout] 
[INFO] [stdout] error[E0433]: cannot find `test` in `tokio`
[INFO] [stdout]  --> tests/sender_huawei.rs:1:10
[INFO] [stdout]   |
[INFO] [stdout] 1 | #[tokio::test]
[INFO] [stdout]   |          ^^^^ could not find `test` in `tokio`
[INFO] [stdout] 
[INFO] [stdout] 
[INFO] [stdout] error[E0433]: cannot find `test` in `tokio`
[INFO] [stdout]  --> tests/sender_jdcloud.rs:1:10
[INFO] [stdout]   |
[INFO] [stdout] 1 | #[tokio::test]
[INFO] [stdout]   |          ^^^^ could not find `test` in `tokio`
[INFO] [stdout] 
[INFO] [stdout] 
[INFO] [stdout] error[E0433]: cannot find `test` in `tokio`
[INFO] [stdout]  --> tests/sender_netease.rs:1:10
[INFO] [stdout]   |
[INFO] [stdout] 1 | #[tokio::test]
[INFO] [stdout]   |          ^^^^ could not find `test` in `tokio`
[INFO] [stdout] 
[INFO] [stdout] 
[INFO] [stdout] error[E0433]: cannot find `test` in `tokio`
[INFO] [stdout]  --> tests/sender_tencent.rs:1:10
[INFO] [stdout]   |
[INFO] [stdout] 1 | #[tokio::test]
[INFO] [stdout]   |          ^^^^ could not find `test` in `tokio`
[INFO] [stdout] 
[INFO] [stdout] 
[INFO] [stdout] error[E0433]: cannot find `test` in `tokio`
[INFO] [stdout]  --> tests/sender_cloopen.rs:1:10
[INFO] [stdout]   |
[INFO] [stdout] 1 | #[tokio::test]
[INFO] [stdout]   |          ^^^^ could not find `test` in `tokio`
[INFO] [stdout] 
[INFO] [stdout] 
[INFO] [stderr] error: could not compile `lsys-lib-sms` (test "sender_netease") due to 1 previous error
[INFO] [stdout] For more information about this error, try `rustc --explain E0433`.
[INFO] [stdout] 
[INFO] [stderr] warning: build failed, waiting for other jobs to finish...
[INFO] [stdout] For more information about this error, try `rustc --explain E0433`.
[INFO] [stdout] 
[INFO] [stderr] error: could not compile `lsys-lib-sms` (test "sender_cloopen") due to 1 previous error
[INFO] [stdout] For more information about this error, try `rustc --explain E0433`.
[INFO] [stdout] 
[INFO] [stdout] For more information about this error, try `rustc --explain E0433`.
[INFO] [stdout] 
[INFO] [stderr] error: could not compile `lsys-lib-sms` (test "sender_huawei") due to 1 previous error
[INFO] [stderr] error: could not compile `lsys-lib-sms` (test "sender_aliyun") due to 1 previous error
[INFO] [stdout] For more information about this error, try `rustc --explain E0433`.
[INFO] [stdout] 
[INFO] [stderr] error: could not compile `lsys-lib-sms` (test "sender_jdcloud") due to 1 previous error
[INFO] [stdout] For more information about this error, try `rustc --explain E0433`.
[INFO] [stdout] 
[INFO] [stderr] error: could not compile `lsys-lib-sms` (test "sender_tencent") due to 1 previous error
[INFO] [stdout] warning: use of deprecated associated function `chrono::NaiveDateTime::from_timestamp_opt`: use `DateTime::from_timestamp` instead
[INFO] [stdout]    --> src/sms_lib/sender_aliyun.rs:259:39
[INFO] [stdout]     |
[INFO] [stdout] 259 |         let datetime = NaiveDateTime::from_timestamp_opt(now_time as i64, 0).unwrap_or_default();
[INFO] [stdout]     |                                       ^^^^^^^^^^^^^^^^^^
[INFO] [stdout]     |
[INFO] [stdout]     = note: `#[warn(deprecated)]` on by default
[INFO] [stdout] 
[INFO] [stdout] 
[INFO] [stdout] For more information about this error, try `rustc --explain E0433`.
[INFO] [stdout] 
[INFO] [stderr] error: could not compile `lsys-lib-sms` (test "test") due to 6 previous errors
[INFO] [stdout] warning: use of deprecated associated function `chrono::NaiveDateTime::from_timestamp_opt`: use `DateTime::from_timestamp` instead
[INFO] [stdout]    --> src/sms_lib/sender_tencent.rs:256:39
[INFO] [stdout]     |
[INFO] [stdout] 256 |         let datetime = NaiveDateTime::from_timestamp_opt(now_time as i64, 0).unwrap_or_default();
[INFO] [stdout]     |                                       ^^^^^^^^^^^^^^^^^^
[INFO] [stdout] 
[INFO] [stdout] 
[INFO] [stdout] warning: use of deprecated associated function `chrono::NaiveDateTime::from_timestamp_opt`: use `DateTime::from_timestamp` instead
[INFO] [stdout]    --> src/sms_lib/sender_jdcloud.rs:180:39
[INFO] [stdout]     |
[INFO] [stdout] 180 |         let datetime = NaiveDateTime::from_timestamp_opt(now_time as i64, 0).unwrap_or_default();
[INFO] [stdout]     |                                       ^^^^^^^^^^^^^^^^^^
[INFO] [stdout] 
[INFO] [stdout] 
[INFO] [stdout] warning: use of deprecated associated function `chrono::NaiveDateTime::from_timestamp_opt`: use `DateTime::from_timestamp` instead
[INFO] [stdout]   --> src/sms_lib/sender_cloopen.rs:89:39
[INFO] [stdout]    |
[INFO] [stdout] 89 |         let datetime = NaiveDateTime::from_timestamp_opt(time as i64, 0).unwrap_or_default();
[INFO] [stdout]    |                                       ^^^^^^^^^^^^^^^^^^
[INFO] [stdout] 
[INFO] [stdout] 
[INFO] [stdout] warning: use of deprecated associated function `chrono::NaiveDateTime::from_timestamp_opt`: use `DateTime::from_timestamp` instead
[INFO] [stdout]   --> src/sms_lib/sender_cloopen.rs:97:39
[INFO] [stdout]    |
[INFO] [stdout] 97 |         let datetime = NaiveDateTime::from_timestamp_opt(time as i64, 0).unwrap_or_default();
[INFO] [stdout]    |                                       ^^^^^^^^^^^^^^^^^^
[INFO] [stdout] 
[INFO] [stdout] 
[INFO] running `Command { std: "docker" "inspect" "735630bb63f2842fc93c45a2586757c6935468ce9b9bb0b4f9fa2ba34d5e84bf", kill_on_drop: false }`
[INFO] running `Command { std: "docker" "rm" "-f" "735630bb63f2842fc93c45a2586757c6935468ce9b9bb0b4f9fa2ba34d5e84bf", kill_on_drop: false }`
[INFO] [stdout] 735630bb63f2842fc93c45a2586757c6935468ce9b9bb0b4f9fa2ba34d5e84bf
