[INFO] fetching crate lsty 0.2.0...
[INFO] testing lsty-0.2.0 against 1.99.0-beta.8+cargoflags=--release for beta-release-1.100-2
[INFO] extracting crate lsty 0.2.0 into /workspace/builds/worker-6-tc1/source
[INFO] started tweaking crates.io crate lsty 0.2.0
[INFO] removed 0 missing tests
[INFO] finished tweaking crates.io crate lsty 0.2.0
[INFO] tweaked toml for crates.io crate lsty 0.2.0 written to /workspace/builds/worker-6-tc1/source/Cargo.toml
[INFO] validating manifest of crates.io crate lsty 0.2.0 on toolchain 1.99.0-beta.8
[INFO] running `Command { std: CARGO_HOME="/workspace/cargo-home" RUSTUP_HOME="/workspace/rustup-home" "/workspace/cargo-home/bin/cargo" "+1.99.0-beta.8" "metadata" "--manifest-path" "Cargo.toml" "--no-deps", kill_on_drop: false }`
[INFO] crate crates.io crate lsty 0.2.0 already has a lockfile, it will not be regenerated
[INFO] running `Command { std: CARGO_HOME="/workspace/cargo-home" RUSTUP_HOME="/workspace/rustup-home" "/workspace/cargo-home/bin/cargo" "+1.99.0-beta.8" "fetch" "--manifest-path" "Cargo.toml", kill_on_drop: false }`
[INFO] [stderr]     Updating crates.io index
[INFO] [stderr]  Downloading crates ...
[INFO] [stderr]   Downloaded lru v0.18.5
[INFO] [stderr]   Downloaded instability v0.3.14
[INFO] [stderr]   Downloaded indexmap v2.14.1
[INFO] [stderr]   Downloaded jiff-static v0.2.37
[INFO] [stderr]   Downloaded escape8259 v0.5.3
[INFO] [stderr]   Downloaded lsty-tui v0.2.0
[INFO] [stderr]   Downloaded defmt-macros v1.1.1
[INFO] [stderr]   Downloaded libtest-mimic v0.8.2
[INFO] [stderr]   Downloaded defmt v1.1.1
[INFO] [stderr]   Downloaded lsty-cli v0.2.0
[INFO] [stderr]   Downloaded lsty-core v0.2.0
[INFO] [stderr]   Downloaded jiff v0.2.37
[INFO] running `Command { std: "docker" "create" "-v" "/var/lib/crater-agent-workspace/builds/worker-6-tc1/source:/opt/rustwide/workdir:ro,Z" "-v" "/var/lib/crater-agent-workspace/builds/worker-6-tc1/target:/opt/rustwide/target:rw,Z" "-v" "/var/lib/crater-agent-workspace/cargo-home:/opt/rustwide/cargo-home:ro,Z" "-v" "/var/lib/crater-agent-workspace/rustup-home:/opt/rustwide/rustup-home:ro,Z" "-m" "1610612736" "--network" "none" "ghcr.io/rust-lang/crates-build-env/linux@sha256:77db811e55d90add9212f6832c23229e3de5f1c1f9905e8cb07319ea15df73ac" "sleep" "infinity", kill_on_drop: false }`
[INFO] [stdout] 64a5310c67810b967d6c0ed262bb0c7a269ee8c86ce27e6d853891f74196e303
[INFO] running `Command { std: "docker" "start" "64a5310c67810b967d6c0ed262bb0c7a269ee8c86ce27e6d853891f74196e303", kill_on_drop: false }`
[INFO] running `Command { std: "docker" "inspect" "64a5310c67810b967d6c0ed262bb0c7a269ee8c86ce27e6d853891f74196e303", kill_on_drop: false }`
[INFO] running `Command { std: "docker" "exec" "-e" "SOURCE_DIR=/opt/rustwide/workdir" "-e" "CARGO_HOME=/opt/rustwide/cargo-home" "-e" "RUSTUP_HOME=/opt/rustwide/rustup-home" "-e" "CARGO_TARGET_DIR=/opt/rustwide/target" "-w" "/opt/rustwide/workdir" "--user" "0:0" "64a5310c67810b967d6c0ed262bb0c7a269ee8c86ce27e6d853891f74196e303" "/opt/rustwide/cargo-home/bin/cargo" "+1.99.0-beta.8" "metadata" "--no-deps" "--format-version=1", kill_on_drop: false }`
[INFO] running `Command { std: "docker" "inspect" "64a5310c67810b967d6c0ed262bb0c7a269ee8c86ce27e6d853891f74196e303", kill_on_drop: false }`
[INFO] running `Command { std: "docker" "exec" "-e" "SOURCE_DIR=/opt/rustwide/workdir" "-e" "CARGO_HOME=/opt/rustwide/cargo-home" "-e" "RUSTUP_HOME=/opt/rustwide/rustup-home" "-e" "CARGO_TARGET_DIR=/opt/rustwide/target" "-e" "CARGO_INCREMENTAL=0" "-e" "RUST_BACKTRACE=full" "-e" "RUSTFLAGS=--cap-lints=warn" "-e" "RUSTDOCFLAGS=--cap-lints=warn" "-w" "/opt/rustwide/workdir" "--user" "0:0" "64a5310c67810b967d6c0ed262bb0c7a269ee8c86ce27e6d853891f74196e303" "/opt/rustwide/cargo-home/bin/cargo" "+1.99.0-beta.8" "build" "--frozen" "--message-format=json" "--release", kill_on_drop: false }`
[INFO] [stderr]    Compiling libc v0.2.190
[INFO] [stderr]    Compiling bitflags v2.13.2
[INFO] [stderr]    Compiling syn v3.0.6
[INFO] [stderr]    Compiling syn v2.0.119
[INFO] [stderr]    Compiling thiserror v2.0.21
[INFO] [stderr]    Compiling strsim v0.11.1
[INFO] [stderr]    Compiling rustix v1.1.5
[INFO] [stderr]    Compiling unicode-segmentation v1.13.3
[INFO] [stderr]    Compiling signal-hook v0.3.18
[INFO] [stderr]    Compiling either v1.18.0
[INFO] [stderr]    Compiling hashbrown v0.16.1
[INFO] [stderr]    Compiling unicode-width v0.2.2
[INFO] [stderr]    Compiling smallvec v1.16.2
[INFO] [stderr]    Compiling castaway v0.2.4
[INFO] [stderr]    Compiling lru v0.18.5
[INFO] [stderr]    Compiling inotify-sys v0.1.8
[INFO] [stderr]    Compiling compact_str v0.9.1
[INFO] [stderr]    Compiling indoc v2.0.7
[INFO] [stderr]    Compiling winnow v1.0.4
[INFO] [stderr]    Compiling convert_case v0.10.0
[INFO] [stderr]    Compiling itertools v0.14.0
[INFO] [stderr]    Compiling jiff-core v0.1.1
[INFO] [stderr]    Compiling serde_spanned v1.1.1
[INFO] [stderr]    Compiling toml_datetime v1.1.1+spec-1.1.0
[INFO] [stderr]    Compiling line-clipping v0.3.8
[INFO] [stderr]    Compiling notify-types v2.1.0
[INFO] [stderr]    Compiling toml_parser v1.1.3+spec-1.1.0
[INFO] [stderr]    Compiling jiff v0.2.37
[INFO] [stderr]    Compiling toml v1.1.2+spec-1.1.0
[INFO] [stderr]    Compiling errno v0.3.14
[INFO] [stderr]    Compiling mio v1.2.4
[INFO] [stderr]    Compiling parking_lot_core v0.9.12
[INFO] [stderr]    Compiling getrandom v0.4.3
[INFO] [stderr]    Compiling inotify v0.11.5
[INFO] [stderr]    Compiling signal-hook-registry v1.4.8
[INFO] [stderr]    Compiling parking_lot v0.12.5
[INFO] [stderr]    Compiling notify v8.2.0
[INFO] [stderr]    Compiling signal-hook-mio v0.2.5
[INFO] [stderr]    Compiling unicode-truncate v2.0.1
[INFO] [stderr]    Compiling strum_macros v0.28.0
[INFO] [stderr]    Compiling derive_more-impl v2.1.1
[INFO] [stderr]    Compiling derive_more v2.1.1
[INFO] [stderr]    Compiling darling_core v0.24.1
[INFO] [stderr]    Compiling crossterm v0.29.0
[INFO] [stderr]    Compiling thiserror-impl v2.0.21
[INFO] [stderr]    Compiling strum v0.28.0
[INFO] [stderr]    Compiling lsty-core v0.2.0
[INFO] [stderr]    Compiling kasuari v0.4.12
[INFO] [stderr]    Compiling ratatui-core v0.1.2
[INFO] [stderr]    Compiling darling_macro v0.24.1
[INFO] [stderr]    Compiling darling v0.24.1
[INFO] [stderr]    Compiling instability v0.3.14
[INFO] [stderr]    Compiling ratatui-widgets v0.3.2
[INFO] [stderr]    Compiling ratatui-crossterm v0.1.2
[INFO] [stderr]    Compiling ratatui v0.30.2
[INFO] [stderr]    Compiling lsty-cli v0.2.0
[INFO] [stderr]    Compiling lsty-tui v0.2.0
[INFO] [stderr]    Compiling lsty v0.2.0 (/opt/rustwide/workdir)
[INFO] [stderr]     Finished `release` profile [optimized] target(s) in 1m 05s
[INFO] running `Command { std: "docker" "inspect" "64a5310c67810b967d6c0ed262bb0c7a269ee8c86ce27e6d853891f74196e303", kill_on_drop: false }`
[INFO] running `Command { std: "docker" "exec" "-e" "SOURCE_DIR=/opt/rustwide/workdir" "-e" "CARGO_HOME=/opt/rustwide/cargo-home" "-e" "RUSTUP_HOME=/opt/rustwide/rustup-home" "-e" "CARGO_TARGET_DIR=/opt/rustwide/target" "-e" "CARGO_INCREMENTAL=0" "-e" "RUST_BACKTRACE=full" "-e" "RUSTFLAGS=--cap-lints=warn" "-e" "RUSTDOCFLAGS=--cap-lints=warn" "-w" "/opt/rustwide/workdir" "--user" "0:0" "64a5310c67810b967d6c0ed262bb0c7a269ee8c86ce27e6d853891f74196e303" "/opt/rustwide/cargo-home/bin/cargo" "+1.99.0-beta.8" "test" "--frozen" "--no-run" "--message-format=json" "--release", kill_on_drop: false }`
[INFO] [stderr]    Compiling rustix v1.1.5
[INFO] [stderr]    Compiling linux-raw-sys v0.12.1
[INFO] [stderr]    Compiling serde_core v1.0.229
[INFO] [stderr]    Compiling clap_derive v4.6.7
[INFO] [stderr]    Compiling once_cell v1.21.4
[INFO] [stderr]    Compiling escape8259 v0.5.3
[INFO] [stderr]    Compiling clap_builder v4.6.7
[INFO] [stderr]    Compiling clap v4.6.7
[INFO] [stderr]    Compiling libtest-mimic v0.8.2
[INFO] [stderr]    Compiling serde_json v1.0.151
[INFO] [stderr]    Compiling crossterm v0.29.0
[INFO] [stderr]    Compiling lsty-core v0.2.0
[INFO] [stderr]    Compiling tempfile v3.27.0
[INFO] [stderr]    Compiling ratatui-crossterm v0.1.2
[INFO] [stderr]    Compiling ratatui v0.30.2
[INFO] [stderr]    Compiling lsty-cli v0.2.0
[INFO] [stderr]    Compiling lsty-tui v0.2.0
[INFO] [stderr]    Compiling lsty v0.2.0 (/opt/rustwide/workdir)
[INFO] [stdout] error[E0432]: unresolved import `lsty_scripttest`
[INFO] [stdout]  --> tests/script.rs:5:5
[INFO] [stdout]   |
[INFO] [stdout] 5 | use lsty_scripttest::Suite;
[INFO] [stdout]   |     ^^^^^^^^^^^^^^^ use of unresolved module or unlinked crate `lsty_scripttest`
[INFO] [stdout]   |
[INFO] [stdout]   = help: if you wanted to use a crate named `lsty_scripttest`, use `cargo add lsty_scripttest` to add it to your `Cargo.toml`
[INFO] [stdout] 
[INFO] [stdout] 
[INFO] [stdout] For more information about this error, try `rustc --explain E0432`.
[INFO] [stdout] 
[INFO] [stderr] error: could not compile `lsty` (test "script") due to 1 previous error
[INFO] [stderr] warning: build failed, waiting for other jobs to finish...
[INFO] [stdout] error[E0433]: cannot find module or crate `lsty_scripttest` in this scope
[INFO] [stdout]    --> tests/terminal.rs:141:25
[INFO] [stdout]     |
[INFO] [stdout] 141 |     let (master, tty) = lsty_scripttest::open_pty()?;
[INFO] [stdout]     |                         ^^^^^^^^^^^^^^^ use of unresolved module or unlinked crate `lsty_scripttest`
[INFO] [stdout]     |
[INFO] [stdout]     = help: if you wanted to use a crate named `lsty_scripttest`, use `cargo add lsty_scripttest` to add it to your `Cargo.toml`
[INFO] [stdout] 
[INFO] [stdout] 
[INFO] [stdout] error[E0433]: cannot find module or crate `lsty_scripttest` in this scope
[INFO] [stdout]    --> tests/terminal.rs:190:17
[INFO] [stdout]     |
[INFO] [stdout] 190 |     let child = lsty_scripttest::with_coverage(&mut cmd).spawn()?;
[INFO] [stdout]     |                 ^^^^^^^^^^^^^^^ use of unresolved module or unlinked crate `lsty_scripttest`
[INFO] [stdout]     |
[INFO] [stdout]     = help: if you wanted to use a crate named `lsty_scripttest`, use `cargo add lsty_scripttest` to add it to your `Cargo.toml`
[INFO] [stdout] 
[INFO] [stdout] 
[INFO] [stdout] For more information about this error, try `rustc --explain E0433`.
[INFO] [stdout] 
[INFO] [stderr] error: could not compile `lsty` (test "terminal") due to 2 previous errors
[INFO] [stdout] error[E0433]: cannot find module or crate `lsty_scripttest` in this scope
[INFO] [stdout]    --> tests/todo_sh.rs:381:13
[INFO] [stdout]     |
[INFO] [stdout] 381 |             lsty_scripttest::with_coverage(&mut cmd);
[INFO] [stdout]     |             ^^^^^^^^^^^^^^^ use of unresolved module or unlinked crate `lsty_scripttest`
[INFO] [stdout]     |
[INFO] [stdout]     = help: if you wanted to use a crate named `lsty_scripttest`, use `cargo add lsty_scripttest` to add it to your `Cargo.toml`
[INFO] [stdout] 
[INFO] [stdout] 
[INFO] [stdout] error[E0433]: cannot find module or crate `lsty_scripttest` in this scope
[INFO] [stdout]   --> tests/broken_pipe.rs:13:18
[INFO] [stdout]    |
[INFO] [stdout] 13 |     let output = lsty_scripttest::with_coverage(
[INFO] [stdout]    |                  ^^^^^^^^^^^^^^^ use of unresolved module or unlinked crate `lsty_scripttest`
[INFO] [stdout]    |
[INFO] [stdout]    = help: if you wanted to use a crate named `lsty_scripttest`, use `cargo add lsty_scripttest` to add it to your `Cargo.toml`
[INFO] [stdout] 
[INFO] [stdout] 
[INFO] [stdout] For more information about this error, try `rustc --explain E0433`.
[INFO] [stdout] 
[INFO] [stderr] error: could not compile `lsty` (test "broken_pipe") due to 1 previous error
[INFO] [stdout] error[E0433]: cannot find module or crate `lsty_scripttest` in this scope
[INFO] [stdout]   --> tests/process.rs:62:19
[INFO] [stdout]    |
[INFO] [stdout] 62 |         let out = lsty_scripttest::with_coverage(&mut cmd).output()?;
[INFO] [stdout]    |                   ^^^^^^^^^^^^^^^ use of unresolved module or unlinked crate `lsty_scripttest`
[INFO] [stdout]    |
[INFO] [stdout]    = help: if you wanted to use a crate named `lsty_scripttest`, use `cargo add lsty_scripttest` to add it to your `Cargo.toml`
[INFO] [stdout] 
[INFO] [stdout] 
[INFO] [stdout] error[E0433]: cannot find module or crate `lsty_scripttest` in this scope
[INFO] [stdout]    --> tests/bench.rs:336:19
[INFO] [stdout]     |
[INFO] [stdout] 336 |         let out = lsty_scripttest::with_coverage(
[INFO] [stdout]     |                   ^^^^^^^^^^^^^^^ use of unresolved module or unlinked crate `lsty_scripttest`
[INFO] [stdout]     |
[INFO] [stdout]     = help: if you wanted to use a crate named `lsty_scripttest`, use `cargo add lsty_scripttest` to add it to your `Cargo.toml`
[INFO] [stdout] 
[INFO] [stdout] 
[INFO] [stdout] For more information about this error, try `rustc --explain E0433`.
[INFO] [stdout] 
[INFO] [stderr] error: could not compile `lsty` (test "process") due to 1 previous error
[INFO] [stdout] For more information about this error, try `rustc --explain E0433`.
[INFO] [stdout] 
[INFO] [stderr] error: could not compile `lsty` (test "todo_sh") due to 1 previous error
[INFO] [stdout] For more information about this error, try `rustc --explain E0433`.
[INFO] [stdout] 
[INFO] [stderr] error: could not compile `lsty` (test "bench") due to 1 previous error
[INFO] running `Command { std: "docker" "inspect" "64a5310c67810b967d6c0ed262bb0c7a269ee8c86ce27e6d853891f74196e303", kill_on_drop: false }`
[INFO] running `Command { std: "docker" "rm" "-f" "64a5310c67810b967d6c0ed262bb0c7a269ee8c86ce27e6d853891f74196e303", kill_on_drop: false }`
[INFO] [stdout] 64a5310c67810b967d6c0ed262bb0c7a269ee8c86ce27e6d853891f74196e303
