[INFO] fetching crate lpl-token-vault 0.1.2...
[INFO] testing lpl-token-vault-0.1.2 against 1.100.0-beta.1+cargoflags=--release for beta-release-1.100-2
[INFO] extracting crate lpl-token-vault 0.1.2 into /workspace/builds/worker-2-tc2/source
[INFO] started tweaking crates.io crate lpl-token-vault 0.1.2
[INFO] finished tweaking crates.io crate lpl-token-vault 0.1.2
[INFO] tweaked toml for crates.io crate lpl-token-vault 0.1.2 written to /workspace/builds/worker-2-tc2/source/Cargo.toml
[INFO] validating manifest of crates.io crate lpl-token-vault 0.1.2 on toolchain 1.100.0-beta.1
[INFO] running `Command { std: CARGO_HOME="/workspace/cargo-home" RUSTUP_HOME="/workspace/rustup-home" "/workspace/cargo-home/bin/cargo" "+1.100.0-beta.1" "metadata" "--manifest-path" "Cargo.toml" "--no-deps", kill_on_drop: false }`
[INFO] running `Command { std: CARGO_HOME="/workspace/cargo-home" RUSTUP_HOME="/workspace/rustup-home" "/workspace/cargo-home/bin/cargo" "+1.100.0-beta.1" "generate-lockfile" "--manifest-path" "Cargo.toml", kill_on_drop: false }`
[INFO] [stderr]     Updating crates.io index
[INFO] [stderr]      Locking 161 packages to highest compatible versions
[INFO] [stderr]       Adding borsh v0.9.3 (available: v1.8.1)
[INFO] [stderr]       Adding crypto-common v0.1.6 (available: v0.1.7)
[INFO] [stderr]       Adding num-derive v0.3.3 (available: v0.5.1)
[INFO] [stderr]       Adding shank v0.0.12 (available: v0.4.9)
[INFO] [stderr]       Adding thiserror v1.0.69 (available: v2.0.21)
[INFO] [stderr]       Adding zeroize v1.3.0 (available: v1.9.1)
[INFO] running `Command { std: CARGO_HOME="/workspace/cargo-home" RUSTUP_HOME="/workspace/rustup-home" "/workspace/cargo-home/bin/cargo" "+1.100.0-beta.1" "fetch" "--manifest-path" "Cargo.toml", kill_on_drop: false }`
[INFO] running `Command { std: "docker" "create" "-v" "/var/lib/crater-agent-workspace/builds/worker-2-tc2/source:/opt/rustwide/workdir:ro,Z" "-v" "/var/lib/crater-agent-workspace/builds/worker-2-tc2/target:/opt/rustwide/target:rw,Z" "-v" "/var/lib/crater-agent-workspace/cargo-home:/opt/rustwide/cargo-home:ro,Z" "-v" "/var/lib/crater-agent-workspace/rustup-home:/opt/rustwide/rustup-home:ro,Z" "-m" "1610612736" "--network" "none" "ghcr.io/rust-lang/crates-build-env/linux@sha256:77db811e55d90add9212f6832c23229e3de5f1c1f9905e8cb07319ea15df73ac" "sleep" "infinity", kill_on_drop: false }`
[INFO] [stdout] 849cd702983936937da4ed179b2e2bfa8d588a90a5a7c8c3b299c5653629740f
[INFO] running `Command { std: "docker" "start" "849cd702983936937da4ed179b2e2bfa8d588a90a5a7c8c3b299c5653629740f", kill_on_drop: false }`
[INFO] running `Command { std: "docker" "inspect" "849cd702983936937da4ed179b2e2bfa8d588a90a5a7c8c3b299c5653629740f", kill_on_drop: false }`
[INFO] running `Command { std: "docker" "exec" "-e" "SOURCE_DIR=/opt/rustwide/workdir" "-e" "CARGO_HOME=/opt/rustwide/cargo-home" "-e" "RUSTUP_HOME=/opt/rustwide/rustup-home" "-e" "CARGO_TARGET_DIR=/opt/rustwide/target" "-w" "/opt/rustwide/workdir" "--user" "0:0" "849cd702983936937da4ed179b2e2bfa8d588a90a5a7c8c3b299c5653629740f" "/opt/rustwide/cargo-home/bin/cargo" "+1.100.0-beta.1" "metadata" "--no-deps" "--format-version=1", kill_on_drop: false }`
[INFO] running `Command { std: "docker" "inspect" "849cd702983936937da4ed179b2e2bfa8d588a90a5a7c8c3b299c5653629740f", kill_on_drop: false }`
[INFO] running `Command { std: "docker" "exec" "-e" "SOURCE_DIR=/opt/rustwide/workdir" "-e" "CARGO_HOME=/opt/rustwide/cargo-home" "-e" "RUSTUP_HOME=/opt/rustwide/rustup-home" "-e" "CARGO_TARGET_DIR=/opt/rustwide/target" "-e" "CARGO_INCREMENTAL=0" "-e" "RUST_BACKTRACE=full" "-e" "RUSTFLAGS=--cap-lints=warn" "-e" "RUSTDOCFLAGS=--cap-lints=warn" "-w" "/opt/rustwide/workdir" "--user" "0:0" "849cd702983936937da4ed179b2e2bfa8d588a90a5a7c8c3b299c5653629740f" "/opt/rustwide/cargo-home/bin/cargo" "+1.100.0-beta.1" "build" "--frozen" "--message-format=json" "--release", kill_on_drop: false }`
[INFO] [stderr]    Compiling serde_core v1.0.229
[INFO] [stderr]    Compiling serde v1.0.229
[INFO] [stderr]    Compiling libc v0.2.191
[INFO] [stderr]    Compiling typenum v1.20.1
[INFO] [stderr]    Compiling cfg-if v1.0.5
[INFO] [stderr]    Compiling generic-array v0.14.9
[INFO] [stderr]    Compiling syn v1.0.109
[INFO] [stderr]    Compiling subtle v2.6.1
[INFO] [stderr]    Compiling getrandom v0.1.16
[INFO] [stderr]    Compiling crossbeam-utils v0.8.23
[INFO] [stderr]    Compiling crunchy v0.2.4
[INFO] [stderr]    Compiling syn v2.0.119
[INFO] [stderr]    Compiling crossbeam-epoch v0.9.21
[INFO] [stderr]    Compiling find-msvc-tools v0.1.14
[INFO] [stderr]    Compiling zerocopy v0.8.63
[INFO] [stderr]    Compiling ahash v0.7.8
[INFO] [stderr]    Compiling crossbeam-deque v0.8.8
[INFO] [stderr]    Compiling jobserver v0.1.35
[INFO] [stderr]    Compiling getrandom v0.2.17
[INFO] [stderr]    Compiling cc v1.8.0
[INFO] [stderr]    Compiling rand_core v0.5.1
[INFO] [stderr]    Compiling hybrid-array v0.4.15
[INFO] [stderr]    Compiling block-padding v0.2.1
[INFO] [stderr]    Compiling rayon-core v1.13.0
[INFO] [stderr]    Compiling hashbrown v0.17.1
[INFO] [stderr]    Compiling either v1.19.0
[INFO] [stderr]    Compiling feature-probe v0.1.1
[INFO] [stderr]    Compiling equivalent v1.0.3
[INFO] [stderr]    Compiling cmov v0.5.4
[INFO] [stderr]    Compiling ctutils v0.4.3
[INFO] [stderr]    Compiling indexmap v2.14.2
[INFO] [stderr]    Compiling bv v0.11.1
[INFO] [stderr]    Compiling toml v0.5.11
[INFO] [stderr]    Compiling digest v0.9.0
[INFO] [stderr]    Compiling crypto-mac v0.8.0
[INFO] [stderr]    Compiling block-buffer v0.9.0
[INFO] [stderr]    Compiling crypto-common v0.1.6
[INFO] [stderr]    Compiling libsecp256k1-core v0.2.2
[INFO] [stderr]    Compiling block-buffer v0.10.4
[INFO] [stderr]    Compiling blake3 v1.8.7
[INFO] [stderr]    Compiling digest v0.10.7
[INFO] [stderr]    Compiling hmac v0.8.1
[INFO] [stderr]    Compiling zmij v1.0.23
[INFO] [stderr]    Compiling crypto-common v0.2.2
[INFO] [stderr]    Compiling thiserror-impl v1.0.69
[INFO] [stderr]    Compiling zeroize_derive v1.5.0
[INFO] [stderr]    Compiling libsecp256k1-gen-ecmult v0.2.1
[INFO] [stderr]    Compiling libsecp256k1-gen-genmult v0.2.1
[INFO] [stderr]    Compiling block-buffer v0.12.1
[INFO] [stderr]    Compiling rand_core v0.6.4
[INFO] [stderr]    Compiling bitmaps v2.1.0
[INFO] [stderr]    Compiling wasm-bindgen-shared v0.2.129
[INFO] [stderr]    Compiling safecoin-frozen-abi-macro v1.14.17
[INFO] [stderr]    Compiling anyhow v1.0.104
[INFO] [stderr]    Compiling im v15.1.0
[INFO] [stderr]    Compiling toml_datetime v0.6.11
[INFO] [stderr]    Compiling winnow v0.5.40
[INFO] [stderr]    Compiling opaque-debug v0.3.1
[INFO] [stderr]    Compiling serde_json v1.0.154
[INFO] [stderr]    Compiling digest v0.11.3
[INFO] [stderr]    Compiling sha2 v0.9.9
[INFO] [stderr]    Compiling thiserror v1.0.69
[INFO] [stderr]    Compiling sized-chunks v0.6.5
[INFO] [stderr]    Compiling rand_xoshiro v0.6.0
[INFO] [stderr]    Compiling zeroize v1.3.0
[INFO] [stderr]    Compiling rayon v1.12.0
[INFO] [stderr]    Compiling libsecp256k1 v0.6.0
[INFO] [stderr]    Compiling proc-macro-crate v0.1.5
[INFO] [stderr]    Compiling borsh-schema-derive-internal v0.9.3
[INFO] [stderr]    Compiling borsh-derive-internal v0.9.3
[INFO] [stderr]    Compiling memoffset v0.6.5
[INFO] [stderr]    Compiling num-traits v0.2.19
[INFO] [stderr]    Compiling safecoin-frozen-abi v1.14.17
[INFO] [stderr]    Compiling once_cell v1.21.4
[INFO] [stderr]    Compiling arrayvec v0.7.8
[INFO] [stderr]    Compiling cpufeatures v0.3.1
[INFO] [stderr]    Compiling ppv-lite86 v0.2.21
[INFO] [stderr]    Compiling shlex v2.0.1
[INFO] [stderr]    Compiling byteorder v1.5.0
[INFO] [stderr]    Compiling tinyvec v1.13.3
[INFO] [stderr]    Compiling rand_chacha v0.2.2
[INFO] [stderr]    Compiling memchr v2.8.3
[INFO] [stderr]    Compiling rand v0.7.3
[INFO] [stderr]    Compiling unicode-ident v1.0.27
[INFO] [stderr]    Compiling toml_edit v0.19.15
[INFO] [stderr]    Compiling constant_time_eq v0.4.2
[INFO] [stderr]    Compiling unicode-normalization v0.1.26
[INFO] [stderr]    Compiling borsh-derive v0.9.3
[INFO] [stderr]    Compiling wasm-bindgen v0.2.129
[INFO] [stderr]    Compiling shank_macro_impl v0.0.12
[INFO] [stderr]    Compiling hmac-drbg v0.3.0
[INFO] [stderr]    Compiling proc-macro-crate v1.3.1
[INFO] [stderr]    Compiling sha2 v0.10.9
[INFO] [stderr]    Compiling safecoin-program v1.14.17
[INFO] [stderr]    Compiling pbkdf2 v0.4.0
[INFO] [stderr]    Compiling hashbrown v0.12.3
[INFO] [stderr]    Compiling hashbrown v0.11.2
[INFO] [stderr]    Compiling serde_bytes v0.11.19
[INFO] [stderr]    Compiling memmap2 v0.5.10
[INFO] [stderr]    Compiling bytemuck_derive v1.12.1
[INFO] [stderr]    Compiling log v0.4.34
[INFO] [stderr]    Compiling bs58 v0.4.0
[INFO] [stderr]    Compiling keccak v0.1.6
[INFO] [stderr]    Compiling arrayref v0.3.9
[INFO] [stderr]    Compiling base64 v0.12.3
[INFO] [stderr]    Compiling rustc-hash v1.1.0
[INFO] [stderr]    Compiling sha3 v0.10.9
[INFO] [stderr]    Compiling tiny-bip39 v0.8.2
[INFO] [stderr]    Compiling safecoin-sdk-macro v1.14.17
[INFO] [stderr]    Compiling num_enum_derive v0.5.11
[INFO] [stderr]    Compiling bytemuck v1.25.2
[INFO] [stderr]    Compiling borsh v0.9.3
[INFO] [stderr]    Compiling shank_render v0.0.1
[INFO] [stderr]    Compiling curve25519-dalek v3.2.1
[INFO] [stderr]    Compiling num-derive v0.3.3
[INFO] [stderr]    Compiling itertools v0.10.5
[INFO] [stderr]    Compiling bincode v1.3.3
[INFO] [stderr]    Compiling base64 v0.13.1
[INFO] [stderr]    Compiling num_enum v0.5.11
[INFO] [stderr]    Compiling shank_macro v0.0.12
[INFO] [stderr]    Compiling shank v0.0.12
[INFO] [stderr]    Compiling safe-token v3.5.1
[INFO] [stderr]    Compiling lpl-token-vault v0.1.2 (/opt/rustwide/workdir)
[INFO] [stdout] error[E0433]: cannot find module or crate `safecoin_program` in this scope
[INFO] [stdout]  --> src/error.rs:5:5
[INFO] [stdout]   |
[INFO] [stdout] 5 |     safecoin_program::{
[INFO] [stdout]   |     ^^^^^^^^^^^^^^^^ use of unresolved module or unlinked crate `safecoin_program`
[INFO] [stdout]   |
[INFO] [stdout]   = help: if you wanted to use a crate named `safecoin_program`, use `cargo add safecoin_program` to add it to your `Cargo.toml`
[INFO] [stdout] 
[INFO] [stdout] 
[INFO] [stdout] error[E0433]: cannot find module or crate `safecoin_program` in this scope
[INFO] [stdout]  --> src/instruction.rs:4:5
[INFO] [stdout]   |
[INFO] [stdout] 4 | use safecoin_program::{
[INFO] [stdout]   |     ^^^^^^^^^^^^^^^^ use of unresolved module or unlinked crate `safecoin_program`
[INFO] [stdout]   |
[INFO] [stdout]   = help: if you wanted to use a crate named `safecoin_program`, use `cargo add safecoin_program` to add it to your `Cargo.toml`
[INFO] [stdout] 
[INFO] [stdout] 
[INFO] [stdout] error[E0432]: unresolved import `safecoin_program`
[INFO] [stdout]  --> src/error.rs:5:5
[INFO] [stdout]   |
[INFO] [stdout] 5 |     safecoin_program::{
[INFO] [stdout]   |     ^^^^^^^^^^^^^^^^ use of unresolved module or unlinked crate `safecoin_program`
[INFO] [stdout]   |
[INFO] [stdout]   = help: if you wanted to use a crate named `safecoin_program`, use `cargo add safecoin_program` to add it to your `Cargo.toml`
[INFO] [stdout] 
[INFO] [stdout] 
[INFO] [stdout] error[E0433]: cannot find module or crate `safecoin_program` in this scope
[INFO] [stdout]   --> src/processor.rs:16:5
[INFO] [stdout]    |
[INFO] [stdout] 16 | use safecoin_program::{
[INFO] [stdout]    |     ^^^^^^^^^^^^^^^^ use of unresolved module or unlinked crate `safecoin_program`
[INFO] [stdout]    |
[INFO] [stdout]    = help: if you wanted to use a crate named `safecoin_program`, use `cargo add safecoin_program` to add it to your `Cargo.toml`
[INFO] [stdout] 
[INFO] [stdout] 
[INFO] [stdout] error[E0432]: unresolved import `safecoin_program`
[INFO] [stdout]  --> src/instruction.rs:4:5
[INFO] [stdout]   |
[INFO] [stdout] 4 | use safecoin_program::{
[INFO] [stdout]   |     ^^^^^^^^^^^^^^^^ use of unresolved module or unlinked crate `safecoin_program`
[INFO] [stdout]   |
[INFO] [stdout]   = help: if you wanted to use a crate named `safecoin_program`, use `cargo add safecoin_program` to add it to your `Cargo.toml`
[INFO] [stdout] 
[INFO] [stdout] 
[INFO] [stdout] error[E0433]: cannot find module or crate `safecoin_program` in this scope
[INFO] [stdout]  --> src/state.rs:4:5
[INFO] [stdout]   |
[INFO] [stdout] 4 | use safecoin_program::{account_info::AccountInfo, program_error::ProgramError, pubkey::Pubkey};
[INFO] [stdout]   |     ^^^^^^^^^^^^^^^^ use of unresolved module or unlinked crate `safecoin_program`
[INFO] [stdout]   |
[INFO] [stdout]   = help: if you wanted to use a crate named `safecoin_program`, use `cargo add safecoin_program` to add it to your `Cargo.toml`
[INFO] [stdout] 
[INFO] [stdout] 
[INFO] [stdout] error[E0433]: cannot find module or crate `safecoin_program` in this scope
[INFO] [stdout]  --> src/utils.rs:7:5
[INFO] [stdout]   |
[INFO] [stdout] 7 |     safecoin_program::{
[INFO] [stdout]   |     ^^^^^^^^^^^^^^^^ use of unresolved module or unlinked crate `safecoin_program`
[INFO] [stdout]   |
[INFO] [stdout]   = help: if you wanted to use a crate named `safecoin_program`, use `cargo add safecoin_program` to add it to your `Cargo.toml`
[INFO] [stdout] 
[INFO] [stdout] 
[INFO] [stdout] error[E0432]: unresolved import `safecoin_program`
[INFO] [stdout]   --> src/processor.rs:16:5
[INFO] [stdout]    |
[INFO] [stdout] 16 | use safecoin_program::{
[INFO] [stdout]    |     ^^^^^^^^^^^^^^^^ use of unresolved module or unlinked crate `safecoin_program`
[INFO] [stdout]    |
[INFO] [stdout]    = help: if you wanted to use a crate named `safecoin_program`, use `cargo add safecoin_program` to add it to your `Cargo.toml`
[INFO] [stdout] 
[INFO] [stdout] 
[INFO] [stdout] error[E0432]: unresolved import `safecoin_program`
[INFO] [stdout]  --> src/utils.rs:7:5
[INFO] [stdout]   |
[INFO] [stdout] 7 |     safecoin_program::{
[INFO] [stdout]   |     ^^^^^^^^^^^^^^^^ use of unresolved module or unlinked crate `safecoin_program`
[INFO] [stdout]   |
[INFO] [stdout]   = help: if you wanted to use a crate named `safecoin_program`, use `cargo add safecoin_program` to add it to your `Cargo.toml`
[INFO] [stdout] 
[INFO] [stdout] 
[INFO] [stdout] error[E0432]: unresolved import `safecoin_program`
[INFO] [stdout]   --> src/lib.rs:10:9
[INFO] [stdout]    |
[INFO] [stdout] 10 | pub use safecoin_program;
[INFO] [stdout]    |         ^^^^^^^^^^^^^^^^ no external crate `safecoin_program`
[INFO] [stdout] 
[INFO] [stdout] 
[INFO] [stdout] error[E0433]: cannot find module or crate `safecoin_program` in this scope
[INFO] [stdout]    --> src/instruction.rs:275:39
[INFO] [stdout]     |
[INFO] [stdout] 275 |             AccountMeta::new_readonly(safecoin_program::system_program::id(), false),
[INFO] [stdout]     |                                       ^^^^^^^^^^^^^^^^ use of unresolved module or unlinked crate `safecoin_program`
[INFO] [stdout]     |
[INFO] [stdout]     = help: if you wanted to use a crate named `safecoin_program`, use `cargo add safecoin_program` to add it to your `Cargo.toml`
[INFO] [stdout] 
[INFO] [stdout] 
[INFO] [stdout] error[E0433]: cannot find module or crate `safecoin_program` in this scope
[INFO] [stdout]    --> src/processor.rs:971:9
[INFO] [stdout]     |
[INFO] [stdout] 971 |         safecoin_program::program_option::COption::None => {
[INFO] [stdout]     |         ^^^^^^^^^^^^^^^^ use of unresolved module or unlinked crate `safecoin_program`
[INFO] [stdout]     |
[INFO] [stdout]     = help: if you wanted to use a crate named `safecoin_program`, use `cargo add safecoin_program` to add it to your `Cargo.toml`
[INFO] [stdout] 
[INFO] [stdout] 
[INFO] [stdout] error[E0433]: cannot find module or crate `safecoin_program` in this scope
[INFO] [stdout]    --> src/processor.rs:974:9
[INFO] [stdout]     |
[INFO] [stdout] 974 |         safecoin_program::program_option::COption::Some(val) => {
[INFO] [stdout]     |         ^^^^^^^^^^^^^^^^ use of unresolved module or unlinked crate `safecoin_program`
[INFO] [stdout]     |
[INFO] [stdout]     = help: if you wanted to use a crate named `safecoin_program`, use `cargo add safecoin_program` to add it to your `Cargo.toml`
[INFO] [stdout] 
[INFO] [stdout] 
[INFO] [stdout] error[E0433]: cannot find module or crate `safecoin_program` in this scope
[INFO] [stdout]    --> src/processor.rs:981:9
[INFO] [stdout]     |
[INFO] [stdout] 981 |         safecoin_program::program_option::COption::None => {
[INFO] [stdout]     |         ^^^^^^^^^^^^^^^^ use of unresolved module or unlinked crate `safecoin_program`
[INFO] [stdout]     |
[INFO] [stdout]     = help: if you wanted to use a crate named `safecoin_program`, use `cargo add safecoin_program` to add it to your `Cargo.toml`
[INFO] [stdout] 
[INFO] [stdout] 
[INFO] [stdout] error[E0433]: cannot find module or crate `safecoin_program` in this scope
[INFO] [stdout]    --> src/processor.rs:984:9
[INFO] [stdout]     |
[INFO] [stdout] 984 |         safecoin_program::program_option::COption::Some(val) => {
[INFO] [stdout]     |         ^^^^^^^^^^^^^^^^ use of unresolved module or unlinked crate `safecoin_program`
[INFO] [stdout]     |
[INFO] [stdout]     = help: if you wanted to use a crate named `safecoin_program`, use `cargo add safecoin_program` to add it to your `Cargo.toml`
[INFO] [stdout] 
[INFO] [stdout] 
[INFO] [stdout] Some errors have detailed explanations: E0432, E0433.
[INFO] [stdout] 
[INFO] [stdout] For more information about an error, try `rustc --explain E0432`.
[INFO] [stdout] 
[INFO] [stderr] error: could not compile `lpl-token-vault` (lib) due to 15 previous errors
[INFO] running `Command { std: "docker" "inspect" "849cd702983936937da4ed179b2e2bfa8d588a90a5a7c8c3b299c5653629740f", kill_on_drop: false }`
[INFO] running `Command { std: "docker" "rm" "-f" "849cd702983936937da4ed179b2e2bfa8d588a90a5a7c8c3b299c5653629740f", kill_on_drop: false }`
[INFO] [stdout] 849cd702983936937da4ed179b2e2bfa8d588a90a5a7c8c3b299c5653629740f
