[INFO] fetching crate lox-orbits 0.1.0-alpha.41...
[INFO] testing lox-orbits-0.1.0-alpha.41 against 1.100.0-beta.1+cargoflags=--release for beta-release-1.100-2
[INFO] extracting crate lox-orbits 0.1.0-alpha.41 into /workspace/builds/worker-4-tc2/source
[INFO] started tweaking crates.io crate lox-orbits 0.1.0-alpha.41
[INFO] removed 0 missing tests
[INFO] finished tweaking crates.io crate lox-orbits 0.1.0-alpha.41
[INFO] tweaked toml for crates.io crate lox-orbits 0.1.0-alpha.41 written to /workspace/builds/worker-4-tc2/source/Cargo.toml
[INFO] validating manifest of crates.io crate lox-orbits 0.1.0-alpha.41 on toolchain 1.100.0-beta.1
[INFO] running `Command { std: CARGO_HOME="/workspace/cargo-home" RUSTUP_HOME="/workspace/rustup-home" "/workspace/cargo-home/bin/cargo" "+1.100.0-beta.1" "metadata" "--manifest-path" "Cargo.toml" "--no-deps", kill_on_drop: false }`
[INFO] crate crates.io crate lox-orbits 0.1.0-alpha.41 already has a lockfile, it will not be regenerated
[INFO] running `Command { std: CARGO_HOME="/workspace/cargo-home" RUSTUP_HOME="/workspace/rustup-home" "/workspace/cargo-home/bin/cargo" "+1.100.0-beta.1" "fetch" "--manifest-path" "Cargo.toml", kill_on_drop: false }`
[INFO] [stderr] warning: `package.homepage` is redundant with `package.repository`
[INFO] [stderr]   --> Cargo.toml:78:12
[INFO] [stderr]    |
[INFO] [stderr] 78 | homepage = "https://github.com/lox-space/lox"
[INFO] [stderr]    |            ^^^^^^^^^^^^^^^^^^^^^^^^^^^^^^^^^^
[INFO] [stderr] ...
[INFO] [stderr] 83 | repository = "https://github.com/lox-space/lox"
[INFO] [stderr]    |              ----------------------------------
[INFO] [stderr]    |
[INFO] [stderr]    = note: `cargo::redundant_homepage` is set to `warn` by default
[INFO] [stderr] help: consider removing `package.homepage`
[INFO] [stderr] warning: `lox-orbits` (manifest) generated 1 warning
[INFO] running `Command { std: "docker" "create" "-v" "/var/lib/crater-agent-workspace/builds/worker-4-tc2/source:/opt/rustwide/workdir:ro,Z" "-v" "/var/lib/crater-agent-workspace/builds/worker-4-tc2/target:/opt/rustwide/target:rw,Z" "-v" "/var/lib/crater-agent-workspace/cargo-home:/opt/rustwide/cargo-home:ro,Z" "-v" "/var/lib/crater-agent-workspace/rustup-home:/opt/rustwide/rustup-home:ro,Z" "-m" "1610612736" "--network" "none" "ghcr.io/rust-lang/crates-build-env/linux@sha256:77db811e55d90add9212f6832c23229e3de5f1c1f9905e8cb07319ea15df73ac" "sleep" "infinity", kill_on_drop: false }`
[INFO] [stdout] cc476fea9df08c53deea278d6c8e5f3dc9d82d7d61f1a1bf787f309202b17820
[INFO] running `Command { std: "docker" "start" "cc476fea9df08c53deea278d6c8e5f3dc9d82d7d61f1a1bf787f309202b17820", kill_on_drop: false }`
[INFO] running `Command { std: "docker" "inspect" "cc476fea9df08c53deea278d6c8e5f3dc9d82d7d61f1a1bf787f309202b17820", kill_on_drop: false }`
[INFO] running `Command { std: "docker" "exec" "-e" "SOURCE_DIR=/opt/rustwide/workdir" "-e" "CARGO_HOME=/opt/rustwide/cargo-home" "-e" "RUSTUP_HOME=/opt/rustwide/rustup-home" "-e" "CARGO_TARGET_DIR=/opt/rustwide/target" "-w" "/opt/rustwide/workdir" "--user" "0:0" "cc476fea9df08c53deea278d6c8e5f3dc9d82d7d61f1a1bf787f309202b17820" "/opt/rustwide/cargo-home/bin/cargo" "+1.100.0-beta.1" "metadata" "--no-deps" "--format-version=1", kill_on_drop: false }`
[INFO] running `Command { std: "docker" "inspect" "cc476fea9df08c53deea278d6c8e5f3dc9d82d7d61f1a1bf787f309202b17820", kill_on_drop: false }`
[INFO] running `Command { std: "docker" "exec" "-e" "SOURCE_DIR=/opt/rustwide/workdir" "-e" "CARGO_HOME=/opt/rustwide/cargo-home" "-e" "RUSTUP_HOME=/opt/rustwide/rustup-home" "-e" "CARGO_TARGET_DIR=/opt/rustwide/target" "-e" "CARGO_INCREMENTAL=0" "-e" "RUST_BACKTRACE=full" "-e" "RUSTFLAGS=--cap-lints=warn" "-e" "RUSTDOCFLAGS=--cap-lints=warn" "-w" "/opt/rustwide/workdir" "--user" "0:0" "cc476fea9df08c53deea278d6c8e5f3dc9d82d7d61f1a1bf787f309202b17820" "/opt/rustwide/cargo-home/bin/cargo" "+1.100.0-beta.1" "build" "--frozen" "--message-format=json" "--release", kill_on_drop: false }`
[INFO] [stderr] warning: `package.homepage` is redundant with `package.repository`
[INFO] [stderr]   --> Cargo.toml:78:12
[INFO] [stderr]    |
[INFO] [stderr] 78 | homepage = "https://github.com/lox-space/lox"
[INFO] [stderr]    |            ^^^^^^^^^^^^^^^^^^^^^^^^^^^^^^^^^^
[INFO] [stderr] ...
[INFO] [stderr] 83 | repository = "https://github.com/lox-space/lox"
[INFO] [stderr]    |              ----------------------------------
[INFO] [stderr]    |
[INFO] [stderr]    = note: `cargo::redundant_homepage` is set to `warn` by default
[INFO] [stderr] help: consider removing `package.homepage`
[INFO] [stderr] warning: `lox-orbits` (manifest) generated 1 warning
[INFO] [stderr]    Compiling serde_core v1.0.229
[INFO] [stderr]    Compiling num-traits v0.2.19
[INFO] [stderr]    Compiling memchr v2.8.2
[INFO] [stderr]    Compiling thiserror v2.0.18
[INFO] [stderr]    Compiling glam v0.34.1
[INFO] [stderr]    Compiling serde_json v1.0.154
[INFO] [stderr]    Compiling safe_arch v1.0.0
[INFO] [stderr]    Compiling syn v3.0.8
[INFO] [stderr]    Compiling syn v2.0.118
[INFO] [stderr]    Compiling itertools v0.15.0
[INFO] [stderr]    Compiling wide v1.5.0
[INFO] [stderr]    Compiling nom v8.0.0
[INFO] [stderr]    Compiling csv-core v0.1.13
[INFO] [stderr]    Compiling num-complex v0.4.6
[INFO] [stderr]    Compiling approx v0.5.1
[INFO] [stderr]    Compiling lox-derive v0.1.0-alpha.13
[INFO] [stderr]    Compiling thiserror-impl v2.0.18
[INFO] [stderr]    Compiling serde_derive v1.0.229
[INFO] [stderr]    Compiling differential-equations-derive v0.2.1
[INFO] [stderr]    Compiling lox-approx v0.1.2
[INFO] [stderr]    Compiling csv v1.4.0
[INFO] [stderr]    Compiling simba v0.10.0
[INFO] [stderr]    Compiling serde v1.0.229
[INFO] [stderr]    Compiling chrono v0.4.45
[INFO] [stderr]    Compiling lox-core v0.1.0-alpha.16
[INFO] [stderr]    Compiling sgp4 v2.4.0
[INFO] [stderr]    Compiling lox-time v0.1.0-alpha.28
[INFO] [stderr]    Compiling lox-bodies v0.1.0-alpha.28
[INFO] [stderr]    Compiling lox-io v0.1.0-alpha.26
[INFO] [stderr]    Compiling lox-frames v0.1.0-alpha.22
[INFO] [stderr]    Compiling lox-ephem v0.1.0-alpha.26
[INFO] [stderr]    Compiling differential-equations v0.7.0
[INFO] [stderr]    Compiling lox-earth v0.1.0-alpha.31
[INFO] [stderr]    Compiling lox-orbits v0.1.0-alpha.41 (/opt/rustwide/workdir)
[INFO] [stderr]     Finished `release` profile [optimized] target(s) in 28.98s
[INFO] running `Command { std: "docker" "inspect" "cc476fea9df08c53deea278d6c8e5f3dc9d82d7d61f1a1bf787f309202b17820", kill_on_drop: false }`
[INFO] running `Command { std: "docker" "exec" "-e" "SOURCE_DIR=/opt/rustwide/workdir" "-e" "CARGO_HOME=/opt/rustwide/cargo-home" "-e" "RUSTUP_HOME=/opt/rustwide/rustup-home" "-e" "CARGO_TARGET_DIR=/opt/rustwide/target" "-e" "CARGO_INCREMENTAL=0" "-e" "RUST_BACKTRACE=full" "-e" "RUSTFLAGS=--cap-lints=warn" "-e" "RUSTDOCFLAGS=--cap-lints=warn" "-w" "/opt/rustwide/workdir" "--user" "0:0" "cc476fea9df08c53deea278d6c8e5f3dc9d82d7d61f1a1bf787f309202b17820" "/opt/rustwide/cargo-home/bin/cargo" "+1.100.0-beta.1" "test" "--frozen" "--no-run" "--message-format=json" "--release", kill_on_drop: false }`
[INFO] [stderr] warning: `package.homepage` is redundant with `package.repository`
[INFO] [stderr]   --> Cargo.toml:78:12
[INFO] [stderr]    |
[INFO] [stderr] 78 | homepage = "https://github.com/lox-space/lox"
[INFO] [stderr]    |            ^^^^^^^^^^^^^^^^^^^^^^^^^^^^^^^^^^
[INFO] [stderr] ...
[INFO] [stderr] 83 | repository = "https://github.com/lox-space/lox"
[INFO] [stderr]    |              ----------------------------------
[INFO] [stderr]    |
[INFO] [stderr]    = note: `cargo::redundant_homepage` is set to `warn` by default
[INFO] [stderr] help: consider removing `package.homepage`
[INFO] [stderr] warning: `lox-orbits` (manifest) generated 1 warning
[INFO] [stderr]    Compiling lox-orbits v0.1.0-alpha.41 (/opt/rustwide/workdir)
[INFO] [stdout] error[E0432]: unresolved import `lox_test_utils`
[INFO] [stdout]    --> src/orbits/cartesian.rs:261:9
[INFO] [stdout]     |
[INFO] [stdout] 261 |     use lox_test_utils::data_file;
[INFO] [stdout]     |         ^^^^^^^^^^^^^^ use of unresolved module or unlinked crate `lox_test_utils`
[INFO] [stdout]     |
[INFO] [stdout]     = help: if you wanted to use a crate named `lox_test_utils`, use `cargo add lox_test_utils` to add it to your `Cargo.toml`
[INFO] [stdout] 
[INFO] [stdout] 
[INFO] [stdout] error[E0432]: unresolved import `lox_test_utils`
[INFO] [stdout]    --> src/orbits/sso.rs:422:9
[INFO] [stdout]     |
[INFO] [stdout] 422 |     use lox_test_utils::data_file;
[INFO] [stdout]     |         ^^^^^^^^^^^^^^ use of unresolved module or unlinked crate `lox_test_utils`
[INFO] [stdout]     |
[INFO] [stdout]     = help: if you wanted to use a crate named `lox_test_utils`, use `cargo add lox_test_utils` to add it to your `Cargo.toml`
[INFO] [stdout] 
[INFO] [stdout] 
[INFO] [stdout] error[E0433]: cannot find module or crate `lox_test_utils` in this scope
[INFO] [stdout]   --> src/orbits/ensemble.rs:68:14
[INFO] [stdout]    |
[INFO] [stdout] 68 |             &lox_test_utils::read_data_file("trajectory_lunar.csv"),
[INFO] [stdout]    |              ^^^^^^^^^^^^^^ use of unresolved module or unlinked crate `lox_test_utils`
[INFO] [stdout]    |
[INFO] [stdout]    = help: if you wanted to use a crate named `lox_test_utils`, use `cargo add lox_test_utils` to add it to your `Cargo.toml`
[INFO] [stdout] 
[INFO] [stdout] 
[INFO] [stdout] error[E0433]: cannot find module or crate `lox_test_utils` in this scope
[INFO] [stdout]    --> src/propagators.rs:128:14
[INFO] [stdout]     |
[INFO] [stdout] 128 |             &lox_test_utils::read_data_file("trajectory_lunar.csv"),
[INFO] [stdout]     |              ^^^^^^^^^^^^^^ use of unresolved module or unlinked crate `lox_test_utils`
[INFO] [stdout]     |
[INFO] [stdout]     = help: if you wanted to use a crate named `lox_test_utils`, use `cargo add lox_test_utils` to add it to your `Cargo.toml`
[INFO] [stdout] 
[INFO] [stdout] 
[INFO] [stdout] Some errors have detailed explanations: E0432, E0433.
[INFO] [stdout] 
[INFO] [stdout] For more information about an error, try `rustc --explain E0432`.
[INFO] [stdout] 
[INFO] [stderr] error: could not compile `lox-orbits` (lib test) due to 4 previous errors
[INFO] running `Command { std: "docker" "inspect" "cc476fea9df08c53deea278d6c8e5f3dc9d82d7d61f1a1bf787f309202b17820", kill_on_drop: false }`
[INFO] running `Command { std: "docker" "rm" "-f" "cc476fea9df08c53deea278d6c8e5f3dc9d82d7d61f1a1bf787f309202b17820", kill_on_drop: false }`
[INFO] [stdout] cc476fea9df08c53deea278d6c8e5f3dc9d82d7d61f1a1bf787f309202b17820
