[INFO] fetching crate lnurlcash-kernel 0.2.3...
[INFO] testing lnurlcash-kernel-0.2.3 against 1.99.0-beta.8+cargoflags=--release for beta-release-1.100-2
[INFO] extracting crate lnurlcash-kernel 0.2.3 into /workspace/builds/worker-5-tc1/source
[INFO] started tweaking crates.io crate lnurlcash-kernel 0.2.3
[INFO] finished tweaking crates.io crate lnurlcash-kernel 0.2.3
[INFO] tweaked toml for crates.io crate lnurlcash-kernel 0.2.3 written to /workspace/builds/worker-5-tc1/source/Cargo.toml
[INFO] validating manifest of crates.io crate lnurlcash-kernel 0.2.3 on toolchain 1.99.0-beta.8
[INFO] running `Command { std: CARGO_HOME="/workspace/cargo-home" RUSTUP_HOME="/workspace/rustup-home" "/workspace/cargo-home/bin/cargo" "+1.99.0-beta.8" "metadata" "--manifest-path" "Cargo.toml" "--no-deps", kill_on_drop: false }`
[INFO] crate crates.io crate lnurlcash-kernel 0.2.3 already has a lockfile, it will not be regenerated
[INFO] running `Command { std: CARGO_HOME="/workspace/cargo-home" RUSTUP_HOME="/workspace/rustup-home" "/workspace/cargo-home/bin/cargo" "+1.99.0-beta.8" "fetch" "--manifest-path" "Cargo.toml", kill_on_drop: false }`
[INFO] running `Command { std: "docker" "create" "-v" "/var/lib/crater-agent-workspace/builds/worker-5-tc1/source:/opt/rustwide/workdir:ro,Z" "-v" "/var/lib/crater-agent-workspace/builds/worker-5-tc1/target:/opt/rustwide/target:rw,Z" "-v" "/var/lib/crater-agent-workspace/cargo-home:/opt/rustwide/cargo-home:ro,Z" "-v" "/var/lib/crater-agent-workspace/rustup-home:/opt/rustwide/rustup-home:ro,Z" "-m" "1610612736" "--network" "none" "ghcr.io/rust-lang/crates-build-env/linux@sha256:77db811e55d90add9212f6832c23229e3de5f1c1f9905e8cb07319ea15df73ac" "sleep" "infinity", kill_on_drop: false }`
[INFO] [stdout] f432f11705daff06fb25276e0ff4f3c19d854f689f7b0f12ad15b5138f2bdba0
[INFO] running `Command { std: "docker" "start" "f432f11705daff06fb25276e0ff4f3c19d854f689f7b0f12ad15b5138f2bdba0", kill_on_drop: false }`
[INFO] running `Command { std: "docker" "inspect" "f432f11705daff06fb25276e0ff4f3c19d854f689f7b0f12ad15b5138f2bdba0", kill_on_drop: false }`
[INFO] running `Command { std: "docker" "exec" "-e" "SOURCE_DIR=/opt/rustwide/workdir" "-e" "CARGO_HOME=/opt/rustwide/cargo-home" "-e" "RUSTUP_HOME=/opt/rustwide/rustup-home" "-e" "CARGO_TARGET_DIR=/opt/rustwide/target" "-w" "/opt/rustwide/workdir" "--user" "0:0" "f432f11705daff06fb25276e0ff4f3c19d854f689f7b0f12ad15b5138f2bdba0" "/opt/rustwide/cargo-home/bin/cargo" "+1.99.0-beta.8" "metadata" "--no-deps" "--format-version=1", kill_on_drop: false }`
[INFO] running `Command { std: "docker" "inspect" "f432f11705daff06fb25276e0ff4f3c19d854f689f7b0f12ad15b5138f2bdba0", kill_on_drop: false }`
[INFO] running `Command { std: "docker" "exec" "-e" "SOURCE_DIR=/opt/rustwide/workdir" "-e" "CARGO_HOME=/opt/rustwide/cargo-home" "-e" "RUSTUP_HOME=/opt/rustwide/rustup-home" "-e" "CARGO_TARGET_DIR=/opt/rustwide/target" "-e" "CARGO_INCREMENTAL=0" "-e" "RUST_BACKTRACE=full" "-e" "RUSTFLAGS=--cap-lints=warn" "-e" "RUSTDOCFLAGS=--cap-lints=warn" "-w" "/opt/rustwide/workdir" "--user" "0:0" "f432f11705daff06fb25276e0ff4f3c19d854f689f7b0f12ad15b5138f2bdba0" "/opt/rustwide/cargo-home/bin/cargo" "+1.99.0-beta.8" "build" "--frozen" "--message-format=json" "--release", kill_on_drop: false }`
[INFO] [stderr]    Compiling cc v1.5.1
[INFO] [stderr]    Compiling cmake v0.1.58
[INFO] [stderr]    Compiling lnurlcash-kernel v0.2.3 (/opt/rustwide/workdir)
[INFO] [stderr] error: failed to run custom build command for `lnurlcash-kernel v0.2.3 (/opt/rustwide/workdir)`
[INFO] [stderr] note: To improve backtraces for build dependencies, set the CARGO_PROFILE_RELEASE_BUILD_OVERRIDE_DEBUG=true environment variable to enable debug information generation.
[INFO] [stderr] 
[INFO] [stderr] Caused by:
[INFO] [stderr]   process didn't exit successfully: `/opt/rustwide/target/release/build/lnurlcash-kernel-d6d0dfa70ed08f19/build-script-build` (exit status: 101)
[INFO] [stderr]   --- stdout
[INFO] [stderr]   cargo:rerun-if-changed=rust/build.rs
[INFO] [stderr]   cargo:rerun-if-env-changed=LNURLCASHKERNEL_LIB_DIR
[INFO] [stderr]   cargo:rerun-if-env-changed=LNURLCASHKERNEL_BOOST_DIR
[INFO] [stderr]   cargo:rerun-if-changed=/opt/rustwide/workdir/vendor/bitcoin/src/kernel/bitcoinkernel.h
[INFO] [stderr]   CMAKE_TOOLCHAIN_FILE_x86_64-unknown-linux-gnu = None
[INFO] [stderr]   CMAKE_TOOLCHAIN_FILE_x86_64_unknown_linux_gnu = None
[INFO] [stderr]   HOST_CMAKE_TOOLCHAIN_FILE = None
[INFO] [stderr]   CMAKE_TOOLCHAIN_FILE = None
[INFO] [stderr]   CMAKE_PREFIX_PATH_x86_64-unknown-linux-gnu = None
[INFO] [stderr]   CMAKE_PREFIX_PATH_x86_64_unknown_linux_gnu = None
[INFO] [stderr]   HOST_CMAKE_PREFIX_PATH = None
[INFO] [stderr]   CMAKE_PREFIX_PATH = None
[INFO] [stderr]   CMAKE_x86_64-unknown-linux-gnu = None
[INFO] [stderr]   CMAKE_x86_64_unknown_linux_gnu = None
[INFO] [stderr]   HOST_CMAKE = None
[INFO] [stderr]   CMAKE = None
[INFO] [stderr]   -- The CXX compiler identification is GNU 15.2.0
[INFO] [stderr]   -- Detecting CXX compiler ABI info
[INFO] [stderr]   -- Detecting CXX compiler ABI info - done
[INFO] [stderr]   -- Check for working CXX compiler: /usr/bin/c++ - skipped
[INFO] [stderr]   -- Detecting CXX compile features
[INFO] [stderr]   -- Detecting CXX compile features - done
[INFO] [stderr]   -- Performing Test CXX_SUPPORTS__WERROR
[INFO] [stderr]   -- Performing Test CXX_SUPPORTS__WERROR - Success
[INFO] [stderr]   -- Performing Test CXX_SUPPORTS__G3
[INFO] [stderr]   -- Performing Test CXX_SUPPORTS__G3 - Success
[INFO] [stderr]   -- Performing Test LINKER_SUPPORTS__G3
[INFO] [stderr]   -- Performing Test LINKER_SUPPORTS__G3 - Success
[INFO] [stderr]   -- Performing Test CXX_SUPPORTS__FTRAPV
[INFO] [stderr]   -- Performing Test CXX_SUPPORTS__FTRAPV - Success
[INFO] [stderr]   -- Performing Test LINKER_SUPPORTS__FTRAPV
[INFO] [stderr]   -- Performing Test LINKER_SUPPORTS__FTRAPV - Success
[INFO] [stderr]   -- Performing Test LINKER_SUPPORTS__WL___FATAL_WARNINGS
[INFO] [stderr]   -- Performing Test LINKER_SUPPORTS__WL___FATAL_WARNINGS - Success
[INFO] [stderr]   -- Performing Test CMAKE_HAVE_LIBC_PTHREAD
[INFO] [stderr]   -- Performing Test CMAKE_HAVE_LIBC_PTHREAD - Success
[INFO] [stderr]   -- Found Threads: TRUE
[INFO] [stderr]   -- Performing Test NO_DIAGNOSTICS_BOOST_NO_CXX98_FUNCTION_BASE
[INFO] [stderr]   -- Performing Test NO_DIAGNOSTICS_BOOST_NO_CXX98_FUNCTION_BASE - Success
[INFO] [stderr]   -- Looking for O_CLOEXEC
[INFO] [stderr]   -- Looking for O_CLOEXEC - found
[INFO] [stderr]   -- Looking for fdatasync
[INFO] [stderr]   -- Looking for fdatasync - found
[INFO] [stderr]   -- Looking for fork
[INFO] [stderr]   -- Looking for fork - found
[INFO] [stderr]   -- Looking for pipe2
[INFO] [stderr]   -- Looking for pipe2 - found
[INFO] [stderr]   -- Looking for setsid
[INFO] [stderr]   -- Looking for setsid - found
[INFO] [stderr]   -- Performing Test IFADDR_LINKS_WITHOUT_LIBSOCKET
[INFO] [stderr]   -- Performing Test IFADDR_LINKS_WITHOUT_LIBSOCKET - Success
[INFO] [stderr]   -- Performing Test STD_ATOMIC_LINKS_WITHOUT_LIBATOMIC
[INFO] [stderr]   -- Performing Test STD_ATOMIC_LINKS_WITHOUT_LIBATOMIC - Success
[INFO] [stderr]   -- Looking for std::system
[INFO] [stderr]   -- Looking for std::system - found
[INFO] [stderr]   -- Looking for ::_wsystem
[INFO] [stderr]   -- Looking for ::_wsystem - not found
[INFO] [stderr]   -- Performing Test STRERROR_R_CHAR_P
[INFO] [stderr]   -- Performing Test STRERROR_R_CHAR_P - Success
[INFO] [stderr]   -- Looking for malloc_info
[INFO] [stderr]   -- Looking for malloc_info - found
[INFO] [stderr]   -- Performing Test HAVE_MALLOPT_ARENA_MAX
[INFO] [stderr]   -- Performing Test HAVE_MALLOPT_ARENA_MAX - Success
[INFO] [stderr]   -- Performing Test HAVE_POSIX_FALLOCATE
[INFO] [stderr]   -- Performing Test HAVE_POSIX_FALLOCATE - Success
[INFO] [stderr]   -- Performing Test HAVE_STRONG_GETAUXVAL
[INFO] [stderr]   -- Performing Test HAVE_STRONG_GETAUXVAL - Success
[INFO] [stderr]   -- Performing Test HAVE_SOCKADDR_UN
[INFO] [stderr]   -- Performing Test HAVE_SOCKADDR_UN - Success
[INFO] [stderr]   -- Performing Test HAVE_GETRANDOM
[INFO] [stderr]   -- Performing Test HAVE_GETRANDOM - Success
[INFO] [stderr]   -- Performing Test HAVE_GETENTROPY_RAND
[INFO] [stderr]   -- Performing Test HAVE_GETENTROPY_RAND - Success
[INFO] [stderr]   -- Performing Test HAVE_SYSCTL
[INFO] [stderr]   -- Performing Test HAVE_SYSCTL - Failed
[INFO] [stderr]   -- Performing Test HAVE_SYSCTL_ARND
[INFO] [stderr]   -- Performing Test HAVE_SYSCTL_ARND - Failed
[INFO] [stderr]   -- Performing Test HAVE_SSE41
[INFO] [stderr]   -- Performing Test HAVE_SSE41 - Success
[INFO] [stderr]   -- Performing Test HAVE_AVX2
[INFO] [stderr]   -- Performing Test HAVE_AVX2 - Success
[INFO] [stderr]   -- Performing Test HAVE_X86_SHANI
[INFO] [stderr]   -- Performing Test HAVE_X86_SHANI - Success
[INFO] [stderr]   -- Performing Test HAVE_ARM_SHANI
[INFO] [stderr]   -- Performing Test HAVE_ARM_SHANI - Failed
[INFO] [stderr]   -- Performing Test CXX_SUPPORTS__WALL
[INFO] [stderr]   -- Performing Test CXX_SUPPORTS__WALL - Success
[INFO] [stderr]   -- Performing Test CXX_SUPPORTS__WEXTRA
[INFO] [stderr]   -- Performing Test CXX_SUPPORTS__WEXTRA - Success
[INFO] [stderr]   -- Performing Test CXX_SUPPORTS__WGNU
[INFO] [stderr]   -- Performing Test CXX_SUPPORTS__WGNU - Failed
[INFO] [stderr]   -- Performing Test CXX_SUPPORTS__WFORMAT__WFORMAT_SECURITY
[INFO] [stderr]   -- Performing Test CXX_SUPPORTS__WFORMAT__WFORMAT_SECURITY - Success
[INFO] [stderr]   -- Performing Test CXX_SUPPORTS__WVLA
[INFO] [stderr]   -- Performing Test CXX_SUPPORTS__WVLA - Success
[INFO] [stderr]   -- Performing Test CXX_SUPPORTS__WSHADOW_FIELD
[INFO] [stderr]   -- Performing Test CXX_SUPPORTS__WSHADOW_FIELD - Failed
[INFO] [stderr]   -- Performing Test CXX_SUPPORTS__WTHREAD_SAFETY
[INFO] [stderr]   -- Performing Test CXX_SUPPORTS__WTHREAD_SAFETY - Failed
[INFO] [stderr]   -- Performing Test CXX_SUPPORTS__WTHREAD_SAFETY_POINTER
[INFO] [stderr]   -- Performing Test CXX_SUPPORTS__WTHREAD_SAFETY_POINTER - Failed
[INFO] [stderr]   -- Performing Test CXX_SUPPORTS__WLOOP_ANALYSIS
[INFO] [stderr]   -- Performing Test CXX_SUPPORTS__WLOOP_ANALYSIS - Failed
[INFO] [stderr]   -- Performing Test CXX_SUPPORTS__WREDUNDANT_DECLS
[INFO] [stderr]   -- Performing Test CXX_SUPPORTS__WREDUNDANT_DECLS - Success
[INFO] [stderr]   -- Performing Test CXX_SUPPORTS__WUNUSED_MEMBER_FUNCTION
[INFO] [stderr]   -- Performing Test CXX_SUPPORTS__WUNUSED_MEMBER_FUNCTION - Failed
[INFO] [stderr]   -- Performing Test CXX_SUPPORTS__WDATE_TIME
[INFO] [stderr]   -- Performing Test CXX_SUPPORTS__WDATE_TIME - Success
[INFO] [stderr]   -- Performing Test CXX_SUPPORTS__WCONDITIONAL_UNINITIALIZED
[INFO] [stderr]   -- Performing Test CXX_SUPPORTS__WCONDITIONAL_UNINITIALIZED - Failed
[INFO] [stderr]   -- Performing Test CXX_SUPPORTS__WDUPLICATED_BRANCHES
[INFO] [stderr]   -- Performing Test CXX_SUPPORTS__WDUPLICATED_BRANCHES - Success
[INFO] [stderr]   -- Performing Test CXX_SUPPORTS__WDUPLICATED_COND
[INFO] [stderr]   -- Performing Test CXX_SUPPORTS__WDUPLICATED_COND - Success
[INFO] [stderr]   -- Performing Test CXX_SUPPORTS__WLOGICAL_OP
[INFO] [stderr]   -- Performing Test CXX_SUPPORTS__WLOGICAL_OP - Success
[INFO] [stderr]   -- Performing Test CXX_SUPPORTS__WOVERLOADED_VIRTUAL
[INFO] [stderr]   -- Performing Test CXX_SUPPORTS__WOVERLOADED_VIRTUAL - Success
[INFO] [stderr]   -- Performing Test CXX_SUPPORTS__WSUGGEST_OVERRIDE
[INFO] [stderr]   -- Performing Test CXX_SUPPORTS__WSUGGEST_OVERRIDE - Success
[INFO] [stderr]   -- Performing Test CXX_SUPPORTS__WIMPLICIT_FALLTHROUGH
[INFO] [stderr]   -- Performing Test CXX_SUPPORTS__WIMPLICIT_FALLTHROUGH - Success
[INFO] [stderr]   -- Performing Test CXX_SUPPORTS__WUNREACHABLE_CODE
[INFO] [stderr]   -- Performing Test CXX_SUPPORTS__WUNREACHABLE_CODE - Success
[INFO] [stderr]   -- Performing Test CXX_SUPPORTS__WDOCUMENTATION
[INFO] [stderr]   -- Performing Test CXX_SUPPORTS__WDOCUMENTATION - Failed
[INFO] [stderr]   -- Performing Test CXX_SUPPORTS__WSELF_ASSIGN
[INFO] [stderr]   -- Performing Test CXX_SUPPORTS__WSELF_ASSIGN - Failed
[INFO] [stderr]   -- Performing Test CXX_SUPPORTS__WBIDI_CHARS_ANY
[INFO] [stderr]   -- Performing Test CXX_SUPPORTS__WBIDI_CHARS_ANY - Success
[INFO] [stderr]   -- Performing Test CXX_SUPPORTS__WUNDEF
[INFO] [stderr]   -- Performing Test CXX_SUPPORTS__WUNDEF - Success
[INFO] [stderr]   -- Performing Test CXX_SUPPORTS__WLEADING_WHITESPACE_SPACES
[INFO] [stderr]   -- Performing Test CXX_SUPPORTS__WLEADING_WHITESPACE_SPACES - Success
[INFO] [stderr]   -- Performing Test CXX_SUPPORTS__WTRAILING_WHITESPACE_ANY
[INFO] [stderr]   -- Performing Test CXX_SUPPORTS__WTRAILING_WHITESPACE_ANY - Success
[INFO] [stderr]   -- Performing Test CXX_SUPPORTS__WUNUSED_PARAMETER
[INFO] [stderr]   -- Performing Test CXX_SUPPORTS__WUNUSED_PARAMETER - Success
[INFO] [stderr]   -- Performing Test CXX_SUPPORTS__FNO_EXTENDED_IDENTIFIERS
[INFO] [stderr]   -- Performing Test CXX_SUPPORTS__FNO_EXTENDED_IDENTIFIERS - Success
[INFO] [stderr]   -- Performing Test CXX_SUPPORTS__FMACRO_PREFIX_MAP_A_B
[INFO] [stderr]   -- Performing Test CXX_SUPPORTS__FMACRO_PREFIX_MAP_A_B - Success
[INFO] [stderr]   -- Performing Test CXX_SUPPORTS__FSTACK_REUSE_NONE
[INFO] [stderr]   -- Performing Test CXX_SUPPORTS__FSTACK_REUSE_NONE - Success
[INFO] [stderr]   -- Performing Test LINKER_SUPPORTS__FSTACK_REUSE_NONE
[INFO] [stderr]   -- Performing Test LINKER_SUPPORTS__FSTACK_REUSE_NONE - Success
[INFO] [stderr]   -- Performing Test CXX_SUPPORTS__U_FORTIFY_SOURCE__D_FORTIFY_SOURCE_3_2d08
[INFO] [stderr]   -- Performing Test CXX_SUPPORTS__U_FORTIFY_SOURCE__D_FORTIFY_SOURCE_3_2d08 - Success
[INFO] [stderr]   -- Performing Test LINKER_SUPPORTS__U_FORTIFY_SOURCE__D_FORTIFY_SOURCE_3_2d08
[INFO] [stderr]   -- Performing Test LINKER_SUPPORTS__U_FORTIFY_SOURCE__D_FORTIFY_SOURCE_3_2d08 - Success
[INFO] [stderr]   -- Performing Test CXX_SUPPORTS__WSTACK_PROTECTOR
[INFO] [stderr]   -- Performing Test CXX_SUPPORTS__WSTACK_PROTECTOR - Success
[INFO] [stderr]   -- Performing Test CXX_SUPPORTS__FSTACK_PROTECTOR_ALL
[INFO] [stderr]   -- Performing Test CXX_SUPPORTS__FSTACK_PROTECTOR_ALL - Success
[INFO] [stderr]   -- Performing Test LINKER_SUPPORTS__FSTACK_PROTECTOR_ALL
[INFO] [stderr]   -- Performing Test LINKER_SUPPORTS__FSTACK_PROTECTOR_ALL - Success
[INFO] [stderr]   -- Performing Test CXX_SUPPORTS__FCF_PROTECTION_FULL
[INFO] [stderr]   -- Performing Test CXX_SUPPORTS__FCF_PROTECTION_FULL - Success
[INFO] [stderr]   -- Performing Test LINKER_SUPPORTS__FCF_PROTECTION_FULL
[INFO] [stderr]   -- Performing Test LINKER_SUPPORTS__FCF_PROTECTION_FULL - Success
[INFO] [stderr]   -- Performing Test CXX_SUPPORTS__FSTACK_CLASH_PROTECTION
[INFO] [stderr]   -- Performing Test CXX_SUPPORTS__FSTACK_CLASH_PROTECTION - Success
[INFO] [stderr]   -- Performing Test LINKER_SUPPORTS__FSTACK_CLASH_PROTECTION
[INFO] [stderr]   -- Performing Test LINKER_SUPPORTS__FSTACK_CLASH_PROTECTION - Success
[INFO] [stderr]   -- Performing Test LINKER_SUPPORTS__WL___ENABLE_RELOC_SECTION
[INFO] [stderr]   -- Performing Test LINKER_SUPPORTS__WL___ENABLE_RELOC_SECTION - Failed
[INFO] [stderr]   -- Performing Test LINKER_SUPPORTS__WL___DYNAMICBASE
[INFO] [stderr]   -- Performing Test LINKER_SUPPORTS__WL___DYNAMICBASE - Failed
[INFO] [stderr]   -- Performing Test LINKER_SUPPORTS__WL___NXCOMPAT
[INFO] [stderr]   -- Performing Test LINKER_SUPPORTS__WL___NXCOMPAT - Failed
[INFO] [stderr]   -- Performing Test LINKER_SUPPORTS__WL___HIGH_ENTROPY_VA
[INFO] [stderr]   -- Performing Test LINKER_SUPPORTS__WL___HIGH_ENTROPY_VA - Failed
[INFO] [stderr]   -- Performing Test LINKER_SUPPORTS__WL__Z_RELRO
[INFO] [stderr]   -- Performing Test LINKER_SUPPORTS__WL__Z_RELRO - Success
[INFO] [stderr]   -- Performing Test LINKER_SUPPORTS__WL__Z_NOW
[INFO] [stderr]   -- Performing Test LINKER_SUPPORTS__WL__Z_NOW - Success
[INFO] [stderr]   -- Performing Test LINKER_SUPPORTS__WL__Z_SEPARATE_CODE
[INFO] [stderr]   -- Performing Test LINKER_SUPPORTS__WL__Z_SEPARATE_CODE - Success
[INFO] [stderr]   -- Found Python3: /usr/bin/python3 (found suitable version "3.14.4", minimum required is "3.10") found components: Interpreter
[INFO] [stderr]   -- Could NOT find Doxygen (missing: DOXYGEN_EXECUTABLE) 
[INFO] [stderr]   -- Performing Test HAVE_BUILTIN_PREFETCH
[INFO] [stderr]   -- Performing Test HAVE_BUILTIN_PREFETCH - Success
[INFO] [stderr]   -- Performing Test HAVE_MM_PREFETCH
[INFO] [stderr]   -- Performing Test HAVE_MM_PREFETCH - Success
[INFO] [stderr]   -- Performing Test HAVE_SSE42
[INFO] [stderr]   -- Performing Test HAVE_SSE42 - Success
[INFO] [stderr]   -- Performing Test HAVE_ARM64_CRC32C
[INFO] [stderr]   -- Performing Test HAVE_ARM64_CRC32C - Failed
[INFO] [stderr]   -- Looking for F_FULLFSYNC
[INFO] [stderr]   -- Looking for F_FULLFSYNC - not found
[INFO] [stderr]   -- Performing Test HAVE_CLMUL
[INFO] [stderr]   -- Performing Test HAVE_CLMUL - Success
[INFO] [stderr]   -- The C compiler identification is GNU 15.2.0
[INFO] [stderr]   -- Detecting C compiler ABI info
[INFO] [stderr]   -- Detecting C compiler ABI info - done
[INFO] [stderr]   -- Check for working C compiler: /usr/bin/cc - skipped
[INFO] [stderr]   -- Detecting C compile features
[INFO] [stderr]   -- Detecting C compile features - done
[INFO] [stderr]   -- Performing Test HAVE_X86_64_ASM
[INFO] [stderr]   -- Performing Test HAVE_X86_64_ASM - Success
[INFO] [stderr]   -- Could NOT find Valgrind (missing: Valgrind_INCLUDE_DIR Valgrind_WORKS) 
[INFO] [stderr]   -- Performing Test C_SUPPORTS__WALL
[INFO] [stderr]   -- Performing Test C_SUPPORTS__WALL - Success
[INFO] [stderr]   -- Performing Test C_SUPPORTS__PEDANTIC
[INFO] [stderr]   -- Performing Test C_SUPPORTS__PEDANTIC - Success
[INFO] [stderr]   -- Performing Test C_SUPPORTS__WCAST_ALIGN
[INFO] [stderr]   -- Performing Test C_SUPPORTS__WCAST_ALIGN - Success
[INFO] [stderr]   -- Performing Test C_SUPPORTS__WCAST_ALIGN_STRICT
[INFO] [stderr]   -- Performing Test C_SUPPORTS__WCAST_ALIGN_STRICT - Success
[INFO] [stderr]   -- Performing Test C_SUPPORTS__WCONDITIONAL_UNINITIALIZED
[INFO] [stderr]   -- Performing Test C_SUPPORTS__WCONDITIONAL_UNINITIALIZED - Failed
[INFO] [stderr]   -- Performing Test C_SUPPORTS__WEXTRA
[INFO] [stderr]   -- Performing Test C_SUPPORTS__WEXTRA - Success
[INFO] [stderr]   -- Performing Test C_SUPPORTS__WLEADING_WHITESPACE_SPACES
[INFO] [stderr]   -- Performing Test C_SUPPORTS__WLEADING_WHITESPACE_SPACES - Success
[INFO] [stderr]   -- Performing Test C_SUPPORTS__WNESTED_EXTERNS
[INFO] [stderr]   -- Performing Test C_SUPPORTS__WNESTED_EXTERNS - Success
[INFO] [stderr]   -- Performing Test C_SUPPORTS__WNO_LONG_LONG
[INFO] [stderr]   -- Performing Test C_SUPPORTS__WNO_LONG_LONG - Success
[INFO] [stderr]   -- Performing Test C_SUPPORTS__WNO_OVERLENGTH_STRINGS
[INFO] [stderr]   -- Performing Test C_SUPPORTS__WNO_OVERLENGTH_STRINGS - Success
[INFO] [stderr]   -- Performing Test C_SUPPORTS__WNO_UNUSED_FUNCTION
[INFO] [stderr]   -- Performing Test C_SUPPORTS__WNO_UNUSED_FUNCTION - Success
[INFO] [stderr]   -- Performing Test C_SUPPORTS__WRESERVED_IDENTIFIER
[INFO] [stderr]   -- Performing Test C_SUPPORTS__WRESERVED_IDENTIFIER - Failed
[INFO] [stderr]   -- Performing Test C_SUPPORTS__WSHADOW
[INFO] [stderr]   -- Performing Test C_SUPPORTS__WSHADOW - Success
[INFO] [stderr]   -- Performing Test C_SUPPORTS__WSTRICT_PROTOTYPES
[INFO] [stderr]   -- Performing Test C_SUPPORTS__WSTRICT_PROTOTYPES - Success
[INFO] [stderr]   -- Performing Test C_SUPPORTS__WTRAILING_WHITESPACE_ANY
[INFO] [stderr]   -- Performing Test C_SUPPORTS__WTRAILING_WHITESPACE_ANY - Success
[INFO] [stderr]   -- Performing Test C_SUPPORTS__WUNDEF
[INFO] [stderr]   -- Performing Test C_SUPPORTS__WUNDEF - Success
[INFO] [stderr]   -- Performing Test CXX_SUPPORTS__WUNIQUE_OBJECT_DUPLICATION
[INFO] [stderr]   -- Performing Test CXX_SUPPORTS__WUNIQUE_OBJECT_DUPLICATION - Failed
[INFO] [stderr]   -- Configuring done (23.0s)
[INFO] [stderr]   -- Generating done (0.1s)
[INFO] [stderr]   -- Build files have been written to: /opt/rustwide/target/release/build/lnurlcash-kernel-cdae99a1d3aca5b0/out/build
[INFO] [stderr]   [1/139] Generating bitcoin-build-info.h
[INFO] [stderr]   [2/139] Building CXX object src/CMakeFiles/crc32c.dir/crc32c/src/crc32c_sse42.cc.o
[INFO] [stderr]   [3/139] Building CXX object src/CMakeFiles/crc32c.dir/crc32c/src/crc32c_portable.cc.o
[INFO] [stderr]   [4/139] Building CXX object src/CMakeFiles/crc32c.dir/crc32c/src/crc32c.cc.o
[INFO] [stderr]   [5/139] Building CXX object src/CMakeFiles/leveldb.dir/leveldb/db/filename.cc.o
[INFO] [stderr]   [6/139] Building CXX object src/CMakeFiles/leveldb.dir/leveldb/db/write_batch.cc.o
[INFO] [stderr]   [7/139] Building CXX object src/CMakeFiles/leveldb.dir/leveldb/db/log_writer.cc.o
[INFO] [stderr]   [8/139] Building CXX object src/CMakeFiles/leveldb.dir/leveldb/db/table_cache.cc.o
[INFO] [stderr]   [9/139] Building CXX object src/CMakeFiles/leveldb.dir/leveldb/db/memtable.cc.o
[INFO] [stderr]   [10/139] Building CXX object src/CMakeFiles/leveldb.dir/leveldb/db/version_edit.cc.o
[INFO] [stderr]   [11/139] Building CXX object src/CMakeFiles/leveldb.dir/leveldb/db/log_reader.cc.o
[INFO] [stderr]   [12/139] Building CXX object src/CMakeFiles/leveldb.dir/leveldb/table/block_builder.cc.o
[INFO] [stderr]   [13/139] Building CXX object src/CMakeFiles/leveldb.dir/leveldb/table/block.cc.o
[INFO] [stderr]   [14/139] Building CXX object src/CMakeFiles/leveldb.dir/leveldb/db/builder.cc.o
[INFO] [stderr]   [15/139] Building CXX object src/CMakeFiles/leveldb.dir/leveldb/db/dbformat.cc.o
[INFO] [stderr]   [16/139] Building CXX object src/CMakeFiles/leveldb.dir/leveldb/table/iterator.cc.o
[INFO] [stderr]   [17/139] Building CXX object src/CMakeFiles/leveldb.dir/leveldb/db/db_iter.cc.o
[INFO] [stderr]   [18/139] Building CXX object src/CMakeFiles/leveldb.dir/leveldb/table/format.cc.o
[INFO] [stderr]   [19/139] Building CXX object src/CMakeFiles/leveldb.dir/leveldb/table/filter_block.cc.o
[INFO] [stderr]   [20/139] Building CXX object src/CMakeFiles/leveldb.dir/leveldb/table/merger.cc.o
[INFO] [stderr]   [21/139] Building CXX object src/CMakeFiles/leveldb.dir/leveldb/util/arena.cc.o
[INFO] [stderr]   [22/139] Building CXX object src/CMakeFiles/leveldb.dir/leveldb/util/bloom.cc.o
[INFO] [stderr]   [23/139] Building CXX object src/CMakeFiles/leveldb.dir/leveldb/util/cache.cc.o
[INFO] [stderr]   [24/139] Building CXX object src/CMakeFiles/leveldb.dir/leveldb/util/filter_policy.cc.o
[INFO] [stderr]   [25/139] Building CXX object src/CMakeFiles/leveldb.dir/leveldb/util/env.cc.o
[INFO] [stderr]   [26/139] Building CXX object src/CMakeFiles/leveldb.dir/leveldb/util/coding.cc.o
[INFO] [stderr]   [27/139] Building CXX object src/CMakeFiles/leveldb.dir/leveldb/table/two_level_iterator.cc.o
[INFO] [stderr]   [28/139] Building CXX object src/CMakeFiles/leveldb.dir/leveldb/table/table.cc.o
[INFO] [stderr]   [29/139] Building CXX object src/CMakeFiles/leveldb.dir/leveldb/util/crc32c.cc.o
[INFO] [stderr]   [30/139] Building CXX object src/CMakeFiles/leveldb.dir/leveldb/util/hash.cc.o
[INFO] [stderr]   [31/139] Building CXX object src/CMakeFiles/leveldb.dir/leveldb/util/comparator.cc.o
[INFO] [stderr]   [32/139] Building C object src/secp256k1/src/CMakeFiles/secp256k1_precomputed.dir/precomputed_ecmult_gen.c.o
[INFO] [stderr]   [33/139] Building CXX object src/CMakeFiles/leveldb.dir/leveldb/util/logging.cc.o
[INFO] [stderr]   [34/139] Building CXX object src/crypto/CMakeFiles/bitcoin_crypto.dir/aes.cpp.o
[INFO] [stderr]   [35/139] Building CXX object src/CMakeFiles/leveldb.dir/leveldb/util/options.cc.o
[INFO] [stderr]   [36/139] Building CXX object src/crypto/CMakeFiles/bitcoin_crypto.dir/chacha20poly1305.cpp.o
[INFO] [stderr]   [37/139] Building CXX object src/CMakeFiles/leveldb.dir/leveldb/table/table_builder.cc.o
[INFO] [stderr]   [38/139] Building CXX object src/crypto/CMakeFiles/bitcoin_crypto.dir/hmac_sha512.cpp.o
[INFO] [stderr]   [39/139] Building CXX object src/CMakeFiles/leveldb.dir/leveldb/db/repair.cc.o
[INFO] [stderr]   [40/139] Building CXX object src/crypto/CMakeFiles/bitcoin_crypto.dir/hkdf_sha256_32.cpp.o
[INFO] [stderr]   [41/139] Building CXX object src/crypto/CMakeFiles/bitcoin_crypto.dir/poly1305.cpp.o
[INFO] [stderr]   [42/139] Building CXX object src/crypto/CMakeFiles/bitcoin_crypto.dir/sha256_sse4.cpp.o
[INFO] [stderr]   [43/139] Building CXX object src/crypto/CMakeFiles/bitcoin_crypto.dir/hmac_sha256.cpp.o
[INFO] [stderr]   [44/139] Building CXX object src/crypto/CMakeFiles/bitcoin_crypto.dir/chacha20.cpp.o
[INFO] [stderr]   [45/139] Building CXX object src/crypto/CMakeFiles/bitcoin_crypto.dir/hex_base.cpp.o
[INFO] [stderr]   [46/139] Building CXX object src/crypto/CMakeFiles/bitcoin_crypto.dir/sha1.cpp.o
[INFO] [stderr]   [47/139] Building CXX object src/crypto/CMakeFiles/bitcoin_crypto.dir/__/support/cleanse.cpp.o
[INFO] [stderr]   [48/139] Building CXX object src/CMakeFiles/leveldb.dir/leveldb/util/status.cc.o
[INFO] [stderr]   [49/139] Building CXX object src/crypto/CMakeFiles/bitcoin_crypto.dir/ripemd160.cpp.o
[INFO] [stderr]   [50/139] Linking CXX static library src/libcrc32c.a
[INFO] [stderr]   [51/139] Building CXX object src/CMakeFiles/leveldb.dir/leveldb/db/db_impl.cc.o
[INFO] [stderr]   [52/139] Building CXX object src/CMakeFiles/leveldb.dir/leveldb/db/version_set.cc.o
[INFO] [stderr]   [53/139] Building CXX object src/CMakeFiles/leveldb.dir/leveldb/util/env_posix.cc.o
[INFO] [stderr]   FAILED: [code=1] src/CMakeFiles/leveldb.dir/leveldb/util/env_posix.cc.o 
[INFO] [stderr]   /usr/bin/c++ -DFALLTHROUGH_INTENDED=[[fallthrough]] -DHAVE_CRC32C=1 -DHAVE_FDATASYNC=1 -DHAVE_FULLFSYNC=0 -DHAVE_O_CLOEXEC=1 -DHAVE_SNAPPY=0 -DLEVELDB_PLATFORM_POSIX -I/opt/rustwide/target/release/build/lnurlcash-kernel-cdae99a1d3aca5b0/out/build/src -I/opt/rustwide/workdir/vendor/bitcoin/src -I/opt/rustwide/workdir/vendor/bitcoin/src/leveldb -I/opt/rustwide/workdir/vendor/bitcoin/src/leveldb/include -I/opt/rustwide/workdir/vendor/bitcoin/src/crc32c/include -ffunction-sections -fdata-sections -fPIC -m64 -w -O2 -std=c++20 -fPIC -fno-extended-identifiers -fmacro-prefix-map=/opt/rustwide/workdir/vendor/bitcoin/src=. -fstack-reuse=none -U_FORTIFY_SOURCE -D_FORTIFY_SOURCE=3 -Wstack-protector -fstack-protector-all -fcf-protection=full -fstack-clash-protection -Wall -Wextra -Wformat -Wformat-security -Wvla -Wredundant-decls -Wdate-time -Wduplicated-branches -Wduplicated-cond -Wlogical-op -Woverloaded-virtual -Wsuggest-override -Wimplicit-fallthrough -Wunreachable-code -Wbidi-chars=any -Wundef -Wleading-whitespace=spaces -Wtrailing-whitespace=any -Wno-unused-parameter -MD -MT src/CMakeFiles/leveldb.dir/leveldb/util/env_posix.cc.o -MF src/CMakeFiles/leveldb.dir/leveldb/util/env_posix.cc.o.d -o src/CMakeFiles/leveldb.dir/leveldb/util/env_posix.cc.o -c /opt/rustwide/workdir/vendor/bitcoin/src/leveldb/util/env_posix.cc 
[INFO] [stderr]   c++: fatal error: Killed signal terminated program cc1plus
[INFO] [stderr]   compilation terminated.
[INFO] [stderr]   [54/139] Building C object src/secp256k1/src/CMakeFiles/secp256k1_precomputed.dir/precomputed_ecmult.c.o
[INFO] [stderr]   FAILED: [code=1] src/secp256k1/src/CMakeFiles/secp256k1_precomputed.dir/precomputed_ecmult.c.o 
[INFO] [stderr]   /usr/bin/cc -DCOMB_BLOCKS=43 -DCOMB_TEETH=6 -DECMULT_WINDOW_SIZE=15 -DENABLE_MODULE_ELLSWIFT=1 -DENABLE_MODULE_EXTRAKEYS=1 -DENABLE_MODULE_MUSIG=1 -DENABLE_MODULE_RECOVERY=1 -DENABLE_MODULE_SCHNORRSIG=1 -DUSE_ASM_X86_64=1 -I/opt/rustwide/target/release/build/lnurlcash-kernel-cdae99a1d3aca5b0/out/build/src -I/opt/rustwide/workdir/vendor/bitcoin/src -ffunction-sections -fdata-sections -fPIC -m64 -w -O2 -g  -std=c90 -fPIC -fvisibility=hidden -Wall -pedantic -Wcast-align -Wcast-align=strict -Wextra -Wleading-whitespace=spaces -Wnested-externs -Wno-long-long -Wno-overlength-strings -Wno-unused-function -Wshadow -Wstrict-prototypes -Wtrailing-whitespace=any -Wundef -MD -MT src/secp256k1/src/CMakeFiles/secp256k1_precomputed.dir/precomputed_ecmult.c.o -MF src/secp256k1/src/CMakeFiles/secp256k1_precomputed.dir/precomputed_ecmult.c.o.d -o src/secp256k1/src/CMakeFiles/secp256k1_precomputed.dir/precomputed_ecmult.c.o -c /opt/rustwide/workdir/vendor/bitcoin/src/secp256k1/src/precomputed_ecmult.c
[INFO] [stderr]   cc: fatal error: Killed signal terminated program cc1
[INFO] [stderr]   compilation terminated.
[INFO] [stderr]   [55/139] Building CXX object src/crypto/CMakeFiles/bitcoin_crypto.dir/sha512.cpp.o
[INFO] [stderr]   [56/139] Building CXX object src/crypto/CMakeFiles/bitcoin_crypto.dir/sha3.cpp.o
[INFO] [stderr]   [57/139] Building CXX object src/CMakeFiles/leveldb.dir/leveldb/helpers/memenv/memenv.cc.o
[INFO] [stderr]   [58/139] Building CXX object src/CMakeFiles/bitcoin_clientversion.dir/clientversion.cpp.o
[INFO] [stderr]   [59/139] Building CXX object src/crypto/CMakeFiles/bitcoin_crypto.dir/sha256_x86_shani.cpp.o
[INFO] [stderr]   [60/139] Building CXX object src/crypto/CMakeFiles/bitcoin_crypto.dir/siphash.cpp.o
[INFO] [stderr]   [61/139] Building CXX object src/crypto/CMakeFiles/bitcoin_crypto.dir/muhash.cpp.o
[INFO] [stderr]   [62/139] Building CXX object src/crypto/CMakeFiles/bitcoin_crypto.dir/sha256.cpp.o
[INFO] [stderr]   [63/139] Building CXX object src/kernel/CMakeFiles/bitcoinkernel.dir/checks.cpp.o
[INFO] [stderr]   [64/139] Building CXX object src/kernel/CMakeFiles/bitcoinkernel.dir/chain.cpp.o
[INFO] [stderr]   [65/139] Building C object src/secp256k1/src/CMakeFiles/secp256k1.dir/secp256k1.c.o
[INFO] [stderr]   [66/139] Building CXX object src/crypto/CMakeFiles/bitcoin_crypto.dir/sha256_sse41.cpp.o
[INFO] [stderr]   [67/139] Building CXX object src/crypto/CMakeFiles/bitcoin_crypto.dir/sha256_avx2.cpp.o
[INFO] [stderr]   [68/139] Building CXX object src/kernel/CMakeFiles/bitcoinkernel.dir/bitcoinkernel.cpp.o
[INFO] [stderr]   ninja: build stopped: subcommand failed.
[INFO] [stderr] 
[INFO] [stderr]   --- stderr
[INFO] [stderr]   running: cd "/opt/rustwide/target/release/build/lnurlcash-kernel-cdae99a1d3aca5b0/out/build" && CMAKE_PREFIX_PATH="" LC_ALL="C" "cmake" "/opt/rustwide/workdir/vendor/bitcoin" "-B" "/opt/rustwide/target/release/build/lnurlcash-kernel-cdae99a1d3aca5b0/out/build" "-G" "Ninja" "-DBUILD_SHARED_LIBS=OFF" "-DBUILD_KERNEL_LIB=ON" "-DBUILD_KERNEL_TEST=OFF" "-DBUILD_BITCOIN_BIN=OFF" "-DBUILD_DAEMON=OFF" "-DBUILD_CLI=OFF" "-DBUILD_TESTS=OFF" "-DBUILD_TX=OFF" "-DBUILD_UTIL=OFF" "-DBUILD_UTIL_CHAINSTATE=OFF" "-DBUILD_GUI=OFF" "-DBUILD_BENCH=OFF" "-DBUILD_FUZZ_BINARY=OFF" "-DENABLE_WALLET=OFF" "-DENABLE_IPC=OFF" "-DWITH_ZMQ=OFF" "-DINSTALL_MAN=OFF" "-DCMAKE_INSTALL_PREFIX=/opt/rustwide/target/release/build/lnurlcash-kernel-cdae99a1d3aca5b0/out" "-DCMAKE_C_FLAGS= -ffunction-sections -fdata-sections -fPIC -m64 -w" "-DCMAKE_C_COMPILER=/usr/bin/cc" "-DCMAKE_CXX_FLAGS= -ffunction-sections -fdata-sections -fPIC -m64 -w" "-DCMAKE_CXX_COMPILER=/usr/bin/c++" "-DCMAKE_ASM_FLAGS= -ffunction-sections -fdata-sections -fPIC -m64 -w" "-DCMAKE_ASM_COMPILER=/usr/bin/cc" "-DCMAKE_BUILD_TYPE=Release"
[INFO] [stderr] 
[INFO] [stderr]   Configuring secp256k1 subtree...
[INFO] [stderr] 
[INFO] [stderr] 
[INFO] [stderr]   secp256k1 configure summary
[INFO] [stderr]   ===========================
[INFO] [stderr]   Build artifacts:
[INFO] [stderr]     library type ........................ Static
[INFO] [stderr]   Optional modules:
[INFO] [stderr]     ECDH ................................ OFF
[INFO] [stderr]     ECDSA pubkey recovery ............... ON
[INFO] [stderr]     extrakeys ........................... ON
[INFO] [stderr]     schnorrsig .......................... ON
[INFO] [stderr]     musig ............................... ON
[INFO] [stderr]     ElligatorSwift ...................... ON
[INFO] [stderr]   Parameters:
[INFO] [stderr]     ecmult window size .................. 15
[INFO] [stderr]     ecmult gen table size ............... 86 KiB
[INFO] [stderr]   Optional features:
[INFO] [stderr]     assembly ............................ x86_64
[INFO] [stderr]     external callbacks .................. OFF
[INFO] [stderr]   Optional binaries:
[INFO] [stderr]     benchmark ........................... OFF
[INFO] [stderr]     noverify_tests ...................... OFF
[INFO] [stderr]     tests ............................... OFF
[INFO] [stderr]     exhaustive tests .................... OFF
[INFO] [stderr]     ctime_tests ......................... OFF
[INFO] [stderr]     examples ............................ OFF
[INFO] [stderr] 
[INFO] [stderr]   Cross compiling ....................... FALSE
[INFO] [stderr]   API visibility attributes ............. OFF
[INFO] [stderr]   Valgrind .............................. OFF
[INFO] [stderr]   Preprocessor defined macros ........... ECMULT_WINDOW_SIZE=15 COMB_BLOCKS=43 COMB_TEETH=6 USE_ASM_X86_64=1
[INFO] [stderr]   C compiler ............................ GNU 15.2.0, /usr/bin/cc
[INFO] [stderr]   CFLAGS ................................  -ffunction-sections -fdata-sections -fPIC -m64 -w
[INFO] [stderr]   Compile options ....................... -Wall -pedantic -Wcast-align -Wcast-align=strict -Wextra -Wleading-whitespace=spaces -Wnested-externs -Wno-long-long -Wno-overlength-strings -Wno-unused-function -Wshadow -Wstrict-prototypes -Wtrailing-whitespace=any -Wundef
[INFO] [stderr]   Build type:
[INFO] [stderr]    - CMAKE_BUILD_TYPE ................... Release
[INFO] [stderr]    - CFLAGS ............................. -O2 -g 
[INFO] [stderr]    - LDFLAGS for executables ............ 
[INFO] [stderr]    - LDFLAGS for shared libraries ....... 
[INFO] [stderr] 
[INFO] [stderr] 
[INFO] [stderr] 
[INFO] [stderr]   Configure summary
[INFO] [stderr]   =================
[INFO] [stderr]   Executables:
[INFO] [stderr]     bitcoin ............................. OFF
[INFO] [stderr]     bitcoind ............................ OFF
[INFO] [stderr]     bitcoin-node (multiprocess) ......... OFF
[INFO] [stderr]     bitcoin-qt (GUI) .................... OFF
[INFO] [stderr]     bitcoin-gui (GUI, multiprocess) ..... OFF
[INFO] [stderr]     bitcoin-cli ......................... OFF
[INFO] [stderr]     bitcoin-tx .......................... OFF
[INFO] [stderr]     bitcoin-util ........................ OFF
[INFO] [stderr]     bitcoin-wallet ...................... OFF
[INFO] [stderr]     bitcoin-chainstate (experimental) ... OFF
[INFO] [stderr]     libbitcoinkernel (experimental) ..... ON
[INFO] [stderr]     kernel-test (experimental) .......... OFF
[INFO] [stderr]   Optional features:
[INFO] [stderr]     wallet support ...................... OFF
[INFO] [stderr]     external signer ..................... ON
[INFO] [stderr]     ZeroMQ .............................. OFF
[INFO] [stderr]     IPC ................................. OFF
[INFO] [stderr]     Embedded ASMap ...................... ON
[INFO] [stderr]     USDT tracing ........................ OFF
[INFO] [stderr]     QR code (GUI) ....................... OFF
[INFO] [stderr]     DBus (GUI) .......................... OFF
[INFO] [stderr]   Tests:
[INFO] [stderr]     test_bitcoin ........................ OFF
[INFO] [stderr]     test_bitcoin-qt ..................... OFF
[INFO] [stderr]     bench_bitcoin ....................... OFF
[INFO] [stderr]     fuzz binary ......................... OFF
[INFO] [stderr] 
[INFO] [stderr]   Cross compiling ....................... FALSE
[INFO] [stderr]   C++ compiler .......................... GNU 15.2.0, /usr/bin/c++
[INFO] [stderr]   CMAKE_BUILD_TYPE ...................... Release
[INFO] [stderr]   Preprocessor defined macros ........... 
[INFO] [stderr]   C++ compiler flags .................... -ffunction-sections -fdata-sections -fPIC -m64 -w -O2 -std=c++20 -fPIC -fno-extended-identifiers -fmacro-prefix-map=/opt/rustwide/workdir/vendor/bitcoin/src=. -fstack-reuse=none -U_FORTIFY_SOURCE -D_FORTIFY_SOURCE=3 -Wstack-protector -fstack-protector-all -fcf-protection=full -fstack-clash-protection -Wall -Wextra -Wformat -Wformat-security -Wvla -Wredundant-decls -Wdate-time -Wduplicated-branches -Wduplicated-cond -Wlogical-op -Woverloaded-virtual -Wsuggest-override -Wimplicit-fallthrough -Wunreachable-code -Wbidi-chars=any -Wundef -Wleading-whitespace=spaces -Wtrailing-whitespace=any -Wno-unused-parameter
[INFO] [stderr]   Linker flags .......................... -ffunction-sections -fdata-sections -fPIC -m64 -w -O2 -fstack-reuse=none -fstack-protector-all -fcf-protection=full -fstack-clash-protection -Wl,-z,relro -Wl,-z,now -Wl,-z,separate-code -fPIE -pie
[INFO] [stderr] 
[INFO] [stderr]   NOTE: The summary above may not exactly match the final applied build flags
[INFO] [stderr]         if any additional CMAKE_* or environment variables have been modified.
[INFO] [stderr]         To see the exact flags applied, build with the --verbose option.
[INFO] [stderr] 
[INFO] [stderr]   Treat compiler warnings as errors ..... OFF
[INFO] [stderr]   Use ccache for compiling .............. OFF
[INFO] [stderr] 
[INFO] [stderr] 
[INFO] [stderr]   CMake Warning:
[INFO] [stderr]     Manually-specified variables were not used by the project:
[INFO] [stderr] 
[INFO] [stderr]       CMAKE_ASM_COMPILER
[INFO] [stderr]       CMAKE_ASM_FLAGS
[INFO] [stderr] 
[INFO] [stderr] 
[INFO] [stderr]   running: cd "/opt/rustwide/target/release/build/lnurlcash-kernel-cdae99a1d3aca5b0/out/build" && LC_ALL="C" "cmake" "--build" "/opt/rustwide/target/release/build/lnurlcash-kernel-cdae99a1d3aca5b0/out/build" "--target" "bitcoinkernel" "--config" "Release" "--parallel" "16"
[INFO] [stderr] 
[INFO] [stderr]   thread 'main' (113) panicked at /opt/rustwide/cargo-home/registry/src/index.crates.io-1949cf8c6b5b557f/cmake-0.1.58/src/lib.rs:1132:5:
[INFO] [stderr] 
[INFO] [stderr]   command did not execute successfully, got: exit status: 1
[INFO] [stderr] 
[INFO] [stderr]   build script failed, must exit now
[INFO] [stderr]   stack backtrace:
[INFO] [stderr]      0:     0x63ba450bf231 - <<std[70759c8f55707aa4]::sys::backtrace::BacktraceLock>::print::DisplayBacktrace as core[df12db4294e9bfd3]::fmt::Display>::fmt
[INFO] [stderr]      1:     0x63ba450d33ca - core[df12db4294e9bfd3]::fmt::write
[INFO] [stderr]      2:     0x63ba450c4cec - <std[70759c8f55707aa4]::sys::stdio::unix::Stderr as core[df12db4294e9bfd3]::io::write::Write>::write_fmt
[INFO] [stderr]      3:     0x63ba4509e166 - std[70759c8f55707aa4]::panicking::default_hook::{closure#0}
[INFO] [stderr]      4:     0x63ba450ba051 - std[70759c8f55707aa4]::panicking::default_hook
[INFO] [stderr]      5:     0x63ba450ba20b - std[70759c8f55707aa4]::panicking::panic_with_hook
[INFO] [stderr]      6:     0x63ba4509e212 - std[70759c8f55707aa4]::panicking::panic_handler::{closure#0}
[INFO] [stderr]      7:     0x63ba45096ed9 - std[70759c8f55707aa4]::sys::backtrace::__rust_end_short_backtrace::<std[70759c8f55707aa4]::panicking::panic_handler::{closure#0}, !>
[INFO] [stderr]      8:     0x63ba4509ea2d - __rustc[8fa7c3cbc660c2b3]::rust_begin_unwind
[INFO] [stderr]      9:     0x63ba450d3b3c - core[df12db4294e9bfd3]::panicking::panic_fmt
[INFO] [stderr]     10:     0x63ba450233b7 - cmake[9bf133a4be946d93]::fail
[INFO] [stderr]     11:     0x63ba45023043 - cmake[9bf133a4be946d93]::run
[INFO] [stderr]     12:     0x63ba450290d5 - <cmake[9bf133a4be946d93]::Config>::build
[INFO] [stderr]     13:     0x63ba45014e8d - build_script_build[da8dab91947a832f]::build_kernel
[INFO] [stderr]     14:     0x63ba450152b9 - build_script_build[da8dab91947a832f]::main
[INFO] [stderr]     15:     0x63ba450163f3 - <fn() as core[df12db4294e9bfd3]::ops::function::FnOnce<()>>::call_once
[INFO] [stderr]     16:     0x63ba45014466 - std[70759c8f55707aa4]::sys::backtrace::__rust_begin_short_backtrace::<fn(), ()>
[INFO] [stderr]     17:     0x63ba45014479 - std[70759c8f55707aa4]::rt::lang_start::<()>::{closure#0}
[INFO] [stderr]     18:     0x63ba450b9319 - std[70759c8f55707aa4]::rt::lang_start_internal
[INFO] [stderr]     19:     0x63ba45013ff1 - std[70759c8f55707aa4]::rt::lang_start::<()>
[INFO] [stderr]     20:     0x63ba45016465 - main
[INFO] [stderr]     21:     0x70e8c31fe601 - <unknown>
[INFO] [stderr]     22:     0x70e8c31fe718 - __libc_start_main
[INFO] [stderr]     23:     0x63ba450130a5 - _start
[INFO] [stderr]     24:                0x0 - <unknown>
[INFO] running `Command { std: "docker" "inspect" "f432f11705daff06fb25276e0ff4f3c19d854f689f7b0f12ad15b5138f2bdba0", kill_on_drop: false }`
[INFO] running `Command { std: "docker" "rm" "-f" "f432f11705daff06fb25276e0ff4f3c19d854f689f7b0f12ad15b5138f2bdba0", kill_on_drop: false }`
[INFO] [stdout] f432f11705daff06fb25276e0ff4f3c19d854f689f7b0f12ad15b5138f2bdba0
