[INFO] fetching crate llvm-in-rust-ir-parser 0.1.0...
[INFO] testing llvm-in-rust-ir-parser-0.1.0 against 1.99.0-beta.8+cargoflags=--release for beta-release-1.100-2
[INFO] extracting crate llvm-in-rust-ir-parser 0.1.0 into /workspace/builds/worker-2-tc1/source
[INFO] started tweaking crates.io crate llvm-in-rust-ir-parser 0.1.0
[INFO] removed 0 missing examples
[INFO] removed 0 missing tests
[INFO] finished tweaking crates.io crate llvm-in-rust-ir-parser 0.1.0
[INFO] tweaked toml for crates.io crate llvm-in-rust-ir-parser 0.1.0 written to /workspace/builds/worker-2-tc1/source/Cargo.toml
[INFO] validating manifest of crates.io crate llvm-in-rust-ir-parser 0.1.0 on toolchain 1.99.0-beta.8
[INFO] running `Command { std: CARGO_HOME="/workspace/cargo-home" RUSTUP_HOME="/workspace/rustup-home" "/workspace/cargo-home/bin/cargo" "+1.99.0-beta.8" "metadata" "--manifest-path" "Cargo.toml" "--no-deps", kill_on_drop: false }`
[INFO] crate crates.io crate llvm-in-rust-ir-parser 0.1.0 already has a lockfile, it will not be regenerated
[INFO] running `Command { std: CARGO_HOME="/workspace/cargo-home" RUSTUP_HOME="/workspace/rustup-home" "/workspace/cargo-home/bin/cargo" "+1.99.0-beta.8" "fetch" "--manifest-path" "Cargo.toml", kill_on_drop: false }`
[INFO] [stderr]     Updating crates.io index
[INFO] [stderr]  Downloading crates ...
[INFO] [stderr]   Downloaded llvm-in-rust-ir v0.1.0
[INFO] running `Command { std: "docker" "create" "-v" "/var/lib/crater-agent-workspace/builds/worker-2-tc1/source:/opt/rustwide/workdir:ro,Z" "-v" "/var/lib/crater-agent-workspace/builds/worker-2-tc1/target:/opt/rustwide/target:rw,Z" "-v" "/var/lib/crater-agent-workspace/cargo-home:/opt/rustwide/cargo-home:ro,Z" "-v" "/var/lib/crater-agent-workspace/rustup-home:/opt/rustwide/rustup-home:ro,Z" "-m" "1610612736" "--network" "none" "ghcr.io/rust-lang/crates-build-env/linux@sha256:77db811e55d90add9212f6832c23229e3de5f1c1f9905e8cb07319ea15df73ac" "sleep" "infinity", kill_on_drop: false }`
[INFO] [stdout] f1e2d82be7eb4244784868e8f4b1e93c8e9ef4cc74cf22b431be6475c750dcac
[INFO] running `Command { std: "docker" "start" "f1e2d82be7eb4244784868e8f4b1e93c8e9ef4cc74cf22b431be6475c750dcac", kill_on_drop: false }`
[INFO] running `Command { std: "docker" "inspect" "f1e2d82be7eb4244784868e8f4b1e93c8e9ef4cc74cf22b431be6475c750dcac", kill_on_drop: false }`
[INFO] running `Command { std: "docker" "exec" "-e" "SOURCE_DIR=/opt/rustwide/workdir" "-e" "CARGO_HOME=/opt/rustwide/cargo-home" "-e" "RUSTUP_HOME=/opt/rustwide/rustup-home" "-e" "CARGO_TARGET_DIR=/opt/rustwide/target" "-w" "/opt/rustwide/workdir" "--user" "0:0" "f1e2d82be7eb4244784868e8f4b1e93c8e9ef4cc74cf22b431be6475c750dcac" "/opt/rustwide/cargo-home/bin/cargo" "+1.99.0-beta.8" "metadata" "--no-deps" "--format-version=1", kill_on_drop: false }`
[INFO] running `Command { std: "docker" "inspect" "f1e2d82be7eb4244784868e8f4b1e93c8e9ef4cc74cf22b431be6475c750dcac", kill_on_drop: false }`
[INFO] running `Command { std: "docker" "exec" "-e" "SOURCE_DIR=/opt/rustwide/workdir" "-e" "CARGO_HOME=/opt/rustwide/cargo-home" "-e" "RUSTUP_HOME=/opt/rustwide/rustup-home" "-e" "CARGO_TARGET_DIR=/opt/rustwide/target" "-e" "CARGO_INCREMENTAL=0" "-e" "RUST_BACKTRACE=full" "-e" "RUSTFLAGS=--cap-lints=warn" "-e" "RUSTDOCFLAGS=--cap-lints=warn" "-w" "/opt/rustwide/workdir" "--user" "0:0" "f1e2d82be7eb4244784868e8f4b1e93c8e9ef4cc74cf22b431be6475c750dcac" "/opt/rustwide/cargo-home/bin/cargo" "+1.99.0-beta.8" "build" "--frozen" "--message-format=json" "--release", kill_on_drop: false }`
[INFO] [stderr]    Compiling llvm-in-rust-ir v0.1.0
[INFO] [stderr]    Compiling llvm-in-rust-ir-parser v0.1.0 (/opt/rustwide/workdir)
[INFO] [stderr]     Finished `release` profile [optimized] target(s) in 4.12s
[INFO] running `Command { std: "docker" "inspect" "f1e2d82be7eb4244784868e8f4b1e93c8e9ef4cc74cf22b431be6475c750dcac", kill_on_drop: false }`
[INFO] running `Command { std: "docker" "exec" "-e" "SOURCE_DIR=/opt/rustwide/workdir" "-e" "CARGO_HOME=/opt/rustwide/cargo-home" "-e" "RUSTUP_HOME=/opt/rustwide/rustup-home" "-e" "CARGO_TARGET_DIR=/opt/rustwide/target" "-e" "CARGO_INCREMENTAL=0" "-e" "RUST_BACKTRACE=full" "-e" "RUSTFLAGS=--cap-lints=warn" "-e" "RUSTDOCFLAGS=--cap-lints=warn" "-w" "/opt/rustwide/workdir" "--user" "0:0" "f1e2d82be7eb4244784868e8f4b1e93c8e9ef4cc74cf22b431be6475c750dcac" "/opt/rustwide/cargo-home/bin/cargo" "+1.99.0-beta.8" "test" "--frozen" "--no-run" "--message-format=json" "--release", kill_on_drop: false }`
[INFO] [stderr]    Compiling llvm-in-rust-ir-parser v0.1.0 (/opt/rustwide/workdir)
[INFO] [stdout] error[E0433]: cannot find module or crate `llvm_codegen` in this scope
[INFO] [stdout]  --> examples/run_ir.rs:4:5
[INFO] [stdout]   |
[INFO] [stdout] 4 | use llvm_codegen::{
[INFO] [stdout]   |     ^^^^^^^^^^^^ use of unresolved module or unlinked crate `llvm_codegen`
[INFO] [stdout]   |
[INFO] [stdout]   = help: if you wanted to use a crate named `llvm_codegen`, use `cargo add llvm_codegen` to add it to your `Cargo.toml`
[INFO] [stdout] 
[INFO] [stdout] 
[INFO] [stdout] error[E0433]: cannot find module or crate `llvm_target_x86` in this scope
[INFO] [stdout]   --> examples/run_ir.rs:15:5
[INFO] [stdout]    |
[INFO] [stdout] 15 | use llvm_target_x86::{
[INFO] [stdout]    |     ^^^^^^^^^^^^^^^ use of unresolved module or unlinked crate `llvm_target_x86`
[INFO] [stdout]    |
[INFO] [stdout]    = help: if you wanted to use a crate named `llvm_target_x86`, use `cargo add llvm_target_x86` to add it to your `Cargo.toml`
[INFO] [stdout] 
[INFO] [stdout] 
[INFO] [stdout] error[E0432]: unresolved import `llvm_codegen`
[INFO] [stdout]  --> examples/run_ir.rs:4:5
[INFO] [stdout]   |
[INFO] [stdout] 4 | use llvm_codegen::{
[INFO] [stdout]   |     ^^^^^^^^^^^^ use of unresolved module or unlinked crate `llvm_codegen`
[INFO] [stdout]   |
[INFO] [stdout]   = help: if you wanted to use a crate named `llvm_codegen`, use `cargo add llvm_codegen` to add it to your `Cargo.toml`
[INFO] [stdout] 
[INFO] [stdout] 
[INFO] [stdout] error[E0433]: cannot find module or crate `llvm_transforms` in this scope
[INFO] [stdout]   --> examples/run_ir.rs:19:5
[INFO] [stdout]    |
[INFO] [stdout] 19 | use llvm_transforms::{pass::PassManager, DeadCodeElim, Mem2Reg};
[INFO] [stdout]    |     ^^^^^^^^^^^^^^^ use of unresolved module or unlinked crate `llvm_transforms`
[INFO] [stdout]    |
[INFO] [stdout]    = help: if you wanted to use a crate named `llvm_transforms`, use `cargo add llvm_transforms` to add it to your `Cargo.toml`
[INFO] [stdout] 
[INFO] [stdout] 
[INFO] [stdout] error[E0432]: unresolved import `llvm_target_x86`
[INFO] [stdout]   --> examples/run_ir.rs:15:5
[INFO] [stdout]    |
[INFO] [stdout] 15 | use llvm_target_x86::{
[INFO] [stdout]    |     ^^^^^^^^^^^^^^^ use of unresolved module or unlinked crate `llvm_target_x86`
[INFO] [stdout]    |
[INFO] [stdout]    = help: if you wanted to use a crate named `llvm_target_x86`, use `cargo add llvm_target_x86` to add it to your `Cargo.toml`
[INFO] [stdout] 
[INFO] [stdout] 
[INFO] [stdout] error[E0432]: unresolved import `llvm_transforms`
[INFO] [stdout]   --> examples/run_ir.rs:19:5
[INFO] [stdout]    |
[INFO] [stdout] 19 | use llvm_transforms::{pass::PassManager, DeadCodeElim, Mem2Reg};
[INFO] [stdout]    |     ^^^^^^^^^^^^^^^ use of unresolved module or unlinked crate `llvm_transforms`
[INFO] [stdout]    |
[INFO] [stdout]    = help: if you wanted to use a crate named `llvm_transforms`, use `cargo add llvm_transforms` to add it to your `Cargo.toml`
[INFO] [stdout] 
[INFO] [stdout] 
[INFO] [stdout] Some errors have detailed explanations: E0432, E0433.
[INFO] [stdout] 
[INFO] [stdout] For more information about an error, try `rustc --explain E0432`.
[INFO] [stdout] 
[INFO] [stderr] error: could not compile `llvm-in-rust-ir-parser` (example "run_ir") due to 6 previous errors
[INFO] [stderr] warning: build failed, waiting for other jobs to finish...
[INFO] [stdout] error[E0433]: cannot find module or crate `llvm_codegen` in this scope
[INFO] [stdout]   --> tests/smoke.rs:21:5
[INFO] [stdout]    |
[INFO] [stdout] 21 | use llvm_codegen::{
[INFO] [stdout]    |     ^^^^^^^^^^^^ use of unresolved module or unlinked crate `llvm_codegen`
[INFO] [stdout]    |
[INFO] [stdout]    = help: if you wanted to use a crate named `llvm_codegen`, use `cargo add llvm_codegen` to add it to your `Cargo.toml`
[INFO] [stdout] 
[INFO] [stdout] 
[INFO] [stdout] error[E0433]: cannot find module or crate `llvm_target_x86` in this scope
[INFO] [stdout]   --> tests/smoke.rs:32:5
[INFO] [stdout]    |
[INFO] [stdout] 32 | use llvm_target_x86::{
[INFO] [stdout]    |     ^^^^^^^^^^^^^^^ use of unresolved module or unlinked crate `llvm_target_x86`
[INFO] [stdout]    |
[INFO] [stdout]    = help: if you wanted to use a crate named `llvm_target_x86`, use `cargo add llvm_target_x86` to add it to your `Cargo.toml`
[INFO] [stdout] 
[INFO] [stdout] 
[INFO] [stdout] error[E0432]: unresolved import `llvm_codegen`
[INFO] [stdout]   --> tests/smoke.rs:21:5
[INFO] [stdout]    |
[INFO] [stdout] 21 | use llvm_codegen::{
[INFO] [stdout]    |     ^^^^^^^^^^^^ use of unresolved module or unlinked crate `llvm_codegen`
[INFO] [stdout]    |
[INFO] [stdout]    = help: if you wanted to use a crate named `llvm_codegen`, use `cargo add llvm_codegen` to add it to your `Cargo.toml`
[INFO] [stdout] 
[INFO] [stdout] 
[INFO] [stdout] error[E0433]: cannot find module or crate `llvm_transforms` in this scope
[INFO] [stdout]   --> tests/smoke.rs:36:5
[INFO] [stdout]    |
[INFO] [stdout] 36 | use llvm_transforms::{pass::PassManager, Mem2Reg};
[INFO] [stdout]    |     ^^^^^^^^^^^^^^^ use of unresolved module or unlinked crate `llvm_transforms`
[INFO] [stdout]    |
[INFO] [stdout]    = help: if you wanted to use a crate named `llvm_transforms`, use `cargo add llvm_transforms` to add it to your `Cargo.toml`
[INFO] [stdout] 
[INFO] [stdout] 
[INFO] [stdout] error[E0432]: unresolved import `llvm_target_x86`
[INFO] [stdout]   --> tests/smoke.rs:32:5
[INFO] [stdout]    |
[INFO] [stdout] 32 | use llvm_target_x86::{
[INFO] [stdout]    |     ^^^^^^^^^^^^^^^ use of unresolved module or unlinked crate `llvm_target_x86`
[INFO] [stdout]    |
[INFO] [stdout]    = help: if you wanted to use a crate named `llvm_target_x86`, use `cargo add llvm_target_x86` to add it to your `Cargo.toml`
[INFO] [stdout] 
[INFO] [stdout] 
[INFO] [stdout] error[E0432]: unresolved import `llvm_transforms`
[INFO] [stdout]   --> tests/smoke.rs:36:5
[INFO] [stdout]    |
[INFO] [stdout] 36 | use llvm_transforms::{pass::PassManager, Mem2Reg};
[INFO] [stdout]    |     ^^^^^^^^^^^^^^^ use of unresolved module or unlinked crate `llvm_transforms`
[INFO] [stdout]    |
[INFO] [stdout]    = help: if you wanted to use a crate named `llvm_transforms`, use `cargo add llvm_transforms` to add it to your `Cargo.toml`
[INFO] [stdout] 
[INFO] [stdout] 
[INFO] [stdout] error: couldn't read `tests/../../llvm-bench/fixtures/sample.ll`: No such file or directory (os error 2)
[INFO] [stdout]    --> tests/differential.rs:139:15
[INFO] [stdout]     |
[INFO] [stdout] 139 |     let src = include_str!("../../llvm-bench/fixtures/sample.ll");
[INFO] [stdout]     |               ^^^^^^^^^^^^^^^^^^^^^^^^^^^^^^^^^^^^^^^^^^^^^^^^^^^
[INFO] [stdout] 
[INFO] [stdout] 
[INFO] [stdout] error[E0433]: cannot find module or crate `llvm_codegen` in this scope
[INFO] [stdout]   --> tests/differential.rs:14:5
[INFO] [stdout]    |
[INFO] [stdout] 14 | use llvm_codegen::{
[INFO] [stdout]    |     ^^^^^^^^^^^^ use of unresolved module or unlinked crate `llvm_codegen`
[INFO] [stdout]    |
[INFO] [stdout]    = help: if you wanted to use a crate named `llvm_codegen`, use `cargo add llvm_codegen` to add it to your `Cargo.toml`
[INFO] [stdout] 
[INFO] [stdout] 
[INFO] [stdout] error[E0433]: cannot find module or crate `llvm_target_x86` in this scope
[INFO] [stdout]   --> tests/differential.rs:22:5
[INFO] [stdout]    |
[INFO] [stdout] 22 | use llvm_target_x86::{
[INFO] [stdout]    |     ^^^^^^^^^^^^^^^ use of unresolved module or unlinked crate `llvm_target_x86`
[INFO] [stdout]    |
[INFO] [stdout]    = help: if you wanted to use a crate named `llvm_target_x86`, use `cargo add llvm_target_x86` to add it to your `Cargo.toml`
[INFO] [stdout] 
[INFO] [stdout] 
[INFO] [stdout] error[E0432]: unresolved import `llvm_codegen`
[INFO] [stdout]   --> tests/differential.rs:14:5
[INFO] [stdout]    |
[INFO] [stdout] 14 | use llvm_codegen::{
[INFO] [stdout]    |     ^^^^^^^^^^^^ use of unresolved module or unlinked crate `llvm_codegen`
[INFO] [stdout]    |
[INFO] [stdout]    = help: if you wanted to use a crate named `llvm_codegen`, use `cargo add llvm_codegen` to add it to your `Cargo.toml`
[INFO] [stdout] 
[INFO] [stdout] 
[INFO] [stdout] error[E0433]: cannot find module or crate `llvm_transforms` in this scope
[INFO] [stdout]   --> tests/differential.rs:26:5
[INFO] [stdout]    |
[INFO] [stdout] 26 | use llvm_transforms::{pass::PassManager, Mem2Reg};
[INFO] [stdout]    |     ^^^^^^^^^^^^^^^ use of unresolved module or unlinked crate `llvm_transforms`
[INFO] [stdout]    |
[INFO] [stdout]    = help: if you wanted to use a crate named `llvm_transforms`, use `cargo add llvm_transforms` to add it to your `Cargo.toml`
[INFO] [stdout] 
[INFO] [stdout] 
[INFO] [stdout] error[E0432]: unresolved import `llvm_target_x86`
[INFO] [stdout]   --> tests/differential.rs:22:5
[INFO] [stdout]    |
[INFO] [stdout] 22 | use llvm_target_x86::{
[INFO] [stdout]    |     ^^^^^^^^^^^^^^^ use of unresolved module or unlinked crate `llvm_target_x86`
[INFO] [stdout]    |
[INFO] [stdout]    = help: if you wanted to use a crate named `llvm_target_x86`, use `cargo add llvm_target_x86` to add it to your `Cargo.toml`
[INFO] [stdout] 
[INFO] [stdout] 
[INFO] [stdout] error[E0432]: unresolved import `llvm_transforms`
[INFO] [stdout]   --> tests/differential.rs:26:5
[INFO] [stdout]    |
[INFO] [stdout] 26 | use llvm_transforms::{pass::PassManager, Mem2Reg};
[INFO] [stdout]    |     ^^^^^^^^^^^^^^^ use of unresolved module or unlinked crate `llvm_transforms`
[INFO] [stdout]    |
[INFO] [stdout]    = help: if you wanted to use a crate named `llvm_transforms`, use `cargo add llvm_transforms` to add it to your `Cargo.toml`
[INFO] [stdout] 
[INFO] [stdout] 
[INFO] [stdout] error[E0432]: unresolved import `sha2`
[INFO] [stdout]    --> tests/differential.rs:758:9
[INFO] [stdout]     |
[INFO] [stdout] 758 |     use sha2::{Digest, Sha256};
[INFO] [stdout]     |         ^^^^ use of unresolved module or unlinked crate `sha2`
[INFO] [stdout]     |
[INFO] [stdout]     = help: if you wanted to use a crate named `sha2`, use `cargo add sha2` to add it to your `Cargo.toml`
[INFO] [stdout] 
[INFO] [stdout] 
[INFO] [stdout] error[E0433]: cannot find module or crate `serde_json` in this scope
[INFO] [stdout]    --> tests/differential.rs:767:19
[INFO] [stdout]     |
[INFO] [stdout] 767 |         Err(_) => serde_json::json!({"version": 1, "fixtures": {}, "semantic": {}}),
[INFO] [stdout]     |                   ^^^^^^^^^^ use of unresolved module or unlinked crate `serde_json`
[INFO] [stdout] 
[INFO] [stdout] 
[INFO] [stdout] error[E0433]: cannot find module or crate `serde_json` in this scope
[INFO] [stdout]    --> tests/differential.rs:776:51
[INFO] [stdout]     |
[INFO] [stdout] 776 |         db["semantic"][label]["our_obj_sha256"] = serde_json::Value::String(actual);
[INFO] [stdout]     |                                                   ^^^^^^^^^^ use of unresolved module or unlinked crate `serde_json`
[INFO] [stdout]     |
[INFO] [stdout]     = help: if you wanted to use a crate named `serde_json`, use `cargo add serde_json` to add it to your `Cargo.toml`
[INFO] [stdout] 
[INFO] [stdout] 
[INFO] [stdout] Some errors have detailed explanations: E0432, E0433.
[INFO] [stdout] 
[INFO] [stdout] For more information about an error, try `rustc --explain E0432`.
[INFO] [stdout] 
[INFO] [stderr] error: could not compile `llvm-in-rust-ir-parser` (test "smoke") due to 6 previous errors
[INFO] [stdout] error[E0433]: cannot find module or crate `serde_json` in this scope
[INFO] [stdout]    --> tests/differential.rs:801:53
[INFO] [stdout]     |
[INFO] [stdout] 801 |         db["fixtures"][name]["printed_ir_sha256"] = serde_json::Value::String(actual);
[INFO] [stdout]     |                                                     ^^^^^^^^^^ use of unresolved module or unlinked crate `serde_json`
[INFO] [stdout]     |
[INFO] [stdout]     = help: if you wanted to use a crate named `serde_json`, use `cargo add serde_json` to add it to your `Cargo.toml`
[INFO] [stdout] 
[INFO] [stdout] 
[INFO] [stdout] error[E0433]: cannot find module or crate `hex` in this scope
[INFO] [stdout]    --> tests/differential.rs:759:5
[INFO] [stdout]     |
[INFO] [stdout] 759 |     hex::encode(Sha256::digest(data))
[INFO] [stdout]     |     ^^^ use of unresolved module or unlinked crate `hex`
[INFO] [stdout]     |
[INFO] [stdout]     = help: if you wanted to use a crate named `hex`, use `cargo add hex` to add it to your `Cargo.toml`
[INFO] [stdout] 
[INFO] [stdout] 
[INFO] [stdout] error[E0433]: cannot find module or crate `serde_json` in this scope
[INFO] [stdout]    --> tests/differential.rs:766:18
[INFO] [stdout]     |
[INFO] [stdout] 766 |         Ok(s) => serde_json::from_str(&s).expect("invalid known_hashes.json"),
[INFO] [stdout]     |                  ^^^^^^^^^^ use of unresolved module or unlinked crate `serde_json`
[INFO] [stdout]     |
[INFO] [stdout]     = help: if you wanted to use a crate named `serde_json`, use `cargo add serde_json` to add it to your `Cargo.toml`
[INFO] [stdout] 
[INFO] [stdout] 
[INFO] [stdout] error[E0433]: cannot find module or crate `serde_json` in this scope
[INFO] [stdout]    --> tests/differential.rs:777:37
[INFO] [stdout]     |
[INFO] [stdout] 777 |         std::fs::write(HASHES_PATH, serde_json::to_string_pretty(&db).unwrap())
[INFO] [stdout]     |                                     ^^^^^^^^^^ use of unresolved module or unlinked crate `serde_json`
[INFO] [stdout]     |
[INFO] [stdout]     = help: if you wanted to use a crate named `serde_json`, use `cargo add serde_json` to add it to your `Cargo.toml`
[INFO] [stdout] 
[INFO] [stdout] 
[INFO] [stdout] error[E0433]: cannot find module or crate `serde_json` in this scope
[INFO] [stdout]    --> tests/differential.rs:802:37
[INFO] [stdout]     |
[INFO] [stdout] 802 |         std::fs::write(HASHES_PATH, serde_json::to_string_pretty(&db).unwrap())
[INFO] [stdout]     |                                     ^^^^^^^^^^ use of unresolved module or unlinked crate `serde_json`
[INFO] [stdout]     |
[INFO] [stdout]     = help: if you wanted to use a crate named `serde_json`, use `cargo add serde_json` to add it to your `Cargo.toml`
[INFO] [stdout] 
[INFO] [stdout] 
[INFO] [stdout] error[E0433]: cannot find module or crate `serde_json` in this scope
[INFO] [stdout]    --> tests/differential.rs:764:21
[INFO] [stdout]     |
[INFO] [stdout] 764 | fn load_hashes() -> serde_json::Value {
[INFO] [stdout]     |                     ^^^^^^^^^^ use of unresolved module or unlinked crate `serde_json`
[INFO] [stdout]     |
[INFO] [stdout]     = help: if you wanted to use a crate named `serde_json`, use `cargo add serde_json` to add it to your `Cargo.toml`
[INFO] [stdout] 
[INFO] [stdout] 
[INFO] [stderr] error: could not compile `llvm-in-rust-ir-parser` (test "differential") due to 16 previous errors
[INFO] [stdout] Some errors have detailed explanations: E0432, E0433.
[INFO] [stdout] 
[INFO] [stdout] For more information about an error, try `rustc --explain E0432`.
[INFO] [stdout] 
[INFO] running `Command { std: "docker" "inspect" "f1e2d82be7eb4244784868e8f4b1e93c8e9ef4cc74cf22b431be6475c750dcac", kill_on_drop: false }`
[INFO] running `Command { std: "docker" "rm" "-f" "f1e2d82be7eb4244784868e8f4b1e93c8e9ef4cc74cf22b431be6475c750dcac", kill_on_drop: false }`
[INFO] [stdout] f1e2d82be7eb4244784868e8f4b1e93c8e9ef4cc74cf22b431be6475c750dcac
