[INFO] fetching crate llguidance 1.9.1...
[INFO] testing llguidance-1.9.1 against 1.99.0-beta.8+cargoflags=--release for beta-release-1.100-2
[INFO] extracting crate llguidance 1.9.1 into /workspace/builds/worker-0-tc1/source
[INFO] started tweaking crates.io crate llguidance 1.9.1
[INFO] removed 0 missing tests
[INFO] finished tweaking crates.io crate llguidance 1.9.1
[INFO] tweaked toml for crates.io crate llguidance 1.9.1 written to /workspace/builds/worker-0-tc1/source/Cargo.toml
[INFO] validating manifest of crates.io crate llguidance 1.9.1 on toolchain 1.99.0-beta.8
[INFO] running `Command { std: CARGO_HOME="/workspace/cargo-home" RUSTUP_HOME="/workspace/rustup-home" "/workspace/cargo-home/bin/cargo" "+1.99.0-beta.8" "metadata" "--manifest-path" "Cargo.toml" "--no-deps", kill_on_drop: false }`
[INFO] crate crates.io crate llguidance 1.9.1 already has a lockfile, it will not be regenerated
[INFO] running `Command { std: CARGO_HOME="/workspace/cargo-home" RUSTUP_HOME="/workspace/rustup-home" "/workspace/cargo-home/bin/cargo" "+1.99.0-beta.8" "fetch" "--manifest-path" "Cargo.toml", kill_on_drop: false }`
[INFO] [stderr]     Updating crates.io index
[INFO] [stderr]  Downloading crates ...
[INFO] [stderr]   Downloaded serde-json-fmt v0.1.0
[INFO] [stderr]   Downloaded toktrie v1.9.1
[INFO] [stderr]   Downloaded bytemuck_derive v1.9.3
[INFO] [stderr]   Downloaded borrow-or-share v0.2.2
[INFO] [stderr]   Downloaded rstest v0.25.0
[INFO] [stderr]   Downloaded fluent-uri v0.3.2
[INFO] [stderr]   Downloaded rstest_macros v0.25.0
[INFO] [stderr]   Downloaded ref-cast v1.0.24
[INFO] [stderr]   Downloaded ref-cast-impl v1.0.24
[INFO] [stderr]   Downloaded derivre v0.3.13
[INFO] [stderr]   Downloaded criterion-plot v0.8.1
[INFO] [stderr]   Downloaded referencing v0.29.1
[INFO] [stderr]   Downloaded toml_writer v1.0.7+spec-1.1.0
[INFO] [stderr]   Downloaded fraction v0.15.3
[INFO] [stderr]   Downloaded clap v4.5.40
[INFO] [stderr]   Downloaded toml v0.9.5
[INFO] [stderr]   Downloaded criterion v0.8.1
[INFO] [stderr]   Downloaded jsonschema v0.29.1
[INFO] [stderr]   Downloaded winnow v0.7.12
[INFO] [stderr]   Downloaded clap_builder v4.5.40
[INFO] [stderr]   Downloaded cc v1.2.27
[INFO] [stderr]   Downloaded cbindgen v0.29.2
[INFO] running `Command { std: "docker" "create" "-v" "/var/lib/crater-agent-workspace/builds/worker-0-tc1/source:/opt/rustwide/workdir:ro,Z" "-v" "/var/lib/crater-agent-workspace/builds/worker-0-tc1/target:/opt/rustwide/target:rw,Z" "-v" "/var/lib/crater-agent-workspace/cargo-home:/opt/rustwide/cargo-home:ro,Z" "-v" "/var/lib/crater-agent-workspace/rustup-home:/opt/rustwide/rustup-home:ro,Z" "-m" "1610612736" "--network" "none" "ghcr.io/rust-lang/crates-build-env/linux@sha256:77db811e55d90add9212f6832c23229e3de5f1c1f9905e8cb07319ea15df73ac" "sleep" "infinity", kill_on_drop: false }`
[INFO] [stdout] e9a04922409bdf988265a6630ad65f5b37905ef2cff81faf8f5504d5b6aba420
[INFO] running `Command { std: "docker" "start" "e9a04922409bdf988265a6630ad65f5b37905ef2cff81faf8f5504d5b6aba420", kill_on_drop: false }`
[INFO] running `Command { std: "docker" "inspect" "e9a04922409bdf988265a6630ad65f5b37905ef2cff81faf8f5504d5b6aba420", kill_on_drop: false }`
[INFO] running `Command { std: "docker" "exec" "-e" "SOURCE_DIR=/opt/rustwide/workdir" "-e" "CARGO_HOME=/opt/rustwide/cargo-home" "-e" "RUSTUP_HOME=/opt/rustwide/rustup-home" "-e" "CARGO_TARGET_DIR=/opt/rustwide/target" "-w" "/opt/rustwide/workdir" "--user" "0:0" "e9a04922409bdf988265a6630ad65f5b37905ef2cff81faf8f5504d5b6aba420" "/opt/rustwide/cargo-home/bin/cargo" "+1.99.0-beta.8" "metadata" "--no-deps" "--format-version=1", kill_on_drop: false }`
[INFO] running `Command { std: "docker" "inspect" "e9a04922409bdf988265a6630ad65f5b37905ef2cff81faf8f5504d5b6aba420", kill_on_drop: false }`
[INFO] running `Command { std: "docker" "exec" "-e" "SOURCE_DIR=/opt/rustwide/workdir" "-e" "CARGO_HOME=/opt/rustwide/cargo-home" "-e" "RUSTUP_HOME=/opt/rustwide/rustup-home" "-e" "CARGO_TARGET_DIR=/opt/rustwide/target" "-e" "CARGO_INCREMENTAL=0" "-e" "RUST_BACKTRACE=full" "-e" "RUSTFLAGS=--cap-lints=warn" "-e" "RUSTDOCFLAGS=--cap-lints=warn" "-w" "/opt/rustwide/workdir" "--user" "0:0" "e9a04922409bdf988265a6630ad65f5b37905ef2cff81faf8f5504d5b6aba420" "/opt/rustwide/cargo-home/bin/cargo" "+1.99.0-beta.8" "build" "--frozen" "--message-format=json" "--release", kill_on_drop: false }`
[INFO] [stderr]    Compiling syn v2.0.104
[INFO] [stderr]    Compiling libc v0.2.174
[INFO] [stderr]    Compiling serde v1.0.219
[INFO] [stderr]    Compiling cfg-if v1.0.1
[INFO] [stderr]    Compiling zerocopy v0.8.26
[INFO] [stderr]    Compiling getrandom v0.3.3
[INFO] [stderr]    Compiling hashbrown v0.15.4
[INFO] [stderr]    Compiling anyhow v1.0.98
[INFO] [stderr]    Compiling serde_json v1.0.140
[INFO] [stderr]    Compiling ref-cast v1.0.24
[INFO] [stderr]    Compiling parking_lot_core v0.9.11
[INFO] [stderr]    Compiling ahash v0.8.12
[INFO] [stderr]    Compiling lock_api v0.4.13
[INFO] [stderr]    Compiling once_cell v1.21.3
[INFO] [stderr]    Compiling memchr v2.7.5
[INFO] [stderr]    Compiling rayon-core v1.12.1
[INFO] [stderr]    Compiling bytemuck v1.23.1
[INFO] [stderr]    Compiling borrow-or-share v0.2.2
[INFO] [stderr]    Compiling either v1.15.0
[INFO] [stderr]    Compiling percent-encoding v2.3.1
[INFO] [stderr]    Compiling regex-syntax v0.8.5
[INFO] [stderr]    Compiling llguidance v1.9.1 (/opt/rustwide/workdir)
[INFO] [stderr]    Compiling rayon v1.10.0
[INFO] [stderr]    Compiling indexmap v2.10.0
[INFO] [stderr]    Compiling parking_lot v0.12.4
[INFO] [stderr]    Compiling serde_derive v1.0.219
[INFO] [stderr]    Compiling ref-cast-impl v1.0.24
[INFO] [stderr]    Compiling strum_macros v0.28.0
[INFO] [stderr]    Compiling bytemuck_derive v1.9.3
[INFO] [stderr]    Compiling strum v0.28.0
[INFO] [stderr]    Compiling fluent-uri v0.3.2
[INFO] [stderr]    Compiling derivre v0.3.13
[INFO] [stderr]    Compiling referencing v0.29.1
[INFO] [stderr]    Compiling toktrie v1.9.1
[INFO] [stderr]     Finished `release` profile [optimized] target(s) in 53.81s
[INFO] running `Command { std: "docker" "inspect" "e9a04922409bdf988265a6630ad65f5b37905ef2cff81faf8f5504d5b6aba420", kill_on_drop: false }`
[INFO] running `Command { std: "docker" "exec" "-e" "SOURCE_DIR=/opt/rustwide/workdir" "-e" "CARGO_HOME=/opt/rustwide/cargo-home" "-e" "RUSTUP_HOME=/opt/rustwide/rustup-home" "-e" "CARGO_TARGET_DIR=/opt/rustwide/target" "-e" "CARGO_INCREMENTAL=0" "-e" "RUST_BACKTRACE=full" "-e" "RUSTFLAGS=--cap-lints=warn" "-e" "RUSTDOCFLAGS=--cap-lints=warn" "-w" "/opt/rustwide/workdir" "--user" "0:0" "e9a04922409bdf988265a6630ad65f5b37905ef2cff81faf8f5504d5b6aba420" "/opt/rustwide/cargo-home/bin/cargo" "+1.99.0-beta.8" "test" "--frozen" "--no-run" "--message-format=json" "--release", kill_on_drop: false }`
[INFO] [stderr]    Compiling syn v2.0.104
[INFO] [stderr]    Compiling zerocopy v0.8.26
[INFO] [stderr]    Compiling semver v1.0.26
[INFO] [stderr]    Compiling memchr v2.7.5
[INFO] [stderr]    Compiling hashbrown v0.15.4
[INFO] [stderr]    Compiling cc v1.2.27
[INFO] [stderr]    Compiling getrandom v0.3.3
[INFO] [stderr]    Compiling num-traits v0.2.19
[INFO] [stderr]    Compiling toml_datetime v0.6.11
[INFO] [stderr]    Compiling regex-syntax v0.8.5
[INFO] [stderr]    Compiling winnow v0.7.12
[INFO] [stderr]    Compiling smartstring v1.0.1
[INFO] [stderr]    Compiling aho-corasick v1.1.3
[INFO] [stderr]    Compiling ciborium-io v0.2.2
[INFO] [stderr]    Compiling anstyle v1.0.11
[INFO] [stderr]    Compiling plotters-backend v0.3.7
[INFO] [stderr]    Compiling clap_lex v0.7.5
[INFO] [stderr]    Compiling rayon v1.10.0
[INFO] [stderr]    Compiling clap_builder v4.5.40
[INFO] [stderr]    Compiling plotters-svg v0.3.7
[INFO] [stderr]    Compiling rand_core v0.9.3
[INFO] [stderr]    Compiling itertools v0.13.0
[INFO] [stderr]    Compiling cast v0.3.0
[INFO] [stderr]    Compiling rustc_version v0.4.1
[INFO] [stderr]    Compiling pin-project-lite v0.2.16
[INFO] [stderr]    Compiling relative-path v1.9.3
[INFO] [stderr]    Compiling futures-task v0.3.31
[INFO] [stderr]    Compiling slab v0.4.11
[INFO] [stderr]    Compiling cfg-if v1.0.1
[INFO] [stderr]    Compiling futures-core v0.3.31
[INFO] [stderr]    Compiling rstest_macros v0.25.0
[INFO] [stderr]    Compiling indexmap v2.10.0
[INFO] [stderr]    Compiling glob v0.3.2
[INFO] [stderr]    Compiling page_size v0.6.0
[INFO] [stderr]    Compiling oorandom v11.1.5
[INFO] [stderr]    Compiling anes v0.1.6
[INFO] [stderr]    Compiling futures-timer v3.0.3
[INFO] [stderr]    Compiling plotters v0.3.7
[INFO] [stderr]    Compiling regex-automata v0.4.9
[INFO] [stderr]    Compiling alloca v0.4.0
[INFO] [stderr]    Compiling criterion-plot v0.8.1
[INFO] [stderr]    Compiling toml_edit v0.22.27
[INFO] [stderr]    Compiling clap v4.5.40
[INFO] [stderr]    Compiling regex v1.11.1
[INFO] [stderr]    Compiling proc-macro-crate v3.3.0
[INFO] [stderr]    Compiling zerocopy-derive v0.8.26
[INFO] [stderr]    Compiling serde_derive v1.0.219
[INFO] [stderr]    Compiling ref-cast-impl v1.0.24
[INFO] [stderr]    Compiling strum_macros v0.28.0
[INFO] [stderr]    Compiling bytemuck_derive v1.9.3
[INFO] [stderr]    Compiling ref-cast v1.0.24
[INFO] [stderr]    Compiling futures-macro v0.3.31
[INFO] [stderr]    Compiling futures-util v0.3.31
[INFO] [stderr]    Compiling strum v0.28.0
[INFO] [stderr]    Compiling serde v1.0.219
[INFO] [stderr]    Compiling rstest v0.25.0
[INFO] [stderr]    Compiling half v2.7.1
[INFO] [stderr]    Compiling ppv-lite86 v0.2.21
[INFO] [stderr]    Compiling ciborium-ll v0.2.2
[INFO] [stderr]    Compiling rand_chacha v0.9.0
[INFO] [stderr]    Compiling rand v0.9.4
[INFO] [stderr]    Compiling serde_json v1.0.140
[INFO] [stderr]    Compiling ahash v0.8.12
[INFO] [stderr]    Compiling fluent-uri v0.3.2
[INFO] [stderr]    Compiling ciborium v0.2.2
[INFO] [stderr]    Compiling derivre v0.3.13
[INFO] [stderr]    Compiling tinytemplate v1.2.1
[INFO] [stderr]    Compiling toktrie v1.9.1
[INFO] [stderr]    Compiling referencing v0.29.1
[INFO] [stderr]    Compiling serde-json-fmt v0.1.0
[INFO] [stderr]    Compiling criterion v0.8.1
[INFO] [stderr]    Compiling llguidance v1.9.1 (/opt/rustwide/workdir)
[INFO] [stdout] error[E0432]: unresolved import `llg_test_utils`
[INFO] [stdout]  --> tests/test_json_arrays.rs:5:5
[INFO] [stdout]   |
[INFO] [stdout] 5 | use llg_test_utils::{json_err_test, json_schema_check};
[INFO] [stdout]   |     ^^^^^^^^^^^^^^ use of unresolved module or unlinked crate `llg_test_utils`
[INFO] [stdout]   |
[INFO] [stdout]   = help: if you wanted to use a crate named `llg_test_utils`, use `cargo add llg_test_utils` to add it to your `Cargo.toml`
[INFO] [stdout] 
[INFO] [stdout] 
[INFO] [stdout] error[E0432]: unresolved import `llg_test_utils`
[INFO] [stdout]   --> tests/test_bias_cache.rs:10:5
[INFO] [stdout]    |
[INFO] [stdout] 10 | use llg_test_utils::get_tok_env;
[INFO] [stdout]    |     ^^^^^^^^^^^^^^ use of unresolved module or unlinked crate `llg_test_utils`
[INFO] [stdout]    |
[INFO] [stdout]    = help: if you wanted to use a crate named `llg_test_utils`, use `cargo add llg_test_utils` to add it to your `Cargo.toml`
[INFO] [stdout] 
[INFO] [stdout] 
[INFO] [stderr] error: could not compile `llguidance` (test "test_bias_cache") due to 1 previous error
[INFO] [stdout] For more information about this error, try `rustc --explain E0432`.
[INFO] [stdout] 
[INFO] [stderr] warning: build failed, waiting for other jobs to finish...
[INFO] [stdout] error[E0432]: unresolved import `llg_test_utils`
[INFO] [stdout]  --> tests/test_stop.rs:1:5
[INFO] [stdout]   |
[INFO] [stdout] 1 | use llg_test_utils::*;
[INFO] [stdout]   |     ^^^^^^^^^^^^^^ use of unresolved module or unlinked crate `llg_test_utils`
[INFO] [stdout]   |
[INFO] [stdout]   = help: if you wanted to use a crate named `llg_test_utils`, use `cargo add llg_test_utils` to add it to your `Cargo.toml`
[INFO] [stdout] 
[INFO] [stdout] 
[INFO] [stdout] error[E0432]: unresolved import `llg_test_utils`
[INFO] [stdout]  --> tests/test_json_enum_const.rs:4:5
[INFO] [stdout]   |
[INFO] [stdout] 4 | use llg_test_utils::json_schema_check;
[INFO] [stdout]   |     ^^^^^^^^^^^^^^ use of unresolved module or unlinked crate `llg_test_utils`
[INFO] [stdout]   |
[INFO] [stdout]   = help: if you wanted to use a crate named `llg_test_utils`, use `cargo add llg_test_utils` to add it to your `Cargo.toml`
[INFO] [stdout] 
[INFO] [stdout] 
[INFO] [stdout] error[E0432]: unresolved import `llg_test_utils`
[INFO] [stdout]  --> tests/test_json_objects.rs:5:5
[INFO] [stdout]   |
[INFO] [stdout] 5 | use llg_test_utils::{json_err_test, json_schema_check};
[INFO] [stdout]   |     ^^^^^^^^^^^^^^ use of unresolved module or unlinked crate `llg_test_utils`
[INFO] [stdout]   |
[INFO] [stdout]   = help: if you wanted to use a crate named `llg_test_utils`, use `cargo add llg_test_utils` to add it to your `Cargo.toml`
[INFO] [stdout] 
[INFO] [stdout] 
[INFO] [stdout] error[E0432]: unresolved import `llg_test_utils`
[INFO] [stdout]   --> tests/test_json_string_format.rs:22:5
[INFO] [stdout]    |
[INFO] [stdout] 22 | use llg_test_utils::json_schema_check;
[INFO] [stdout]    |     ^^^^^^^^^^^^^^ use of unresolved module or unlinked crate `llg_test_utils`
[INFO] [stdout]    |
[INFO] [stdout]    = help: if you wanted to use a crate named `llg_test_utils`, use `cargo add llg_test_utils` to add it to your `Cargo.toml`
[INFO] [stdout] 
[INFO] [stdout] 
[INFO] [stdout] For more information about this error, try `rustc --explain E0432`.
[INFO] [stdout] 
[INFO] [stderr] error: could not compile `llguidance` (test "test_stop") due to 1 previous error
[INFO] [stdout] error[E0432]: unresolved import `llg_test_utils`
[INFO] [stdout]  --> tests/test_lark.rs:5:5
[INFO] [stdout]   |
[INFO] [stdout] 5 | use llg_test_utils::*;
[INFO] [stdout]   |     ^^^^^^^^^^^^^^ use of unresolved module or unlinked crate `llg_test_utils`
[INFO] [stdout]   |
[INFO] [stdout]   = help: if you wanted to use a crate named `llg_test_utils`, use `cargo add llg_test_utils` to add it to your `Cargo.toml`
[INFO] [stdout] 
[INFO] [stdout] 
[INFO] [stdout] error[E0433]: cannot find module or crate `llg_test_utils` in this scope
[INFO] [stdout]   --> tests/test_raw_parser.rs:13:19
[INFO] [stdout]    |
[INFO] [stdout] 13 |         let env = llg_test_utils::get_tok_env();
[INFO] [stdout]    |                   ^^^^^^^^^^^^^^ use of unresolved module or unlinked crate `llg_test_utils`
[INFO] [stdout]    |
[INFO] [stdout]    = help: if you wanted to use a crate named `llg_test_utils`, use `cargo add llg_test_utils` to add it to your `Cargo.toml`
[INFO] [stdout] 
[INFO] [stdout] 
[INFO] [stdout] error[E0433]: cannot find module or crate `toktrie_hf_downloader` in this scope
[INFO] [stdout]   --> tests/test_raw_parser.rs:34:13
[INFO] [stdout]    |
[INFO] [stdout] 34 |             toktrie_hf_downloader::tok_env_from_name("unsloth/Meta-Llama-3.1-8B-Instruct").unwrap();
[INFO] [stdout]    |             ^^^^^^^^^^^^^^^^^^^^^ use of unresolved module or unlinked crate `toktrie_hf_downloader`
[INFO] [stdout]    |
[INFO] [stdout]    = help: if you wanted to use a crate named `toktrie_hf_downloader`, use `cargo add toktrie_hf_downloader` to add it to your `Cargo.toml`
[INFO] [stdout] 
[INFO] [stdout] 
[INFO] [stdout] For more information about this error, try `rustc --explain E0432`.
[INFO] [stdout] 
[INFO] [stdout] error[E0432]: unresolved import `llg_test_utils`
[INFO] [stdout]  --> tests/test_ll.rs:7:5
[INFO] [stdout]   |
[INFO] [stdout] 7 | use llg_test_utils::*;
[INFO] [stdout]   |     ^^^^^^^^^^^^^^ use of unresolved module or unlinked crate `llg_test_utils`
[INFO] [stdout]   |
[INFO] [stdout]   = help: if you wanted to use a crate named `llg_test_utils`, use `cargo add llg_test_utils` to add it to your `Cargo.toml`
[INFO] [stdout] 
[INFO] [stdout] 
[INFO] [stderr] error: could not compile `llguidance` (test "test_json_enum_const") due to 1 previous error
[INFO] [stdout] For more information about this error, try `rustc --explain E0432`.
[INFO] [stdout] 
[INFO] [stderr] error: could not compile `llguidance` (test "test_json_arrays") due to 1 previous error
[INFO] [stdout] error[E0432]: unresolved import `llg_test_utils`
[INFO] [stdout]  --> tests/test_json_schema_combinations.rs:7:5
[INFO] [stdout]   |
[INFO] [stdout] 7 | use llg_test_utils::{json_err_test, json_schema_check, NumericBounds};
[INFO] [stdout]   |     ^^^^^^^^^^^^^^ use of unresolved module or unlinked crate `llg_test_utils`
[INFO] [stdout]   |
[INFO] [stdout]   = help: if you wanted to use a crate named `llg_test_utils`, use `cargo add llg_test_utils` to add it to your `Cargo.toml`
[INFO] [stdout] 
[INFO] [stdout] 
[INFO] [stdout] For more information about this error, try `rustc --explain E0433`.
[INFO] [stdout] 
[INFO] [stderr] error: could not compile `llguidance` (test "test_raw_parser") due to 2 previous errors
[INFO] [stdout] For more information about this error, try `rustc --explain E0432`.
[INFO] [stdout] 
[INFO] [stderr] error: could not compile `llguidance` (test "test_json_objects") due to 1 previous error
[INFO] [stdout] For more information about this error, try `rustc --explain E0432`.
[INFO] [stdout] 
[INFO] [stdout] For more information about this error, try `rustc --explain E0432`.
[INFO] [stdout] 
[INFO] [stderr] error: could not compile `llguidance` (test "test_lark") due to 1 previous error
[INFO] [stderr] error: could not compile `llguidance` (test "test_ll") due to 1 previous error
[INFO] [stdout] error[E0432]: unresolved import `llg_test_utils`
[INFO] [stdout]  --> tests/test_json_x_guidance.rs:1:5
[INFO] [stdout]   |
[INFO] [stdout] 1 | use llg_test_utils::lark_str_test;
[INFO] [stdout]   |     ^^^^^^^^^^^^^^ use of unresolved module or unlinked crate `llg_test_utils`
[INFO] [stdout]   |
[INFO] [stdout]   = help: if you wanted to use a crate named `llg_test_utils`, use `cargo add llg_test_utils` to add it to your `Cargo.toml`
[INFO] [stdout] 
[INFO] [stdout] 
[INFO] [stdout] error[E0432]: unresolved import `llg_test_utils`
[INFO] [stdout]  --> tests/test_json_primitives.rs:4:5
[INFO] [stdout]   |
[INFO] [stdout] 4 | use llg_test_utils::{json_err_test, json_schema_check, NumericBounds};
[INFO] [stdout]   |     ^^^^^^^^^^^^^^ use of unresolved module or unlinked crate `llg_test_utils`
[INFO] [stdout]   |
[INFO] [stdout]   = help: if you wanted to use a crate named `llg_test_utils`, use `cargo add llg_test_utils` to add it to your `Cargo.toml`
[INFO] [stdout] 
[INFO] [stdout] 
[INFO] [stdout] For more information about this error, try `rustc --explain E0432`.
[INFO] [stdout] 
[INFO] [stderr] error: could not compile `llguidance` (test "test_json_schema_combinations") due to 1 previous error
[INFO] [stdout] For more information about this error, try `rustc --explain E0432`.
[INFO] [stdout] 
[INFO] [stderr] error: could not compile `llguidance` (test "test_json_string_format") due to 1 previous error
[INFO] [stdout] For more information about this error, try `rustc --explain E0432`.
[INFO] [stdout] 
[INFO] [stderr] error: could not compile `llguidance` (test "test_json_x_guidance") due to 1 previous error
[INFO] [stdout] For more information about this error, try `rustc --explain E0432`.
[INFO] [stdout] 
[INFO] [stderr] error: could not compile `llguidance` (test "test_json_primitives") due to 1 previous error
[INFO] running `Command { std: "docker" "inspect" "e9a04922409bdf988265a6630ad65f5b37905ef2cff81faf8f5504d5b6aba420", kill_on_drop: false }`
[INFO] running `Command { std: "docker" "rm" "-f" "e9a04922409bdf988265a6630ad65f5b37905ef2cff81faf8f5504d5b6aba420", kill_on_drop: false }`
[INFO] [stdout] e9a04922409bdf988265a6630ad65f5b37905ef2cff81faf8f5504d5b6aba420
