[INFO] fetching crate literal 0.2.0...
[INFO] testing literal-0.2.0 against 1.100.0-beta.1+cargoflags=--release for beta-release-1.100-2
[INFO] extracting crate literal 0.2.0 into /workspace/builds/worker-6-tc2/source
[INFO] started tweaking crates.io crate literal 0.2.0
[INFO] finished tweaking crates.io crate literal 0.2.0
[INFO] tweaked toml for crates.io crate literal 0.2.0 written to /workspace/builds/worker-6-tc2/source/Cargo.toml
[INFO] validating manifest of crates.io crate literal 0.2.0 on toolchain 1.100.0-beta.1
[INFO] running `Command { std: CARGO_HOME="/workspace/cargo-home" RUSTUP_HOME="/workspace/rustup-home" "/workspace/cargo-home/bin/cargo" "+1.100.0-beta.1" "metadata" "--manifest-path" "Cargo.toml" "--no-deps", kill_on_drop: false }`
[INFO] running `Command { std: CARGO_HOME="/workspace/cargo-home" RUSTUP_HOME="/workspace/rustup-home" "/workspace/cargo-home/bin/cargo" "+1.100.0-beta.1" "generate-lockfile" "--manifest-path" "Cargo.toml", kill_on_drop: false }`
[INFO] running `Command { std: CARGO_HOME="/workspace/cargo-home" RUSTUP_HOME="/workspace/rustup-home" "/workspace/cargo-home/bin/cargo" "+1.100.0-beta.1" "fetch" "--manifest-path" "Cargo.toml", kill_on_drop: false }`
[INFO] running `Command { std: "docker" "create" "-v" "/var/lib/crater-agent-workspace/builds/worker-6-tc2/source:/opt/rustwide/workdir:ro,Z" "-v" "/var/lib/crater-agent-workspace/builds/worker-6-tc2/target:/opt/rustwide/target:rw,Z" "-v" "/var/lib/crater-agent-workspace/cargo-home:/opt/rustwide/cargo-home:ro,Z" "-v" "/var/lib/crater-agent-workspace/rustup-home:/opt/rustwide/rustup-home:ro,Z" "-m" "1610612736" "--network" "none" "ghcr.io/rust-lang/crates-build-env/linux@sha256:77db811e55d90add9212f6832c23229e3de5f1c1f9905e8cb07319ea15df73ac" "sleep" "infinity", kill_on_drop: false }`
[INFO] [stdout] 253b6202b42578f7a65c269e6478941b60744d166a56a06d33a5322d9e51bcad
[INFO] running `Command { std: "docker" "start" "253b6202b42578f7a65c269e6478941b60744d166a56a06d33a5322d9e51bcad", kill_on_drop: false }`
[INFO] running `Command { std: "docker" "inspect" "253b6202b42578f7a65c269e6478941b60744d166a56a06d33a5322d9e51bcad", kill_on_drop: false }`
[INFO] running `Command { std: "docker" "exec" "-e" "SOURCE_DIR=/opt/rustwide/workdir" "-e" "CARGO_HOME=/opt/rustwide/cargo-home" "-e" "RUSTUP_HOME=/opt/rustwide/rustup-home" "-e" "CARGO_TARGET_DIR=/opt/rustwide/target" "-w" "/opt/rustwide/workdir" "--user" "0:0" "253b6202b42578f7a65c269e6478941b60744d166a56a06d33a5322d9e51bcad" "/opt/rustwide/cargo-home/bin/cargo" "+1.100.0-beta.1" "metadata" "--no-deps" "--format-version=1", kill_on_drop: false }`
[INFO] running `Command { std: "docker" "inspect" "253b6202b42578f7a65c269e6478941b60744d166a56a06d33a5322d9e51bcad", kill_on_drop: false }`
[INFO] running `Command { std: "docker" "exec" "-e" "SOURCE_DIR=/opt/rustwide/workdir" "-e" "CARGO_HOME=/opt/rustwide/cargo-home" "-e" "RUSTUP_HOME=/opt/rustwide/rustup-home" "-e" "CARGO_TARGET_DIR=/opt/rustwide/target" "-e" "CARGO_INCREMENTAL=0" "-e" "RUST_BACKTRACE=full" "-e" "RUSTFLAGS=--cap-lints=warn" "-e" "RUSTDOCFLAGS=--cap-lints=warn" "-w" "/opt/rustwide/workdir" "--user" "0:0" "253b6202b42578f7a65c269e6478941b60744d166a56a06d33a5322d9e51bcad" "/opt/rustwide/cargo-home/bin/cargo" "+1.100.0-beta.1" "build" "--frozen" "--message-format=json" "--release", kill_on_drop: false }`
[INFO] [stderr]    Compiling literal v0.2.0 (/opt/rustwide/workdir)
[INFO] [stderr]     Finished `release` profile [optimized] target(s) in 0.06s
[INFO] running `Command { std: "docker" "inspect" "253b6202b42578f7a65c269e6478941b60744d166a56a06d33a5322d9e51bcad", kill_on_drop: false }`
[INFO] running `Command { std: "docker" "exec" "-e" "SOURCE_DIR=/opt/rustwide/workdir" "-e" "CARGO_HOME=/opt/rustwide/cargo-home" "-e" "RUSTUP_HOME=/opt/rustwide/rustup-home" "-e" "CARGO_TARGET_DIR=/opt/rustwide/target" "-e" "CARGO_INCREMENTAL=0" "-e" "RUST_BACKTRACE=full" "-e" "RUSTFLAGS=--cap-lints=warn" "-e" "RUSTDOCFLAGS=--cap-lints=warn" "-w" "/opt/rustwide/workdir" "--user" "0:0" "253b6202b42578f7a65c269e6478941b60744d166a56a06d33a5322d9e51bcad" "/opt/rustwide/cargo-home/bin/cargo" "+1.100.0-beta.1" "test" "--frozen" "--no-run" "--message-format=json" "--release", kill_on_drop: false }`
[INFO] [stderr]    Compiling literal v0.2.0 (/opt/rustwide/workdir)
[INFO] [stdout] error[E0283]: type annotations needed
[INFO] [stdout]   --> src/tests.rs:50:14
[INFO] [stdout]    |
[INFO] [stdout] 50 |         "p": HashMap::from(map!{"x": 0, "y": 0}),
[INFO] [stdout]    |              ^^^^^^^ cannot infer type for type parameter `T` declared on the trait `From`
[INFO] [stdout]    |
[INFO] [stdout]    = note: multiple `impl`s satisfying `HashMap<String, i32>: From<_>` found in the following crates: `core`, `std`:
[INFO] [stdout]            - impl<K, V, N> From<[(K, V); N]> for HashMap<K, V>
[INFO] [stdout]              where the constant `N` has type `usize`, K: Eq, K: Hash;
[INFO] [stdout]            - impl<T> From<T> for T;
[INFO] [stdout] 
[INFO] [stdout] 
[INFO] [stdout] error[E0283]: type annotations needed
[INFO] [stdout]   --> src/tests.rs:51:14
[INFO] [stdout]    |
[INFO] [stdout] 51 |         "q": HashMap::from(map!{"x": 1, "y": 0})
[INFO] [stdout]    |              ^^^^^^^ cannot infer type for type parameter `T` declared on the trait `From`
[INFO] [stdout]    |
[INFO] [stdout]    = note: multiple `impl`s satisfying `HashMap<String, i32>: From<_>` found in the following crates: `core`, `std`:
[INFO] [stdout]            - impl<K, V, N> From<[(K, V); N]> for HashMap<K, V>
[INFO] [stdout]              where the constant `N` has type `usize`, K: Eq, K: Hash;
[INFO] [stdout]            - impl<T> From<T> for T;
[INFO] [stdout] 
[INFO] [stdout] 
[INFO] [stdout] error[E0283]: type annotations needed
[INFO] [stdout]    --> src/lib.rs:140:64
[INFO] [stdout]     |
[INFO] [stdout] 137 | macro_rules! map {
[INFO] [stdout] ...
[INFO] [stdout] 140 |         $(MapLiteral::insert(&mut _temp_map,$key.into(),$value.into());)*
[INFO] [stdout]     |                                                                ^^^^ cannot infer type
[INFO] [stdout]     |
[INFO] [stdout]    ::: src/tests.rs:50:28
[INFO] [stdout]     |
[INFO] [stdout]  50 |         "p": HashMap::from(map!{"x": 0, "y": 0}),
[INFO] [stdout]     |                            -------------------- in this macro invocation
[INFO] [stdout]     |
[INFO] [stdout]     = note: multiple `impl`s satisfying `_: From<i32>` found in the following crates: `core`, `std`:
[INFO] [stdout]             - impl From<i32> for Atomic<i32>;
[INFO] [stdout]             - impl From<i32> for f128
[INFO] [stdout]               where feature(f128) is enabled;
[INFO] [stdout]             - impl From<i32> for f64;
[INFO] [stdout]             - impl From<i32> for i128;
[INFO] [stdout]             - impl From<i32> for i64;
[INFO] [stdout]             - impl From<i32> for std::sys::process::unix::unix::ExitStatus;
[INFO] [stdout]     = note: required for `i32` to implement `Into<_>`
[INFO] [stdout] 
[INFO] [stdout] 
[INFO] [stdout] error[E0283]: type annotations needed
[INFO] [stdout]    --> src/lib.rs:140:64
[INFO] [stdout]     |
[INFO] [stdout] 137 | macro_rules! map {
[INFO] [stdout] ...
[INFO] [stdout] 140 |         $(MapLiteral::insert(&mut _temp_map,$key.into(),$value.into());)*
[INFO] [stdout]     |                                                                ^^^^ cannot infer type
[INFO] [stdout]     |
[INFO] [stdout]    ::: src/tests.rs:51:28
[INFO] [stdout]     |
[INFO] [stdout]  51 |         "q": HashMap::from(map!{"x": 1, "y": 0})
[INFO] [stdout]     |                            -------------------- in this macro invocation
[INFO] [stdout]     |
[INFO] [stdout]     = note: multiple `impl`s satisfying `_: From<i32>` found in the following crates: `core`, `std`:
[INFO] [stdout]             - impl From<i32> for Atomic<i32>;
[INFO] [stdout]             - impl From<i32> for f128
[INFO] [stdout]               where feature(f128) is enabled;
[INFO] [stdout]             - impl From<i32> for f64;
[INFO] [stdout]             - impl From<i32> for i128;
[INFO] [stdout]             - impl From<i32> for i64;
[INFO] [stdout]             - impl From<i32> for std::sys::process::unix::unix::ExitStatus;
[INFO] [stdout]     = note: required for `i32` to implement `Into<_>`
[INFO] [stdout] 
[INFO] [stdout] 
[INFO] [stdout] For more information about this error, try `rustc --explain E0283`.
[INFO] [stdout] 
[INFO] [stderr] error: could not compile `literal` (lib test) due to 4 previous errors
[INFO] running `Command { std: "docker" "inspect" "253b6202b42578f7a65c269e6478941b60744d166a56a06d33a5322d9e51bcad", kill_on_drop: false }`
[INFO] running `Command { std: "docker" "rm" "-f" "253b6202b42578f7a65c269e6478941b60744d166a56a06d33a5322d9e51bcad", kill_on_drop: false }`
[INFO] [stdout] 253b6202b42578f7a65c269e6478941b60744d166a56a06d33a5322d9e51bcad
