[INFO] fetching crate lit-frost-schnorrkel25519 1.0.1...
[INFO] testing lit-frost-schnorrkel25519-1.0.1 against 1.99.0-beta.8+cargoflags=--release for beta-release-1.100-2
[INFO] extracting crate lit-frost-schnorrkel25519 1.0.1 into /workspace/builds/worker-1-tc1/source
[INFO] started tweaking crates.io crate lit-frost-schnorrkel25519 1.0.1
[INFO] removed 0 missing tests
[INFO] finished tweaking crates.io crate lit-frost-schnorrkel25519 1.0.1
[INFO] tweaked toml for crates.io crate lit-frost-schnorrkel25519 1.0.1 written to /workspace/builds/worker-1-tc1/source/Cargo.toml
[INFO] validating manifest of crates.io crate lit-frost-schnorrkel25519 1.0.1 on toolchain 1.99.0-beta.8
[INFO] running `Command { std: CARGO_HOME="/workspace/cargo-home" RUSTUP_HOME="/workspace/rustup-home" "/workspace/cargo-home/bin/cargo" "+1.99.0-beta.8" "metadata" "--manifest-path" "Cargo.toml" "--no-deps", kill_on_drop: false }`
[INFO] crate crates.io crate lit-frost-schnorrkel25519 1.0.1 already has a lockfile, it will not be regenerated
[INFO] running `Command { std: CARGO_HOME="/workspace/cargo-home" RUSTUP_HOME="/workspace/rustup-home" "/workspace/cargo-home/bin/cargo" "+1.99.0-beta.8" "fetch" "--manifest-path" "Cargo.toml", kill_on_drop: false }`
[INFO] [stderr]     Updating crates.io index
[INFO] [stderr]  Downloading crates ...
[INFO] [stderr]   Downloaded serde_bytes v0.11.19
[INFO] [stderr]   Downloaded schnorrkel v0.11.5
[INFO] [stderr]   Downloaded merlin v3.0.0
[INFO] [stderr]   Downloaded keccak v0.1.5
[INFO] [stderr]   Downloaded getrandom_or_panic v0.0.3
[INFO] [stderr]   Downloaded visibility v0.1.1
[INFO] [stderr]   Downloaded cast v0.3.0
[INFO] [stderr]   Downloaded ciborium-io v0.2.2
[INFO] [stderr]   Downloaded byte-strings v0.3.1
[INFO] [stderr]   Downloaded lit-frost-rerandomized v1.0.0
[INFO] [stderr]   Downloaded ciborium-ll v0.2.2
[INFO] [stderr]   Downloaded plotters-backend v0.3.7
[INFO] [stderr]   Downloaded clap_lex v0.7.6
[INFO] [stderr]   Downloaded serdect v0.2.0
[INFO] [stderr]   Downloaded plotters-svg v0.3.7
[INFO] [stderr]   Downloaded byte-strings-proc_macros v0.3.1
[INFO] [stderr]   Downloaded derive-getters v0.3.0
[INFO] [stderr]   Downloaded debugless-unwrap v0.0.4
[INFO] [stderr]   Downloaded anes v0.1.6
[INFO] [stderr]   Downloaded const-crc32 v1.3.0
[INFO] [stderr]   Downloaded thiserror v2.0.17
[INFO] [stderr]   Downloaded thiserror-impl v2.0.17
[INFO] [stderr]   Downloaded oorandom v11.1.5
[INFO] [stderr]   Downloaded tinytemplate v1.2.1
[INFO] [stderr]   Downloaded criterion-plot v0.5.0
[INFO] [stderr]   Downloaded anstyle v1.0.13
[INFO] [stderr]   Downloaded tempfile v3.23.0
[INFO] [stderr]   Downloaded rand_core v0.9.3
[INFO] [stderr]   Downloaded similar v2.7.0
[INFO] [stderr]   Downloaded clap v4.5.51
[INFO] [stderr]   Downloaded lit-frost-core v1.0.0
[INFO] [stderr]   Downloaded ciborium v0.2.2
[INFO] [stderr]   Downloaded half v2.7.1
[INFO] [stderr]   Downloaded criterion v0.5.1
[INFO] [stderr]   Downloaded insta v1.43.2
[INFO] [stderr]   Downloaded plotters v0.3.7
[INFO] [stderr]   Downloaded clap_builder v4.5.51
[INFO] [stderr]   Downloaded proptest v1.9.0
[INFO] [stderr]   Downloaded syn v2.0.110
[INFO] [stderr]   Downloaded curve25519-dalek-ml v4.3.0
[INFO] [stderr]   Downloaded web-sys v0.3.82
[INFO] running `Command { std: "docker" "create" "-v" "/var/lib/crater-agent-workspace/builds/worker-1-tc1/source:/opt/rustwide/workdir:ro,Z" "-v" "/var/lib/crater-agent-workspace/builds/worker-1-tc1/target:/opt/rustwide/target:rw,Z" "-v" "/var/lib/crater-agent-workspace/cargo-home:/opt/rustwide/cargo-home:ro,Z" "-v" "/var/lib/crater-agent-workspace/rustup-home:/opt/rustwide/rustup-home:ro,Z" "-m" "1610612736" "--network" "none" "ghcr.io/rust-lang/crates-build-env/linux@sha256:77db811e55d90add9212f6832c23229e3de5f1c1f9905e8cb07319ea15df73ac" "sleep" "infinity", kill_on_drop: false }`
[INFO] [stdout] 6a43868d944a4a7aaa347185e90c2a315a67676b8ba557a5b8ec5ca7c4ca1422
[INFO] running `Command { std: "docker" "start" "6a43868d944a4a7aaa347185e90c2a315a67676b8ba557a5b8ec5ca7c4ca1422", kill_on_drop: false }`
[INFO] running `Command { std: "docker" "inspect" "6a43868d944a4a7aaa347185e90c2a315a67676b8ba557a5b8ec5ca7c4ca1422", kill_on_drop: false }`
[INFO] running `Command { std: "docker" "exec" "-e" "SOURCE_DIR=/opt/rustwide/workdir" "-e" "CARGO_HOME=/opt/rustwide/cargo-home" "-e" "RUSTUP_HOME=/opt/rustwide/rustup-home" "-e" "CARGO_TARGET_DIR=/opt/rustwide/target" "-w" "/opt/rustwide/workdir" "--user" "0:0" "6a43868d944a4a7aaa347185e90c2a315a67676b8ba557a5b8ec5ca7c4ca1422" "/opt/rustwide/cargo-home/bin/cargo" "+1.99.0-beta.8" "metadata" "--no-deps" "--format-version=1", kill_on_drop: false }`
[INFO] running `Command { std: "docker" "inspect" "6a43868d944a4a7aaa347185e90c2a315a67676b8ba557a5b8ec5ca7c4ca1422", kill_on_drop: false }`
[INFO] running `Command { std: "docker" "exec" "-e" "SOURCE_DIR=/opt/rustwide/workdir" "-e" "CARGO_HOME=/opt/rustwide/cargo-home" "-e" "RUSTUP_HOME=/opt/rustwide/rustup-home" "-e" "CARGO_TARGET_DIR=/opt/rustwide/target" "-e" "CARGO_INCREMENTAL=0" "-e" "RUST_BACKTRACE=full" "-e" "RUSTFLAGS=--cap-lints=warn" "-e" "RUSTDOCFLAGS=--cap-lints=warn" "-w" "/opt/rustwide/workdir" "--user" "0:0" "6a43868d944a4a7aaa347185e90c2a315a67676b8ba557a5b8ec5ca7c4ca1422" "/opt/rustwide/cargo-home/bin/cargo" "+1.99.0-beta.8" "build" "--frozen" "--message-format=json" "--release", kill_on_drop: false }`
[INFO] [stderr]    Compiling proc-macro2 v1.0.103
[INFO] [stderr]    Compiling quote v1.0.42
[INFO] [stderr]    Compiling unicode-ident v1.0.22
[INFO] [stderr]    Compiling libc v0.2.177
[INFO] [stderr]    Compiling semver v1.0.27
[INFO] [stderr]    Compiling typenum v1.19.0
[INFO] [stderr]    Compiling generic-array v0.14.9
[INFO] [stderr]    Compiling serde_core v1.0.228
[INFO] [stderr]    Compiling subtle v2.6.1
[INFO] [stderr]    Compiling zerocopy v0.8.27
[INFO] [stderr]    Compiling byteorder v1.5.0
[INFO] [stderr]    Compiling serde v1.0.228
[INFO] [stderr]    Compiling rustc_version v0.4.1
[INFO] [stderr]    Compiling thiserror v2.0.17
[INFO] [stderr]    Compiling base16ct v0.2.0
[INFO] [stderr]    Compiling heapless v0.7.17
[INFO] [stderr]    Compiling syn v1.0.109
[INFO] [stderr]    Compiling hash32 v0.2.1
[INFO] [stderr]    Compiling spin v0.9.8
[INFO] [stderr]    Compiling curve25519-dalek v4.1.3
[INFO] [stderr]    Compiling either v1.15.0
[INFO] [stderr]    Compiling litrs v1.0.0
[INFO] [stderr]    Compiling itertools v0.12.1
[INFO] [stderr]    Compiling syn v2.0.110
[INFO] [stderr]    Compiling curve25519-dalek-ml v4.3.0
[INFO] [stderr]    Compiling debugless-unwrap v0.0.4
[INFO] [stderr]    Compiling const-crc32 v1.3.0
[INFO] [stderr]    Compiling keccak v0.1.5
[INFO] [stderr]    Compiling getrandom v0.2.16
[INFO] [stderr]    Compiling document-features v0.2.12
[INFO] [stderr]    Compiling rand_core v0.6.4
[INFO] [stderr]    Compiling ff v0.13.1
[INFO] [stderr]    Compiling group v0.13.0
[INFO] [stderr]    Compiling ppv-lite86 v0.2.21
[INFO] [stderr]    Compiling serde_bytes v0.11.19
[INFO] [stderr]    Compiling rand_chacha v0.3.1
[INFO] [stderr]    Compiling rand v0.8.5
[INFO] [stderr]    Compiling derive-getters v0.3.0
[INFO] [stderr]    Compiling getrandom_or_panic v0.0.3
[INFO] [stderr]    Compiling zeroize_derive v1.4.2
[INFO] [stderr]    Compiling serde_derive v1.0.228
[INFO] [stderr]    Compiling thiserror-impl v2.0.17
[INFO] [stderr]    Compiling curve25519-dalek-derive v0.1.1
[INFO] [stderr]    Compiling thiserror-impl v1.0.69
[INFO] [stderr]    Compiling visibility v0.1.1
[INFO] [stderr]    Compiling byte-strings-proc_macros v0.3.1
[INFO] [stderr]    Compiling byte-strings v0.3.1
[INFO] [stderr]    Compiling zeroize v1.8.2
[INFO] [stderr]    Compiling merlin v3.0.0
[INFO] [stderr]    Compiling cobs v0.3.0
[INFO] [stderr]    Compiling thiserror v1.0.69
[INFO] [stderr]    Compiling crypto-common v0.1.6
[INFO] [stderr]    Compiling block-buffer v0.10.4
[INFO] [stderr]    Compiling crypto-bigint v0.5.5
[INFO] [stderr]    Compiling digest v0.10.7
[INFO] [stderr]    Compiling sha2 v0.10.9
[INFO] [stderr]    Compiling schnorrkel v0.11.5
[INFO] [stderr]    Compiling elliptic-curve v0.13.8
[INFO] [stderr]    Compiling serdect v0.2.0
[INFO] [stderr]    Compiling postcard v1.1.3
[INFO] [stderr]    Compiling lit-frost-core v1.0.0
[INFO] [stderr]    Compiling lit-frost-rerandomized v1.0.0
[INFO] [stderr]    Compiling lit-frost-schnorrkel25519 v1.0.1 (/opt/rustwide/workdir)
[INFO] [stderr]     Finished `release` profile [optimized] target(s) in 56.98s
[INFO] running `Command { std: "docker" "inspect" "6a43868d944a4a7aaa347185e90c2a315a67676b8ba557a5b8ec5ca7c4ca1422", kill_on_drop: false }`
[INFO] running `Command { std: "docker" "exec" "-e" "SOURCE_DIR=/opt/rustwide/workdir" "-e" "CARGO_HOME=/opt/rustwide/cargo-home" "-e" "RUSTUP_HOME=/opt/rustwide/rustup-home" "-e" "CARGO_TARGET_DIR=/opt/rustwide/target" "-e" "CARGO_INCREMENTAL=0" "-e" "RUST_BACKTRACE=full" "-e" "RUSTFLAGS=--cap-lints=warn" "-e" "RUSTDOCFLAGS=--cap-lints=warn" "-w" "/opt/rustwide/workdir" "--user" "0:0" "6a43868d944a4a7aaa347185e90c2a315a67676b8ba557a5b8ec5ca7c4ca1422" "/opt/rustwide/cargo-home/bin/cargo" "+1.99.0-beta.8" "test" "--frozen" "--no-run" "--message-format=json" "--release", kill_on_drop: false }`
[INFO] [stderr]    Compiling libc v0.2.177
[INFO] [stderr]    Compiling zerocopy v0.8.27
[INFO] [stderr]    Compiling getrandom v0.3.4
[INFO] [stderr]    Compiling crossbeam-utils v0.8.21
[INFO] [stderr]    Compiling zerocopy-derive v0.8.27
[INFO] [stderr]    Compiling autocfg v1.5.0
[INFO] [stderr]    Compiling once_cell v1.21.3
[INFO] [stderr]    Compiling rustix v1.1.2
[INFO] [stderr]    Compiling linux-raw-sys v0.11.0
[INFO] [stderr]    Compiling regex-syntax v0.8.8
[INFO] [stderr]    Compiling bitflags v2.10.0
[INFO] [stderr]    Compiling serde_json v1.0.145
[INFO] [stderr]    Compiling rayon-core v1.13.0
[INFO] [stderr]    Compiling plotters-backend v0.3.7
[INFO] [stderr]    Compiling num-traits v0.2.19
[INFO] [stderr]    Compiling itoa v1.0.15
[INFO] [stderr]    Compiling anstyle v1.0.13
[INFO] [stderr]    Compiling fastrand v2.3.0
[INFO] [stderr]    Compiling crossbeam-epoch v0.9.18
[INFO] [stderr]    Compiling clap_lex v0.7.6
[INFO] [stderr]    Compiling memchr v2.7.6
[INFO] [stderr]    Compiling crossbeam-deque v0.8.6
[INFO] [stderr]    Compiling ciborium-io v0.2.2
[INFO] [stderr]    Compiling ryu v1.0.20
[INFO] [stderr]    Compiling getrandom v0.2.16
[INFO] [stderr]    Compiling rand_core v0.6.4
[INFO] [stderr]    Compiling rand_core v0.9.3
[INFO] [stderr]    Compiling wait-timeout v0.2.1
[INFO] [stderr]    Compiling clap_builder v4.5.51
[INFO] [stderr]    Compiling plotters-svg v0.3.7
[INFO] [stderr]    Compiling itertools v0.10.5
[INFO] [stderr]    Compiling bit-vec v0.8.0
[INFO] [stderr]    Compiling cast v0.3.0
[INFO] [stderr]    Compiling tempfile v3.23.0
[INFO] [stderr]    Compiling regex-automata v0.4.13
[INFO] [stderr]    Compiling quick-error v1.2.3
[INFO] [stderr]    Compiling rusty-fork v0.3.1
[INFO] [stderr]    Compiling ppv-lite86 v0.2.21
[INFO] [stderr]    Compiling half v2.7.1
[INFO] [stderr]    Compiling rand_chacha v0.3.1
[INFO] [stderr]    Compiling rand_chacha v0.9.0
[INFO] [stderr]    Compiling ciborium-ll v0.2.2
[INFO] [stderr]    Compiling ciborium v0.2.2
[INFO] [stderr]    Compiling criterion-plot v0.5.0
[INFO] [stderr]    Compiling clap v4.5.51
[INFO] [stderr]    Compiling tinytemplate v1.2.1
[INFO] [stderr]    Compiling bit-set v0.8.0
[INFO] [stderr]    Compiling walkdir v2.5.0
[INFO] [stderr]    Compiling rayon v1.11.0
[INFO] [stderr]    Compiling plotters v0.3.7
[INFO] [stderr]    Compiling rand_xorshift v0.4.0
[INFO] [stderr]    Compiling regex v1.12.2
[INFO] [stderr]    Compiling rand v0.9.2
[INFO] [stderr]    Compiling ff v0.13.1
[INFO] [stderr]    Compiling is-terminal v0.4.17
[INFO] [stderr]    Compiling anes v0.1.6
[INFO] [stderr]    Compiling oorandom v11.1.5
[INFO] [stderr]    Compiling unarray v0.1.4
[INFO] [stderr]    Compiling proptest v1.9.0
[INFO] [stderr]    Compiling group v0.13.0
[INFO] [stderr]    Compiling rand v0.8.5
[INFO] [stderr]    Compiling crypto-bigint v0.5.5
[INFO] [stderr]    Compiling merlin v3.0.0
[INFO] [stderr]    Compiling criterion v0.5.1
[INFO] [stderr]    Compiling getrandom_or_panic v0.0.3
[INFO] [stderr]    Compiling schnorrkel v0.11.5
[INFO] [stderr]    Compiling console v0.15.11
[INFO] [stderr]    Compiling elliptic-curve v0.13.8
[INFO] [stderr]    Compiling similar v2.7.0
[INFO] [stderr]    Compiling curve25519-dalek-ml v4.3.0
[INFO] [stderr]    Compiling insta v1.43.2
[INFO] [stderr]    Compiling lit-frost-core v1.0.0
[INFO] [stderr]    Compiling lit-frost-rerandomized v1.0.0
[INFO] [stderr]    Compiling lit-frost-schnorrkel25519 v1.0.1 (/opt/rustwide/workdir)
[INFO] [stdout] error[E0432]: unresolved import `frost_ristretto255`
[INFO] [stdout]  --> tests/integration_tests.rs:1:5
[INFO] [stdout]   |
[INFO] [stdout] 1 | use frost_ristretto255::*;
[INFO] [stdout]   |     ^^^^^^^^^^^^^^^^^^ use of unresolved module or unlinked crate `frost_ristretto255`
[INFO] [stdout]   |
[INFO] [stdout]   = help: if you wanted to use a crate named `frost_ristretto255`, use `cargo add frost_ristretto255` to add it to your `Cargo.toml`
[INFO] [stdout] 
[INFO] [stdout] 
[INFO] [stdout] error[E0433]: cannot find module or crate `frost_ristretto255` in this scope
[INFO] [stdout]  --> tests/helpers/samples.rs:6:5
[INFO] [stdout]   |
[INFO] [stdout] 6 | use frost_ristretto255::{
[INFO] [stdout]   |     ^^^^^^^^^^^^^^^^^^ use of unresolved module or unlinked crate `frost_ristretto255`
[INFO] [stdout]   |
[INFO] [stdout]   = help: if you wanted to use a crate named `frost_ristretto255`, use `cargo add frost_ristretto255` to add it to your `Cargo.toml`
[INFO] [stdout] 
[INFO] [stdout] 
[INFO] [stdout] error[E0433]: cannot find module or crate `frost_ristretto255` in this scope
[INFO] [stdout]  --> tests/serde_tests.rs:5:5
[INFO] [stdout]   |
[INFO] [stdout] 5 | use frost_ristretto255::{
[INFO] [stdout]   |     ^^^^^^^^^^^^^^^^^^ use of unresolved module or unlinked crate `frost_ristretto255`
[INFO] [stdout]   |
[INFO] [stdout]   = help: if you wanted to use a crate named `frost_ristretto255`, use `cargo add frost_ristretto255` to add it to your `Cargo.toml`
[INFO] [stdout] 
[INFO] [stdout] 
[INFO] [stdout] error[E0432]: unresolved import `frost_ristretto255`
[INFO] [stdout]  --> tests/helpers/samples.rs:6:5
[INFO] [stdout]   |
[INFO] [stdout] 6 | use frost_ristretto255::{
[INFO] [stdout]   |     ^^^^^^^^^^^^^^^^^^ use of unresolved module or unlinked crate `frost_ristretto255`
[INFO] [stdout]   |
[INFO] [stdout]   = help: if you wanted to use a crate named `frost_ristretto255`, use `cargo add frost_ristretto255` to add it to your `Cargo.toml`
[INFO] [stdout] 
[INFO] [stdout] 
[INFO] [stdout] error[E0432]: unresolved import `frost_ristretto255`
[INFO] [stdout]  --> tests/serde_tests.rs:5:5
[INFO] [stdout]   |
[INFO] [stdout] 5 | use frost_ristretto255::{
[INFO] [stdout]   |     ^^^^^^^^^^^^^^^^^^ use of unresolved module or unlinked crate `frost_ristretto255`
[INFO] [stdout]   |
[INFO] [stdout]   = help: if you wanted to use a crate named `frost_ristretto255`, use `cargo add frost_ristretto255` to add it to your `Cargo.toml`
[INFO] [stdout] 
[INFO] [stdout] 
[INFO] [stdout] error[E0433]: cannot find module or crate `frost_ristretto255` in this scope
[INFO] [stdout]  --> tests/recreation_tests.rs:4:5
[INFO] [stdout]   |
[INFO] [stdout] 4 | use frost_ristretto255::{
[INFO] [stdout]   |     ^^^^^^^^^^^^^^^^^^ use of unresolved module or unlinked crate `frost_ristretto255`
[INFO] [stdout]   |
[INFO] [stdout]   = help: if you wanted to use a crate named `frost_ristretto255`, use `cargo add frost_ristretto255` to add it to your `Cargo.toml`
[INFO] [stdout] 
[INFO] [stdout] 
[INFO] [stdout] error[E0432]: unresolved import `crate::Ristretto255Sha512`
[INFO] [stdout]   --> src/keys/repairable.rs:64:9
[INFO] [stdout]    |
[INFO] [stdout] 64 |     use crate::Ristretto255Sha512;
[INFO] [stdout]    |         ^^^^^^^------------------
[INFO] [stdout]    |                |
[INFO] [stdout]    |                no `Ristretto255Sha512` in the root
[INFO] [stdout] 
[INFO] [stdout] 
[INFO] [stdout] error[E0433]: cannot find module or crate `frost_ristretto255` in this scope
[INFO] [stdout]  --> tests/helpers/samples.rs:6:5
[INFO] [stdout]   |
[INFO] [stdout] 6 | use frost_ristretto255::{
[INFO] [stdout]   |     ^^^^^^^^^^^^^^^^^^ use of unresolved module or unlinked crate `frost_ristretto255`
[INFO] [stdout]   |
[INFO] [stdout]   = help: if you wanted to use a crate named `frost_ristretto255`, use `cargo add frost_ristretto255` to add it to your `Cargo.toml`
[INFO] [stdout] 
[INFO] [stdout] 
[INFO] [stdout] error[E0433]: cannot find module or crate `frost_ristretto255` in this scope
[INFO] [stdout]  --> tests/helpers/samples.rs:6:5
[INFO] [stdout]   |
[INFO] [stdout] 6 | use frost_ristretto255::{
[INFO] [stdout]   |     ^^^^^^^^^^^^^^^^^^ use of unresolved module or unlinked crate `frost_ristretto255`
[INFO] [stdout]   |
[INFO] [stdout]   = help: if you wanted to use a crate named `frost_ristretto255`, use `cargo add frost_ristretto255` to add it to your `Cargo.toml`
[INFO] [stdout] 
[INFO] [stdout] 
[INFO] [stdout] error[E0432]: unresolved import `frost_ristretto255`
[INFO] [stdout]  --> tests/recreation_tests.rs:4:5
[INFO] [stdout]   |
[INFO] [stdout] 4 | use frost_ristretto255::{
[INFO] [stdout]   |     ^^^^^^^^^^^^^^^^^^ use of unresolved module or unlinked crate `frost_ristretto255`
[INFO] [stdout]   |
[INFO] [stdout]   = help: if you wanted to use a crate named `frost_ristretto255`, use `cargo add frost_ristretto255` to add it to your `Cargo.toml`
[INFO] [stdout] 
[INFO] [stdout] 
[INFO] [stdout] error[E0432]: unresolved import `frost_ristretto255`
[INFO] [stdout]  --> tests/helpers/samples.rs:6:5
[INFO] [stdout]   |
[INFO] [stdout] 6 | use frost_ristretto255::{
[INFO] [stdout]   |     ^^^^^^^^^^^^^^^^^^ use of unresolved module or unlinked crate `frost_ristretto255`
[INFO] [stdout]   |
[INFO] [stdout]   = help: if you wanted to use a crate named `frost_ristretto255`, use `cargo add frost_ristretto255` to add it to your `Cargo.toml`
[INFO] [stdout] 
[INFO] [stdout] 
[INFO] [stdout] error[E0432]: unresolved import `frost_ristretto255`
[INFO] [stdout]  --> tests/rerandomized_tests.rs:1:5
[INFO] [stdout]   |
[INFO] [stdout] 1 | use frost_ristretto255::Ristretto255Sha512;
[INFO] [stdout]   |     ^^^^^^^^^^^^^^^^^^ use of unresolved module or unlinked crate `frost_ristretto255`
[INFO] [stdout]   |
[INFO] [stdout]   = help: if you wanted to use a crate named `frost_ristretto255`, use `cargo add frost_ristretto255` to add it to your `Cargo.toml`
[INFO] [stdout] 
[INFO] [stdout] 
[INFO] [stdout] error[E0432]: unresolved import `frost_ristretto255`
[INFO] [stdout]  --> tests/helpers/samples.rs:6:5
[INFO] [stdout]   |
[INFO] [stdout] 6 | use frost_ristretto255::{
[INFO] [stdout]   |     ^^^^^^^^^^^^^^^^^^ use of unresolved module or unlinked crate `frost_ristretto255`
[INFO] [stdout]   |
[INFO] [stdout]   = help: if you wanted to use a crate named `frost_ristretto255`, use `cargo add frost_ristretto255` to add it to your `Cargo.toml`
[INFO] [stdout] 
[INFO] [stdout] 
[INFO] [stdout] error[E0432]: unresolved import `frost_ristretto255`
[INFO] [stdout]  --> tests/common_traits_tests.rs:5:5
[INFO] [stdout]   |
[INFO] [stdout] 5 | use frost_ristretto255::SigningKey;
[INFO] [stdout]   |     ^^^^^^^^^^^^^^^^^^ use of unresolved module or unlinked crate `frost_ristretto255`
[INFO] [stdout]   |
[INFO] [stdout]   = help: if you wanted to use a crate named `frost_ristretto255`, use `cargo add frost_ristretto255` to add it to your `Cargo.toml`
[INFO] [stdout] 
[INFO] [stdout] 
[INFO] [stdout] For more information about this error, try `rustc --explain E0432`.
[INFO] [stdout] 
[INFO] [stderr] error: could not compile `lit-frost-schnorrkel25519` (test "rerandomized_tests") due to 1 previous error
[INFO] [stderr] warning: build failed, waiting for other jobs to finish...
[INFO] [stdout] error[E0433]: cannot find module or crate `frost_ristretto255` in this scope
[INFO] [stdout]  --> tests/helpers/samples.rs:6:5
[INFO] [stdout]   |
[INFO] [stdout] 6 | use frost_ristretto255::{
[INFO] [stdout]   |     ^^^^^^^^^^^^^^^^^^ use of unresolved module or unlinked crate `frost_ristretto255`
[INFO] [stdout]   |
[INFO] [stdout]   = help: if you wanted to use a crate named `frost_ristretto255`, use `cargo add frost_ristretto255` to add it to your `Cargo.toml`
[INFO] [stdout] 
[INFO] [stdout] 
[INFO] [stdout] error[E0433]: cannot find module or crate `frost_ristretto255` in this scope
[INFO] [stdout]  --> tests/serialization_tests.rs:5:5
[INFO] [stdout]   |
[INFO] [stdout] 5 | use frost_ristretto255::{
[INFO] [stdout]   |     ^^^^^^^^^^^^^^^^^^ use of unresolved module or unlinked crate `frost_ristretto255`
[INFO] [stdout]   |
[INFO] [stdout]   = help: if you wanted to use a crate named `frost_ristretto255`, use `cargo add frost_ristretto255` to add it to your `Cargo.toml`
[INFO] [stdout] 
[INFO] [stdout] 
[INFO] [stdout] error[E0432]: unresolved import `frost_ristretto255`
[INFO] [stdout]  --> tests/helpers/samples.rs:6:5
[INFO] [stdout]   |
[INFO] [stdout] 6 | use frost_ristretto255::{
[INFO] [stdout]   |     ^^^^^^^^^^^^^^^^^^ use of unresolved module or unlinked crate `frost_ristretto255`
[INFO] [stdout]   |
[INFO] [stdout]   = help: if you wanted to use a crate named `frost_ristretto255`, use `cargo add frost_ristretto255` to add it to your `Cargo.toml`
[INFO] [stdout] 
[INFO] [stdout] 
[INFO] [stdout] error[E0432]: unresolved import `frost_ristretto255`
[INFO] [stdout]  --> tests/serialization_tests.rs:5:5
[INFO] [stdout]   |
[INFO] [stdout] 5 | use frost_ristretto255::{
[INFO] [stdout]   |     ^^^^^^^^^^^^^^^^^^ use of unresolved module or unlinked crate `frost_ristretto255`
[INFO] [stdout]   |
[INFO] [stdout]   = help: if you wanted to use a crate named `frost_ristretto255`, use `cargo add frost_ristretto255` to add it to your `Cargo.toml`
[INFO] [stdout] 
[INFO] [stdout] 
[INFO] [stdout] error[E0425]: cannot find type `Ristretto255Sha512` in this scope
[INFO] [stdout]  --> src/tests/batch.rs:9:46
[INFO] [stdout]   |
[INFO] [stdout] 9 |     frost_core::tests::batch::batch_verify::<Ristretto255Sha512, _>(rng);
[INFO] [stdout]   |                                              ^^^^^^^^^^^^^^^^^^ not found in this scope
[INFO] [stdout]   |
[INFO] [stdout] help: you might be missing a type parameter
[INFO] [stdout]   |
[INFO] [stdout] 6 | fn check_batch_verify<Ristretto255Sha512>() {
[INFO] [stdout]   |                      ++++++++++++++++++++
[INFO] [stdout] 
[INFO] [stdout] 
[INFO] [stdout] error[E0425]: cannot find type `Ristretto255Sha512` in this scope
[INFO] [stdout]   --> src/tests/batch.rs:16:50
[INFO] [stdout]    |
[INFO] [stdout] 16 |     frost_core::tests::batch::bad_batch_verify::<Ristretto255Sha512, _>(rng);
[INFO] [stdout]    |                                                  ^^^^^^^^^^^^^^^^^^ not found in this scope
[INFO] [stdout]    |
[INFO] [stdout] help: you might be missing a type parameter
[INFO] [stdout]    |
[INFO] [stdout] 13 | fn check_bad_batch_verify<Ristretto255Sha512>() {
[INFO] [stdout]    |                          ++++++++++++++++++++
[INFO] [stdout] 
[INFO] [stdout] 
[INFO] [stdout] error[E0425]: cannot find type `Ristretto255Sha512` in this scope
[INFO] [stdout]   --> src/tests/batch.rs:23:52
[INFO] [stdout]    |
[INFO] [stdout] 23 |     frost_core::tests::batch::empty_batch_verify::<Ristretto255Sha512, _>(rng);
[INFO] [stdout]    |                                                    ^^^^^^^^^^^^^^^^^^ not found in this scope
[INFO] [stdout]    |
[INFO] [stdout] help: you might be missing a type parameter
[INFO] [stdout]    |
[INFO] [stdout] 20 | fn empty_batch_verify<Ristretto255Sha512>() {
[INFO] [stdout]    |                      ++++++++++++++++++++
[INFO] [stdout] 
[INFO] [stdout] 
[INFO] [stdout] error[E0425]: cannot find type `Ristretto255Sha512` in this scope
[INFO] [stdout]   --> src/tests/coefficient_commitment.rs:18:9
[INFO] [stdout]    |
[INFO] [stdout] 18 |         Ristretto255Sha512,
[INFO] [stdout]    |         ^^^^^^^^^^^^^^^^^^ not found in this scope
[INFO] [stdout]    |
[INFO] [stdout] help: you might be missing a type parameter
[INFO] [stdout]    |
[INFO] [stdout] 15 | fn check_serialization_of_coefficient_commitment<Ristretto255Sha512>() {
[INFO] [stdout]    |                                                 ++++++++++++++++++++
[INFO] [stdout] 
[INFO] [stdout] 
[INFO] [stdout] error[E0425]: cannot find type `Ristretto255Sha512` in this scope
[INFO] [stdout]   --> src/tests/coefficient_commitment.rs:27:9
[INFO] [stdout]    |
[INFO] [stdout] 27 |         Ristretto255Sha512,
[INFO] [stdout]    |         ^^^^^^^^^^^^^^^^^^ not found in this scope
[INFO] [stdout]    |
[INFO] [stdout] help: you might be missing a type parameter
[INFO] [stdout]    |
[INFO] [stdout] 24 | fn check_create_coefficient_commitment<Ristretto255Sha512>() {
[INFO] [stdout]    |                                       ++++++++++++++++++++
[INFO] [stdout] 
[INFO] [stdout] 
[INFO] [stdout] error[E0425]: cannot find type `Ristretto255Sha512` in this scope
[INFO] [stdout]   --> src/tests/coefficient_commitment.rs:34:9
[INFO] [stdout]    |
[INFO] [stdout] 34 |         Ristretto255Sha512,
[INFO] [stdout]    |         ^^^^^^^^^^^^^^^^^^ not found in this scope
[INFO] [stdout]    |
[INFO] [stdout] help: you might be missing a type parameter
[INFO] [stdout]    |
[INFO] [stdout] 32 | fn check_create_coefficient_commitment_error<Ristretto255Sha512>() {
[INFO] [stdout]    |                                             ++++++++++++++++++++
[INFO] [stdout] 
[INFO] [stdout] 
[INFO] [stdout] error[E0425]: cannot find type `Ristretto255Sha512` in this scope
[INFO] [stdout]   --> src/tests/coefficient_commitment.rs:43:9
[INFO] [stdout]    |
[INFO] [stdout] 43 |         Ristretto255Sha512,
[INFO] [stdout]    |         ^^^^^^^^^^^^^^^^^^ not found in this scope
[INFO] [stdout]    |
[INFO] [stdout] help: you might be missing a type parameter
[INFO] [stdout]    |
[INFO] [stdout] 39 | fn check_get_value_of_coefficient_commitment<Ristretto255Sha512>() {
[INFO] [stdout]    |                                             ++++++++++++++++++++
[INFO] [stdout] 
[INFO] [stdout] 
[INFO] [stdout] error[E0425]: cannot find type `Ristretto255Sha512` in this scope
[INFO] [stdout]  --> src/tests/deserialize.rs:9:14
[INFO] [stdout]   |
[INFO] [stdout] 9 |     let r = <Ristretto255Sha512 as Ciphersuite>::Group::deserialize(&encoded_identity);
[INFO] [stdout]   |              ^^^^^^^^^^^^^^^^^^ not found in this scope
[INFO] [stdout] 
[INFO] [stdout] 
[INFO] [stdout] error[E0425]: cannot find type `Ristretto255Sha512` in this scope
[INFO] [stdout]   --> src/tests/proptests.rs:22:39
[INFO] [stdout]    |
[INFO] [stdout] 22 |         let mut sig = SignatureCase::<Ristretto255Sha512>::new(rng, msg.to_vec());
[INFO] [stdout]    |                                       ^^^^^^^^^^^^^^^^^^ not found in this scope
[INFO] [stdout] 
[INFO] [stdout] 
[INFO] [stdout] error[E0425]: cannot find type `Ristretto255Sha512` in this scope
[INFO] [stdout]   --> src/tests/vss_commitment.rs:17:73
[INFO] [stdout]    |
[INFO] [stdout] 17 |     frost_core::tests::vss_commitment::check_serialize_vss_commitment::<Ristretto255Sha512, _>(rng);
[INFO] [stdout]    |                                                                         ^^^^^^^^^^^^^^^^^^ not found in this scope
[INFO] [stdout]    |
[INFO] [stdout] help: you might be missing a type parameter
[INFO] [stdout]    |
[INFO] [stdout] 15 | fn check_serialize_vss_commitment<Ristretto255Sha512>() {
[INFO] [stdout]    |                                  ++++++++++++++++++++
[INFO] [stdout] 
[INFO] [stdout] 
[INFO] [stdout] error[E0425]: cannot find type `Ristretto255Sha512` in this scope
[INFO] [stdout]   --> src/tests/vss_commitment.rs:23:75
[INFO] [stdout]    |
[INFO] [stdout] 23 |     frost_core::tests::vss_commitment::check_deserialize_vss_commitment::<Ristretto255Sha512, _>(
[INFO] [stdout]    |                                                                           ^^^^^^^^^^^^^^^^^^ not found in this scope
[INFO] [stdout]    |
[INFO] [stdout] help: you might be missing a type parameter
[INFO] [stdout]    |
[INFO] [stdout] 21 | fn check_deserialize_vss_commitment<Ristretto255Sha512>() {
[INFO] [stdout]    |                                    ++++++++++++++++++++
[INFO] [stdout] 
[INFO] [stdout] 
[INFO] [stdout] error[E0425]: cannot find type `Ristretto255Sha512` in this scope
[INFO] [stdout]   --> src/tests/vss_commitment.rs:32:9
[INFO] [stdout]    |
[INFO] [stdout] 32 |         Ristretto255Sha512,
[INFO] [stdout]    |         ^^^^^^^^^^^^^^^^^^ not found in this scope
[INFO] [stdout]    |
[INFO] [stdout] help: you might be missing a type parameter
[INFO] [stdout]    |
[INFO] [stdout] 29 | fn check_deserialize_vss_commitment_error<Ristretto255Sha512>() {
[INFO] [stdout]    |                                          ++++++++++++++++++++
[INFO] [stdout] 
[INFO] [stdout] 
[INFO] [stdout] error[E0425]: cannot find type `Ristretto255Sha512` in this scope
[INFO] [stdout]   --> src/tests/vss_commitment.rs:40:75
[INFO] [stdout]    |
[INFO] [stdout] 40 |     frost_core::tests::vss_commitment::check_compute_public_key_package::<Ristretto255Sha512, _>(
[INFO] [stdout]    |                                                                           ^^^^^^^^^^^^^^^^^^ not found in this scope
[INFO] [stdout]    |
[INFO] [stdout] help: you might be missing a type parameter
[INFO] [stdout]    |
[INFO] [stdout] 38 | fn check_compute_public_key_package<Ristretto255Sha512>() {
[INFO] [stdout]    |                                    ++++++++++++++++++++
[INFO] [stdout] 
[INFO] [stdout] 
[INFO] [stdout] error[E0425]: cannot find type `Schnorrkel25519Merlin` in this scope
[INFO] [stdout]   --> src/keys/repairable.rs:76:68
[INFO] [stdout]    |
[INFO] [stdout] 76 |         frost_core::tests::repairable::check_repair_share_step_1::<Schnorrkel25519Merlin, _>(rng);
[INFO] [stdout]    |                                                                    ^^^^^^^^^^^^^^^^^^^^^ not found in this scope
[INFO] [stdout]    |
[INFO] [stdout] help: consider importing this struct
[INFO] [stdout]    |
[INFO] [stdout] 60 +     use crate::Schnorrkel25519Merlin;
[INFO] [stdout]    |
[INFO] [stdout] 
[INFO] [stdout] 
[INFO] [stdout] error[E0425]: cannot find type `Schnorrkel25519Merlin` in this scope
[INFO] [stdout]   --> src/keys/repairable.rs:81:68
[INFO] [stdout]    |
[INFO] [stdout] 81 |         frost_core::tests::repairable::check_repair_share_step_2::<Schnorrkel25519Merlin>(
[INFO] [stdout]    |                                                                    ^^^^^^^^^^^^^^^^^^^^^ not found in this scope
[INFO] [stdout]    |
[INFO] [stdout] help: consider importing this struct
[INFO] [stdout]    |
[INFO] [stdout] 60 +     use crate::Schnorrkel25519Merlin;
[INFO] [stdout]    |
[INFO] [stdout] 
[INFO] [stdout] 
[INFO] [stdout] error[E0425]: cannot find type `Schnorrkel25519Merlin` in this scope
[INFO] [stdout]   --> src/keys/repairable.rs:89:68
[INFO] [stdout]    |
[INFO] [stdout] 89 |         frost_core::tests::repairable::check_repair_share_step_3::<Schnorrkel25519Merlin, _>(
[INFO] [stdout]    |                                                                    ^^^^^^^^^^^^^^^^^^^^^ not found in this scope
[INFO] [stdout]    |
[INFO] [stdout] help: consider importing this struct
[INFO] [stdout]    |
[INFO] [stdout] 60 +     use crate::Schnorrkel25519Merlin;
[INFO] [stdout]    |
[INFO] [stdout] 
[INFO] [stdout] 
[INFO] [stdout] error[E0425]: cannot find type `Schnorrkel25519Merlin` in this scope
[INFO] [stdout]   --> src/keys/repairable.rs:99:13
[INFO] [stdout]    |
[INFO] [stdout] 99 |             Schnorrkel25519Merlin,
[INFO] [stdout]    |             ^^^^^^^^^^^^^^^^^^^^^ not found in this scope
[INFO] [stdout]    |
[INFO] [stdout] help: consider importing this struct
[INFO] [stdout]    |
[INFO] [stdout] 60 +     use crate::Schnorrkel25519Merlin;
[INFO] [stdout]    |
[INFO] [stdout] 
[INFO] [stdout] 
[INFO] [stdout] warning: unused import: `crate::*`
[INFO] [stdout]  --> src/tests/batch.rs:3:5
[INFO] [stdout]   |
[INFO] [stdout] 3 | use crate::*;
[INFO] [stdout]   |     ^^^^^^^^
[INFO] [stdout]   |
[INFO] [stdout]   = note: `#[warn(unused_imports)]` (part of `#[warn(unused)]`) on by default
[INFO] [stdout] 
[INFO] [stdout] 
[INFO] [stdout] warning: unused import: `crate::*`
[INFO] [stdout]  --> src/tests/coefficient_commitment.rs:5:5
[INFO] [stdout]   |
[INFO] [stdout] 5 | use crate::*;
[INFO] [stdout]   |     ^^^^^^^^
[INFO] [stdout] 
[INFO] [stdout] 
[INFO] [stdout] warning: unused import: `crate::*`
[INFO] [stdout]  --> src/tests/vss_commitment.rs:5:5
[INFO] [stdout]   |
[INFO] [stdout] 5 | use crate::*;
[INFO] [stdout]   |     ^^^^^^^^
[INFO] [stdout] 
[INFO] [stdout] 
[INFO] [stdout] Some errors have detailed explanations: E0425, E0432.
[INFO] [stdout] 
[INFO] [stdout] For more information about an error, try `rustc --explain E0425`.
[INFO] [stdout] 
[INFO] [stderr] error: could not compile `lit-frost-schnorrkel25519` (lib test) due to 18 previous errors; 3 warnings emitted
[INFO] [stdout] For more information about this error, try `rustc --explain E0432`.
[INFO] [stdout] 
[INFO] [stderr] error: could not compile `lit-frost-schnorrkel25519` (test "integration_tests") due to 1 previous error
[INFO] [stdout] error[E0433]: cannot find module or crate `frost_ristretto255` in this scope
[INFO] [stdout]   --> tests/helpers/samples.rs:17:10
[INFO] [stdout]    |
[INFO] [stdout] 17 | type C = frost_ristretto255::Ristretto255Sha512;
[INFO] [stdout]    |          ^^^^^^^^^^^^^^^^^^ use of unresolved module or unlinked crate `frost_ristretto255`
[INFO] [stdout]    |
[INFO] [stdout]    = help: if you wanted to use a crate named `frost_ristretto255`, use `cargo add frost_ristretto255` to add it to your `Cargo.toml`
[INFO] [stdout] 
[INFO] [stdout] 
[INFO] [stdout] Some errors have detailed explanations: E0432, E0433.
[INFO] [stdout] 
[INFO] [stdout] For more information about an error, try `rustc --explain E0432`.
[INFO] [stdout] 
[INFO] [stderr] error: could not compile `lit-frost-schnorrkel25519` (test "recreation_tests") due to 5 previous errors
[INFO] [stdout] error[E0433]: cannot find module or crate `frost_ristretto255` in this scope
[INFO] [stdout]   --> tests/helpers/samples.rs:17:10
[INFO] [stdout]    |
[INFO] [stdout] 17 | type C = frost_ristretto255::Ristretto255Sha512;
[INFO] [stdout]    |          ^^^^^^^^^^^^^^^^^^ use of unresolved module or unlinked crate `frost_ristretto255`
[INFO] [stdout]    |
[INFO] [stdout]    = help: if you wanted to use a crate named `frost_ristretto255`, use `cargo add frost_ristretto255` to add it to your `Cargo.toml`
[INFO] [stdout] 
[INFO] [stdout] 
[INFO] [stdout] Some errors have detailed explanations: E0432, E0433.
[INFO] [stdout] 
[INFO] [stdout] For more information about an error, try `rustc --explain E0432`.
[INFO] [stdout] 
[INFO] [stdout] error[E0433]: cannot find module or crate `frost_ristretto255` in this scope
[INFO] [stdout]   --> tests/helpers/samples.rs:17:10
[INFO] [stdout]    |
[INFO] [stdout] 17 | type C = frost_ristretto255::Ristretto255Sha512;
[INFO] [stdout]    |          ^^^^^^^^^^^^^^^^^^ use of unresolved module or unlinked crate `frost_ristretto255`
[INFO] [stdout]    |
[INFO] [stdout]    = help: if you wanted to use a crate named `frost_ristretto255`, use `cargo add frost_ristretto255` to add it to your `Cargo.toml`
[INFO] [stdout] 
[INFO] [stdout] 
[INFO] [stdout] Some errors have detailed explanations: E0432, E0433.
[INFO] [stdout] 
[INFO] [stdout] For more information about an error, try `rustc --explain E0432`.
[INFO] [stdout] 
[INFO] [stderr] error: could not compile `lit-frost-schnorrkel25519` (test "common_traits_tests") due to 4 previous errors
[INFO] [stderr] error: could not compile `lit-frost-schnorrkel25519` (test "serialization_tests") due to 5 previous errors
[INFO] [stdout] error[E0433]: cannot find module or crate `frost_ristretto255` in this scope
[INFO] [stdout]   --> tests/helpers/samples.rs:17:10
[INFO] [stdout]    |
[INFO] [stdout] 17 | type C = frost_ristretto255::Ristretto255Sha512;
[INFO] [stdout]    |          ^^^^^^^^^^^^^^^^^^ use of unresolved module or unlinked crate `frost_ristretto255`
[INFO] [stdout]    |
[INFO] [stdout]    = help: if you wanted to use a crate named `frost_ristretto255`, use `cargo add frost_ristretto255` to add it to your `Cargo.toml`
[INFO] [stdout] 
[INFO] [stdout] 
[INFO] [stdout] Some errors have detailed explanations: E0432, E0433.
[INFO] [stdout] 
[INFO] [stdout] For more information about an error, try `rustc --explain E0432`.
[INFO] [stdout] 
[INFO] [stderr] error: could not compile `lit-frost-schnorrkel25519` (test "serde_tests") due to 5 previous errors
[INFO] running `Command { std: "docker" "inspect" "6a43868d944a4a7aaa347185e90c2a315a67676b8ba557a5b8ec5ca7c4ca1422", kill_on_drop: false }`
[INFO] running `Command { std: "docker" "rm" "-f" "6a43868d944a4a7aaa347185e90c2a315a67676b8ba557a5b8ec5ca7c4ca1422", kill_on_drop: false }`
[INFO] [stdout] 6a43868d944a4a7aaa347185e90c2a315a67676b8ba557a5b8ec5ca7c4ca1422
