[INFO] fetching crate lisette-lsp 0.12.4...
[INFO] testing lisette-lsp-0.12.4 against 1.100.0-beta.1+cargoflags=--release for beta-release-1.100-2
[INFO] extracting crate lisette-lsp 0.12.4 into /workspace/builds/worker-2-tc2/source
[INFO] started tweaking crates.io crate lisette-lsp 0.12.4
[INFO] removed 0 missing tests
[INFO] finished tweaking crates.io crate lisette-lsp 0.12.4
[INFO] tweaked toml for crates.io crate lisette-lsp 0.12.4 written to /workspace/builds/worker-2-tc2/source/Cargo.toml
[INFO] validating manifest of crates.io crate lisette-lsp 0.12.4 on toolchain 1.100.0-beta.1
[INFO] running `Command { std: CARGO_HOME="/workspace/cargo-home" RUSTUP_HOME="/workspace/rustup-home" "/workspace/cargo-home/bin/cargo" "+1.100.0-beta.1" "metadata" "--manifest-path" "Cargo.toml" "--no-deps", kill_on_drop: false }`
[INFO] crate crates.io crate lisette-lsp 0.12.4 already has a lockfile, it will not be regenerated
[INFO] running `Command { std: CARGO_HOME="/workspace/cargo-home" RUSTUP_HOME="/workspace/rustup-home" "/workspace/cargo-home/bin/cargo" "+1.100.0-beta.1" "fetch" "--manifest-path" "Cargo.toml", kill_on_drop: false }`
[INFO] running `Command { std: "docker" "create" "-v" "/var/lib/crater-agent-workspace/builds/worker-2-tc2/source:/opt/rustwide/workdir:ro,Z" "-v" "/var/lib/crater-agent-workspace/builds/worker-2-tc2/target:/opt/rustwide/target:rw,Z" "-v" "/var/lib/crater-agent-workspace/cargo-home:/opt/rustwide/cargo-home:ro,Z" "-v" "/var/lib/crater-agent-workspace/rustup-home:/opt/rustwide/rustup-home:ro,Z" "-m" "1610612736" "--network" "none" "ghcr.io/rust-lang/crates-build-env/linux@sha256:77db811e55d90add9212f6832c23229e3de5f1c1f9905e8cb07319ea15df73ac" "sleep" "infinity", kill_on_drop: false }`
[INFO] [stdout] 69d4344eb2caa68444f26188e3c4b3b1ae6a6534d0ad6e4279d7f9f24cdc9c52
[INFO] running `Command { std: "docker" "start" "69d4344eb2caa68444f26188e3c4b3b1ae6a6534d0ad6e4279d7f9f24cdc9c52", kill_on_drop: false }`
[INFO] running `Command { std: "docker" "inspect" "69d4344eb2caa68444f26188e3c4b3b1ae6a6534d0ad6e4279d7f9f24cdc9c52", kill_on_drop: false }`
[INFO] running `Command { std: "docker" "exec" "-e" "SOURCE_DIR=/opt/rustwide/workdir" "-e" "CARGO_HOME=/opt/rustwide/cargo-home" "-e" "RUSTUP_HOME=/opt/rustwide/rustup-home" "-e" "CARGO_TARGET_DIR=/opt/rustwide/target" "-w" "/opt/rustwide/workdir" "--user" "0:0" "69d4344eb2caa68444f26188e3c4b3b1ae6a6534d0ad6e4279d7f9f24cdc9c52" "/opt/rustwide/cargo-home/bin/cargo" "+1.100.0-beta.1" "metadata" "--no-deps" "--format-version=1", kill_on_drop: false }`
[INFO] running `Command { std: "docker" "inspect" "69d4344eb2caa68444f26188e3c4b3b1ae6a6534d0ad6e4279d7f9f24cdc9c52", kill_on_drop: false }`
[INFO] running `Command { std: "docker" "exec" "-e" "SOURCE_DIR=/opt/rustwide/workdir" "-e" "CARGO_HOME=/opt/rustwide/cargo-home" "-e" "RUSTUP_HOME=/opt/rustwide/rustup-home" "-e" "CARGO_TARGET_DIR=/opt/rustwide/target" "-e" "CARGO_INCREMENTAL=0" "-e" "RUST_BACKTRACE=full" "-e" "RUSTFLAGS=--cap-lints=warn" "-e" "RUSTDOCFLAGS=--cap-lints=warn" "-w" "/opt/rustwide/workdir" "--user" "0:0" "69d4344eb2caa68444f26188e3c4b3b1ae6a6534d0ad6e4279d7f9f24cdc9c52" "/opt/rustwide/cargo-home/bin/cargo" "+1.100.0-beta.1" "build" "--frozen" "--message-format=json" "--release", kill_on_drop: false }`
[INFO] [stderr]    Compiling quote v1.0.40
[INFO] [stderr]    Compiling crossbeam-epoch v0.9.20
[INFO] [stderr]    Compiling lisette-stdlib v0.12.4
[INFO] [stderr]    Compiling serde_core v1.0.228
[INFO] [stderr]    Compiling owo-colors v4.2.3
[INFO] [stderr]    Compiling either v1.15.0
[INFO] [stderr]    Compiling syn v2.0.100
[INFO] [stderr]    Compiling crossbeam-deque v0.8.6
[INFO] [stderr]    Compiling rayon-core v1.13.0
[INFO] [stderr]    Compiling rayon v1.12.0
[INFO] [stderr]    Compiling serde_derive v1.0.228
[INFO] [stderr]    Compiling serde v1.0.228
[INFO] [stderr]    Compiling ecow v0.3.1
[INFO] [stderr]    Compiling serde_spanned v0.6.9
[INFO] [stderr]    Compiling toml_datetime v0.6.11
[INFO] [stderr]    Compiling bincode v1.3.3
[INFO] [stderr]    Compiling serde_json v1.0.140
[INFO] [stderr]    Compiling toml_edit v0.22.27
[INFO] [stderr]    Compiling lisette-syntax v0.12.4
[INFO] [stderr]    Compiling lisette-deps v0.12.4
[INFO] [stderr]    Compiling lisette-diagnostics v0.12.4
[INFO] [stderr]    Compiling lisette-format v0.12.4
[INFO] [stderr]    Compiling lisette-semantics v0.12.4
[INFO] [stderr]    Compiling lisette-passes v0.12.4
[INFO] [stderr]    Compiling lisette-lsp v0.12.4 (/opt/rustwide/workdir)
[INFO] [stderr]     Finished `release` profile [optimized] target(s) in 1m 20s
[INFO] running `Command { std: "docker" "inspect" "69d4344eb2caa68444f26188e3c4b3b1ae6a6534d0ad6e4279d7f9f24cdc9c52", kill_on_drop: false }`
[INFO] running `Command { std: "docker" "exec" "-e" "SOURCE_DIR=/opt/rustwide/workdir" "-e" "CARGO_HOME=/opt/rustwide/cargo-home" "-e" "RUSTUP_HOME=/opt/rustwide/rustup-home" "-e" "CARGO_TARGET_DIR=/opt/rustwide/target" "-e" "CARGO_INCREMENTAL=0" "-e" "RUST_BACKTRACE=full" "-e" "RUSTFLAGS=--cap-lints=warn" "-e" "RUSTDOCFLAGS=--cap-lints=warn" "-w" "/opt/rustwide/workdir" "--user" "0:0" "69d4344eb2caa68444f26188e3c4b3b1ae6a6534d0ad6e4279d7f9f24cdc9c52" "/opt/rustwide/cargo-home/bin/cargo" "+1.100.0-beta.1" "test" "--frozen" "--no-run" "--message-format=json" "--release", kill_on_drop: false }`
[INFO] [stderr]    Compiling libc v0.2.171
[INFO] [stderr]    Compiling rustix v1.1.2
[INFO] [stderr]    Compiling getrandom v0.3.4
[INFO] [stderr]    Compiling tempfile v3.23.0
[INFO] [stderr]    Compiling lisette-lsp v0.12.4 (/opt/rustwide/workdir)
[INFO] [stdout] error[E0433]: cannot find module or crate `stdlib` in this scope
[INFO] [stdout]     --> tests/lsp.rs:1295:53
[INFO] [stdout]      |
[INFO] [stdout] 1295 |     let typedef_path = pkg.typedef_path(&cache_dir, stdlib::Target::host());
[INFO] [stdout]      |                                                     ^^^^^^ use of unresolved module or unlinked crate `stdlib`
[INFO] [stdout]      |
[INFO] [stdout]      = help: if you wanted to use a crate named `stdlib`, use `cargo add stdlib` to add it to your `Cargo.toml`
[INFO] [stdout] 
[INFO] [stdout] 
[INFO] [stdout] error[E0433]: cannot find module or crate `stdlib` in this scope
[INFO] [stdout]      --> tests/lsp.rs:14052:73
[INFO] [stdout]       |
[INFO] [stdout] 14052 |     let typedef_path = pkg.typedef_path(&deps::typedef_cache_dir(root), stdlib::Target::host());
[INFO] [stdout]       |                                                                         ^^^^^^ use of unresolved module or unlinked crate `stdlib`
[INFO] [stdout]       |
[INFO] [stdout]       = help: if you wanted to use a crate named `stdlib`, use `cargo add stdlib` to add it to your `Cargo.toml`
[INFO] [stdout] 
[INFO] [stdout] 
[INFO] [stdout] error[E0433]: cannot find module or crate `stdlib` in this scope
[INFO] [stdout]      --> tests/lsp.rs:15868:15
[INFO] [stdout]       |
[INFO] [stdout] 15868 |         .join(stdlib::Target::host().cache_segment())
[INFO] [stdout]       |               ^^^^^^ use of unresolved module or unlinked crate `stdlib`
[INFO] [stdout]       |
[INFO] [stdout]       = help: if you wanted to use a crate named `stdlib`, use `cargo add stdlib` to add it to your `Cargo.toml`
[INFO] [stdout] 
[INFO] [stdout] 
[INFO] [stdout] For more information about this error, try `rustc --explain E0433`.
[INFO] [stdout] 
[INFO] [stderr] error: could not compile `lisette-lsp` (test "lsp") due to 3 previous errors
[INFO] [stderr] warning: build failed, waiting for other jobs to finish...
[INFO] running `Command { std: "docker" "inspect" "69d4344eb2caa68444f26188e3c4b3b1ae6a6534d0ad6e4279d7f9f24cdc9c52", kill_on_drop: false }`
[INFO] running `Command { std: "docker" "rm" "-f" "69d4344eb2caa68444f26188e3c4b3b1ae6a6534d0ad6e4279d7f9f24cdc9c52", kill_on_drop: false }`
[INFO] [stdout] 69d4344eb2caa68444f26188e3c4b3b1ae6a6534d0ad6e4279d7f9f24cdc9c52
