[INFO] fetching crate linxal 0.6.0...
[INFO] testing linxal-0.6.0 against 1.100.0-beta.1+cargoflags=--release for beta-release-1.100-2
[INFO] extracting crate linxal 0.6.0 into /workspace/builds/worker-2-tc2/source
[INFO] started tweaking crates.io crate linxal 0.6.0
[INFO] finished tweaking crates.io crate linxal 0.6.0
[INFO] tweaked toml for crates.io crate linxal 0.6.0 written to /workspace/builds/worker-2-tc2/source/Cargo.toml
[INFO] validating manifest of crates.io crate linxal 0.6.0 on toolchain 1.100.0-beta.1
[INFO] running `Command { std: CARGO_HOME="/workspace/cargo-home" RUSTUP_HOME="/workspace/rustup-home" "/workspace/cargo-home/bin/cargo" "+1.100.0-beta.1" "metadata" "--manifest-path" "Cargo.toml" "--no-deps", kill_on_drop: false }`
[INFO] running `Command { std: CARGO_HOME="/workspace/cargo-home" RUSTUP_HOME="/workspace/rustup-home" "/workspace/cargo-home/bin/cargo" "+1.100.0-beta.1" "generate-lockfile" "--manifest-path" "Cargo.toml", kill_on_drop: false }`
[INFO] [stderr]     Updating crates.io index
[INFO] [stderr]      Locking 29 packages to highest compatible versions
[INFO] [stderr]       Adding blas v0.15.5 (available: v0.23.0)
[INFO] [stderr]       Adding blas-sys v0.6.6 (available: v0.6.9)
[INFO] [stderr]       Adding itertools v0.6.5 (available: v0.15.0)
[INFO] [stderr]       Adding lapack v0.11.4 (available: v0.20.0)
[INFO] [stderr]       Adding lapack-sys v0.11.5 (available: v0.11.7)
[INFO] [stderr]       Adding ndarray v0.9.1 (available: v0.17.2)
[INFO] [stderr]       Adding netlib-src v0.6.0 (available: v0.9.0)
[INFO] [stderr]       Adding num-traits v0.1.43 (available: v0.2.19)
[INFO] [stderr]       Adding openblas-src v0.5.6 (available: v0.10.16)
[INFO] [stderr]       Adding rand v0.3.23 (available: v0.10.3)
[INFO] running `Command { std: CARGO_HOME="/workspace/cargo-home" RUSTUP_HOME="/workspace/rustup-home" "/workspace/cargo-home/bin/cargo" "+1.100.0-beta.1" "fetch" "--manifest-path" "Cargo.toml", kill_on_drop: false }`
[INFO] [stderr] warning: Cargo.toml: `package.edition` is unspecified, defaulting to `2015` while the latest is `2024`
[INFO] [stderr] warning: `linxal` (manifest) generated 1 warning
[INFO] running `Command { std: "docker" "create" "-v" "/var/lib/crater-agent-workspace/builds/worker-2-tc2/source:/opt/rustwide/workdir:ro,Z" "-v" "/var/lib/crater-agent-workspace/builds/worker-2-tc2/target:/opt/rustwide/target:rw,Z" "-v" "/var/lib/crater-agent-workspace/cargo-home:/opt/rustwide/cargo-home:ro,Z" "-v" "/var/lib/crater-agent-workspace/rustup-home:/opt/rustwide/rustup-home:ro,Z" "-m" "1610612736" "--network" "none" "ghcr.io/rust-lang/crates-build-env/linux@sha256:77db811e55d90add9212f6832c23229e3de5f1c1f9905e8cb07319ea15df73ac" "sleep" "infinity", kill_on_drop: false }`
[INFO] [stdout] 3e2828b9bc764f1aeca3e86d96ce24d4f34b725d2705c0369faa3fd9436d505e
[INFO] running `Command { std: "docker" "start" "3e2828b9bc764f1aeca3e86d96ce24d4f34b725d2705c0369faa3fd9436d505e", kill_on_drop: false }`
[INFO] running `Command { std: "docker" "inspect" "3e2828b9bc764f1aeca3e86d96ce24d4f34b725d2705c0369faa3fd9436d505e", kill_on_drop: false }`
[INFO] running `Command { std: "docker" "exec" "-e" "SOURCE_DIR=/opt/rustwide/workdir" "-e" "CARGO_HOME=/opt/rustwide/cargo-home" "-e" "RUSTUP_HOME=/opt/rustwide/rustup-home" "-e" "CARGO_TARGET_DIR=/opt/rustwide/target" "-w" "/opt/rustwide/workdir" "--user" "0:0" "3e2828b9bc764f1aeca3e86d96ce24d4f34b725d2705c0369faa3fd9436d505e" "/opt/rustwide/cargo-home/bin/cargo" "+1.100.0-beta.1" "metadata" "--no-deps" "--format-version=1", kill_on_drop: false }`
[INFO] running `Command { std: "docker" "inspect" "3e2828b9bc764f1aeca3e86d96ce24d4f34b725d2705c0369faa3fd9436d505e", kill_on_drop: false }`
[INFO] running `Command { std: "docker" "exec" "-e" "SOURCE_DIR=/opt/rustwide/workdir" "-e" "CARGO_HOME=/opt/rustwide/cargo-home" "-e" "RUSTUP_HOME=/opt/rustwide/rustup-home" "-e" "CARGO_TARGET_DIR=/opt/rustwide/target" "-e" "CARGO_INCREMENTAL=0" "-e" "RUST_BACKTRACE=full" "-e" "RUSTFLAGS=--cap-lints=warn" "-e" "RUSTDOCFLAGS=--cap-lints=warn" "-w" "/opt/rustwide/workdir" "--user" "0:0" "3e2828b9bc764f1aeca3e86d96ce24d4f34b725d2705c0369faa3fd9436d505e" "/opt/rustwide/cargo-home/bin/cargo" "+1.100.0-beta.1" "build" "--frozen" "--message-format=json" "--release", kill_on_drop: false }`
[INFO] [stderr] warning: Cargo.toml: `package.edition` is unspecified, defaulting to `2015` while the latest is `2024`
[INFO] [stderr] warning: `linxal` (manifest) generated 1 warning
[INFO] [stderr]    Compiling openblas-src v0.5.6
[INFO] [stderr]    Compiling num-complex v0.1.44
[INFO] [stderr]    Compiling matrixmultiply v0.1.15
[INFO] [stderr]    Compiling rawpointer v0.1.0
[INFO] [stderr]    Compiling ndarray v0.9.1
[INFO] [stderr]    Compiling num-traits v0.1.43
[INFO] [stderr]    Compiling itertools v0.6.5
[INFO] [stderr] error: failed to run custom build command for `openblas-src v0.5.6`
[INFO] [stderr] note: To improve backtraces for build dependencies, set the CARGO_PROFILE_RELEASE_BUILD_OVERRIDE_DEBUG=true environment variable to enable debug information generation.
[INFO] [stderr] 
[INFO] [stderr] Caused by:
[INFO] [stderr]   process didn't exit successfully: `/opt/rustwide/target/release/build/openblas-src/14acaa58b2b38184/out/build_script_build` (exit status: 101)
[INFO] [stderr]   --- stdout
[INFO] [stderr]   Running: `cd "source" && "make" "libs" "netlib" "shared" "BINARY=64" "YES_CBLAS=1" "YES_LAPACKE=1" "-j16"`
[INFO] [stderr] 
[INFO] [stderr]   --- stderr
[INFO] [stderr]   /usr/bin/x86_64-linux-gnu-ld.bfd: cannot open output file getarch: Read-only file system
[INFO] [stderr]   collect2: error: ld returned 1 exit status
[INFO] [stderr]   make[1]: *** [Makefile.prebuild:54: getarch] Error 1
[INFO] [stderr]   Makefile.system:171: Makefile.conf: No such file or directory
[INFO] [stderr]   make: *** No rule to make target 'Makefile.conf'.  Stop.
[INFO] [stderr] 
[INFO] [stderr]   thread 'main' (192) panicked at /opt/rustwide/cargo-home/registry/src/index.crates.io-1949cf8c6b5b557f/openblas-src-0.5.6/build.rs:50:13:
[INFO] [stderr]   Failed: `cd "source" && "make" "libs" "netlib" "shared" "BINARY=64" "YES_CBLAS=1" "YES_LAPACKE=1" "-j16"` (exit status: 2)
[INFO] [stderr]   stack backtrace:
[INFO] [stderr]      0:     0x5577db101b01 - <<std[617be2ca0a6fd877]::sys::backtrace::BacktraceLock>::print::DisplayBacktrace as core[a373ad73a504971]::fmt::Display>::fmt
[INFO] [stderr]      1:     0x5577db11436a - core[a373ad73a504971]::fmt::write
[INFO] [stderr]      2:     0x5577db10690c - <std[617be2ca0a6fd877]::sys::stdio::unix::Stderr as core[a373ad73a504971]::io::write::Write>::write_fmt
[INFO] [stderr]      3:     0x5577db0e5226 - std[617be2ca0a6fd877]::panicking::default_hook::{closure#0}
[INFO] [stderr]      4:     0x5577db0fdb41 - std[617be2ca0a6fd877]::panicking::default_hook
[INFO] [stderr]      5:     0x5577db0fdcfb - std[617be2ca0a6fd877]::panicking::panic_with_hook
[INFO] [stderr]      6:     0x5577db0e52d2 - std[617be2ca0a6fd877]::panicking::panic_handler::{closure#0}
[INFO] [stderr]      7:     0x5577db0de299 - std[617be2ca0a6fd877]::sys::backtrace::__rust_end_short_backtrace::<std[617be2ca0a6fd877]::panicking::panic_handler::{closure#0}, !>
[INFO] [stderr]      8:     0x5577db0e5c1d - __rustc[ea4f61d10b84890b]::rust_begin_unwind
[INFO] [stderr]      9:     0x5577db114a9c - core[a373ad73a504971]::panicking::panic_fmt
[INFO] [stderr]     10:     0x5577db0cf888 - build_script_build[2f2d5f1f298b8fb4]::run
[INFO] [stderr]     11:     0x5577db0d0313 - build_script_build[2f2d5f1f298b8fb4]::main
[INFO] [stderr]     12:     0x5577db0d2bdb - <fn() as core[a373ad73a504971]::ops::function::FnOnce<()>>::call_once
[INFO] [stderr]     13:     0x5577db0ceee6 - std[617be2ca0a6fd877]::sys::backtrace::__rust_begin_short_backtrace::<fn(), ()>
[INFO] [stderr]     14:     0x5577db0cf589 - std[617be2ca0a6fd877]::rt::lang_start::<()>::{closure#0}
[INFO] [stderr]     15:     0x5577db0fcfb8 - std[617be2ca0a6fd877]::rt::lang_start_internal
[INFO] [stderr]     16:     0x5577db0ce731 - std[617be2ca0a6fd877]::rt::lang_start::<()>
[INFO] [stderr]     17:     0x5577db0d2c45 - main
[INFO] [stderr]     18:     0x73ed5e728601 - <unknown>
[INFO] [stderr]     19:     0x73ed5e728718 - __libc_start_main
[INFO] [stderr]     20:     0x5577db0ccc75 - _start
[INFO] [stderr]     21:                0x0 - <unknown>
[INFO] [stderr] warning: build failed, waiting for other jobs to finish...
[INFO] running `Command { std: "docker" "inspect" "3e2828b9bc764f1aeca3e86d96ce24d4f34b725d2705c0369faa3fd9436d505e", kill_on_drop: false }`
[INFO] running `Command { std: "docker" "rm" "-f" "3e2828b9bc764f1aeca3e86d96ce24d4f34b725d2705c0369faa3fd9436d505e", kill_on_drop: false }`
[INFO] [stdout] 3e2828b9bc764f1aeca3e86d96ce24d4f34b725d2705c0369faa3fd9436d505e
