[INFO] fetching crate linesweeper 0.5.0...
[INFO] testing linesweeper-0.5.0 against 1.99.0-beta.8+cargoflags=--release for beta-release-1.100-2
[INFO] extracting crate linesweeper 0.5.0 into /workspace/builds/worker-0-tc1/source
[INFO] started tweaking crates.io crate linesweeper 0.5.0
[INFO] removed 0 missing examples
[INFO] removed 0 missing tests
[INFO] finished tweaking crates.io crate linesweeper 0.5.0
[INFO] tweaked toml for crates.io crate linesweeper 0.5.0 written to /workspace/builds/worker-0-tc1/source/Cargo.toml
[INFO] validating manifest of crates.io crate linesweeper 0.5.0 on toolchain 1.99.0-beta.8
[INFO] running `Command { std: CARGO_HOME="/workspace/cargo-home" RUSTUP_HOME="/workspace/rustup-home" "/workspace/cargo-home/bin/cargo" "+1.99.0-beta.8" "metadata" "--manifest-path" "Cargo.toml" "--no-deps", kill_on_drop: false }`
[INFO] crate crates.io crate linesweeper 0.5.0 already has a lockfile, it will not be regenerated
[INFO] running `Command { std: CARGO_HOME="/workspace/cargo-home" RUSTUP_HOME="/workspace/rustup-home" "/workspace/cargo-home/bin/cargo" "+1.99.0-beta.8" "fetch" "--manifest-path" "Cargo.toml", kill_on_drop: false }`
[INFO] [stderr]     Updating crates.io index
[INFO] [stderr]  Downloading crates ...
[INFO] [stderr]   Downloaded kurbo v0.13.0
[INFO] [stderr]   Downloaded unarray v0.1.4
[INFO] [stderr]   Downloaded xmlwriter v0.1.0
[INFO] [stderr]   Downloaded rand_xorshift v0.3.0
[INFO] [stderr]   Downloaded escape8259 v0.5.3
[INFO] [stderr]   Downloaded clap_lex v0.7.3
[INFO] [stderr]   Downloaded simplecss v0.2.1
[INFO] [stderr]   Downloaded rusty-fork v0.3.0
[INFO] [stderr]   Downloaded libtest-mimic v0.8.1
[INFO] [stderr]   Downloaded data-url v0.3.1
[INFO] [stderr]   Downloaded proc-macro-error-attr2 v2.0.0
[INFO] [stderr]   Downloaded font-types v0.9.0
[INFO] [stderr]   Downloaded wait-timeout v0.2.0
[INFO] [stderr]   Downloaded clap_derive v4.5.18
[INFO] [stderr]   Downloaded i_tree v0.8.3
[INFO] [stderr]   Downloaded i_shape v1.6.0
[INFO] [stderr]   Downloaded i_key_sort v0.2.0
[INFO] [stderr]   Downloaded assert_matches v1.5.0
[INFO] [stderr]   Downloaded svg v0.18.0
[INFO] [stderr]   Downloaded i_float v1.6.0
[INFO] [stderr]   Downloaded arbtest v0.3.2
[INFO] [stderr]   Downloaded imagesize v0.14.0
[INFO] [stderr]   Downloaded gungraun-macros v0.7.0
[INFO] [stderr]   Downloaded proc-macro-error2 v2.0.1
[INFO] [stderr]   Downloaded clap v4.5.21
[INFO] [stderr]   Downloaded similar v2.6.0
[INFO] [stderr]   Downloaded console v0.15.8
[INFO] [stderr]   Downloaded encode_unicode v0.3.6
[INFO] [stderr]   Downloaded ron v0.7.1
[INFO] [stderr]   Downloaded anyhow v1.0.93
[INFO] [stderr]   Downloaded base64 v0.13.1
[INFO] [stderr]   Downloaded color v0.3.2
[INFO] [stderr]   Downloaded insta v1.41.1
[INFO] [stderr]   Downloaded gungraun v0.17.0
[INFO] [stderr]   Downloaded libm v0.2.11
[INFO] [stderr]   Downloaded png v0.17.16
[INFO] [stderr]   Downloaded clap_builder v4.5.21
[INFO] [stderr]   Downloaded usvg v0.46.0
[INFO] [stderr]   Downloaded proptest v1.5.0
[INFO] [stderr]   Downloaded i_overlay v1.10.0
[INFO] [stderr]   Downloaded skrifa v0.31.0
[INFO] [stderr]   Downloaded gungraun-runner v0.17.0
[INFO] [stderr]   Downloaded read-fonts v0.29.0
[INFO] [stderr]   Downloaded glam v0.29.3
[INFO] [stderr]   Downloaded libc v0.2.182
[INFO] running `Command { std: "docker" "create" "-v" "/var/lib/crater-agent-workspace/builds/worker-0-tc1/source:/opt/rustwide/workdir:ro,Z" "-v" "/var/lib/crater-agent-workspace/builds/worker-0-tc1/target:/opt/rustwide/target:rw,Z" "-v" "/var/lib/crater-agent-workspace/cargo-home:/opt/rustwide/cargo-home:ro,Z" "-v" "/var/lib/crater-agent-workspace/rustup-home:/opt/rustwide/rustup-home:ro,Z" "-m" "1610612736" "--network" "none" "ghcr.io/rust-lang/crates-build-env/linux@sha256:77db811e55d90add9212f6832c23229e3de5f1c1f9905e8cb07319ea15df73ac" "sleep" "infinity", kill_on_drop: false }`
[INFO] [stdout] 3dac42ab9eb86d2811e9555daf93dbb74de8e7f3815dcf3c88a7ca546ee0e672
[INFO] running `Command { std: "docker" "start" "3dac42ab9eb86d2811e9555daf93dbb74de8e7f3815dcf3c88a7ca546ee0e672", kill_on_drop: false }`
[INFO] running `Command { std: "docker" "inspect" "3dac42ab9eb86d2811e9555daf93dbb74de8e7f3815dcf3c88a7ca546ee0e672", kill_on_drop: false }`
[INFO] running `Command { std: "docker" "exec" "-e" "SOURCE_DIR=/opt/rustwide/workdir" "-e" "CARGO_HOME=/opt/rustwide/cargo-home" "-e" "RUSTUP_HOME=/opt/rustwide/rustup-home" "-e" "CARGO_TARGET_DIR=/opt/rustwide/target" "-w" "/opt/rustwide/workdir" "--user" "0:0" "3dac42ab9eb86d2811e9555daf93dbb74de8e7f3815dcf3c88a7ca546ee0e672" "/opt/rustwide/cargo-home/bin/cargo" "+1.99.0-beta.8" "metadata" "--no-deps" "--format-version=1", kill_on_drop: false }`
[INFO] running `Command { std: "docker" "inspect" "3dac42ab9eb86d2811e9555daf93dbb74de8e7f3815dcf3c88a7ca546ee0e672", kill_on_drop: false }`
[INFO] running `Command { std: "docker" "exec" "-e" "SOURCE_DIR=/opt/rustwide/workdir" "-e" "CARGO_HOME=/opt/rustwide/cargo-home" "-e" "RUSTUP_HOME=/opt/rustwide/rustup-home" "-e" "CARGO_TARGET_DIR=/opt/rustwide/target" "-e" "CARGO_INCREMENTAL=0" "-e" "RUST_BACKTRACE=full" "-e" "RUSTFLAGS=--cap-lints=warn" "-e" "RUSTDOCFLAGS=--cap-lints=warn" "-w" "/opt/rustwide/workdir" "--user" "0:0" "3dac42ab9eb86d2811e9555daf93dbb74de8e7f3815dcf3c88a7ca546ee0e672" "/opt/rustwide/cargo-home/bin/cargo" "+1.99.0-beta.8" "build" "--frozen" "--message-format=json" "--release", kill_on_drop: false }`
[INFO] [stderr]    Compiling proc-macro2 v1.0.89
[INFO] [stderr]    Compiling unicode-ident v1.0.14
[INFO] [stderr]    Compiling serde_core v1.0.228
[INFO] [stderr]    Compiling serde v1.0.228
[INFO] [stderr]    Compiling rustc-hash v2.1.1
[INFO] [stderr]    Compiling quote v1.0.37
[INFO] [stderr]    Compiling syn v2.0.87
[INFO] [stderr]    Compiling serde_derive v1.0.228
[INFO] [stderr]    Compiling arrayvec v0.7.6
[INFO] [stderr]    Compiling smallvec v1.15.1
[INFO] [stderr]    Compiling polycool v0.4.0
[INFO] [stderr]    Compiling kurbo v0.13.0
[INFO] [stderr]    Compiling linesweeper v0.5.0 (/opt/rustwide/workdir)
[INFO] [stderr]     Finished `release` profile [optimized] target(s) in 15.40s
[INFO] running `Command { std: "docker" "inspect" "3dac42ab9eb86d2811e9555daf93dbb74de8e7f3815dcf3c88a7ca546ee0e672", kill_on_drop: false }`
[INFO] running `Command { std: "docker" "exec" "-e" "SOURCE_DIR=/opt/rustwide/workdir" "-e" "CARGO_HOME=/opt/rustwide/cargo-home" "-e" "RUSTUP_HOME=/opt/rustwide/rustup-home" "-e" "CARGO_TARGET_DIR=/opt/rustwide/target" "-e" "CARGO_INCREMENTAL=0" "-e" "RUST_BACKTRACE=full" "-e" "RUSTFLAGS=--cap-lints=warn" "-e" "RUSTDOCFLAGS=--cap-lints=warn" "-w" "/opt/rustwide/workdir" "--user" "0:0" "3dac42ab9eb86d2811e9555daf93dbb74de8e7f3815dcf3c88a7ca546ee0e672" "/opt/rustwide/cargo-home/bin/cargo" "+1.99.0-beta.8" "test" "--frozen" "--no-run" "--message-format=json" "--release", kill_on_drop: false }`
[INFO] [stderr]    Compiling proc-macro2 v1.0.89
[INFO] [stderr]    Compiling serde v1.0.228
[INFO] [stderr]    Compiling cfg-if v1.0.0
[INFO] [stderr]    Compiling libc v0.2.182
[INFO] [stderr]    Compiling crossbeam-utils v0.8.21
[INFO] [stderr]    Compiling simd-adler32 v0.3.7
[INFO] [stderr]    Compiling serde_core v1.0.228
[INFO] [stderr]    Compiling serde_json v1.0.138
[INFO] [stderr]    Compiling adler2 v2.0.0
[INFO] [stderr]    Compiling rustix v0.38.41
[INFO] [stderr]    Compiling utf8parse v0.2.2
[INFO] [stderr]    Compiling semver v1.0.27
[INFO] [stderr]    Compiling byteorder v1.5.0
[INFO] [stderr]    Compiling bitflags v2.6.0
[INFO] [stderr]    Compiling autocfg v1.4.0
[INFO] [stderr]    Compiling crc32fast v1.4.2
[INFO] [stderr]    Compiling is_terminal_polyfill v1.70.1
[INFO] [stderr]    Compiling anstyle-parse v0.2.6
[INFO] [stderr]    Compiling anstyle-query v1.1.2
[INFO] [stderr]    Compiling libm v0.2.11
[INFO] [stderr]    Compiling rayon-core v1.12.1
[INFO] [stderr]    Compiling float-cmp v0.9.0
[INFO] [stderr]    Compiling miniz_oxide v0.8.9
[INFO] [stderr]    Compiling linux-raw-sys v0.4.14
[INFO] [stderr]    Compiling bitflags v1.3.2
[INFO] [stderr]    Compiling rustc_version v0.4.1
[INFO] [stderr]    Compiling colorchoice v1.0.3
[INFO] [stderr]    Compiling anstyle v1.0.10
[INFO] [stderr]    Compiling strict-num v0.1.1
[INFO] [stderr]    Compiling log v0.4.22
[INFO] [stderr]    Compiling strsim v0.11.1
[INFO] [stderr]    Compiling clap_lex v0.7.3
[INFO] [stderr]    Compiling once_cell v1.20.2
[INFO] [stderr]    Compiling fastrand v2.2.0
[INFO] [stderr]    Compiling num-traits v0.2.19
[INFO] [stderr]    Compiling gungraun-runner v0.17.0
[INFO] [stderr]    Compiling anstream v0.6.18
[INFO] [stderr]    Compiling gungraun-macros v0.7.0
[INFO] [stderr]    Compiling lazy_static v1.5.0
[INFO] [stderr]    Compiling memchr v2.7.4
[INFO] [stderr]    Compiling ryu v1.0.18
[INFO] [stderr]    Compiling arrayref v0.3.9
[INFO] [stderr]    Compiling itoa v1.0.14
[INFO] [stderr]    Compiling crossbeam-epoch v0.9.18
[INFO] [stderr]    Compiling clap_builder v4.5.21
[INFO] [stderr]    Compiling fdeflate v0.3.7
[INFO] [stderr]    Compiling quick-error v1.2.3
[INFO] [stderr]    Compiling quote v1.0.37
[INFO] [stderr]    Compiling flate2 v1.1.9
[INFO] [stderr]    Compiling fnv v1.0.7
[INFO] [stderr]    Compiling gungraun v0.17.0
[INFO] [stderr]    Compiling syn v2.0.87
[INFO] [stderr]    Compiling siphasher v1.0.1
[INFO] [stderr]    Compiling either v1.13.0
[INFO] [stderr]    Compiling proc-macro-error-attr2 v2.0.0
[INFO] [stderr]    Compiling crossbeam-deque v0.8.6
[INFO] [stderr]    Compiling bit-vec v0.6.3
[INFO] [stderr]    Compiling getrandom v0.2.15
[INFO] [stderr]    Compiling wait-timeout v0.2.0
[INFO] [stderr]    Compiling anyhow v1.0.93
[INFO] [stderr]    Compiling rand_core v0.6.4
[INFO] [stderr]    Compiling base64 v0.13.1
[INFO] [stderr]    Compiling bit-set v0.5.3
[INFO] [stderr]    Compiling roxmltree v0.21.1
[INFO] [stderr]    Compiling console v0.15.8
[INFO] [stderr]    Compiling png v0.17.16
[INFO] [stderr]    Compiling rand_xorshift v0.3.0
[INFO] [stderr]    Compiling simplecss v0.2.1
[INFO] [stderr]    Compiling linked-hash-map v0.5.6
[INFO] [stderr]    Compiling regex-syntax v0.8.5
[INFO] [stderr]    Compiling rayon v1.10.0
[INFO] [stderr]    Compiling imagesize v0.14.0
[INFO] [stderr]    Compiling unarray v0.1.4
[INFO] [stderr]    Compiling pico-args v0.5.0
[INFO] [stderr]    Compiling i_key_sort v0.2.0
[INFO] [stderr]    Compiling i_tree v0.8.3
[INFO] [stderr]    Compiling data-url v0.3.1
[INFO] [stderr]    Compiling xmlwriter v0.1.0
[INFO] [stderr]    Compiling escape8259 v0.5.3
[INFO] [stderr]    Compiling similar v2.6.0
[INFO] [stderr]    Compiling svg v0.18.0
[INFO] [stderr]    Compiling assert_matches v1.5.0
[INFO] [stderr]    Compiling glam v0.29.3
[INFO] [stderr]    Compiling color v0.3.2
[INFO] [stderr]    Compiling glob v0.3.2
[INFO] [stderr]    Compiling tempfile v3.14.0
[INFO] [stderr]    Compiling rusty-fork v0.3.0
[INFO] [stderr]    Compiling proc-macro-error2 v2.0.1
[INFO] [stderr]    Compiling serde_derive v1.0.228
[INFO] [stderr]    Compiling bytemuck_derive v1.10.2
[INFO] [stderr]    Compiling zerocopy-derive v0.7.35
[INFO] [stderr]    Compiling derive_more-impl v2.1.1
[INFO] [stderr]    Compiling derive_arbitrary v1.4.1
[INFO] [stderr]    Compiling clap_derive v4.5.18
[INFO] [stderr]    Compiling arbitrary v1.4.1
[INFO] [stderr]    Compiling zerocopy v0.7.35
[INFO] [stderr]    Compiling bytemuck v1.25.0
[INFO] [stderr]    Compiling tiny-skia-path v0.11.4
[INFO] [stderr]    Compiling font-types v0.9.0
[INFO] [stderr]    Compiling derive_more v2.1.1
[INFO] [stderr]    Compiling ppv-lite86 v0.2.20
[INFO] [stderr]    Compiling arbtest v0.3.2
[INFO] [stderr]    Compiling rand_chacha v0.3.1
[INFO] [stderr]    Compiling read-fonts v0.29.0
[INFO] [stderr]    Compiling clap v4.5.21
[INFO] [stderr]    Compiling libtest-mimic v0.8.1
[INFO] [stderr]    Compiling rand v0.8.5
[INFO] [stderr]    Compiling proptest v1.5.0
[INFO] [stderr]    Compiling arrayvec v0.7.6
[INFO] [stderr]    Compiling smallvec v1.15.1
[INFO] [stderr]    Compiling i_float v1.6.0
[INFO] [stderr]    Compiling bincode v1.3.3
[INFO] [stderr]    Compiling ron v0.7.1
[INFO] [stderr]    Compiling polycool v0.4.0
[INFO] [stderr]    Compiling tiny-skia v0.11.4
[INFO] [stderr]    Compiling i_shape v1.6.0
[INFO] [stderr]    Compiling kurbo v0.13.0
[INFO] [stderr]    Compiling i_overlay v1.10.0
[INFO] [stderr]    Compiling insta v1.41.1
[INFO] [stderr]    Compiling svgtypes v0.16.1
[INFO] [stderr]    Compiling linesweeper v0.5.0 (/opt/rustwide/workdir)
[INFO] [stderr]    Compiling usvg v0.46.0
[INFO] [stderr]    Compiling skrifa v0.31.0
[INFO] [stdout] error[E0432]: unresolved import `linesweeper_util`
[INFO] [stdout]  --> examples/winding-numbers.rs:6:5
[INFO] [stdout]   |
[INFO] [stdout] 6 | use linesweeper_util::svg_to_bezpaths;
[INFO] [stdout]   |     ^^^^^^^^^^^^^^^^ use of unresolved module or unlinked crate `linesweeper_util`
[INFO] [stdout]   |
[INFO] [stdout] help: there is a crate or module with a similar name
[INFO] [stdout]   |
[INFO] [stdout] 6 - use linesweeper_util::svg_to_bezpaths;
[INFO] [stdout] 6 + use linesweeper::svg_to_bezpaths;
[INFO] [stdout]   |
[INFO] [stdout] 
[INFO] [stdout] 
[INFO] [stdout] error[E0432]: unresolved import `linesweeper_util`
[INFO] [stdout]  --> tests/fonts.rs:6:5
[INFO] [stdout]   |
[INFO] [stdout] 6 | use linesweeper_util::outline_to_bezpath;
[INFO] [stdout]   |     ^^^^^^^^^^^^^^^^ use of unresolved module or unlinked crate `linesweeper_util`
[INFO] [stdout]   |
[INFO] [stdout] help: there is a crate or module with a similar name
[INFO] [stdout]   |
[INFO] [stdout] 6 - use linesweeper_util::outline_to_bezpath;
[INFO] [stdout] 6 + use linesweeper::outline_to_bezpath;
[INFO] [stdout]   |
[INFO] [stdout] 
[INFO] [stdout] 
[INFO] [stdout] For more information about this error, try `rustc --explain E0432`.
[INFO] [stdout] 
[INFO] [stderr] error: could not compile `linesweeper` (example "winding-numbers") due to 1 previous error
[INFO] [stderr] warning: build failed, waiting for other jobs to finish...
[INFO] [stdout] For more information about this error, try `rustc --explain E0432`.
[INFO] [stdout] 
[INFO] [stderr] error: could not compile `linesweeper` (test "fonts") due to 1 previous error
[INFO] [stdout] error[E0433]: cannot find module or crate `kompari` in this scope
[INFO] [stdout]    --> tests/snapshots.rs:407:9
[INFO] [stdout]     |
[INFO] [stdout] 407 |         kompari::ImageDifference::None => Ok(()),
[INFO] [stdout]     |         ^^^^^^^ use of unresolved module or unlinked crate `kompari`
[INFO] [stdout]     |
[INFO] [stdout]     = help: if you wanted to use a crate named `kompari`, use `cargo add kompari` to add it to your `Cargo.toml`
[INFO] [stdout] 
[INFO] [stdout] 
[INFO] [stdout] error[E0433]: cannot find module or crate `kompari` in this scope
[INFO] [stdout]    --> tests/snapshots.rs:487:9
[INFO] [stdout]     |
[INFO] [stdout] 487 |         kompari::ImageDifference::None => Ok(()),
[INFO] [stdout]     |         ^^^^^^^ use of unresolved module or unlinked crate `kompari`
[INFO] [stdout]     |
[INFO] [stdout]     = help: if you wanted to use a crate named `kompari`, use `cargo add kompari` to add it to your `Cargo.toml`
[INFO] [stdout] 
[INFO] [stdout] 
[INFO] [stdout] error[E0433]: cannot find module or crate `kompari` in this scope
[INFO] [stdout]    --> tests/snapshots.rs:564:9
[INFO] [stdout]     |
[INFO] [stdout] 564 |         kompari::ImageDifference::None => Ok(()),
[INFO] [stdout]     |         ^^^^^^^ use of unresolved module or unlinked crate `kompari`
[INFO] [stdout]     |
[INFO] [stdout]     = help: if you wanted to use a crate named `kompari`, use `cargo add kompari` to add it to your `Cargo.toml`
[INFO] [stdout] 
[INFO] [stdout] 
[INFO] [stdout] error[E0433]: cannot find module or crate `linesweeper_util` in this scope
[INFO] [stdout]    --> tests/snapshots.rs:357:16
[INFO] [stdout]     |
[INFO] [stdout] 357 |     let bezs = linesweeper_util::svg_to_bezpaths(&tree);
[INFO] [stdout]     |                ^^^^^^^^^^^^^^^^ use of unresolved module or unlinked crate `linesweeper_util`
[INFO] [stdout]     |
[INFO] [stdout] help: there is a crate or module with a similar name
[INFO] [stdout]     |
[INFO] [stdout] 357 -     let bezs = linesweeper_util::svg_to_bezpaths(&tree);
[INFO] [stdout] 357 +     let bezs = linesweeper::svg_to_bezpaths(&tree);
[INFO] [stdout]     |
[INFO] [stdout] 
[INFO] [stdout] 
[INFO] [stdout] error[E0433]: cannot find module or crate `linesweeper_util` in this scope
[INFO] [stdout]    --> tests/snapshots.rs:358:16
[INFO] [stdout]     |
[INFO] [stdout] 358 |     let bbox = linesweeper_util::bezier_bounding_box(bezs.iter());
[INFO] [stdout]     |                ^^^^^^^^^^^^^^^^ use of unresolved module or unlinked crate `linesweeper_util`
[INFO] [stdout]     |
[INFO] [stdout] help: there is a crate or module with a similar name
[INFO] [stdout]     |
[INFO] [stdout] 358 -     let bbox = linesweeper_util::bezier_bounding_box(bezs.iter());
[INFO] [stdout] 358 +     let bbox = linesweeper::bezier_bounding_box(bezs.iter());
[INFO] [stdout]     |
[INFO] [stdout] 
[INFO] [stdout] 
[INFO] [stdout] error[E0433]: cannot find module or crate `kompari` in this scope
[INFO] [stdout]    --> tests/snapshots.rs:404:21
[INFO] [stdout]     |
[INFO] [stdout] 404 |     let new_image = kompari::load_image(&out_path)?;
[INFO] [stdout]     |                     ^^^^^^^ use of unresolved module or unlinked crate `kompari`
[INFO] [stdout]     |
[INFO] [stdout]     = help: if you wanted to use a crate named `kompari`, use `cargo add kompari` to add it to your `Cargo.toml`
[INFO] [stdout] 
[INFO] [stdout] 
[INFO] [stdout] error[E0433]: cannot find module or crate `kompari` in this scope
[INFO] [stdout]    --> tests/snapshots.rs:405:20
[INFO] [stdout]     |
[INFO] [stdout] 405 |     let snapshot = kompari::load_image(&saved_snapshot_path_for(base_path, false))?;
[INFO] [stdout]     |                    ^^^^^^^ use of unresolved module or unlinked crate `kompari`
[INFO] [stdout]     |
[INFO] [stdout]     = help: if you wanted to use a crate named `kompari`, use `cargo add kompari` to add it to your `Cargo.toml`
[INFO] [stdout] 
[INFO] [stdout] 
[INFO] [stdout] error[E0433]: cannot find module or crate `kompari` in this scope
[INFO] [stdout]    --> tests/snapshots.rs:406:11
[INFO] [stdout]     |
[INFO] [stdout] 406 |     match kompari::compare_images(&snapshot, &new_image) {
[INFO] [stdout]     |           ^^^^^^^ use of unresolved module or unlinked crate `kompari`
[INFO] [stdout]     |
[INFO] [stdout]     = help: if you wanted to use a crate named `kompari`, use `cargo add kompari` to add it to your `Cargo.toml`
[INFO] [stdout] 
[INFO] [stdout] 
[INFO] [stdout] error[E0433]: cannot find module or crate `linesweeper_util` in this scope
[INFO] [stdout]    --> tests/snapshots.rs:415:16
[INFO] [stdout]     |
[INFO] [stdout] 415 |     let bezs = linesweeper_util::svg_to_bezpaths(&tree);
[INFO] [stdout]     |                ^^^^^^^^^^^^^^^^ use of unresolved module or unlinked crate `linesweeper_util`
[INFO] [stdout]     |
[INFO] [stdout] help: there is a crate or module with a similar name
[INFO] [stdout]     |
[INFO] [stdout] 415 -     let bezs = linesweeper_util::svg_to_bezpaths(&tree);
[INFO] [stdout] 415 +     let bezs = linesweeper::svg_to_bezpaths(&tree);
[INFO] [stdout]     |
[INFO] [stdout] 
[INFO] [stdout] 
[INFO] [stdout] error[E0433]: cannot find module or crate `linesweeper_util` in this scope
[INFO] [stdout]    --> tests/snapshots.rs:416:16
[INFO] [stdout]     |
[INFO] [stdout] 416 |     let bbox = linesweeper_util::bezier_bounding_box(bezs.iter());
[INFO] [stdout]     |                ^^^^^^^^^^^^^^^^ use of unresolved module or unlinked crate `linesweeper_util`
[INFO] [stdout]     |
[INFO] [stdout] help: there is a crate or module with a similar name
[INFO] [stdout]     |
[INFO] [stdout] 416 -     let bbox = linesweeper_util::bezier_bounding_box(bezs.iter());
[INFO] [stdout] 416 +     let bbox = linesweeper::bezier_bounding_box(bezs.iter());
[INFO] [stdout]     |
[INFO] [stdout] 
[INFO] [stdout] 
[INFO] [stdout] error[E0433]: cannot find module or crate `kompari` in this scope
[INFO] [stdout]    --> tests/snapshots.rs:484:21
[INFO] [stdout]     |
[INFO] [stdout] 484 |     let new_image = kompari::load_image(&out_path)?;
[INFO] [stdout]     |                     ^^^^^^^ use of unresolved module or unlinked crate `kompari`
[INFO] [stdout]     |
[INFO] [stdout]     = help: if you wanted to use a crate named `kompari`, use `cargo add kompari` to add it to your `Cargo.toml`
[INFO] [stdout] 
[INFO] [stdout] 
[INFO] [stdout] error[E0433]: cannot find module or crate `kompari` in this scope
[INFO] [stdout]    --> tests/snapshots.rs:485:20
[INFO] [stdout]     |
[INFO] [stdout] 485 |     let snapshot = kompari::load_image(&saved_snapshot_path_for(base_path, correct))?;
[INFO] [stdout]     |                    ^^^^^^^ use of unresolved module or unlinked crate `kompari`
[INFO] [stdout]     |
[INFO] [stdout]     = help: if you wanted to use a crate named `kompari`, use `cargo add kompari` to add it to your `Cargo.toml`
[INFO] [stdout] 
[INFO] [stdout] 
[INFO] [stdout] error[E0433]: cannot find module or crate `kompari` in this scope
[INFO] [stdout]    --> tests/snapshots.rs:486:11
[INFO] [stdout]     |
[INFO] [stdout] 486 |     match kompari::compare_images(&snapshot, &new_image) {
[INFO] [stdout]     |           ^^^^^^^ use of unresolved module or unlinked crate `kompari`
[INFO] [stdout]     |
[INFO] [stdout]     = help: if you wanted to use a crate named `kompari`, use `cargo add kompari` to add it to your `Cargo.toml`
[INFO] [stdout] 
[INFO] [stdout] 
[INFO] [stdout] error[E0433]: cannot find module or crate `linesweeper_util` in this scope
[INFO] [stdout]    --> tests/snapshots.rs:495:16
[INFO] [stdout]     |
[INFO] [stdout] 495 |     let bezs = linesweeper_util::svg_to_bezpaths(&tree);
[INFO] [stdout]     |                ^^^^^^^^^^^^^^^^ use of unresolved module or unlinked crate `linesweeper_util`
[INFO] [stdout]     |
[INFO] [stdout] help: there is a crate or module with a similar name
[INFO] [stdout]     |
[INFO] [stdout] 495 -     let bezs = linesweeper_util::svg_to_bezpaths(&tree);
[INFO] [stdout] 495 +     let bezs = linesweeper::svg_to_bezpaths(&tree);
[INFO] [stdout]     |
[INFO] [stdout] 
[INFO] [stdout] 
[INFO] [stdout] error[E0433]: cannot find module or crate `linesweeper_util` in this scope
[INFO] [stdout]    --> tests/snapshots.rs:496:16
[INFO] [stdout]     |
[INFO] [stdout] 496 |     let bbox = linesweeper_util::bezier_bounding_box(bezs.iter());
[INFO] [stdout]     |                ^^^^^^^^^^^^^^^^ use of unresolved module or unlinked crate `linesweeper_util`
[INFO] [stdout]     |
[INFO] [stdout] help: there is a crate or module with a similar name
[INFO] [stdout]     |
[INFO] [stdout] 496 -     let bbox = linesweeper_util::bezier_bounding_box(bezs.iter());
[INFO] [stdout] 496 +     let bbox = linesweeper::bezier_bounding_box(bezs.iter());
[INFO] [stdout]     |
[INFO] [stdout] 
[INFO] [stdout] 
[INFO] [stdout] error[E0433]: cannot find module or crate `kompari` in this scope
[INFO] [stdout]    --> tests/snapshots.rs:561:21
[INFO] [stdout]     |
[INFO] [stdout] 561 |     let new_image = kompari::load_image(&out_path)?;
[INFO] [stdout]     |                     ^^^^^^^ use of unresolved module or unlinked crate `kompari`
[INFO] [stdout]     |
[INFO] [stdout]     = help: if you wanted to use a crate named `kompari`, use `cargo add kompari` to add it to your `Cargo.toml`
[INFO] [stdout] 
[INFO] [stdout] 
[INFO] [stdout] error[E0433]: cannot find module or crate `kompari` in this scope
[INFO] [stdout]    --> tests/snapshots.rs:562:20
[INFO] [stdout]     |
[INFO] [stdout] 562 |     let snapshot = kompari::load_image(&saved_snapshot_path_for(base_path, correct))?;
[INFO] [stdout]     |                    ^^^^^^^ use of unresolved module or unlinked crate `kompari`
[INFO] [stdout]     |
[INFO] [stdout]     = help: if you wanted to use a crate named `kompari`, use `cargo add kompari` to add it to your `Cargo.toml`
[INFO] [stdout] 
[INFO] [stdout] 
[INFO] [stdout] error[E0433]: cannot find module or crate `kompari` in this scope
[INFO] [stdout]    --> tests/snapshots.rs:563:11
[INFO] [stdout]     |
[INFO] [stdout] 563 |     match kompari::compare_images(&snapshot, &new_image) {
[INFO] [stdout]     |           ^^^^^^^ use of unresolved module or unlinked crate `kompari`
[INFO] [stdout]     |
[INFO] [stdout]     = help: if you wanted to use a crate named `kompari`, use `cargo add kompari` to add it to your `Cargo.toml`
[INFO] [stdout] 
[INFO] [stdout] 
[INFO] [stdout] For more information about this error, try `rustc --explain E0433`.
[INFO] [stdout] 
[INFO] [stderr] error: could not compile `linesweeper` (test "snapshots") due to 18 previous errors
[INFO] running `Command { std: "docker" "inspect" "3dac42ab9eb86d2811e9555daf93dbb74de8e7f3815dcf3c88a7ca546ee0e672", kill_on_drop: false }`
[INFO] running `Command { std: "docker" "rm" "-f" "3dac42ab9eb86d2811e9555daf93dbb74de8e7f3815dcf3c88a7ca546ee0e672", kill_on_drop: false }`
[INFO] [stdout] 3dac42ab9eb86d2811e9555daf93dbb74de8e7f3815dcf3c88a7ca546ee0e672
