[INFO] fetching crate linera-cache 0.15.23...
[INFO] testing linera-cache-0.15.23 against 1.100.0-beta.1+cargoflags=--release for beta-release-1.100-2
[INFO] extracting crate linera-cache 0.15.23 into /workspace/builds/worker-4-tc2/source
[INFO] started tweaking crates.io crate linera-cache 0.15.23
[INFO] finished tweaking crates.io crate linera-cache 0.15.23
[INFO] tweaked toml for crates.io crate linera-cache 0.15.23 written to /workspace/builds/worker-4-tc2/source/Cargo.toml
[INFO] validating manifest of crates.io crate linera-cache 0.15.23 on toolchain 1.100.0-beta.1
[INFO] running `Command { std: CARGO_HOME="/workspace/cargo-home" RUSTUP_HOME="/workspace/rustup-home" "/workspace/cargo-home/bin/cargo" "+1.100.0-beta.1" "metadata" "--manifest-path" "Cargo.toml" "--no-deps", kill_on_drop: false }`
[INFO] crate crates.io crate linera-cache 0.15.23 already has a lockfile, it will not be regenerated
[INFO] running `Command { std: CARGO_HOME="/workspace/cargo-home" RUSTUP_HOME="/workspace/rustup-home" "/workspace/cargo-home/bin/cargo" "+1.100.0-beta.1" "fetch" "--manifest-path" "Cargo.toml", kill_on_drop: false }`
[INFO] running `Command { std: "docker" "create" "-v" "/var/lib/crater-agent-workspace/builds/worker-4-tc2/source:/opt/rustwide/workdir:ro,Z" "-v" "/var/lib/crater-agent-workspace/builds/worker-4-tc2/target:/opt/rustwide/target:rw,Z" "-v" "/var/lib/crater-agent-workspace/cargo-home:/opt/rustwide/cargo-home:ro,Z" "-v" "/var/lib/crater-agent-workspace/rustup-home:/opt/rustwide/rustup-home:ro,Z" "-m" "1610612736" "--network" "none" "ghcr.io/rust-lang/crates-build-env/linux@sha256:77db811e55d90add9212f6832c23229e3de5f1c1f9905e8cb07319ea15df73ac" "sleep" "infinity", kill_on_drop: false }`
[INFO] [stdout] 8489b2a39d8ff8207cb3c7f37b0a301e8db360bf3c3ab70850456c1abdaad9bb
[INFO] running `Command { std: "docker" "start" "8489b2a39d8ff8207cb3c7f37b0a301e8db360bf3c3ab70850456c1abdaad9bb", kill_on_drop: false }`
[INFO] running `Command { std: "docker" "inspect" "8489b2a39d8ff8207cb3c7f37b0a301e8db360bf3c3ab70850456c1abdaad9bb", kill_on_drop: false }`
[INFO] running `Command { std: "docker" "exec" "-e" "SOURCE_DIR=/opt/rustwide/workdir" "-e" "CARGO_HOME=/opt/rustwide/cargo-home" "-e" "RUSTUP_HOME=/opt/rustwide/rustup-home" "-e" "CARGO_TARGET_DIR=/opt/rustwide/target" "-w" "/opt/rustwide/workdir" "--user" "0:0" "8489b2a39d8ff8207cb3c7f37b0a301e8db360bf3c3ab70850456c1abdaad9bb" "/opt/rustwide/cargo-home/bin/cargo" "+1.100.0-beta.1" "metadata" "--no-deps" "--format-version=1", kill_on_drop: false }`
[INFO] running `Command { std: "docker" "inspect" "8489b2a39d8ff8207cb3c7f37b0a301e8db360bf3c3ab70850456c1abdaad9bb", kill_on_drop: false }`
[INFO] running `Command { std: "docker" "exec" "-e" "SOURCE_DIR=/opt/rustwide/workdir" "-e" "CARGO_HOME=/opt/rustwide/cargo-home" "-e" "RUSTUP_HOME=/opt/rustwide/rustup-home" "-e" "CARGO_TARGET_DIR=/opt/rustwide/target" "-e" "CARGO_INCREMENTAL=0" "-e" "RUST_BACKTRACE=full" "-e" "RUSTFLAGS=--cap-lints=warn" "-e" "RUSTDOCFLAGS=--cap-lints=warn" "-w" "/opt/rustwide/workdir" "--user" "0:0" "8489b2a39d8ff8207cb3c7f37b0a301e8db360bf3c3ab70850456c1abdaad9bb" "/opt/rustwide/cargo-home/bin/cargo" "+1.100.0-beta.1" "build" "--frozen" "--message-format=json" "--release", kill_on_drop: false }`
[INFO] [stderr]    Compiling proc-macro2 v1.0.97
[INFO] [stderr]    Compiling libc v0.2.175
[INFO] [stderr]    Compiling serde_core v1.0.228
[INFO] [stderr]    Compiling memchr v2.7.5
[INFO] [stderr]    Compiling serde v1.0.228
[INFO] [stderr]    Compiling serde_json v1.0.142
[INFO] [stderr]    Compiling thiserror v2.0.17
[INFO] [stderr]    Compiling getrandom v0.3.3
[INFO] [stderr]    Compiling wasm-bindgen-shared v0.2.100
[INFO] [stderr]    Compiling tracing-core v0.1.34
[INFO] [stderr]    Compiling hashbrown v0.15.5
[INFO] [stderr]    Compiling quote v1.0.40
[INFO] [stderr]    Compiling log v0.4.27
[INFO] [stderr]    Compiling smallvec v1.15.1
[INFO] [stderr]    Compiling bumpalo v3.19.0
[INFO] [stderr]    Compiling syn v2.0.105
[INFO] [stderr]    Compiling jobserver v0.1.33
[INFO] [stderr]    Compiling getrandom v0.2.16
[INFO] [stderr]    Compiling semver v1.0.26
[INFO] [stderr]    Compiling syn v1.0.109
[INFO] [stderr]    Compiling rand_core v0.6.4
[INFO] [stderr]    Compiling aho-corasick v1.1.3
[INFO] [stderr]    Compiling cc v1.2.32
[INFO] [stderr]    Compiling ff v0.13.1
[INFO] [stderr]    Compiling mio v1.0.4
[INFO] [stderr]    Compiling signal-hook-registry v1.4.6
[INFO] [stderr]    Compiling lock_api v0.4.13
[INFO] [stderr]    Compiling regex-automata v0.4.9
[INFO] [stderr]    Compiling frunk_core v0.4.4
[INFO] [stderr]    Compiling zstd-sys v2.0.15+zstd.1.5.7
[INFO] [stderr]    Compiling wasm-bindgen v0.2.100
[INFO] [stderr]    Compiling regex-syntax v0.8.5
[INFO] [stderr]    Compiling itoa v1.0.15
[INFO] [stderr]    Compiling ryu v1.0.20
[INFO] [stderr]    Compiling parking_lot_core v0.9.11
[INFO] [stderr]    Compiling rustc_version v0.4.1
[INFO] [stderr]    Compiling group v0.13.0
[INFO] [stderr]    Compiling rand_core v0.9.3
[INFO] [stderr]    Compiling keccak v0.1.6
[INFO] [stderr]    Compiling toml_datetime v0.6.11
[INFO] [stderr]    Compiling winnow v0.7.12
[INFO] [stderr]    Compiling darling_core v0.20.11
[INFO] [stderr]    Compiling wasm-bindgen-backend v0.2.100
[INFO] [stderr]    Compiling regex v1.11.1
[INFO] [stderr]    Compiling serde_derive v1.0.228
[INFO] [stderr]    Compiling zeroize_derive v1.4.2
[INFO] [stderr]    Compiling thiserror-impl v2.0.17
[INFO] [stderr]    Compiling thiserror-impl v1.0.69
[INFO] [stderr]    Compiling zeroize v1.8.1
[INFO] [stderr]    Compiling generic-array v0.14.7
[INFO] [stderr]    Compiling der v0.7.10
[INFO] [stderr]    Compiling futures-macro v0.3.31
[INFO] [stderr]    Compiling crypto-common v0.1.6
[INFO] [stderr]    Compiling block-buffer v0.10.4
[INFO] [stderr]    Compiling pest v2.8.1
[INFO] [stderr]    Compiling digest v0.10.7
[INFO] [stderr]    Compiling thiserror v1.0.69
[INFO] [stderr]    Compiling darling_macro v0.20.11
[INFO] [stderr]    Compiling tracing-attributes v0.1.30
[INFO] [stderr]    Compiling futures-util v0.3.31
[INFO] [stderr]    Compiling spki v0.7.3
[INFO] [stderr]    Compiling darling v0.20.11
[INFO] [stderr]    Compiling signature v2.2.0
[INFO] [stderr]    Compiling tokio-macros v2.5.0
[INFO] [stderr]    Compiling tracing v0.1.41
[INFO] [stderr]    Compiling pkcs8 v0.10.2
[INFO] [stderr]    Compiling wasm-bindgen-macro-support v0.2.100
[INFO] [stderr]    Compiling bytes v1.10.1
[INFO] [stderr]    Compiling indexmap v2.10.0
[INFO] [stderr]    Compiling serdect v0.2.0
[INFO] [stderr]    Compiling wasm-bindgen-macro v0.2.100
[INFO] [stderr]    Compiling sec1 v0.7.3
[INFO] [stderr]    Compiling tokio v1.47.1
[INFO] [stderr]    Compiling pest_meta v2.8.1
[INFO] [stderr]    Compiling hmac v0.12.1
[INFO] [stderr]    Compiling crypto-bigint v0.5.5
[INFO] [stderr]    Compiling frunk_proc_macro_helpers v0.1.4
[INFO] [stderr]    Compiling rustix v1.0.8
[INFO] [stderr]    Compiling async-graphql-value v7.0.17
[INFO] [stderr]    Compiling rfc6979 v0.4.0
[INFO] [stderr]    Compiling futures-executor v0.3.31
[INFO] [stderr]    Compiling pest_generator v2.8.1
[INFO] [stderr]    Compiling elliptic-curve v0.13.8
[INFO] [stderr]    Compiling toml_edit v0.22.27
[INFO] [stderr]    Compiling tracing-serde v0.2.0
[INFO] [stderr]    Compiling sha2 v0.10.9
[INFO] [stderr]    Compiling strum_macros v0.26.4
[INFO] [stderr]    Compiling rand_chacha v0.9.0
[INFO] [stderr]    Compiling curve25519-dalek v4.1.3
[INFO] [stderr]    Compiling proc-macro-error-attr v1.0.4
[INFO] [stderr]    Compiling tracing-log v0.2.0
[INFO] [stderr]    Compiling linera-witty-macros v0.15.23
[INFO] [stderr]    Compiling multer v3.1.0
[INFO] [stderr]    Compiling anstyle-query v1.1.4
[INFO] [stderr]    Compiling protobuf v2.28.0
[INFO] [stderr]    Compiling anyhow v1.0.99
[INFO] [stderr]    Compiling linux-raw-sys v0.9.4
[INFO] [stderr]    Compiling anstyle v1.0.11
[INFO] [stderr]    Compiling Inflector v0.11.4
[INFO] [stderr]    Compiling tracing-subscriber v0.3.19
[INFO] [stderr]    Compiling strum v0.26.3
[INFO] [stderr]    Compiling anstream v0.6.20
[INFO] [stderr]    Compiling parking_lot v0.12.4
[INFO] [stderr]    Compiling proc-macro-error v1.0.4
[INFO] [stderr]    Compiling rand v0.9.2
[INFO] [stderr]    Compiling proc-macro-crate v3.3.0
[INFO] [stderr]    Compiling tokio-stream v0.1.17
[INFO] [stderr]    Compiling js-sys v0.3.77
[INFO] [stderr]    Compiling ecdsa v0.16.9
[INFO] [stderr]    Compiling pest_derive v2.8.1
[INFO] [stderr]    Compiling async-graphql-parser v7.0.17
[INFO] [stderr]    Compiling frunk_derives v0.4.4
[INFO] [stderr]    Compiling frunk_proc_macros v0.1.4
[INFO] [stderr]    Compiling http v1.3.1
[INFO] [stderr]    Compiling opentelemetry v0.30.0
[INFO] [stderr]    Compiling derive_more-impl v2.0.1
[INFO] [stderr]    Compiling curve25519-dalek-derive v0.1.1
[INFO] [stderr]    Compiling async-stream-impl v0.3.6
[INFO] [stderr]    Compiling serde_derive_internals v0.29.1
[INFO] [stderr]    Compiling rand_chacha v0.3.1
[INFO] [stderr]    Compiling linera-witty v0.15.23
[INFO] [stderr]    Compiling byteorder v1.5.0
[INFO] [stderr]    Compiling clap_lex v0.7.5
[INFO] [stderr]    Compiling allocative v0.3.4
[INFO] [stderr]    Compiling prometheus v0.13.4
[INFO] [stderr]    Compiling ruint-macro v1.2.1
[INFO] [stderr]    Compiling spin v0.9.8
[INFO] [stderr]    Compiling ascii_utils v0.9.3
[INFO] [stderr]    Compiling ruint v1.16.0
[INFO] [stderr]    Compiling tsify-macros v0.5.6
[INFO] [stderr]    Compiling fast_chemail v0.9.6
[INFO] [stderr]    Compiling tempfile v3.20.0
[INFO] [stderr]    Compiling frunk v0.4.4
[INFO] [stderr]    Compiling clap_builder v4.5.44
[INFO] [stderr]    Compiling merlin v3.0.0
[INFO] [stderr]    Compiling rand v0.8.5
[INFO] [stderr]    Compiling async-stream v0.3.6
[INFO] [stderr]    Compiling serde_urlencoded v0.7.1
[INFO] [stderr]    Compiling derive_more v2.0.1
[INFO] [stderr]    Compiling opentelemetry_sdk v0.30.0
[INFO] [stderr]    Compiling serde-wasm-bindgen v0.6.5
[INFO] [stderr]    Compiling async-graphql-derive v7.0.17
[INFO] [stderr]    Compiling k256 v0.13.4
[INFO] [stderr]    Compiling handlebars v5.1.2
[INFO] [stderr]    Compiling ed25519 v2.2.3
[INFO] [stderr]    Compiling const-hex v1.14.1
[INFO] [stderr]    Compiling serde_with_macros v3.14.0
[INFO] [stderr]    Compiling sha3 v0.10.8
[INFO] [stderr]    Compiling allocative_derive v0.3.3
[INFO] [stderr]    Compiling clap_derive v4.5.45
[INFO] [stderr]    Compiling async-trait v0.1.88
[INFO] [stderr]    Compiling derive_more-impl v1.0.0
[INFO] [stderr]    Compiling ctor v0.1.26
[INFO] [stderr]    Compiling synstructure v0.13.2
[INFO] [stderr]    Compiling linera-base v0.15.23
[INFO] [stderr]    Compiling futures-timer v3.0.3
[INFO] [stderr]    Compiling rustc-hash v2.1.1
[INFO] [stderr]    Compiling either v1.15.0
[INFO] [stderr]    Compiling static_assertions_next v1.1.2
[INFO] [stderr]    Compiling async-graphql v7.0.17
[INFO] [stderr]    Compiling derive_more v1.0.0
[INFO] [stderr]    Compiling alloy-primitives v1.5.7
[INFO] [stderr]    Compiling custom_debug_derive v0.6.2
[INFO] [stderr]    Compiling clap v4.5.45
[INFO] [stderr]    Compiling serde_with v3.14.0
[INFO] [stderr]    Compiling ed25519-dalek v2.2.0
[INFO] [stderr]    Compiling tracing-opentelemetry v0.31.0
[INFO] [stderr]    Compiling port-selector v0.1.6
[INFO] [stderr]    Compiling tsify v0.5.5
[INFO] [stderr]    Compiling tracing-chrome v0.7.2
[INFO] [stderr]    Compiling chrono v0.4.41
[INFO] [stderr]    Compiling tokio-util v0.7.16
[INFO] [stderr]    Compiling futures v0.3.31
[INFO] [stderr]    Compiling bcs v0.1.6
[INFO] [stderr]    Compiling serde_bytes v0.11.17
[INFO] [stderr]    Compiling serde-name v0.2.1
[INFO] [stderr]    Compiling trait-variant v0.1.2
[INFO] [stderr]    Compiling trait-set v0.3.0
[INFO] [stderr]    Compiling seize v0.5.1
[INFO] [stderr]    Compiling is-terminal v0.4.16
[INFO] [stderr]    Compiling linera-cache v0.15.23 (/opt/rustwide/workdir)
[INFO] [stdout] warning: trailing semicolon in macro used in expression position
[INFO] [stdout]  --> build.rs:5:5
[INFO] [stdout]   |
[INFO] [stdout] 5 | /     cfg_aliases::cfg_aliases! {
[INFO] [stdout] 6 | |         web: { target_arch = "wasm32" },
[INFO] [stdout] 7 | |         with_metrics: { all(not(target_arch = "wasm32"), feature = "metrics") },
[INFO] [stdout] 8 | |         with_testing: { any(test, feature = "test") },
[INFO] [stdout] 9 | |     };
[INFO] [stdout]   | |_____^
[INFO] [stdout]   |
[INFO] [stdout]   = warning: this was previously accepted by the compiler but is being phased out; it will become a hard error in a future release!
[INFO] [stdout]   = note: for more information, see issue #79813 <https://github.com/rust-lang/rust/issues/79813>
[INFO] [stdout]   = note: `#[warn(semicolon_in_expressions_from_non_local_macros)]` (part of `#[warn(future_incompatible)]`) on by default
[INFO] [stdout]   = note: this warning originates in the macro `$crate::cfg_aliases` which comes from the expansion of the macro `cfg_aliases::cfg_aliases` (in Nightly builds, run with -Z macro-backtrace for more info)
[INFO] [stdout] 
[INFO] [stdout] 
[INFO] [stdout] warning: trailing semicolon in macro used in expression position
[INFO] [stdout]  --> build.rs:5:5
[INFO] [stdout]   |
[INFO] [stdout] 5 | /     cfg_aliases::cfg_aliases! {
[INFO] [stdout] 6 | |         web: { target_arch = "wasm32" },
[INFO] [stdout] 7 | |         with_metrics: { all(not(target_arch = "wasm32"), feature = "metrics") },
[INFO] [stdout] 8 | |         with_testing: { any(test, feature = "test") },
[INFO] [stdout] 9 | |     };
[INFO] [stdout]   | |_____^
[INFO] [stdout]   |
[INFO] [stdout]   = warning: this was previously accepted by the compiler but is being phased out; it will become a hard error in a future release!
[INFO] [stdout]   = note: for more information, see issue #79813 <https://github.com/rust-lang/rust/issues/79813>
[INFO] [stdout]   = note: this warning originates in the macro `$crate::cfg_aliases` which comes from the expansion of the macro `cfg_aliases::cfg_aliases` (in Nightly builds, run with -Z macro-backtrace for more info)
[INFO] [stdout] 
[INFO] [stdout] 
[INFO] [stdout] warning: trailing semicolon in macro used in expression position
[INFO] [stdout]  --> build.rs:5:5
[INFO] [stdout]   |
[INFO] [stdout] 5 | /     cfg_aliases::cfg_aliases! {
[INFO] [stdout] 6 | |         web: { target_arch = "wasm32" },
[INFO] [stdout] 7 | |         with_metrics: { all(not(target_arch = "wasm32"), feature = "metrics") },
[INFO] [stdout] 8 | |         with_testing: { any(test, feature = "test") },
[INFO] [stdout] 9 | |     };
[INFO] [stdout]   | |_____^
[INFO] [stdout]   |
[INFO] [stdout]   = warning: this was previously accepted by the compiler but is being phased out; it will become a hard error in a future release!
[INFO] [stdout]   = note: for more information, see issue #79813 <https://github.com/rust-lang/rust/issues/79813>
[INFO] [stdout]   = note: this warning originates in the macro `$crate::cfg_aliases` which comes from the expansion of the macro `cfg_aliases::cfg_aliases` (in Nightly builds, run with -Z macro-backtrace for more info)
[INFO] [stdout] 
[INFO] [stdout] 
[INFO] [stdout] warning: trailing semicolon in macro used in expression position
[INFO] [stdout]  --> build.rs:5:5
[INFO] [stdout]   |
[INFO] [stdout] 5 | /     cfg_aliases::cfg_aliases! {
[INFO] [stdout] 6 | |         web: { target_arch = "wasm32" },
[INFO] [stdout] 7 | |         with_metrics: { all(not(target_arch = "wasm32"), feature = "metrics") },
[INFO] [stdout] 8 | |         with_testing: { any(test, feature = "test") },
[INFO] [stdout] 9 | |     };
[INFO] [stdout]   | |_____^
[INFO] [stdout]   |
[INFO] [stdout]   = warning: this was previously accepted by the compiler but is being phased out; it will become a hard error in a future release!
[INFO] [stdout]   = note: for more information, see issue #79813 <https://github.com/rust-lang/rust/issues/79813>
[INFO] [stdout]   = note: this warning originates in the macro `$crate::cfg_aliases` which comes from the expansion of the macro `cfg_aliases::cfg_aliases` (in Nightly builds, run with -Z macro-backtrace for more info)
[INFO] [stdout] 
[INFO] [stdout] 
[INFO] [stdout] warning: trailing semicolon in macro used in expression position
[INFO] [stdout]  --> build.rs:5:5
[INFO] [stdout]   |
[INFO] [stdout] 5 | /     cfg_aliases::cfg_aliases! {
[INFO] [stdout] 6 | |         web: { target_arch = "wasm32" },
[INFO] [stdout] 7 | |         with_metrics: { all(not(target_arch = "wasm32"), feature = "metrics") },
[INFO] [stdout] 8 | |         with_testing: { any(test, feature = "test") },
[INFO] [stdout] 9 | |     };
[INFO] [stdout]   | |_____^
[INFO] [stdout]   |
[INFO] [stdout]   = warning: this was previously accepted by the compiler but is being phased out; it will become a hard error in a future release!
[INFO] [stdout]   = note: for more information, see issue #79813 <https://github.com/rust-lang/rust/issues/79813>
[INFO] [stdout]   = note: this warning originates in the macro `$crate::cfg_aliases` which comes from the expansion of the macro `cfg_aliases::cfg_aliases` (in Nightly builds, run with -Z macro-backtrace for more info)
[INFO] [stdout] 
[INFO] [stdout] 
[INFO] [stdout] warning: trailing semicolon in macro used in expression position
[INFO] [stdout]  --> build.rs:5:5
[INFO] [stdout]   |
[INFO] [stdout] 5 | /     cfg_aliases::cfg_aliases! {
[INFO] [stdout] 6 | |         web: { target_arch = "wasm32" },
[INFO] [stdout] 7 | |         with_metrics: { all(not(target_arch = "wasm32"), feature = "metrics") },
[INFO] [stdout] 8 | |         with_testing: { any(test, feature = "test") },
[INFO] [stdout] 9 | |     };
[INFO] [stdout]   | |_____^
[INFO] [stdout]   |
[INFO] [stdout]   = warning: this was previously accepted by the compiler but is being phased out; it will become a hard error in a future release!
[INFO] [stdout]   = note: for more information, see issue #79813 <https://github.com/rust-lang/rust/issues/79813>
[INFO] [stdout]   = note: this warning originates in the macro `$crate::cfg_aliases` which comes from the expansion of the macro `cfg_aliases::cfg_aliases` (in Nightly builds, run with -Z macro-backtrace for more info)
[INFO] [stdout] 
[INFO] [stdout] 
[INFO] [stdout] warning: trailing semicolon in macro used in expression position
[INFO] [stdout]  --> build.rs:5:5
[INFO] [stdout]   |
[INFO] [stdout] 5 | /     cfg_aliases::cfg_aliases! {
[INFO] [stdout] 6 | |         web: { target_arch = "wasm32" },
[INFO] [stdout] 7 | |         with_metrics: { all(not(target_arch = "wasm32"), feature = "metrics") },
[INFO] [stdout] 8 | |         with_testing: { any(test, feature = "test") },
[INFO] [stdout] 9 | |     };
[INFO] [stdout]   | |_____^
[INFO] [stdout]   |
[INFO] [stdout]   = warning: this was previously accepted by the compiler but is being phased out; it will become a hard error in a future release!
[INFO] [stdout]   = note: for more information, see issue #79813 <https://github.com/rust-lang/rust/issues/79813>
[INFO] [stdout]   = note: this warning originates in the macro `$crate::cfg_aliases` which comes from the expansion of the macro `cfg_aliases::cfg_aliases` (in Nightly builds, run with -Z macro-backtrace for more info)
[INFO] [stdout] 
[INFO] [stdout] 
[INFO] [stdout] warning: trailing semicolon in macro used in expression position
[INFO] [stdout]  --> build.rs:5:5
[INFO] [stdout]   |
[INFO] [stdout] 5 | /     cfg_aliases::cfg_aliases! {
[INFO] [stdout] 6 | |         web: { target_arch = "wasm32" },
[INFO] [stdout] 7 | |         with_metrics: { all(not(target_arch = "wasm32"), feature = "metrics") },
[INFO] [stdout] 8 | |         with_testing: { any(test, feature = "test") },
[INFO] [stdout] 9 | |     };
[INFO] [stdout]   | |_____^
[INFO] [stdout]   |
[INFO] [stdout]   = warning: this was previously accepted by the compiler but is being phased out; it will become a hard error in a future release!
[INFO] [stdout]   = note: for more information, see issue #79813 <https://github.com/rust-lang/rust/issues/79813>
[INFO] [stdout]   = note: this warning originates in the macro `$crate::cfg_aliases` which comes from the expansion of the macro `cfg_aliases::cfg_aliases` (in Nightly builds, run with -Z macro-backtrace for more info)
[INFO] [stdout] 
[INFO] [stdout] 
[INFO] [stdout] warning: trailing semicolon in macro used in expression position
[INFO] [stdout]  --> build.rs:5:5
[INFO] [stdout]   |
[INFO] [stdout] 5 | /     cfg_aliases::cfg_aliases! {
[INFO] [stdout] 6 | |         web: { target_arch = "wasm32" },
[INFO] [stdout] 7 | |         with_metrics: { all(not(target_arch = "wasm32"), feature = "metrics") },
[INFO] [stdout] 8 | |         with_testing: { any(test, feature = "test") },
[INFO] [stdout] 9 | |     };
[INFO] [stdout]   | |_____^
[INFO] [stdout]   |
[INFO] [stdout]   = warning: this was previously accepted by the compiler but is being phased out; it will become a hard error in a future release!
[INFO] [stdout]   = note: for more information, see issue #79813 <https://github.com/rust-lang/rust/issues/79813>
[INFO] [stdout]   = note: this warning originates in the macro `$crate::cfg_aliases` which comes from the expansion of the macro `cfg_aliases::cfg_aliases` (in Nightly builds, run with -Z macro-backtrace for more info)
[INFO] [stdout] 
[INFO] [stdout] 
[INFO] [stdout] warning: trailing semicolon in macro used in expression position
[INFO] [stdout]  --> build.rs:5:5
[INFO] [stdout]   |
[INFO] [stdout] 5 | /     cfg_aliases::cfg_aliases! {
[INFO] [stdout] 6 | |         web: { target_arch = "wasm32" },
[INFO] [stdout] 7 | |         with_metrics: { all(not(target_arch = "wasm32"), feature = "metrics") },
[INFO] [stdout] 8 | |         with_testing: { any(test, feature = "test") },
[INFO] [stdout] 9 | |     };
[INFO] [stdout]   | |_____^
[INFO] [stdout]   |
[INFO] [stdout]   = warning: this was previously accepted by the compiler but is being phased out; it will become a hard error in a future release!
[INFO] [stdout]   = note: for more information, see issue #79813 <https://github.com/rust-lang/rust/issues/79813>
[INFO] [stdout]   = note: this warning originates in the macro `$crate::cfg_aliases` which comes from the expansion of the macro `cfg_aliases::cfg_aliases` (in Nightly builds, run with -Z macro-backtrace for more info)
[INFO] [stdout] 
[INFO] [stdout] 
[INFO] [stdout] warning: trailing semicolon in macro used in expression position
[INFO] [stdout]  --> build.rs:5:5
[INFO] [stdout]   |
[INFO] [stdout] 5 | /     cfg_aliases::cfg_aliases! {
[INFO] [stdout] 6 | |         web: { target_arch = "wasm32" },
[INFO] [stdout] 7 | |         with_metrics: { all(not(target_arch = "wasm32"), feature = "metrics") },
[INFO] [stdout] 8 | |         with_testing: { any(test, feature = "test") },
[INFO] [stdout] 9 | |     };
[INFO] [stdout]   | |_____^
[INFO] [stdout]   |
[INFO] [stdout]   = warning: this was previously accepted by the compiler but is being phased out; it will become a hard error in a future release!
[INFO] [stdout]   = note: for more information, see issue #79813 <https://github.com/rust-lang/rust/issues/79813>
[INFO] [stdout]   = note: this warning originates in the macro `$crate::cfg_aliases` which comes from the expansion of the macro `cfg_aliases::cfg_aliases` (in Nightly builds, run with -Z macro-backtrace for more info)
[INFO] [stdout] 
[INFO] [stdout] 
[INFO] [stdout] warning: trailing semicolon in macro used in expression position
[INFO] [stdout]  --> build.rs:5:5
[INFO] [stdout]   |
[INFO] [stdout] 5 | /     cfg_aliases::cfg_aliases! {
[INFO] [stdout] 6 | |         web: { target_arch = "wasm32" },
[INFO] [stdout] 7 | |         with_metrics: { all(not(target_arch = "wasm32"), feature = "metrics") },
[INFO] [stdout] 8 | |         with_testing: { any(test, feature = "test") },
[INFO] [stdout] 9 | |     };
[INFO] [stdout]   | |_____^
[INFO] [stdout]   |
[INFO] [stdout]   = warning: this was previously accepted by the compiler but is being phased out; it will become a hard error in a future release!
[INFO] [stdout]   = note: for more information, see issue #79813 <https://github.com/rust-lang/rust/issues/79813>
[INFO] [stdout]   = note: this warning originates in the macro `$crate::cfg_aliases` which comes from the expansion of the macro `cfg_aliases::cfg_aliases` (in Nightly builds, run with -Z macro-backtrace for more info)
[INFO] [stdout] 
[INFO] [stdout] 
[INFO] [stdout] warning: trailing semicolon in macro used in expression position
[INFO] [stdout]  --> build.rs:5:5
[INFO] [stdout]   |
[INFO] [stdout] 5 | /     cfg_aliases::cfg_aliases! {
[INFO] [stdout] 6 | |         web: { target_arch = "wasm32" },
[INFO] [stdout] 7 | |         with_metrics: { all(not(target_arch = "wasm32"), feature = "metrics") },
[INFO] [stdout] 8 | |         with_testing: { any(test, feature = "test") },
[INFO] [stdout] 9 | |     };
[INFO] [stdout]   | |_____^
[INFO] [stdout]   |
[INFO] [stdout]   = warning: this was previously accepted by the compiler but is being phased out; it will become a hard error in a future release!
[INFO] [stdout]   = note: for more information, see issue #79813 <https://github.com/rust-lang/rust/issues/79813>
[INFO] [stdout]   = note: this warning originates in the macro `$crate::cfg_aliases` which comes from the expansion of the macro `cfg_aliases::cfg_aliases` (in Nightly builds, run with -Z macro-backtrace for more info)
[INFO] [stdout] 
[INFO] [stdout] 
[INFO] [stderr]    Compiling hashbrown v0.16.1
[INFO] [stderr]    Compiling papaya v0.2.3
[INFO] [stderr]    Compiling lru v0.15.0
[INFO] [stderr]    Compiling quick_cache v0.6.20
[INFO] [stderr]    Compiling zstd-safe v7.2.4
[INFO] [stderr]    Compiling zstd v0.13.3
[INFO] [stderr]     Finished `release` profile [optimized] target(s) in 7m 03s
[INFO] [stderr] warning: the following packages contain code that will be rejected by a future version of Rust: linera-base v0.15.23, linera-cache v0.15.23 (/opt/rustwide/workdir), linera-witty v0.15.23, linera-witty-macros v0.15.23
[INFO] [stderr] note: to see what the problems were, use the option `--future-incompat-report`, or run `cargo report future-incompatibilities --id 6`
[INFO] running `Command { std: "docker" "inspect" "8489b2a39d8ff8207cb3c7f37b0a301e8db360bf3c3ab70850456c1abdaad9bb", kill_on_drop: false }`
[INFO] running `Command { std: "docker" "exec" "-e" "SOURCE_DIR=/opt/rustwide/workdir" "-e" "CARGO_HOME=/opt/rustwide/cargo-home" "-e" "RUSTUP_HOME=/opt/rustwide/rustup-home" "-e" "CARGO_TARGET_DIR=/opt/rustwide/target" "-e" "CARGO_INCREMENTAL=0" "-e" "RUST_BACKTRACE=full" "-e" "RUSTFLAGS=--cap-lints=warn" "-e" "RUSTDOCFLAGS=--cap-lints=warn" "-w" "/opt/rustwide/workdir" "--user" "0:0" "8489b2a39d8ff8207cb3c7f37b0a301e8db360bf3c3ab70850456c1abdaad9bb" "/opt/rustwide/cargo-home/bin/cargo" "+1.100.0-beta.1" "test" "--frozen" "--no-run" "--message-format=json" "--release", kill_on_drop: false }`
[INFO] [stdout] warning: trailing semicolon in macro used in expression position
[INFO] [stdout]  --> build.rs:5:5
[INFO] [stdout]   |
[INFO] [stdout] 5 | /     cfg_aliases::cfg_aliases! {
[INFO] [stdout] 6 | |         web: { target_arch = "wasm32" },
[INFO] [stdout] 7 | |         with_metrics: { all(not(target_arch = "wasm32"), feature = "metrics") },
[INFO] [stdout] 8 | |         with_testing: { any(test, feature = "test") },
[INFO] [stdout] 9 | |     };
[INFO] [stdout]   | |_____^
[INFO] [stdout]   |
[INFO] [stdout]   = warning: this was previously accepted by the compiler but is being phased out; it will become a hard error in a future release!
[INFO] [stdout]   = note: for more information, see issue #79813 <https://github.com/rust-lang/rust/issues/79813>
[INFO] [stdout]   = note: `#[warn(semicolon_in_expressions_from_non_local_macros)]` (part of `#[warn(future_incompatible)]`) on by default
[INFO] [stdout]   = note: this warning originates in the macro `$crate::cfg_aliases` which comes from the expansion of the macro `cfg_aliases::cfg_aliases` (in Nightly builds, run with -Z macro-backtrace for more info)
[INFO] [stdout] 
[INFO] [stdout] 
[INFO] [stdout] warning: trailing semicolon in macro used in expression position
[INFO] [stdout]  --> build.rs:5:5
[INFO] [stdout]   |
[INFO] [stdout] 5 | /     cfg_aliases::cfg_aliases! {
[INFO] [stdout] 6 | |         web: { target_arch = "wasm32" },
[INFO] [stdout] 7 | |         with_metrics: { all(not(target_arch = "wasm32"), feature = "metrics") },
[INFO] [stdout] 8 | |         with_testing: { any(test, feature = "test") },
[INFO] [stdout] 9 | |     };
[INFO] [stdout]   | |_____^
[INFO] [stdout]   |
[INFO] [stdout]   = warning: this was previously accepted by the compiler but is being phased out; it will become a hard error in a future release!
[INFO] [stdout]   = note: for more information, see issue #79813 <https://github.com/rust-lang/rust/issues/79813>
[INFO] [stdout]   = note: this warning originates in the macro `$crate::cfg_aliases` which comes from the expansion of the macro `cfg_aliases::cfg_aliases` (in Nightly builds, run with -Z macro-backtrace for more info)
[INFO] [stdout] 
[INFO] [stdout] 
[INFO] [stdout] warning: trailing semicolon in macro used in expression position
[INFO] [stdout]  --> build.rs:5:5
[INFO] [stdout]   |
[INFO] [stdout] 5 | /     cfg_aliases::cfg_aliases! {
[INFO] [stdout] 6 | |         web: { target_arch = "wasm32" },
[INFO] [stdout] 7 | |         with_metrics: { all(not(target_arch = "wasm32"), feature = "metrics") },
[INFO] [stdout] 8 | |         with_testing: { any(test, feature = "test") },
[INFO] [stdout] 9 | |     };
[INFO] [stdout]   | |_____^
[INFO] [stdout]   |
[INFO] [stdout]   = warning: this was previously accepted by the compiler but is being phased out; it will become a hard error in a future release!
[INFO] [stdout]   = note: for more information, see issue #79813 <https://github.com/rust-lang/rust/issues/79813>
[INFO] [stdout]   = note: this warning originates in the macro `$crate::cfg_aliases` which comes from the expansion of the macro `cfg_aliases::cfg_aliases` (in Nightly builds, run with -Z macro-backtrace for more info)
[INFO] [stdout] 
[INFO] [stdout] 
[INFO] [stdout] warning: trailing semicolon in macro used in expression position
[INFO] [stdout]  --> build.rs:5:5
[INFO] [stdout]   |
[INFO] [stdout] 5 | /     cfg_aliases::cfg_aliases! {
[INFO] [stdout] 6 | |         web: { target_arch = "wasm32" },
[INFO] [stdout] 7 | |         with_metrics: { all(not(target_arch = "wasm32"), feature = "metrics") },
[INFO] [stdout] 8 | |         with_testing: { any(test, feature = "test") },
[INFO] [stdout] 9 | |     };
[INFO] [stdout]   | |_____^
[INFO] [stdout]   |
[INFO] [stdout]   = warning: this was previously accepted by the compiler but is being phased out; it will become a hard error in a future release!
[INFO] [stdout]   = note: for more information, see issue #79813 <https://github.com/rust-lang/rust/issues/79813>
[INFO] [stdout]   = note: this warning originates in the macro `$crate::cfg_aliases` which comes from the expansion of the macro `cfg_aliases::cfg_aliases` (in Nightly builds, run with -Z macro-backtrace for more info)
[INFO] [stdout] 
[INFO] [stdout] 
[INFO] [stdout] warning: trailing semicolon in macro used in expression position
[INFO] [stdout]  --> build.rs:5:5
[INFO] [stdout]   |
[INFO] [stdout] 5 | /     cfg_aliases::cfg_aliases! {
[INFO] [stdout] 6 | |         web: { target_arch = "wasm32" },
[INFO] [stdout] 7 | |         with_metrics: { all(not(target_arch = "wasm32"), feature = "metrics") },
[INFO] [stdout] 8 | |         with_testing: { any(test, feature = "test") },
[INFO] [stdout] 9 | |     };
[INFO] [stdout]   | |_____^
[INFO] [stdout]   |
[INFO] [stdout]   = warning: this was previously accepted by the compiler but is being phased out; it will become a hard error in a future release!
[INFO] [stdout]   = note: for more information, see issue #79813 <https://github.com/rust-lang/rust/issues/79813>
[INFO] [stdout]   = note: this warning originates in the macro `$crate::cfg_aliases` which comes from the expansion of the macro `cfg_aliases::cfg_aliases` (in Nightly builds, run with -Z macro-backtrace for more info)
[INFO] [stdout] 
[INFO] [stdout] 
[INFO] [stdout] warning: trailing semicolon in macro used in expression position
[INFO] [stdout]  --> build.rs:5:5
[INFO] [stdout]   |
[INFO] [stdout] 5 | /     cfg_aliases::cfg_aliases! {
[INFO] [stdout] 6 | |         web: { target_arch = "wasm32" },
[INFO] [stdout] 7 | |         with_metrics: { all(not(target_arch = "wasm32"), feature = "metrics") },
[INFO] [stdout] 8 | |         with_testing: { any(test, feature = "test") },
[INFO] [stdout] 9 | |     };
[INFO] [stdout]   | |_____^
[INFO] [stdout]   |
[INFO] [stdout]   = warning: this was previously accepted by the compiler but is being phased out; it will become a hard error in a future release!
[INFO] [stdout]   = note: for more information, see issue #79813 <https://github.com/rust-lang/rust/issues/79813>
[INFO] [stdout]   = note: this warning originates in the macro `$crate::cfg_aliases` which comes from the expansion of the macro `cfg_aliases::cfg_aliases` (in Nightly builds, run with -Z macro-backtrace for more info)
[INFO] [stdout] 
[INFO] [stdout] 
[INFO] [stdout] warning: trailing semicolon in macro used in expression position
[INFO] [stdout]  --> build.rs:5:5
[INFO] [stdout]   |
[INFO] [stdout] 5 | /     cfg_aliases::cfg_aliases! {
[INFO] [stdout] 6 | |         web: { target_arch = "wasm32" },
[INFO] [stdout] 7 | |         with_metrics: { all(not(target_arch = "wasm32"), feature = "metrics") },
[INFO] [stdout] 8 | |         with_testing: { any(test, feature = "test") },
[INFO] [stdout] 9 | |     };
[INFO] [stdout]   | |_____^
[INFO] [stdout]   |
[INFO] [stdout]   = warning: this was previously accepted by the compiler but is being phased out; it will become a hard error in a future release!
[INFO] [stdout]   = note: for more information, see issue #79813 <https://github.com/rust-lang/rust/issues/79813>
[INFO] [stdout]   = note: this warning originates in the macro `$crate::cfg_aliases` which comes from the expansion of the macro `cfg_aliases::cfg_aliases` (in Nightly builds, run with -Z macro-backtrace for more info)
[INFO] [stdout] 
[INFO] [stdout] 
[INFO] [stdout] warning: trailing semicolon in macro used in expression position
[INFO] [stdout]  --> build.rs:5:5
[INFO] [stdout]   |
[INFO] [stdout] 5 | /     cfg_aliases::cfg_aliases! {
[INFO] [stdout] 6 | |         web: { target_arch = "wasm32" },
[INFO] [stdout] 7 | |         with_metrics: { all(not(target_arch = "wasm32"), feature = "metrics") },
[INFO] [stdout] 8 | |         with_testing: { any(test, feature = "test") },
[INFO] [stdout] 9 | |     };
[INFO] [stdout]   | |_____^
[INFO] [stdout]   |
[INFO] [stdout]   = warning: this was previously accepted by the compiler but is being phased out; it will become a hard error in a future release!
[INFO] [stdout]   = note: for more information, see issue #79813 <https://github.com/rust-lang/rust/issues/79813>
[INFO] [stdout]   = note: this warning originates in the macro `$crate::cfg_aliases` which comes from the expansion of the macro `cfg_aliases::cfg_aliases` (in Nightly builds, run with -Z macro-backtrace for more info)
[INFO] [stdout] 
[INFO] [stdout] 
[INFO] [stdout] warning: trailing semicolon in macro used in expression position
[INFO] [stdout]  --> build.rs:5:5
[INFO] [stdout]   |
[INFO] [stdout] 5 | /     cfg_aliases::cfg_aliases! {
[INFO] [stdout] 6 | |         web: { target_arch = "wasm32" },
[INFO] [stdout] 7 | |         with_metrics: { all(not(target_arch = "wasm32"), feature = "metrics") },
[INFO] [stdout] 8 | |         with_testing: { any(test, feature = "test") },
[INFO] [stdout] 9 | |     };
[INFO] [stdout]   | |_____^
[INFO] [stdout]   |
[INFO] [stdout]   = warning: this was previously accepted by the compiler but is being phased out; it will become a hard error in a future release!
[INFO] [stdout]   = note: for more information, see issue #79813 <https://github.com/rust-lang/rust/issues/79813>
[INFO] [stdout]   = note: this warning originates in the macro `$crate::cfg_aliases` which comes from the expansion of the macro `cfg_aliases::cfg_aliases` (in Nightly builds, run with -Z macro-backtrace for more info)
[INFO] [stdout] 
[INFO] [stdout] 
[INFO] [stdout] warning: trailing semicolon in macro used in expression position
[INFO] [stdout]  --> build.rs:5:5
[INFO] [stdout]   |
[INFO] [stdout] 5 | /     cfg_aliases::cfg_aliases! {
[INFO] [stdout] 6 | |         web: { target_arch = "wasm32" },
[INFO] [stdout] 7 | |         with_metrics: { all(not(target_arch = "wasm32"), feature = "metrics") },
[INFO] [stdout] 8 | |         with_testing: { any(test, feature = "test") },
[INFO] [stdout] 9 | |     };
[INFO] [stdout]   | |_____^
[INFO] [stdout]   |
[INFO] [stdout]   = warning: this was previously accepted by the compiler but is being phased out; it will become a hard error in a future release!
[INFO] [stdout]   = note: for more information, see issue #79813 <https://github.com/rust-lang/rust/issues/79813>
[INFO] [stdout]   = note: this warning originates in the macro `$crate::cfg_aliases` which comes from the expansion of the macro `cfg_aliases::cfg_aliases` (in Nightly builds, run with -Z macro-backtrace for more info)
[INFO] [stdout] 
[INFO] [stdout] 
[INFO] [stdout] warning: trailing semicolon in macro used in expression position
[INFO] [stdout]  --> build.rs:5:5
[INFO] [stdout]   |
[INFO] [stdout] 5 | /     cfg_aliases::cfg_aliases! {
[INFO] [stdout] 6 | |         web: { target_arch = "wasm32" },
[INFO] [stdout] 7 | |         with_metrics: { all(not(target_arch = "wasm32"), feature = "metrics") },
[INFO] [stdout] 8 | |         with_testing: { any(test, feature = "test") },
[INFO] [stdout] 9 | |     };
[INFO] [stdout]   | |_____^
[INFO] [stdout]   |
[INFO] [stdout]   = warning: this was previously accepted by the compiler but is being phased out; it will become a hard error in a future release!
[INFO] [stdout]   = note: for more information, see issue #79813 <https://github.com/rust-lang/rust/issues/79813>
[INFO] [stdout]   = note: this warning originates in the macro `$crate::cfg_aliases` which comes from the expansion of the macro `cfg_aliases::cfg_aliases` (in Nightly builds, run with -Z macro-backtrace for more info)
[INFO] [stdout] 
[INFO] [stdout] 
[INFO] [stdout] warning: trailing semicolon in macro used in expression position
[INFO] [stdout]  --> build.rs:5:5
[INFO] [stdout]   |
[INFO] [stdout] 5 | /     cfg_aliases::cfg_aliases! {
[INFO] [stdout] 6 | |         web: { target_arch = "wasm32" },
[INFO] [stdout] 7 | |         with_metrics: { all(not(target_arch = "wasm32"), feature = "metrics") },
[INFO] [stdout] 8 | |         with_testing: { any(test, feature = "test") },
[INFO] [stdout] 9 | |     };
[INFO] [stdout]   | |_____^
[INFO] [stdout]   |
[INFO] [stdout]   = warning: this was previously accepted by the compiler but is being phased out; it will become a hard error in a future release!
[INFO] [stdout]   = note: for more information, see issue #79813 <https://github.com/rust-lang/rust/issues/79813>
[INFO] [stdout]   = note: this warning originates in the macro `$crate::cfg_aliases` which comes from the expansion of the macro `cfg_aliases::cfg_aliases` (in Nightly builds, run with -Z macro-backtrace for more info)
[INFO] [stdout] 
[INFO] [stdout] 
[INFO] [stdout] warning: trailing semicolon in macro used in expression position
[INFO] [stdout]  --> build.rs:5:5
[INFO] [stdout]   |
[INFO] [stdout] 5 | /     cfg_aliases::cfg_aliases! {
[INFO] [stdout] 6 | |         web: { target_arch = "wasm32" },
[INFO] [stdout] 7 | |         with_metrics: { all(not(target_arch = "wasm32"), feature = "metrics") },
[INFO] [stdout] 8 | |         with_testing: { any(test, feature = "test") },
[INFO] [stdout] 9 | |     };
[INFO] [stdout]   | |_____^
[INFO] [stdout]   |
[INFO] [stdout]   = warning: this was previously accepted by the compiler but is being phased out; it will become a hard error in a future release!
[INFO] [stdout]   = note: for more information, see issue #79813 <https://github.com/rust-lang/rust/issues/79813>
[INFO] [stdout]   = note: this warning originates in the macro `$crate::cfg_aliases` which comes from the expansion of the macro `cfg_aliases::cfg_aliases` (in Nightly builds, run with -Z macro-backtrace for more info)
[INFO] [stdout] 
[INFO] [stdout] 
[INFO] [stderr]    Compiling linera-cache v0.15.23 (/opt/rustwide/workdir)
[INFO] [stdout] error[E0599]: no associated function or constant named `test_hash` found for struct `CryptoHash` in the current scope
[INFO] [stdout]    --> src/value_cache.rs:375:32
[INFO] [stdout]     |
[INFO] [stdout] 375 |         let hash = CryptoHash::test_hash("Missing value");
[INFO] [stdout]     |                                ^^^^^^^^^ associated function or constant not found in `CryptoHash`
[INFO] [stdout]     |
[INFO] [stdout] note: if you're trying to build a new `CryptoHash`, consider using `CryptoHash::new` which returns `CryptoHash`
[INFO] [stdout]    --> /opt/rustwide/cargo-home/registry/src/index.crates.io-1949cf8c6b5b557f/linera-base-0.15.23/src/crypto/hash.rs:50:5
[INFO] [stdout]     |
[INFO] [stdout]  50 |     pub fn new<'de, T: BcsHashable<'de>>(value: &T) -> Self {
[INFO] [stdout]     |     ^^^^^^^^^^^^^^^^^^^^^^^^^^^^^^^^^^^^^^^^^^^^^^^^^^^^^^^
[INFO] [stdout] 
[INFO] [stdout] 
[INFO] [stdout] error[E0599]: no method named `insert_all_hashed` found for struct `ValueCache<K, V>` in the current scope
[INFO] [stdout]    --> src/value_cache.rs:408:16
[INFO] [stdout]     |
[INFO] [stdout]  36 | pub struct ValueCache<K, V> {
[INFO] [stdout]     | --------------------------- method `insert_all_hashed` not found for this struct
[INFO] [stdout] ...
[INFO] [stdout] 408 |         cache2.insert_all_hashed(values.iter().map(Cow::Borrowed));
[INFO] [stdout]     |                ^^^^^^^^^^^^^^^^^
[INFO] [stdout]     |
[INFO] [stdout] help: there is a method `insert_hashed` with a similar name
[INFO] [stdout]     |
[INFO] [stdout] 408 -         cache2.insert_all_hashed(values.iter().map(Cow::Borrowed));
[INFO] [stdout] 408 +         cache2.insert_hashed(values.iter().map(Cow::Borrowed));
[INFO] [stdout]     |
[INFO] [stdout] 
[INFO] [stdout] 
[INFO] [stdout] error[E0599]: no method named `cleanup_dead_entries` found for struct `ValueCache<K, V>` in the current scope
[INFO] [stdout]    --> src/value_cache.rs:584:15
[INFO] [stdout]     |
[INFO] [stdout]  36 | pub struct ValueCache<K, V> {
[INFO] [stdout]     | --------------------------- method `cleanup_dead_entries` not found for this struct
[INFO] [stdout] ...
[INFO] [stdout] 584 |         cache.cleanup_dead_entries();
[INFO] [stdout]     |               ^^^^^^^^^^^^^^^^^^^^ method not found in `ValueCache<u64, std::string::String>`
[INFO] [stdout] 
[INFO] [stdout] 
[INFO] [stdout] For more information about this error, try `rustc --explain E0599`.
[INFO] [stdout] 
[INFO] [stderr] error: could not compile `linera-cache` (lib test) due to 3 previous errors
[INFO] running `Command { std: "docker" "inspect" "8489b2a39d8ff8207cb3c7f37b0a301e8db360bf3c3ab70850456c1abdaad9bb", kill_on_drop: false }`
[INFO] running `Command { std: "docker" "rm" "-f" "8489b2a39d8ff8207cb3c7f37b0a301e8db360bf3c3ab70850456c1abdaad9bb", kill_on_drop: false }`
[INFO] [stdout] 8489b2a39d8ff8207cb3c7f37b0a301e8db360bf3c3ab70850456c1abdaad9bb
