[INFO] fetching crate lightswitch-metadata 0.3.1...
[INFO] testing lightswitch-metadata-0.3.1 against 1.99.0-beta.8+cargoflags=--release for beta-release-1.100-2
[INFO] extracting crate lightswitch-metadata 0.3.1 into /workspace/builds/worker-4-tc1/source
[INFO] started tweaking crates.io crate lightswitch-metadata 0.3.1
[INFO] finished tweaking crates.io crate lightswitch-metadata 0.3.1
[INFO] tweaked toml for crates.io crate lightswitch-metadata 0.3.1 written to /workspace/builds/worker-4-tc1/source/Cargo.toml
[INFO] validating manifest of crates.io crate lightswitch-metadata 0.3.1 on toolchain 1.99.0-beta.8
[INFO] running `Command { std: CARGO_HOME="/workspace/cargo-home" RUSTUP_HOME="/workspace/rustup-home" "/workspace/cargo-home/bin/cargo" "+1.99.0-beta.8" "metadata" "--manifest-path" "Cargo.toml" "--no-deps", kill_on_drop: false }`
[INFO] crate crates.io crate lightswitch-metadata 0.3.1 already has a lockfile, it will not be regenerated
[INFO] running `Command { std: CARGO_HOME="/workspace/cargo-home" RUSTUP_HOME="/workspace/rustup-home" "/workspace/cargo-home/bin/cargo" "+1.99.0-beta.8" "fetch" "--manifest-path" "Cargo.toml", kill_on_drop: false }`
[INFO] [stderr]     Updating crates.io index
[INFO] [stderr]  Downloading crates ...
[INFO] [stderr]   Downloaded kube v4.2.0
[INFO] [stderr]   Downloaded mini-moka v0.10.3
[INFO] [stderr]   Downloaded kube-runtime v4.2.0
[INFO] [stderr]   Downloaded encoding_rs_io v0.1.8
[INFO] [stderr]   Downloaded annotate-snippets v0.12.5
[INFO] [stderr]   Downloaded kube-core v4.2.0
[INFO] [stderr]   Downloaded kube-client v4.2.0
[INFO] [stderr]   Downloaded jsonpath-rust v1.0.11
[INFO] [stderr]   Downloaded jsonptr v0.7.1
[INFO] [stderr]   Downloaded granit-parser v0.0.7
[INFO] [stderr]   Downloaded json-patch v4.2.0
[INFO] [stderr]   Downloaded serde-saphyr v0.0.29
[INFO] [stderr]   Downloaded kube-derive v4.2.0
[INFO] [stderr]   Downloaded k8s-openapi v0.28.0
[INFO] running `Command { std: "docker" "create" "-v" "/var/lib/crater-agent-workspace/builds/worker-4-tc1/source:/opt/rustwide/workdir:ro,Z" "-v" "/var/lib/crater-agent-workspace/builds/worker-4-tc1/target:/opt/rustwide/target:rw,Z" "-v" "/var/lib/crater-agent-workspace/cargo-home:/opt/rustwide/cargo-home:ro,Z" "-v" "/var/lib/crater-agent-workspace/rustup-home:/opt/rustwide/rustup-home:ro,Z" "-m" "1610612736" "--network" "none" "ghcr.io/rust-lang/crates-build-env/linux@sha256:77db811e55d90add9212f6832c23229e3de5f1c1f9905e8cb07319ea15df73ac" "sleep" "infinity", kill_on_drop: false }`
[INFO] [stdout] f7c51b795cb411a018acbd3a5d103d1989e5e0d3a6d68ad01580bd3165b61864
[INFO] running `Command { std: "docker" "start" "f7c51b795cb411a018acbd3a5d103d1989e5e0d3a6d68ad01580bd3165b61864", kill_on_drop: false }`
[INFO] running `Command { std: "docker" "inspect" "f7c51b795cb411a018acbd3a5d103d1989e5e0d3a6d68ad01580bd3165b61864", kill_on_drop: false }`
[INFO] running `Command { std: "docker" "exec" "-e" "SOURCE_DIR=/opt/rustwide/workdir" "-e" "CARGO_HOME=/opt/rustwide/cargo-home" "-e" "RUSTUP_HOME=/opt/rustwide/rustup-home" "-e" "CARGO_TARGET_DIR=/opt/rustwide/target" "-w" "/opt/rustwide/workdir" "--user" "0:0" "f7c51b795cb411a018acbd3a5d103d1989e5e0d3a6d68ad01580bd3165b61864" "/opt/rustwide/cargo-home/bin/cargo" "+1.99.0-beta.8" "metadata" "--no-deps" "--format-version=1", kill_on_drop: false }`
[INFO] running `Command { std: "docker" "inspect" "f7c51b795cb411a018acbd3a5d103d1989e5e0d3a6d68ad01580bd3165b61864", kill_on_drop: false }`
[INFO] running `Command { std: "docker" "exec" "-e" "SOURCE_DIR=/opt/rustwide/workdir" "-e" "CARGO_HOME=/opt/rustwide/cargo-home" "-e" "RUSTUP_HOME=/opt/rustwide/rustup-home" "-e" "CARGO_TARGET_DIR=/opt/rustwide/target" "-e" "CARGO_INCREMENTAL=0" "-e" "RUST_BACKTRACE=full" "-e" "RUSTFLAGS=--cap-lints=warn" "-e" "RUSTDOCFLAGS=--cap-lints=warn" "-w" "/opt/rustwide/workdir" "--user" "0:0" "f7c51b795cb411a018acbd3a5d103d1989e5e0d3a6d68ad01580bd3165b61864" "/opt/rustwide/cargo-home/bin/cargo" "+1.99.0-beta.8" "build" "--frozen" "--message-format=json" "--release", kill_on_drop: false }`
[INFO] [stderr]    Compiling num-traits v0.2.19
[INFO] [stderr]    Compiling crc32fast v1.5.2
[INFO] [stderr]    Compiling rustix v1.1.5
[INFO] [stderr]    Compiling syn v3.0.6
[INFO] [stderr]    Compiling syn v2.0.119
[INFO] [stderr]    Compiling parking_lot_core v0.9.12
[INFO] [stderr]    Compiling nix v0.31.3
[INFO] [stderr]    Compiling miniz_oxide v0.9.1
[INFO] [stderr]    Compiling linux-raw-sys v0.12.1
[INFO] [stderr]    Compiling procfs v0.18.0
[INFO] [stderr]    Compiling mini-moka v0.10.3
[INFO] [stderr]    Compiling crossbeam-channel v0.5.17
[INFO] [stderr]    Compiling triomphe v0.1.16
[INFO] [stderr]    Compiling lru v0.18.5
[INFO] [stderr]    Compiling dashmap v5.5.3
[INFO] [stderr]    Compiling flate2 v1.1.10
[INFO] [stderr]    Compiling chrono v0.4.45
[INFO] [stderr]    Compiling thiserror-impl v2.0.21
[INFO] [stderr]    Compiling thiserror v2.0.21
[INFO] [stderr]    Compiling procfs-core v0.18.0
[INFO] [stderr]    Compiling tracing-attributes v0.1.31
[INFO] [stderr]    Compiling tracing v0.1.44
[INFO] [stderr]    Compiling lightswitch-metadata v0.3.1 (/opt/rustwide/workdir)
[INFO] [stderr]     Finished `release` profile [optimized] target(s) in 25.30s
[INFO] running `Command { std: "docker" "inspect" "f7c51b795cb411a018acbd3a5d103d1989e5e0d3a6d68ad01580bd3165b61864", kill_on_drop: false }`
[INFO] running `Command { std: "docker" "exec" "-e" "SOURCE_DIR=/opt/rustwide/workdir" "-e" "CARGO_HOME=/opt/rustwide/cargo-home" "-e" "RUSTUP_HOME=/opt/rustwide/rustup-home" "-e" "CARGO_TARGET_DIR=/opt/rustwide/target" "-e" "CARGO_INCREMENTAL=0" "-e" "RUST_BACKTRACE=full" "-e" "RUSTFLAGS=--cap-lints=warn" "-e" "RUSTDOCFLAGS=--cap-lints=warn" "-w" "/opt/rustwide/workdir" "--user" "0:0" "f7c51b795cb411a018acbd3a5d103d1989e5e0d3a6d68ad01580bd3165b61864" "/opt/rustwide/cargo-home/bin/cargo" "+1.99.0-beta.8" "test" "--frozen" "--no-run" "--message-format=json" "--release", kill_on_drop: false }`
[INFO] [stderr]    Compiling lightswitch-metadata v0.3.1 (/opt/rustwide/workdir)
[INFO] [stdout] error[E0425]: cannot find function `gettid` in module `unistd`
[INFO] [stdout]     --> src/metadata_provider.rs:125:27
[INFO] [stdout]      |
[INFO] [stdout]  125 |         let tid = unistd::gettid().as_raw();
[INFO] [stdout]      |                           ^^^^^^
[INFO] [stdout]      |
[INFO] [stdout]     ::: /opt/rustwide/cargo-home/registry/src/index.crates.io-1949cf8c6b5b557f/nix-0.31.3/src/unistd.rs:1780:1
[INFO] [stdout]      |
[INFO] [stdout] 1780 | pub fn getgid() -> Gid {
[INFO] [stdout]      | ---------------------- similarly named function `getgid` defined here
[INFO] [stdout]      |
[INFO] [stdout] note: found an item that was configured out
[INFO] [stdout]     --> /opt/rustwide/cargo-home/registry/src/index.crates.io-1949cf8c6b5b557f/nix-0.31.3/src/unistd.rs:403:8
[INFO] [stdout]      |
[INFO] [stdout]  380 | #![feature = "process"]
[INFO] [stdout]      |    ------------------- the item is gated behind the `process` feature
[INFO] [stdout] ...
[INFO] [stdout]  403 | pub fn gettid() -> Pid {
[INFO] [stdout]      |        ^^^^^^
[INFO] [stdout] help: a function with a similar name exists
[INFO] [stdout]      |
[INFO] [stdout]  125 -         let tid = unistd::gettid().as_raw();
[INFO] [stdout]  125 +         let tid = unistd::getgid().as_raw();
[INFO] [stdout]      |
[INFO] [stdout] 
[INFO] [stdout] 
[INFO] [stdout] error[E0425]: cannot find function `getpgrp` in module `unistd`
[INFO] [stdout]    --> src/metadata_provider.rs:126:27
[INFO] [stdout]     |
[INFO] [stdout] 126 |         let pid = unistd::getpgrp().as_raw();
[INFO] [stdout]     |                           ^^^^^^^ not found in `unistd`
[INFO] [stdout]     |
[INFO] [stdout] note: found an item that was configured out
[INFO] [stdout]    --> /opt/rustwide/cargo-home/registry/src/index.crates.io-1949cf8c6b5b557f/nix-0.31.3/src/unistd.rs:387:8
[INFO] [stdout]     |
[INFO] [stdout] 380 | #![feature = "process"]
[INFO] [stdout]     |    ------------------- the item is gated behind the `process` feature
[INFO] [stdout] ...
[INFO] [stdout] 387 | pub fn getpgrp() -> Pid {
[INFO] [stdout]     |        ^^^^^^^
[INFO] [stdout] 
[INFO] [stdout] 
[INFO] [stdout] error[E0425]: cannot find function `getpid` in module `unistd`
[INFO] [stdout]     --> src/taskname.rs:33:59
[INFO] [stdout]      |
[INFO] [stdout]   33 |         let current_thread = ThreadInfo::for_task(unistd::getpid().as_raw())
[INFO] [stdout]      |                                                           ^^^^^^
[INFO] [stdout]      |
[INFO] [stdout]     ::: /opt/rustwide/cargo-home/registry/src/index.crates.io-1949cf8c6b5b557f/nix-0.31.3/src/unistd.rs:1780:1
[INFO] [stdout]      |
[INFO] [stdout] 1780 | pub fn getgid() -> Gid {
[INFO] [stdout]      | ---------------------- similarly named function `getgid` defined here
[INFO] [stdout]      |
[INFO] [stdout] note: found an item that was configured out
[INFO] [stdout]     --> /opt/rustwide/cargo-home/registry/src/index.crates.io-1949cf8c6b5b557f/nix-0.31.3/src/unistd.rs:294:8
[INFO] [stdout]      |
[INFO] [stdout]  159 | #![feature = "process"]
[INFO] [stdout]      |    ------------------- the item is gated behind the `process` feature
[INFO] [stdout] ...
[INFO] [stdout]  294 | pub fn getpid() -> Pid {
[INFO] [stdout]      |        ^^^^^^
[INFO] [stdout] help: a function with a similar name exists
[INFO] [stdout]      |
[INFO] [stdout]   33 -         let current_thread = ThreadInfo::for_task(unistd::getpid().as_raw())
[INFO] [stdout]   33 +         let current_thread = ThreadInfo::for_task(unistd::getgid().as_raw())
[INFO] [stdout]      |
[INFO] [stdout] 
[INFO] [stdout] 
[INFO] [stdout] error[E0425]: cannot find function `gettid` in module `unistd`
[INFO] [stdout]     --> src/taskname.rs:42:67
[INFO] [stdout]      |
[INFO] [stdout]   42 |                 let current_thread = ThreadInfo::for_task(unistd::gettid().as_raw())
[INFO] [stdout]      |                                                                   ^^^^^^
[INFO] [stdout]      |
[INFO] [stdout]     ::: /opt/rustwide/cargo-home/registry/src/index.crates.io-1949cf8c6b5b557f/nix-0.31.3/src/unistd.rs:1780:1
[INFO] [stdout]      |
[INFO] [stdout] 1780 | pub fn getgid() -> Gid {
[INFO] [stdout]      | ---------------------- similarly named function `getgid` defined here
[INFO] [stdout]      |
[INFO] [stdout] note: found an item that was configured out
[INFO] [stdout]     --> /opt/rustwide/cargo-home/registry/src/index.crates.io-1949cf8c6b5b557f/nix-0.31.3/src/unistd.rs:403:8
[INFO] [stdout]      |
[INFO] [stdout]  380 | #![feature = "process"]
[INFO] [stdout]      |    ------------------- the item is gated behind the `process` feature
[INFO] [stdout] ...
[INFO] [stdout]  403 | pub fn gettid() -> Pid {
[INFO] [stdout]      |        ^^^^^^
[INFO] [stdout] help: a function with a similar name exists
[INFO] [stdout]      |
[INFO] [stdout]   42 -                 let current_thread = ThreadInfo::for_task(unistd::gettid().as_raw())
[INFO] [stdout]   42 +                 let current_thread = ThreadInfo::for_task(unistd::getgid().as_raw())
[INFO] [stdout]      |
[INFO] [stdout] 
[INFO] [stdout] 
[INFO] [stdout] For more information about this error, try `rustc --explain E0425`.
[INFO] [stdout] 
[INFO] [stderr] error: could not compile `lightswitch-metadata` (lib test) due to 4 previous errors
[INFO] running `Command { std: "docker" "inspect" "f7c51b795cb411a018acbd3a5d103d1989e5e0d3a6d68ad01580bd3165b61864", kill_on_drop: false }`
[INFO] running `Command { std: "docker" "rm" "-f" "f7c51b795cb411a018acbd3a5d103d1989e5e0d3a6d68ad01580bd3165b61864", kill_on_drop: false }`
[INFO] [stdout] f7c51b795cb411a018acbd3a5d103d1989e5e0d3a6d68ad01580bd3165b61864
