[INFO] fetching crate lightgbm3-sys 1.0.11...
[INFO] testing lightgbm3-sys-1.0.11 against 1.100.0-beta.1+cargoflags=--release for beta-release-1.100-2
[INFO] extracting crate lightgbm3-sys 1.0.11 into /workspace/builds/worker-4-tc2/source
[INFO] started tweaking crates.io crate lightgbm3-sys 1.0.11
[INFO] finished tweaking crates.io crate lightgbm3-sys 1.0.11
[INFO] tweaked toml for crates.io crate lightgbm3-sys 1.0.11 written to /workspace/builds/worker-4-tc2/source/Cargo.toml
[INFO] validating manifest of crates.io crate lightgbm3-sys 1.0.11 on toolchain 1.100.0-beta.1
[INFO] running `Command { std: CARGO_HOME="/workspace/cargo-home" RUSTUP_HOME="/workspace/rustup-home" "/workspace/cargo-home/bin/cargo" "+1.100.0-beta.1" "metadata" "--manifest-path" "Cargo.toml" "--no-deps", kill_on_drop: false }`
[INFO] crate crates.io crate lightgbm3-sys 1.0.11 already has a lockfile, it will not be regenerated
[INFO] running `Command { std: CARGO_HOME="/workspace/cargo-home" RUSTUP_HOME="/workspace/rustup-home" "/workspace/cargo-home/bin/cargo" "+1.100.0-beta.1" "fetch" "--manifest-path" "Cargo.toml", kill_on_drop: false }`
[INFO] running `Command { std: "docker" "create" "-v" "/var/lib/crater-agent-workspace/builds/worker-4-tc2/source:/opt/rustwide/workdir:ro,Z" "-v" "/var/lib/crater-agent-workspace/builds/worker-4-tc2/target:/opt/rustwide/target:rw,Z" "-v" "/var/lib/crater-agent-workspace/cargo-home:/opt/rustwide/cargo-home:ro,Z" "-v" "/var/lib/crater-agent-workspace/rustup-home:/opt/rustwide/rustup-home:ro,Z" "-m" "1610612736" "--network" "none" "ghcr.io/rust-lang/crates-build-env/linux@sha256:77db811e55d90add9212f6832c23229e3de5f1c1f9905e8cb07319ea15df73ac" "sleep" "infinity", kill_on_drop: false }`
[INFO] [stdout] 52c6c84ca82fddeb9067cccffe21925775ea157ae2983a5e313f25f92beeac12
[INFO] running `Command { std: "docker" "start" "52c6c84ca82fddeb9067cccffe21925775ea157ae2983a5e313f25f92beeac12", kill_on_drop: false }`
[INFO] running `Command { std: "docker" "inspect" "52c6c84ca82fddeb9067cccffe21925775ea157ae2983a5e313f25f92beeac12", kill_on_drop: false }`
[INFO] running `Command { std: "docker" "exec" "-e" "SOURCE_DIR=/opt/rustwide/workdir" "-e" "CARGO_HOME=/opt/rustwide/cargo-home" "-e" "RUSTUP_HOME=/opt/rustwide/rustup-home" "-e" "CARGO_TARGET_DIR=/opt/rustwide/target" "-w" "/opt/rustwide/workdir" "--user" "0:0" "52c6c84ca82fddeb9067cccffe21925775ea157ae2983a5e313f25f92beeac12" "/opt/rustwide/cargo-home/bin/cargo" "+1.100.0-beta.1" "metadata" "--no-deps" "--format-version=1", kill_on_drop: false }`
[INFO] running `Command { std: "docker" "inspect" "52c6c84ca82fddeb9067cccffe21925775ea157ae2983a5e313f25f92beeac12", kill_on_drop: false }`
[INFO] running `Command { std: "docker" "exec" "-e" "SOURCE_DIR=/opt/rustwide/workdir" "-e" "CARGO_HOME=/opt/rustwide/cargo-home" "-e" "RUSTUP_HOME=/opt/rustwide/rustup-home" "-e" "CARGO_TARGET_DIR=/opt/rustwide/target" "-e" "CARGO_INCREMENTAL=0" "-e" "RUST_BACKTRACE=full" "-e" "RUSTFLAGS=--cap-lints=warn" "-e" "RUSTDOCFLAGS=--cap-lints=warn" "-w" "/opt/rustwide/workdir" "--user" "0:0" "52c6c84ca82fddeb9067cccffe21925775ea157ae2983a5e313f25f92beeac12" "/opt/rustwide/cargo-home/bin/cargo" "+1.100.0-beta.1" "build" "--frozen" "--message-format=json" "--release", kill_on_drop: false }`
[INFO] [stderr]    Compiling rand_core v0.6.4
[INFO] [stderr]    Compiling siphasher v1.0.3
[INFO] [stderr]    Compiling prettyplease v0.2.37
[INFO] [stderr]    Compiling regex-syntax v0.8.11
[INFO] [stderr]    Compiling bindgen v0.73.2
[INFO] [stderr]    Compiling clang-sys v1.9.1
[INFO] [stderr]    Compiling nom v7.1.3
[INFO] [stderr]    Compiling libloading v0.8.9
[INFO] [stderr]    Compiling cc v1.4.5
[INFO] [stderr]    Compiling rustc-hash v2.1.3
[INFO] [stderr]    Compiling syn v2.0.119
[INFO] [stderr]    Compiling rand v0.8.8
[INFO] [stderr]    Compiling phf_shared v0.11.3
[INFO] [stderr]    Compiling regex-automata v0.4.18
[INFO] [stderr]    Compiling phf_generator v0.11.3
[INFO] [stderr]    Compiling cexpr v0.6.0
[INFO] [stderr]    Compiling cmake v0.1.58
[INFO] [stderr]    Compiling regex v1.13.1
[INFO] [stderr]    Compiling phf_macros v0.11.3
[INFO] [stderr]    Compiling phf v0.11.3
[INFO] [stderr]    Compiling doxygen-rs v0.4.2
[INFO] [stderr]    Compiling lightgbm3-sys v1.0.11 (/opt/rustwide/workdir)
[INFO] [stderr] error: failed to run custom build command for `lightgbm3-sys v1.0.11 (/opt/rustwide/workdir)`
[INFO] [stderr] note: To improve backtraces for build dependencies, set the CARGO_PROFILE_RELEASE_BUILD_OVERRIDE_DEBUG=true environment variable to enable debug information generation.
[INFO] [stderr] 
[INFO] [stderr] Caused by:
[INFO] [stderr]   process didn't exit successfully: `/opt/rustwide/target/release/build/lightgbm3-sys/54eade26e266f1e6/out/build_script_build` (exit status: 101)
[INFO] [stderr]   --- stdout
[INFO] [stderr]   CMAKE_TOOLCHAIN_FILE_x86_64-unknown-linux-gnu = None
[INFO] [stderr]   CMAKE_TOOLCHAIN_FILE_x86_64_unknown_linux_gnu = None
[INFO] [stderr]   HOST_CMAKE_TOOLCHAIN_FILE = None
[INFO] [stderr]   CMAKE_TOOLCHAIN_FILE = None
[INFO] [stderr]   CMAKE_GENERATOR_x86_64-unknown-linux-gnu = None
[INFO] [stderr]   CMAKE_GENERATOR_x86_64_unknown_linux_gnu = None
[INFO] [stderr]   HOST_CMAKE_GENERATOR = None
[INFO] [stderr]   CMAKE_GENERATOR = None
[INFO] [stderr]   CMAKE_PREFIX_PATH_x86_64-unknown-linux-gnu = None
[INFO] [stderr]   CMAKE_PREFIX_PATH_x86_64_unknown_linux_gnu = None
[INFO] [stderr]   HOST_CMAKE_PREFIX_PATH = None
[INFO] [stderr]   CMAKE_PREFIX_PATH = None
[INFO] [stderr]   CMAKE_x86_64-unknown-linux-gnu = None
[INFO] [stderr]   CMAKE_x86_64_unknown_linux_gnu = None
[INFO] [stderr]   HOST_CMAKE = None
[INFO] [stderr]   CMAKE = None
[INFO] [stderr]   -- The C compiler identification is GNU 15.2.0
[INFO] [stderr]   -- The CXX compiler identification is GNU 15.2.0
[INFO] [stderr]   -- Detecting C compiler ABI info
[INFO] [stderr]   -- Detecting C compiler ABI info - done
[INFO] [stderr]   -- Check for working C compiler: /usr/bin/cc - skipped
[INFO] [stderr]   -- Detecting C compile features
[INFO] [stderr]   -- Detecting C compile features - done
[INFO] [stderr]   -- Detecting CXX compiler ABI info
[INFO] [stderr]   -- Detecting CXX compiler ABI info - done
[INFO] [stderr]   -- Check for working CXX compiler: /usr/bin/c++ - skipped
[INFO] [stderr]   -- Detecting CXX compile features
[INFO] [stderr]   -- Detecting CXX compile features - done
[INFO] [stderr]   -- Building using CMake version: 4.2.3
[INFO] [stderr]   -- Performing Test MM_PREFETCH
[INFO] [stderr]   -- Performing Test MM_PREFETCH - Success
[INFO] [stderr]   -- Using _mm_prefetch
[INFO] [stderr]   -- Performing Test MM_MALLOC
[INFO] [stderr]   -- Performing Test MM_MALLOC - Success
[INFO] [stderr]   -- Using _mm_malloc
[INFO] [stderr]   -- Configuring done (1.8s)
[INFO] [stderr]   -- Generating done (0.1s)
[INFO] [stderr]   -- Build files have been written to: /opt/rustwide/target/release/build/lightgbm3-sys/9afa4e35def17230/out/build
[INFO] [stderr]   [  2%] Building C object external_libs/nanoarrow/CMakeFiles/nanoarrow_static.dir/src/nanoarrow/common/utils.c.o
[INFO] [stderr]   [  4%] Building C object external_libs/nanoarrow/CMakeFiles/nanoarrow_static.dir/src/nanoarrow/common/array.c.o
[INFO] [stderr]   [  6%] Building C object external_libs/nanoarrow/CMakeFiles/nanoarrow_static.dir/src/nanoarrow/common/schema.c.o
[INFO] [stderr]   [  9%] Building C object external_libs/nanoarrow/CMakeFiles/nanoarrow_static.dir/src/nanoarrow/common/array_stream.c.o
[INFO] [stderr]   [ 11%] Linking C static library libnanoarrow_static.a
[INFO] [stderr]   [ 11%] Built target nanoarrow_static
[INFO] [stderr]   [ 13%] Building CXX object CMakeFiles/lightgbm_objs.dir/src/boosting/gbdt_prediction.cpp.o
[INFO] [stderr]   [ 15%] Building CXX object CMakeFiles/lightgbm_objs.dir/src/boosting/gbdt.cpp.o
[INFO] [stderr]   [ 18%] Building CXX object CMakeFiles/lightgbm_objs.dir/src/boosting/gbdt_model_text.cpp.o
[INFO] [stderr]   [ 20%] Building CXX object CMakeFiles/lightgbm_capi_objs.dir/src/c_api.cpp.o
[INFO] [stderr]   [ 22%] Building CXX object CMakeFiles/lightgbm_objs.dir/src/boosting/boosting.cpp.o
[INFO] [stderr]   [ 25%] Building CXX object CMakeFiles/lightgbm_objs.dir/src/boosting/prediction_early_stop.cpp.o
[INFO] [stderr]   [ 27%] Building CXX object CMakeFiles/lightgbm_objs.dir/src/io/json11.cpp.o
[INFO] [stderr]   [ 29%] Building CXX object CMakeFiles/lightgbm_objs.dir/src/io/parser.cpp.o
[INFO] [stderr]   [ 31%] Building CXX object CMakeFiles/lightgbm_objs.dir/src/io/bin.cpp.o
[INFO] [stderr]   [ 34%] Building CXX object CMakeFiles/lightgbm_objs.dir/src/io/config_auto.cpp.o
[INFO] [stderr]   [ 36%] Building CXX object CMakeFiles/lightgbm_objs.dir/src/io/file_io.cpp.o
[INFO] [stderr]   [ 38%] Building CXX object CMakeFiles/lightgbm_objs.dir/src/boosting/sample_strategy.cpp.o
[INFO] [stderr]   [ 40%] Building CXX object CMakeFiles/lightgbm_objs.dir/src/io/dataset_loader.cpp.o
[INFO] [stderr]   [ 43%] Building CXX object CMakeFiles/lightgbm_objs.dir/src/io/metadata.cpp.o
[INFO] [stderr]   [ 45%] Building CXX object CMakeFiles/lightgbm_objs.dir/src/io/config.cpp.o
[INFO] [stderr]   [ 47%] Building CXX object CMakeFiles/lightgbm_objs.dir/src/io/dataset.cpp.o
[INFO] [stderr] 
[INFO] [stderr]   --- stderr
[INFO] [stderr]   running: cd "/opt/rustwide/target/release/build/lightgbm3-sys/9afa4e35def17230/out/build" && CMAKE_PREFIX_PATH="" LC_ALL="C" "cmake" "/opt/rustwide/target/release/build/lightgbm3-sys/9afa4e35def17230/out/lightgbm" "-B" "/opt/rustwide/target/release/build/lightgbm3-sys/9afa4e35def17230/out/build" "-DBUILD_STATIC_LIB=ON" "-DUSE_OPENMP=OFF" "-DCMAKE_INSTALL_PREFIX=/opt/rustwide/target/release/build/lightgbm3-sys/9afa4e35def17230/out" "-DCMAKE_C_FLAGS= -ffunction-sections -fdata-sections -fPIC -m64 -w" "-DCMAKE_C_COMPILER=/usr/bin/cc" "-DCMAKE_CXX_FLAGS= -std=c++14 -ffunction-sections -fdata-sections -fPIC -m64 -w" "-DCMAKE_CXX_COMPILER=/usr/bin/c++" "-DCMAKE_ASM_FLAGS= -ffunction-sections -fdata-sections -fPIC -m64 -w" "-DCMAKE_ASM_COMPILER=/usr/bin/cc" "-DCMAKE_BUILD_TYPE=Release"
[INFO] [stderr]   CMake Warning:
[INFO] [stderr]     Manually-specified variables were not used by the project:
[INFO] [stderr] 
[INFO] [stderr]       CMAKE_ASM_COMPILER
[INFO] [stderr]       CMAKE_ASM_FLAGS
[INFO] [stderr] 
[INFO] [stderr] 
[INFO] [stderr]   running: cd "/opt/rustwide/target/release/build/lightgbm3-sys/9afa4e35def17230/out/build" && LC_ALL="C" MAKEFLAGS="-j --jobserver-fds=4,5 --jobserver-auth=4,5" "cmake" "--build" "/opt/rustwide/target/release/build/lightgbm3-sys/9afa4e35def17230/out/build" "--target" "install" "--config" "Release"
[INFO] [stderr]   c++: fatal error: Killed signal terminated program cc1plus
[INFO] [stderr]   compilation terminated.
[INFO] [stderr]   c++: fatal error: Killed signal terminated program cc1plus
[INFO] [stderr]   compilation terminated.
[INFO] [stderr]   gmake[2]: *** [CMakeFiles/lightgbm_objs.dir/build.make:163: CMakeFiles/lightgbm_objs.dir/src/io/bin.cpp.o] Error 1
[INFO] [stderr]   gmake[2]: *** Waiting for unfinished jobs....
[INFO] [stderr]   gmake[2]: *** [CMakeFiles/lightgbm_objs.dir/build.make:219: CMakeFiles/lightgbm_objs.dir/src/io/dataset.cpp.o] Error 1
[INFO] [stderr]   c++: fatal error: Killed signal terminated program cc1plus
[INFO] [stderr]   compilation terminated.
[INFO] [stderr]   gmake[2]: *** [CMakeFiles/lightgbm_objs.dir/build.make:93: CMakeFiles/lightgbm_objs.dir/src/boosting/gbdt_model_text.cpp.o] Error 1
[INFO] [stderr]   c++: fatal error: Killed signal terminated program cc1plus
[INFO] [stderr]   compilation terminated.
[INFO] [stderr]   gmake[2]: *** [CMakeFiles/lightgbm_objs.dir/build.make:107: CMakeFiles/lightgbm_objs.dir/src/boosting/gbdt_prediction.cpp.o] Error 1
[INFO] [stderr]   c++: fatal error: Killed signal terminated program cc1plus
[INFO] [stderr]   compilation terminated.
[INFO] [stderr]   gmake[2]: *** [CMakeFiles/lightgbm_capi_objs.dir/build.make:79: CMakeFiles/lightgbm_capi_objs.dir/src/c_api.cpp.o] Error 1
[INFO] [stderr]   gmake[1]: *** [CMakeFiles/Makefile2:184: CMakeFiles/lightgbm_capi_objs.dir/all] Error 2
[INFO] [stderr]   gmake[1]: *** Waiting for unfinished jobs....
[INFO] [stderr]   c++: fatal error: Killed signal terminated program cc1plus
[INFO] [stderr]   compilation terminated.
[INFO] [stderr]   gmake[2]: *** [CMakeFiles/lightgbm_objs.dir/build.make:177: CMakeFiles/lightgbm_objs.dir/src/io/config_auto.cpp.o] Error 1
[INFO] [stderr]   c++: fatal error: Killed signal terminated program cc1plus
[INFO] [stderr]   compilation terminated.
[INFO] [stderr]   gmake[2]: *** [CMakeFiles/lightgbm_objs.dir/build.make:79: CMakeFiles/lightgbm_objs.dir/src/boosting/boosting.cpp.o] Error 1
[INFO] [stderr]   c++: fatal error: Killed signal terminated program cc1plus
[INFO] [stderr]   compilation terminated.
[INFO] [stderr]   gmake[2]: *** [CMakeFiles/lightgbm_objs.dir/build.make:121: CMakeFiles/lightgbm_objs.dir/src/boosting/gbdt.cpp.o] Error 1
[INFO] [stderr]   gmake[1]: *** [CMakeFiles/Makefile2:119: CMakeFiles/lightgbm_objs.dir/all] Error 2
[INFO] [stderr]   gmake: *** [Makefile:136: all] Error 2
[INFO] [stderr] 
[INFO] [stderr]   thread 'main' (432) panicked at /opt/rustwide/cargo-home/registry/src/index.crates.io-1949cf8c6b5b557f/cmake-0.1.58/src/lib.rs:1132:5:
[INFO] [stderr] 
[INFO] [stderr]   command did not execute successfully, got: exit status: 2
[INFO] [stderr] 
[INFO] [stderr]   build script failed, must exit now
[INFO] [stderr]   stack backtrace:
[INFO] [stderr]      0:     0x5db6cda49221 - <<std[617be2ca0a6fd877]::sys::backtrace::BacktraceLock>::print::DisplayBacktrace as core[a373ad73a504971]::fmt::Display>::fmt
[INFO] [stderr]      1:     0x5db6cda60eda - core[a373ad73a504971]::fmt::write
[INFO] [stderr]      2:     0x5db6cda4f29c - <std[617be2ca0a6fd877]::sys::stdio::unix::Stderr as core[a373ad73a504971]::io::write::Write>::write_fmt
[INFO] [stderr]      3:     0x5db6cda22d76 - std[617be2ca0a6fd877]::panicking::default_hook::{closure#0}
[INFO] [stderr]      4:     0x5db6cda40b01 - std[617be2ca0a6fd877]::panicking::default_hook
[INFO] [stderr]      5:     0x5db6cda40e2b - std[617be2ca0a6fd877]::panicking::panic_with_hook
[INFO] [stderr]      6:     0x5db6cda22e22 - std[617be2ca0a6fd877]::panicking::panic_handler::{closure#0}
[INFO] [stderr]      7:     0x5db6cda1b979 - std[617be2ca0a6fd877]::sys::backtrace::__rust_end_short_backtrace::<std[617be2ca0a6fd877]::panicking::panic_handler::{closure#0}, !>
[INFO] [stderr]      8:     0x5db6cda23a1d - __rustc[ea4f61d10b84890b]::rust_begin_unwind
[INFO] [stderr]      9:     0x5db6cda616fc - core[a373ad73a504971]::panicking::panic_fmt
[INFO] [stderr]     10:     0x5db6cd9a9e97 - cmake[d6e60cbedbb4a1ca]::fail
[INFO] [stderr]     11:     0x5db6cd9a9b23 - cmake[d6e60cbedbb4a1ca]::run
[INFO] [stderr]     12:     0x5db6cd9afaf5 - <cmake[d6e60cbedbb4a1ca]::Config>::build
[INFO] [stderr]     13:     0x5db6cd4a3ad2 - build_script_build[bf094f61749b465c]::main
[INFO] [stderr]     14:     0x5db6cd4a5873 - <fn() as core[a373ad73a504971]::ops::function::FnOnce<()>>::call_once
[INFO] [stderr]     15:     0x5db6cd4a2ffe - std[617be2ca0a6fd877]::sys::backtrace::__rust_begin_short_backtrace::<fn(), ()>
[INFO] [stderr]     16:     0x5db6cd4a3009 - std[617be2ca0a6fd877]::rt::lang_start::<()>::{closure#0}
[INFO] [stderr]     17:     0x5db6cda3fdf8 - std[617be2ca0a6fd877]::rt::lang_start_internal
[INFO] [stderr]     18:     0x5db6cd4a29f1 - std[617be2ca0a6fd877]::rt::lang_start::<()>
[INFO] [stderr]     19:     0x5db6cd4a59c5 - main
[INFO] [stderr]     20:     0x7f3b6438d601 - <unknown>
[INFO] [stderr]     21:     0x7f3b6438d718 - __libc_start_main
[INFO] [stderr]     22:     0x5db6cd4a0a25 - _start
[INFO] [stderr]     23:                0x0 - <unknown>
[INFO] running `Command { std: "docker" "inspect" "52c6c84ca82fddeb9067cccffe21925775ea157ae2983a5e313f25f92beeac12", kill_on_drop: false }`
[INFO] running `Command { std: "docker" "rm" "-f" "52c6c84ca82fddeb9067cccffe21925775ea157ae2983a5e313f25f92beeac12", kill_on_drop: false }`
[INFO] [stdout] 52c6c84ca82fddeb9067cccffe21925775ea157ae2983a5e313f25f92beeac12
