[INFO] fetching crate lighters 0.1.1...
[INFO] testing lighters-0.1.1 against 1.99.0-beta.8+cargoflags=--release for beta-release-1.100-2
[INFO] extracting crate lighters 0.1.1 into /workspace/builds/worker-3-tc1/source
[INFO] started tweaking crates.io crate lighters 0.1.1
[INFO] removed 0 missing tests
[INFO] finished tweaking crates.io crate lighters 0.1.1
[INFO] tweaked toml for crates.io crate lighters 0.1.1 written to /workspace/builds/worker-3-tc1/source/Cargo.toml
[INFO] validating manifest of crates.io crate lighters 0.1.1 on toolchain 1.99.0-beta.8
[INFO] running `Command { std: CARGO_HOME="/workspace/cargo-home" RUSTUP_HOME="/workspace/rustup-home" "/workspace/cargo-home/bin/cargo" "+1.99.0-beta.8" "metadata" "--manifest-path" "Cargo.toml" "--no-deps", kill_on_drop: false }`
[INFO] crate crates.io crate lighters 0.1.1 already has a lockfile, it will not be regenerated
[INFO] running `Command { std: CARGO_HOME="/workspace/cargo-home" RUSTUP_HOME="/workspace/rustup-home" "/workspace/cargo-home/bin/cargo" "+1.99.0-beta.8" "fetch" "--manifest-path" "Cargo.toml", kill_on_drop: false }`
[INFO] [stderr]     Updating crates.io index
[INFO] [stderr]  Downloading crates ...
[INFO] [stderr]   Downloaded goldilocks-crypto v0.1.2
[INFO] [stderr]   Downloaded poseidon-hash v0.1.4
[INFO] running `Command { std: "docker" "create" "-v" "/var/lib/crater-agent-workspace/builds/worker-3-tc1/source:/opt/rustwide/workdir:ro,Z" "-v" "/var/lib/crater-agent-workspace/builds/worker-3-tc1/target:/opt/rustwide/target:rw,Z" "-v" "/var/lib/crater-agent-workspace/cargo-home:/opt/rustwide/cargo-home:ro,Z" "-v" "/var/lib/crater-agent-workspace/rustup-home:/opt/rustwide/rustup-home:ro,Z" "-m" "1610612736" "--network" "none" "ghcr.io/rust-lang/crates-build-env/linux@sha256:77db811e55d90add9212f6832c23229e3de5f1c1f9905e8cb07319ea15df73ac" "sleep" "infinity", kill_on_drop: false }`
[INFO] [stdout] 2c7c11c0e27ed8bca73609bd839b1869c5b8729df681578281f123e2fd91ce92
[INFO] running `Command { std: "docker" "start" "2c7c11c0e27ed8bca73609bd839b1869c5b8729df681578281f123e2fd91ce92", kill_on_drop: false }`
[INFO] running `Command { std: "docker" "inspect" "2c7c11c0e27ed8bca73609bd839b1869c5b8729df681578281f123e2fd91ce92", kill_on_drop: false }`
[INFO] running `Command { std: "docker" "exec" "-e" "SOURCE_DIR=/opt/rustwide/workdir" "-e" "CARGO_HOME=/opt/rustwide/cargo-home" "-e" "RUSTUP_HOME=/opt/rustwide/rustup-home" "-e" "CARGO_TARGET_DIR=/opt/rustwide/target" "-w" "/opt/rustwide/workdir" "--user" "0:0" "2c7c11c0e27ed8bca73609bd839b1869c5b8729df681578281f123e2fd91ce92" "/opt/rustwide/cargo-home/bin/cargo" "+1.99.0-beta.8" "metadata" "--no-deps" "--format-version=1", kill_on_drop: false }`
[INFO] running `Command { std: "docker" "inspect" "2c7c11c0e27ed8bca73609bd839b1869c5b8729df681578281f123e2fd91ce92", kill_on_drop: false }`
[INFO] running `Command { std: "docker" "exec" "-e" "SOURCE_DIR=/opt/rustwide/workdir" "-e" "CARGO_HOME=/opt/rustwide/cargo-home" "-e" "RUSTUP_HOME=/opt/rustwide/rustup-home" "-e" "CARGO_TARGET_DIR=/opt/rustwide/target" "-e" "CARGO_INCREMENTAL=0" "-e" "RUST_BACKTRACE=full" "-e" "RUSTFLAGS=--cap-lints=warn" "-e" "RUSTDOCFLAGS=--cap-lints=warn" "-w" "/opt/rustwide/workdir" "--user" "0:0" "2c7c11c0e27ed8bca73609bd839b1869c5b8729df681578281f123e2fd91ce92" "/opt/rustwide/cargo-home/bin/cargo" "+1.99.0-beta.8" "build" "--frozen" "--message-format=json" "--release", kill_on_drop: false }`
[INFO] [stderr]    Compiling syn v2.0.118
[INFO] [stderr]    Compiling bytes v1.12.0
[INFO] [stderr]    Compiling smallvec v1.15.2
[INFO] [stderr]    Compiling futures-sink v0.3.32
[INFO] [stderr]    Compiling cc v1.2.64
[INFO] [stderr]    Compiling memchr v2.8.2
[INFO] [stderr]    Compiling zerocopy v0.8.52
[INFO] [stderr]    Compiling socket2 v0.6.4
[INFO] [stderr]    Compiling mio v1.2.1
[INFO] [stderr]    Compiling num-traits v0.2.19
[INFO] [stderr]    Compiling rustls v0.23.40
[INFO] [stderr]    Compiling subtle v2.6.1
[INFO] [stderr]    Compiling bitflags v2.13.0
[INFO] [stderr]    Compiling log v0.4.32
[INFO] [stderr]    Compiling futures-channel v0.3.32
[INFO] [stderr]    Compiling tokio v1.52.3
[INFO] [stderr]    Compiling http v1.4.2
[INFO] [stderr]    Compiling futures-util v0.3.32
[INFO] [stderr]    Compiling serde_json v1.0.150
[INFO] [stderr]    Compiling ring v0.17.14
[INFO] [stderr]    Compiling num-integer v0.1.46
[INFO] [stderr]    Compiling num-bigint v0.4.6
[INFO] [stderr]    Compiling http-body v1.0.1
[INFO] [stderr]    Compiling http-body-util v0.1.3
[INFO] [stderr]    Compiling synstructure v0.13.2
[INFO] [stderr]    Compiling zerofrom-derive v0.1.7
[INFO] [stderr]    Compiling yoke-derive v0.8.2
[INFO] [stderr]    Compiling zerovec-derive v0.11.3
[INFO] [stderr]    Compiling displaydoc v0.2.6
[INFO] [stderr]    Compiling zeroize_derive v1.5.0
[INFO] [stderr]    Compiling serde_derive v1.0.228
[INFO] [stderr]    Compiling thiserror-impl v1.0.69
[INFO] [stderr]    Compiling thiserror-impl v2.0.18
[INFO] [stderr]    Compiling zeroize v1.9.0
[INFO] [stderr]    Compiling rustls-pki-types v1.14.1
[INFO] [stderr]    Compiling poseidon-hash v0.1.4
[INFO] [stderr]    Compiling webpki-roots v1.0.8
[INFO] [stderr]    Compiling zerofrom v0.1.8
[INFO] [stderr]    Compiling ppv-lite86 v0.2.21
[INFO] [stderr]    Compiling yoke v0.8.3
[INFO] [stderr]    Compiling hyper v1.10.1
[INFO] [stderr]    Compiling tower v0.5.3
[INFO] [stderr]    Compiling thiserror v2.0.18
[INFO] [stderr]    Compiling zerovec v0.11.6
[INFO] [stderr]    Compiling zerotrie v0.2.4
[INFO] [stderr]    Compiling thiserror v1.0.69
[INFO] [stderr]    Compiling rand_chacha v0.3.1
[INFO] [stderr]    Compiling rand v0.8.6
[INFO] [stderr]    Compiling tinystr v0.8.3
[INFO] [stderr]    Compiling potential_utf v0.1.5
[INFO] [stderr]    Compiling icu_collections v2.2.0
[INFO] [stderr]    Compiling hyper-util v0.1.20
[INFO] [stderr]    Compiling icu_locale_core v2.2.0
[INFO] [stderr]    Compiling goldilocks-crypto v0.1.2
[INFO] [stderr]    Compiling serde v1.0.228
[INFO] [stderr]    Compiling icu_provider v2.2.0
[INFO] [stderr]    Compiling icu_normalizer v2.2.0
[INFO] [stderr]    Compiling icu_properties v2.2.0
[INFO] [stderr]    Compiling serde_urlencoded v0.7.1
[INFO] [stderr]    Compiling idna_adapter v1.2.2
[INFO] [stderr]    Compiling idna v1.1.0
[INFO] [stderr]    Compiling url v2.5.8
[INFO] [stderr]    Compiling tower-http v0.6.11
[INFO] [stderr]    Compiling rustls-webpki v0.103.13
[INFO] [stderr]    Compiling tokio-rustls v0.26.4
[INFO] [stderr]    Compiling hyper-rustls v0.27.9
[INFO] [stderr]    Compiling reqwest v0.12.28
[INFO] [stderr]    Compiling lighters v0.1.1 (/opt/rustwide/workdir)
[INFO] [stderr]     Finished `release` profile [optimized] target(s) in 1m 17s
[INFO] running `Command { std: "docker" "inspect" "2c7c11c0e27ed8bca73609bd839b1869c5b8729df681578281f123e2fd91ce92", kill_on_drop: false }`
[INFO] running `Command { std: "docker" "exec" "-e" "SOURCE_DIR=/opt/rustwide/workdir" "-e" "CARGO_HOME=/opt/rustwide/cargo-home" "-e" "RUSTUP_HOME=/opt/rustwide/rustup-home" "-e" "CARGO_TARGET_DIR=/opt/rustwide/target" "-e" "CARGO_INCREMENTAL=0" "-e" "RUST_BACKTRACE=full" "-e" "RUSTFLAGS=--cap-lints=warn" "-e" "RUSTDOCFLAGS=--cap-lints=warn" "-w" "/opt/rustwide/workdir" "--user" "0:0" "2c7c11c0e27ed8bca73609bd839b1869c5b8729df681578281f123e2fd91ce92" "/opt/rustwide/cargo-home/bin/cargo" "+1.99.0-beta.8" "test" "--frozen" "--no-run" "--message-format=json" "--release", kill_on_drop: false }`
[INFO] [stderr]    Compiling tokio-macros v2.7.0
[INFO] [stderr]    Compiling tokio v1.52.3
[INFO] [stderr]    Compiling hyper v1.10.1
[INFO] [stderr]    Compiling tokio-rustls v0.26.4
[INFO] [stderr]    Compiling tower v0.5.3
[INFO] [stderr]    Compiling tower-http v0.6.11
[INFO] [stderr]    Compiling hyper-util v0.1.20
[INFO] [stderr]    Compiling hyper-rustls v0.27.9
[INFO] [stderr]    Compiling reqwest v0.12.28
[INFO] [stderr]    Compiling lighters v0.1.1 (/opt/rustwide/workdir)
[INFO] [stdout] error[E0433]: cannot find module or crate `lighter` in this scope
[INFO] [stdout]  --> tests/signing.rs:6:5
[INFO] [stdout]   |
[INFO] [stdout] 6 | use lighter::signer::{self, KeyManager};
[INFO] [stdout]   |     ^^^^^^^ use of unresolved module or unlinked crate `lighter`
[INFO] [stdout]   |
[INFO] [stdout] help: there is a crate or module with a similar name
[INFO] [stdout]   |
[INFO] [stdout] 6 | use lighters::signer::{self, KeyManager};
[INFO] [stdout]   |            +
[INFO] [stdout] 
[INFO] [stdout] 
[INFO] [stdout] For more information about this error, try `rustc --explain E0433`.
[INFO] [stdout] 
[INFO] [stderr] error: could not compile `lighters` (test "signing") due to 1 previous error
[INFO] [stderr] warning: build failed, waiting for other jobs to finish...
[INFO] [stdout] error[E0433]: cannot find module or crate `lighter` in this scope
[INFO] [stdout]  --> tests/parity.rs:8:5
[INFO] [stdout]   |
[INFO] [stdout] 8 | use lighter::transactions::*;
[INFO] [stdout]   |     ^^^^^^^ use of unresolved module or unlinked crate `lighter`
[INFO] [stdout]   |
[INFO] [stdout] help: there is a crate or module with a similar name
[INFO] [stdout]   |
[INFO] [stdout] 8 | use lighters::transactions::*;
[INFO] [stdout]   |            +
[INFO] [stdout] 
[INFO] [stdout] 
[INFO] [stdout] error[E0433]: cannot find module or crate `lighter` in this scope
[INFO] [stdout]  --> tests/parity.rs:7:5
[INFO] [stdout]   |
[INFO] [stdout] 7 | use lighter::attributes::{AttributeMap, TxAttributes};
[INFO] [stdout]   |     ^^^^^^^ use of unresolved module or unlinked crate `lighter`
[INFO] [stdout]   |
[INFO] [stdout] help: there is a crate or module with a similar name
[INFO] [stdout]   |
[INFO] [stdout] 7 | use lighters::attributes::{AttributeMap, TxAttributes};
[INFO] [stdout]   |            +
[INFO] [stdout] 
[INFO] [stdout] 
[INFO] [stdout] error[E0432]: unresolved imports `lighter::attributes::AttributeMap`, `lighter::attributes::TxAttributes`
[INFO] [stdout]  --> tests/parity.rs:7:27
[INFO] [stdout]   |
[INFO] [stdout] 7 | use lighter::attributes::{AttributeMap, TxAttributes};
[INFO] [stdout]   |                           ^^^^^^^^^^^^  ^^^^^^^^^^^^
[INFO] [stdout] 
[INFO] [stdout] 
[INFO] [stdout] error[E0425]: cannot find type `OrderInfo` in this scope
[INFO] [stdout]   --> tests/parity.rs:38:117
[INFO] [stdout]    |
[INFO] [stdout] 38 | fn order(market: i16, coi: i64, base: i64, price: u32, is_ask: u8, ty: u8, tif: u8, ro: u8, trig: u32, exp: i64) -> OrderInfo {
[INFO] [stdout]    |                                                                                                                     ^^^^^^^^^ not found in this scope
[INFO] [stdout] 
[INFO] [stdout] 
[INFO] [stdout] error[E0422]: cannot find struct, variant or union type `OrderInfo` in this scope
[INFO] [stdout]   --> tests/parity.rs:39:5
[INFO] [stdout]    |
[INFO] [stdout] 39 |     OrderInfo {
[INFO] [stdout]    |     ^^^^^^^^^ not found in this scope
[INFO] [stdout] 
[INFO] [stdout] 
[INFO] [stdout] error[E0405]: cannot find trait `TxInfo` in this scope
[INFO] [stdout]   --> tests/parity.rs:54:13
[INFO] [stdout]    |
[INFO] [stdout] 54 | fn check<T: TxInfo>(vectors: &HashMap<String, Vector>, name: &str, mut tx: T) {
[INFO] [stdout]    |             ^^^^^^ not found in this scope
[INFO] [stdout] 
[INFO] [stdout] 
[INFO] [stdout] error[E0422]: cannot find struct, variant or union type `CreateOrder` in this scope
[INFO] [stdout]   --> tests/parity.rs:78:9
[INFO] [stdout]    |
[INFO] [stdout] 78 |         CreateOrder {
[INFO] [stdout]    |         ^^^^^^^^^^^ not found in this scope
[INFO] [stdout] 
[INFO] [stdout] 
[INFO] [stdout] error[E0422]: cannot find struct, variant or union type `CreateOrder` in this scope
[INFO] [stdout]   --> tests/parity.rs:97:9
[INFO] [stdout]    |
[INFO] [stdout] 97 |         CreateOrder {
[INFO] [stdout]    |         ^^^^^^^^^^^ not found in this scope
[INFO] [stdout] 
[INFO] [stdout] 
[INFO] [stdout] error[E0422]: cannot find struct, variant or union type `CreateGroupedOrders` in this scope
[INFO] [stdout]    --> tests/parity.rs:117:9
[INFO] [stdout]     |
[INFO] [stdout] 117 |         CreateGroupedOrders {
[INFO] [stdout]     |         ^^^^^^^^^^^^^^^^^^^ not found in this scope
[INFO] [stdout] 
[INFO] [stdout] 
[INFO] [stdout] error[E0422]: cannot find struct, variant or union type `CancelOrder` in this scope
[INFO] [stdout]    --> tests/parity.rs:140:9
[INFO] [stdout]     |
[INFO] [stdout] 140 |         CancelOrder {
[INFO] [stdout]     |         ^^^^^^^^^^^ not found in this scope
[INFO] [stdout] 
[INFO] [stdout] 
[INFO] [stdout] error[E0422]: cannot find struct, variant or union type `CancelAllOrders` in this scope
[INFO] [stdout]    --> tests/parity.rs:160:9
[INFO] [stdout]     |
[INFO] [stdout] 160 |         CancelAllOrders {
[INFO] [stdout]     |         ^^^^^^^^^^^^^^^ not found in this scope
[INFO] [stdout] 
[INFO] [stdout] 
[INFO] [stdout] error[E0422]: cannot find struct, variant or union type `ModifyOrder` in this scope
[INFO] [stdout]    --> tests/parity.rs:180:9
[INFO] [stdout]     |
[INFO] [stdout] 180 |         ModifyOrder {
[INFO] [stdout]     |         ^^^^^^^^^^^ not found in this scope
[INFO] [stdout] 
[INFO] [stdout] 
[INFO] [stdout] error[E0422]: cannot find struct, variant or union type `ChangePubKey` in this scope
[INFO] [stdout]    --> tests/parity.rs:200:14
[INFO] [stdout]     |
[INFO] [stdout] 200 |     let tx = ChangePubKey {
[INFO] [stdout]     |              ^^^^^^^^^^^^ not found in this scope
[INFO] [stdout] 
[INFO] [stdout] 
[INFO] [stdout] error[E0422]: cannot find struct, variant or union type `CreateSubAccount` in this scope
[INFO] [stdout]    --> tests/parity.rs:225:9
[INFO] [stdout]     |
[INFO] [stdout] 225 |         CreateSubAccount {
[INFO] [stdout]     |         ^^^^^^^^^^^^^^^^ not found in this scope
[INFO] [stdout] 
[INFO] [stdout] 
[INFO] [stdout] error[E0422]: cannot find struct, variant or union type `Transfer` in this scope
[INFO] [stdout]    --> tests/parity.rs:244:14
[INFO] [stdout]     |
[INFO] [stdout] 244 |     let tx = Transfer {
[INFO] [stdout]     |              ^^^^^^^^ not found in this scope
[INFO] [stdout] 
[INFO] [stdout] 
[INFO] [stdout] error[E0422]: cannot find struct, variant or union type `Withdraw` in this scope
[INFO] [stdout]    --> tests/parity.rs:275:9
[INFO] [stdout]     |
[INFO] [stdout] 275 |         Withdraw {
[INFO] [stdout]     |         ^^^^^^^^ not found in this scope
[INFO] [stdout] 
[INFO] [stdout] 
[INFO] [stdout] error[E0422]: cannot find struct, variant or union type `UpdateLeverage` in this scope
[INFO] [stdout]    --> tests/parity.rs:296:9
[INFO] [stdout]     |
[INFO] [stdout] 296 |         UpdateLeverage {
[INFO] [stdout]     |         ^^^^^^^^^^^^^^ not found in this scope
[INFO] [stdout] 
[INFO] [stdout] 
[INFO] [stdout] error[E0422]: cannot find struct, variant or union type `UpdateMargin` in this scope
[INFO] [stdout]    --> tests/parity.rs:317:9
[INFO] [stdout]     |
[INFO] [stdout] 317 |         UpdateMargin {
[INFO] [stdout]     |         ^^^^^^^^^^^^ not found in this scope
[INFO] [stdout] 
[INFO] [stdout] 
[INFO] [stdout] error[E0422]: cannot find struct, variant or union type `UpdateAccountConfig` in this scope
[INFO] [stdout]    --> tests/parity.rs:338:9
[INFO] [stdout]     |
[INFO] [stdout] 338 |         UpdateAccountConfig {
[INFO] [stdout]     |         ^^^^^^^^^^^^^^^^^^^ not found in this scope
[INFO] [stdout] 
[INFO] [stdout] 
[INFO] [stdout] error[E0422]: cannot find struct, variant or union type `UpdateAccountAssetConfig` in this scope
[INFO] [stdout]    --> tests/parity.rs:357:9
[INFO] [stdout]     |
[INFO] [stdout] 357 |         UpdateAccountAssetConfig {
[INFO] [stdout]     |         ^^^^^^^^^^^^^^^^^^^^^^^^ not found in this scope
[INFO] [stdout] 
[INFO] [stdout] 
[INFO] [stdout] error[E0422]: cannot find struct, variant or union type `ApproveIntegrator` in this scope
[INFO] [stdout]    --> tests/parity.rs:374:14
[INFO] [stdout]     |
[INFO] [stdout] 374 |     let tx = ApproveIntegrator {
[INFO] [stdout]     |              ^^^^^^^^^^^^^^^^^ not found in this scope
[INFO] [stdout] 
[INFO] [stdout] 
[INFO] [stdout] error[E0422]: cannot find struct, variant or union type `CreatePublicPool` in this scope
[INFO] [stdout]    --> tests/parity.rs:404:9
[INFO] [stdout]     |
[INFO] [stdout] 404 |         CreatePublicPool {
[INFO] [stdout]     |         ^^^^^^^^^^^^^^^^ not found in this scope
[INFO] [stdout] 
[INFO] [stdout] 
[INFO] [stdout] error[E0422]: cannot find struct, variant or union type `UpdatePublicPool` in this scope
[INFO] [stdout]    --> tests/parity.rs:425:9
[INFO] [stdout]     |
[INFO] [stdout] 425 |         UpdatePublicPool {
[INFO] [stdout]     |         ^^^^^^^^^^^^^^^^ not found in this scope
[INFO] [stdout] 
[INFO] [stdout] 
[INFO] [stdout] error[E0422]: cannot find struct, variant or union type `MintShares` in this scope
[INFO] [stdout]    --> tests/parity.rs:447:9
[INFO] [stdout]     |
[INFO] [stdout] 447 |         MintShares {
[INFO] [stdout]     |         ^^^^^^^^^^ not found in this scope
[INFO] [stdout] 
[INFO] [stdout] 
[INFO] [stdout] error[E0422]: cannot find struct, variant or union type `BurnShares` in this scope
[INFO] [stdout]    --> tests/parity.rs:467:9
[INFO] [stdout]     |
[INFO] [stdout] 467 |         BurnShares {
[INFO] [stdout]     |         ^^^^^^^^^^ not found in this scope
[INFO] [stdout] 
[INFO] [stdout] 
[INFO] [stdout] error[E0422]: cannot find struct, variant or union type `StakeAssets` in this scope
[INFO] [stdout]    --> tests/parity.rs:487:9
[INFO] [stdout]     |
[INFO] [stdout] 487 |         StakeAssets {
[INFO] [stdout]     |         ^^^^^^^^^^^ not found in this scope
[INFO] [stdout] 
[INFO] [stdout] 
[INFO] [stdout] error[E0422]: cannot find struct, variant or union type `UnstakeAssets` in this scope
[INFO] [stdout]    --> tests/parity.rs:507:9
[INFO] [stdout]     |
[INFO] [stdout] 507 |         UnstakeAssets {
[INFO] [stdout]     |         ^^^^^^^^^^^^^ not found in this scope
[INFO] [stdout] 
[INFO] [stdout] 
[INFO] [stdout] Some errors have detailed explanations: E0405, E0422, E0425, E0432, E0433.
[INFO] [stdout] 
[INFO] [stdout] For more information about an error, try `rustc --explain E0405`.
[INFO] [stdout] 
[INFO] [stderr] error: could not compile `lighters` (test "parity") due to 27 previous errors
[INFO] running `Command { std: "docker" "inspect" "2c7c11c0e27ed8bca73609bd839b1869c5b8729df681578281f123e2fd91ce92", kill_on_drop: false }`
[INFO] running `Command { std: "docker" "rm" "-f" "2c7c11c0e27ed8bca73609bd839b1869c5b8729df681578281f123e2fd91ce92", kill_on_drop: false }`
[INFO] [stdout] 2c7c11c0e27ed8bca73609bd839b1869c5b8729df681578281f123e2fd91ce92
