[INFO] fetching crate licheszter 0.5.2...
[INFO] testing licheszter-0.5.2 against 1.100.0-beta.1+cargoflags=--release for beta-release-1.100-2
[INFO] extracting crate licheszter 0.5.2 into /workspace/builds/worker-7-tc2/source
[INFO] started tweaking crates.io crate licheszter 0.5.2
[INFO] removed 0 missing tests
[INFO] finished tweaking crates.io crate licheszter 0.5.2
[INFO] tweaked toml for crates.io crate licheszter 0.5.2 written to /workspace/builds/worker-7-tc2/source/Cargo.toml
[INFO] validating manifest of crates.io crate licheszter 0.5.2 on toolchain 1.100.0-beta.1
[INFO] running `Command { std: CARGO_HOME="/workspace/cargo-home" RUSTUP_HOME="/workspace/rustup-home" "/workspace/cargo-home/bin/cargo" "+1.100.0-beta.1" "metadata" "--manifest-path" "Cargo.toml" "--no-deps", kill_on_drop: false }`
[INFO] crate crates.io crate licheszter 0.5.2 already has a lockfile, it will not be regenerated
[INFO] running `Command { std: CARGO_HOME="/workspace/cargo-home" RUSTUP_HOME="/workspace/rustup-home" "/workspace/cargo-home/bin/cargo" "+1.100.0-beta.1" "fetch" "--manifest-path" "Cargo.toml", kill_on_drop: false }`
[INFO] [stderr] warning: `package.homepage` is redundant with `package.repository`
[INFO] [stderr]   --> Cargo.toml:83:12
[INFO] [stderr]    |
[INFO] [stderr] 83 | homepage = "https://github.com/tontsa28/licheszter"
[INFO] [stderr]    |            ^^^^^^^^^^^^^^^^^^^^^^^^^^^^^^^^^^^^^^^^
[INFO] [stderr] ...
[INFO] [stderr] 88 | repository = "https://github.com/tontsa28/licheszter"
[INFO] [stderr]    |              ----------------------------------------
[INFO] [stderr]    |
[INFO] [stderr]    = note: `cargo::redundant_homepage` is set to `warn` by default
[INFO] [stderr] help: consider removing `package.homepage`
[INFO] [stderr] warning: `licheszter` (manifest) generated 1 warning
[INFO] running `Command { std: "docker" "create" "-v" "/var/lib/crater-agent-workspace/builds/worker-7-tc2/source:/opt/rustwide/workdir:ro,Z" "-v" "/var/lib/crater-agent-workspace/builds/worker-7-tc2/target:/opt/rustwide/target:rw,Z" "-v" "/var/lib/crater-agent-workspace/cargo-home:/opt/rustwide/cargo-home:ro,Z" "-v" "/var/lib/crater-agent-workspace/rustup-home:/opt/rustwide/rustup-home:ro,Z" "-m" "1610612736" "--network" "none" "ghcr.io/rust-lang/crates-build-env/linux@sha256:77db811e55d90add9212f6832c23229e3de5f1c1f9905e8cb07319ea15df73ac" "sleep" "infinity", kill_on_drop: false }`
[INFO] [stdout] a0037b2083d3f228797e00460176a5debd7dcdb62c1f6a5605c5e987e5955738
[INFO] running `Command { std: "docker" "start" "a0037b2083d3f228797e00460176a5debd7dcdb62c1f6a5605c5e987e5955738", kill_on_drop: false }`
[INFO] running `Command { std: "docker" "inspect" "a0037b2083d3f228797e00460176a5debd7dcdb62c1f6a5605c5e987e5955738", kill_on_drop: false }`
[INFO] running `Command { std: "docker" "exec" "-e" "SOURCE_DIR=/opt/rustwide/workdir" "-e" "CARGO_HOME=/opt/rustwide/cargo-home" "-e" "RUSTUP_HOME=/opt/rustwide/rustup-home" "-e" "CARGO_TARGET_DIR=/opt/rustwide/target" "-w" "/opt/rustwide/workdir" "--user" "0:0" "a0037b2083d3f228797e00460176a5debd7dcdb62c1f6a5605c5e987e5955738" "/opt/rustwide/cargo-home/bin/cargo" "+1.100.0-beta.1" "metadata" "--no-deps" "--format-version=1", kill_on_drop: false }`
[INFO] running `Command { std: "docker" "inspect" "a0037b2083d3f228797e00460176a5debd7dcdb62c1f6a5605c5e987e5955738", kill_on_drop: false }`
[INFO] running `Command { std: "docker" "exec" "-e" "SOURCE_DIR=/opt/rustwide/workdir" "-e" "CARGO_HOME=/opt/rustwide/cargo-home" "-e" "RUSTUP_HOME=/opt/rustwide/rustup-home" "-e" "CARGO_TARGET_DIR=/opt/rustwide/target" "-e" "CARGO_INCREMENTAL=0" "-e" "RUST_BACKTRACE=full" "-e" "RUSTFLAGS=--cap-lints=warn" "-e" "RUSTDOCFLAGS=--cap-lints=warn" "-w" "/opt/rustwide/workdir" "--user" "0:0" "a0037b2083d3f228797e00460176a5debd7dcdb62c1f6a5605c5e987e5955738" "/opt/rustwide/cargo-home/bin/cargo" "+1.100.0-beta.1" "build" "--frozen" "--message-format=json" "--release", kill_on_drop: false }`
[INFO] [stderr] warning: `package.homepage` is redundant with `package.repository`
[INFO] [stderr]   --> Cargo.toml:83:12
[INFO] [stderr]    |
[INFO] [stderr] 83 | homepage = "https://github.com/tontsa28/licheszter"
[INFO] [stderr]    |            ^^^^^^^^^^^^^^^^^^^^^^^^^^^^^^^^^^^^^^^^
[INFO] [stderr] ...
[INFO] [stderr] 88 | repository = "https://github.com/tontsa28/licheszter"
[INFO] [stderr]    |              ----------------------------------------
[INFO] [stderr]    |
[INFO] [stderr]    = note: `cargo::redundant_homepage` is set to `warn` by default
[INFO] [stderr] help: consider removing `package.homepage`
[INFO] [stderr] warning: `licheszter` (manifest) generated 1 warning
[INFO] [stderr]    Compiling itoa v1.0.17
[INFO] [stderr]    Compiling libc v0.2.180
[INFO] [stderr]    Compiling once_cell v1.21.3
[INFO] [stderr]    Compiling aws-lc-rs v1.15.4
[INFO] [stderr]    Compiling syn v2.0.114
[INFO] [stderr]    Compiling socket2 v0.6.2
[INFO] [stderr]    Compiling mio v1.1.1
[INFO] [stderr]    Compiling litemap v0.8.1
[INFO] [stderr]    Compiling http v1.4.0
[INFO] [stderr]    Compiling writeable v0.6.2
[INFO] [stderr]    Compiling rustls-pki-types v1.14.0
[INFO] [stderr]    Compiling icu_properties_data v2.1.2
[INFO] [stderr]    Compiling icu_normalizer_data v2.1.1
[INFO] [stderr]    Compiling tracing-core v0.1.36
[INFO] [stderr]    Compiling rustls v0.23.36
[INFO] [stderr]    Compiling futures-task v0.3.31
[INFO] [stderr]    Compiling tokio v1.49.0
[INFO] [stderr]    Compiling hashbrown v0.16.1
[INFO] [stderr]    Compiling tracing v0.1.44
[INFO] [stderr]    Compiling jobserver v0.1.34
[INFO] [stderr]    Compiling futures-util v0.3.31
[INFO] [stderr]    Compiling cc v1.2.55
[INFO] [stderr]    Compiling http-body v1.0.1
[INFO] [stderr]    Compiling strsim v0.11.1
[INFO] [stderr]    Compiling ident_case v1.0.1
[INFO] [stderr]    Compiling fnv v1.0.7
[INFO] [stderr]    Compiling futures-channel v0.3.31
[INFO] [stderr]    Compiling zmij v1.0.19
[INFO] [stderr]    Compiling indexmap v2.13.0
[INFO] [stderr]    Compiling sync_wrapper v1.0.2
[INFO] [stderr]    Compiling num-conv v0.2.0
[INFO] [stderr]    Compiling serde_json v1.0.149
[INFO] [stderr]    Compiling deranged v0.5.5
[INFO] [stderr]    Compiling time-macros v0.2.27
[INFO] [stderr]    Compiling cmake v0.1.57
[INFO] [stderr]    Compiling rustls-native-certs v0.8.3
[INFO] [stderr]    Compiling ryu v1.0.22
[INFO] [stderr]    Compiling aws-lc-sys v0.37.0
[INFO] [stderr]    Compiling iri-string v0.7.10
[INFO] [stderr]    Compiling http-body-util v0.1.3
[INFO] [stderr]    Compiling time v0.3.47
[INFO] [stderr]    Compiling synstructure v0.13.2
[INFO] [stderr]    Compiling darling_core v0.21.3
[INFO] [stderr]    Compiling zerofrom-derive v0.1.6
[INFO] [stderr]    Compiling yoke-derive v0.8.1
[INFO] [stderr]    Compiling zerovec-derive v0.11.2
[INFO] [stderr]    Compiling displaydoc v0.2.5
[INFO] [stderr]    Compiling tokio-util v0.7.18
[INFO] [stderr]    Compiling zerofrom v0.1.6
[INFO] [stderr]    Compiling yoke v0.8.1
[INFO] [stderr]    Compiling serde_derive v1.0.228
[INFO] [stderr]    Compiling tower v0.5.3
[INFO] [stderr]    Compiling zerovec v0.11.5
[INFO] [stderr]    Compiling zerotrie v0.2.3
[INFO] [stderr]    Compiling h2 v0.4.13
[INFO] [stderr]    Compiling tower-http v0.6.8
[INFO] [stderr]    Compiling darling_macro v0.21.3
[INFO] [stderr]    Compiling tinystr v0.8.2
[INFO] [stderr]    Compiling potential_utf v0.1.4
[INFO] [stderr]    Compiling icu_locale_core v2.1.1
[INFO] [stderr]    Compiling darling v0.21.3
[INFO] [stderr]    Compiling icu_collections v2.1.1
[INFO] [stderr]    Compiling serde_with_macros v3.16.1
[INFO] [stderr]    Compiling serde_with v3.16.1
[INFO] [stderr]    Compiling icu_provider v2.1.1
[INFO] [stderr]    Compiling serde v1.0.228
[INFO] [stderr]    Compiling icu_normalizer v2.1.1
[INFO] [stderr]    Compiling icu_properties v2.1.2
[INFO] [stderr]    Compiling serde_urlencoded v0.7.1
[INFO] [stderr]    Compiling hyper v1.8.1
[INFO] [stderr]    Compiling idna_adapter v1.2.1
[INFO] [stderr]    Compiling idna v1.1.0
[INFO] [stderr]    Compiling url v2.5.8
[INFO] [stderr]    Compiling hyper-util v0.1.20
[INFO] [stderr]    Compiling rustls-webpki v0.103.9
[INFO] [stderr]    Compiling tokio-rustls v0.26.4
[INFO] [stderr]    Compiling rustls-platform-verifier v0.6.2
[INFO] [stderr]    Compiling hyper-rustls v0.27.7
[INFO] [stderr]    Compiling reqwest v0.13.1
[INFO] [stderr]    Compiling licheszter v0.5.2 (/opt/rustwide/workdir)
[INFO] [stderr]     Finished `release` profile [optimized] target(s) in 3m 54s
[INFO] running `Command { std: "docker" "inspect" "a0037b2083d3f228797e00460176a5debd7dcdb62c1f6a5605c5e987e5955738", kill_on_drop: false }`
[INFO] running `Command { std: "docker" "exec" "-e" "SOURCE_DIR=/opt/rustwide/workdir" "-e" "CARGO_HOME=/opt/rustwide/cargo-home" "-e" "RUSTUP_HOME=/opt/rustwide/rustup-home" "-e" "CARGO_TARGET_DIR=/opt/rustwide/target" "-e" "CARGO_INCREMENTAL=0" "-e" "RUST_BACKTRACE=full" "-e" "RUSTFLAGS=--cap-lints=warn" "-e" "RUSTDOCFLAGS=--cap-lints=warn" "-w" "/opt/rustwide/workdir" "--user" "0:0" "a0037b2083d3f228797e00460176a5debd7dcdb62c1f6a5605c5e987e5955738" "/opt/rustwide/cargo-home/bin/cargo" "+1.100.0-beta.1" "test" "--frozen" "--no-run" "--message-format=json" "--release", kill_on_drop: false }`
[INFO] [stderr] warning: `package.homepage` is redundant with `package.repository`
[INFO] [stderr]   --> Cargo.toml:83:12
[INFO] [stderr]    |
[INFO] [stderr] 83 | homepage = "https://github.com/tontsa28/licheszter"
[INFO] [stderr]    |            ^^^^^^^^^^^^^^^^^^^^^^^^^^^^^^^^^^^^^^^^
[INFO] [stderr] ...
[INFO] [stderr] 88 | repository = "https://github.com/tontsa28/licheszter"
[INFO] [stderr]    |              ----------------------------------------
[INFO] [stderr]    |
[INFO] [stderr]    = note: `cargo::redundant_homepage` is set to `warn` by default
[INFO] [stderr] help: consider removing `package.homepage`
[INFO] [stderr] warning: `licheszter` (manifest) generated 1 warning
[INFO] [stderr]    Compiling tokio-macros v2.6.0
[INFO] [stderr]    Compiling dotenvy v0.15.7
[INFO] [stderr]    Compiling tokio v1.49.0
[INFO] [stderr]    Compiling tokio-util v0.7.18
[INFO] [stderr]    Compiling tokio-rustls v0.26.4
[INFO] [stderr]    Compiling tower v0.5.3
[INFO] [stderr]    Compiling tower-http v0.6.8
[INFO] [stderr]    Compiling h2 v0.4.13
[INFO] [stderr]    Compiling hyper v1.8.1
[INFO] [stderr]    Compiling hyper-util v0.1.20
[INFO] [stderr]    Compiling hyper-rustls v0.27.7
[INFO] [stderr]    Compiling reqwest v0.13.1
[INFO] [stderr]    Compiling licheszter v0.5.2 (/opt/rustwide/workdir)
[INFO] [stdout] error[E0432]: unresolved import `licheszter::config::challenges`
[INFO] [stdout]  --> tests/bot.rs:8:13
[INFO] [stdout]   |
[INFO] [stdout] 8 |     config::challenges::ChallengeOptions,
[INFO] [stdout]   |             ^^^^^^^^^^ could not find `challenges` in `config`
[INFO] [stdout]   |
[INFO] [stdout] note: found an item that was configured out
[INFO] [stdout]  --> src/config/mod.rs:5:9
[INFO] [stdout]   |
[INFO] [stdout] 4 | #[cfg(feature = "challenges")]
[INFO] [stdout]   |       ---------------------- the item is gated behind the `challenges` feature
[INFO] [stdout] 5 | pub mod challenges;
[INFO] [stdout]   |         ^^^^^^^^^^
[INFO] [stdout] 
[INFO] [stdout] 
[INFO] [stdout] error[E0599]: no method named `challenges` found for struct `LazyLock<Licheszter>` in the current scope
[INFO] [stdout]   --> tests/bot.rs:37:10
[INFO] [stdout]    |
[INFO] [stdout] 36 |     let challenge = BOT0
[INFO] [stdout] 37 |         .challenges()
[INFO] [stdout]    |          ^^^^^^^^^^ method not found in `LazyLock<Licheszter>`
[INFO] [stdout] 
[INFO] [stdout] 
[INFO] [stdout] error[E0599]: no method named `challenges` found for struct `LazyLock<Licheszter>` in the current scope
[INFO] [stdout]   --> tests/bot.rs:41:10
[INFO] [stdout]    |
[INFO] [stdout] 41 |     BOT1.challenges().accept(&challenge.id).await.unwrap();
[INFO] [stdout]    |          ^^^^^^^^^^ method not found in `LazyLock<Licheszter>`
[INFO] [stdout] 
[INFO] [stdout] 
[INFO] [stdout] error[E0599]: no method named `challenges` found for struct `LazyLock<Licheszter>` in the current scope
[INFO] [stdout]   --> tests/bot.rs:95:10
[INFO] [stdout]    |
[INFO] [stdout] 94 |     let challenge = BOT0
[INFO] [stdout] 95 |         .challenges()
[INFO] [stdout]    |          ^^^^^^^^^^ method not found in `LazyLock<Licheszter>`
[INFO] [stdout] 
[INFO] [stdout] 
[INFO] [stdout] error[E0599]: no method named `challenges` found for struct `LazyLock<Licheszter>` in the current scope
[INFO] [stdout]   --> tests/bot.rs:99:10
[INFO] [stdout]    |
[INFO] [stdout] 99 |     BOT1.challenges().accept(&challenge.id).await.unwrap();
[INFO] [stdout]    |          ^^^^^^^^^^ method not found in `LazyLock<Licheszter>`
[INFO] [stdout] 
[INFO] [stdout] 
[INFO] [stdout] error[E0599]: no method named `challenges` found for struct `LazyLock<Licheszter>` in the current scope
[INFO] [stdout]    --> tests/bot.rs:148:26
[INFO] [stdout]     |
[INFO] [stdout] 148 |     let challenge = BOT0.challenges().create("Bot1", None).await.unwrap();
[INFO] [stdout]     |                          ^^^^^^^^^^ method not found in `LazyLock<Licheszter>`
[INFO] [stdout] 
[INFO] [stdout] 
[INFO] [stdout] error[E0599]: no method named `challenges` found for struct `LazyLock<Licheszter>` in the current scope
[INFO] [stdout]    --> tests/bot.rs:149:10
[INFO] [stdout]     |
[INFO] [stdout] 149 |     BOT1.challenges().accept(&challenge.id).await.unwrap();
[INFO] [stdout]     |          ^^^^^^^^^^ method not found in `LazyLock<Licheszter>`
[INFO] [stdout] 
[INFO] [stdout] 
[INFO] [stdout] error[E0599]: no method named `challenges` found for struct `LazyLock<Licheszter>` in the current scope
[INFO] [stdout]    --> tests/bot.rs:186:26
[INFO] [stdout]     |
[INFO] [stdout] 186 |     let challenge = BOT0.challenges().create("Bot1", None).await.unwrap();
[INFO] [stdout]     |                          ^^^^^^^^^^ method not found in `LazyLock<Licheszter>`
[INFO] [stdout] 
[INFO] [stdout] 
[INFO] [stdout] error[E0599]: no method named `challenges` found for struct `LazyLock<Licheszter>` in the current scope
[INFO] [stdout]    --> tests/bot.rs:187:10
[INFO] [stdout]     |
[INFO] [stdout] 187 |     BOT1.challenges().accept(&challenge.id).await.unwrap();
[INFO] [stdout]     |          ^^^^^^^^^^ method not found in `LazyLock<Licheszter>`
[INFO] [stdout] 
[INFO] [stdout] 
[INFO] [stdout] error[E0599]: no method named `challenges` found for struct `LazyLock<Licheszter>` in the current scope
[INFO] [stdout]    --> tests/bot.rs:218:26
[INFO] [stdout]     |
[INFO] [stdout] 218 |     let challenge = BOT0.challenges().create("Bot1", None).await.unwrap();
[INFO] [stdout]     |                          ^^^^^^^^^^ method not found in `LazyLock<Licheszter>`
[INFO] [stdout] 
[INFO] [stdout] 
[INFO] [stdout] error[E0599]: no method named `challenges` found for struct `LazyLock<Licheszter>` in the current scope
[INFO] [stdout]    --> tests/bot.rs:219:10
[INFO] [stdout]     |
[INFO] [stdout] 219 |     BOT1.challenges().accept(&challenge.id).await.unwrap();
[INFO] [stdout]     |          ^^^^^^^^^^ method not found in `LazyLock<Licheszter>`
[INFO] [stdout] 
[INFO] [stdout] 
[INFO] [stdout] error[E0599]: no method named `challenges` found for struct `LazyLock<Licheszter>` in the current scope
[INFO] [stdout]    --> tests/bot.rs:237:26
[INFO] [stdout]     |
[INFO] [stdout] 237 |     let challenge = BOT0.challenges().create("Bot1", None).await.unwrap();
[INFO] [stdout]     |                          ^^^^^^^^^^ method not found in `LazyLock<Licheszter>`
[INFO] [stdout] 
[INFO] [stdout] 
[INFO] [stdout] error[E0599]: no method named `challenges` found for struct `LazyLock<Licheszter>` in the current scope
[INFO] [stdout]    --> tests/bot.rs:238:10
[INFO] [stdout]     |
[INFO] [stdout] 238 |     BOT1.challenges().accept(&challenge.id).await.unwrap();
[INFO] [stdout]     |          ^^^^^^^^^^ method not found in `LazyLock<Licheszter>`
[INFO] [stdout] 
[INFO] [stdout] 
[INFO] [stdout] error[E0599]: no method named `challenges` found for struct `LazyLock<Licheszter>` in the current scope
[INFO] [stdout]    --> tests/bot.rs:259:26
[INFO] [stdout]     |
[INFO] [stdout] 259 |     let challenge = BOT0.challenges().create("Bot1", None).await.unwrap();
[INFO] [stdout]     |                          ^^^^^^^^^^ method not found in `LazyLock<Licheszter>`
[INFO] [stdout] 
[INFO] [stdout] 
[INFO] [stdout] error[E0599]: no method named `challenges` found for struct `LazyLock<Licheszter>` in the current scope
[INFO] [stdout]    --> tests/bot.rs:260:10
[INFO] [stdout]     |
[INFO] [stdout] 260 |     BOT1.challenges().accept(&challenge.id).await.unwrap();
[INFO] [stdout]     |          ^^^^^^^^^^ method not found in `LazyLock<Licheszter>`
[INFO] [stdout] 
[INFO] [stdout] 
[INFO] [stdout] error[E0599]: no method named `challenges` found for struct `LazyLock<Licheszter>` in the current scope
[INFO] [stdout]    --> tests/bot.rs:278:26
[INFO] [stdout]     |
[INFO] [stdout] 278 |     let challenge = BOT0.challenges().create("Bot1", None).await.unwrap();
[INFO] [stdout]     |                          ^^^^^^^^^^ method not found in `LazyLock<Licheszter>`
[INFO] [stdout] 
[INFO] [stdout] 
[INFO] [stdout] error[E0599]: no method named `challenges` found for struct `LazyLock<Licheszter>` in the current scope
[INFO] [stdout]    --> tests/bot.rs:279:10
[INFO] [stdout]     |
[INFO] [stdout] 279 |     BOT1.challenges().accept(&challenge.id).await.unwrap();
[INFO] [stdout]     |          ^^^^^^^^^^ method not found in `LazyLock<Licheszter>`
[INFO] [stdout] 
[INFO] [stdout] 
[INFO] [stdout] error[E0599]: no method named `challenges` found for struct `LazyLock<Licheszter>` in the current scope
[INFO] [stdout]    --> tests/bot.rs:300:26
[INFO] [stdout]     |
[INFO] [stdout] 300 |     let challenge = BOT0.challenges().create("Bot1", None).await.unwrap();
[INFO] [stdout]     |                          ^^^^^^^^^^ method not found in `LazyLock<Licheszter>`
[INFO] [stdout] 
[INFO] [stdout] 
[INFO] [stdout] error[E0599]: no method named `challenges` found for struct `LazyLock<Licheszter>` in the current scope
[INFO] [stdout]    --> tests/bot.rs:301:10
[INFO] [stdout]     |
[INFO] [stdout] 301 |     BOT1.challenges().accept(&challenge.id).await.unwrap();
[INFO] [stdout]     |          ^^^^^^^^^^ method not found in `LazyLock<Licheszter>`
[INFO] [stdout] 
[INFO] [stdout] 
[INFO] [stdout] error[E0599]: no method named `challenges` found for struct `LazyLock<Licheszter>` in the current scope
[INFO] [stdout]    --> tests/bot.rs:312:26
[INFO] [stdout]     |
[INFO] [stdout] 312 |     let challenge = BOT0.challenges().create("Bot1", None).await.unwrap();
[INFO] [stdout]     |                          ^^^^^^^^^^ method not found in `LazyLock<Licheszter>`
[INFO] [stdout] 
[INFO] [stdout] 
[INFO] [stdout] error[E0599]: no method named `challenges` found for struct `LazyLock<Licheszter>` in the current scope
[INFO] [stdout]    --> tests/bot.rs:313:10
[INFO] [stdout]     |
[INFO] [stdout] 313 |     BOT1.challenges().accept(&challenge.id).await.unwrap();
[INFO] [stdout]     |          ^^^^^^^^^^ method not found in `LazyLock<Licheszter>`
[INFO] [stdout] 
[INFO] [stdout] 
[INFO] [stdout] error[E0599]: no method named `challenges` found for struct `LazyLock<Licheszter>` in the current scope
[INFO] [stdout]    --> tests/bot.rs:334:26
[INFO] [stdout]     |
[INFO] [stdout] 334 |     let challenge = BOT0.challenges().create("Bot1", None).await.unwrap();
[INFO] [stdout]     |                          ^^^^^^^^^^ method not found in `LazyLock<Licheszter>`
[INFO] [stdout] 
[INFO] [stdout] 
[INFO] [stdout] error[E0599]: no method named `challenges` found for struct `LazyLock<Licheszter>` in the current scope
[INFO] [stdout]    --> tests/bot.rs:335:10
[INFO] [stdout]     |
[INFO] [stdout] 335 |     BOT1.challenges().accept(&challenge.id).await.unwrap();
[INFO] [stdout]     |          ^^^^^^^^^^ method not found in `LazyLock<Licheszter>`
[INFO] [stdout] 
[INFO] [stdout] 
[INFO] [stdout] error[E0599]: no method named `challenges` found for struct `LazyLock<Licheszter>` in the current scope
[INFO] [stdout]    --> tests/bot.rs:346:26
[INFO] [stdout]     |
[INFO] [stdout] 346 |     let challenge = BOT0.challenges().create("Bot1", None).await.unwrap();
[INFO] [stdout]     |                          ^^^^^^^^^^ method not found in `LazyLock<Licheszter>`
[INFO] [stdout] 
[INFO] [stdout] 
[INFO] [stdout] error[E0599]: no method named `challenges` found for struct `LazyLock<Licheszter>` in the current scope
[INFO] [stdout]    --> tests/bot.rs:347:10
[INFO] [stdout]     |
[INFO] [stdout] 347 |     BOT1.challenges().accept(&challenge.id).await.unwrap();
[INFO] [stdout]     |          ^^^^^^^^^^ method not found in `LazyLock<Licheszter>`
[INFO] [stdout] 
[INFO] [stdout] 
[INFO] [stdout] error[E0599]: no method named `challenges` found for struct `LazyLock<Licheszter>` in the current scope
[INFO] [stdout]    --> tests/bot.rs:370:10
[INFO] [stdout]     |
[INFO] [stdout] 369 |     let challenge = BOT0
[INFO] [stdout] 370 |         .challenges()
[INFO] [stdout]     |          ^^^^^^^^^^ method not found in `LazyLock<Licheszter>`
[INFO] [stdout] 
[INFO] [stdout] 
[INFO] [stdout] error[E0599]: no method named `challenges` found for struct `LazyLock<Licheszter>` in the current scope
[INFO] [stdout]    --> tests/bot.rs:374:10
[INFO] [stdout]     |
[INFO] [stdout] 374 |     BOT1.challenges().accept(&challenge.id).await.unwrap();
[INFO] [stdout]     |          ^^^^^^^^^^ method not found in `LazyLock<Licheszter>`
[INFO] [stdout] 
[INFO] [stdout] 
[INFO] [stdout] error[E0599]: no method named `challenges` found for struct `LazyLock<Licheszter>` in the current scope
[INFO] [stdout]    --> tests/bot.rs:423:10
[INFO] [stdout]     |
[INFO] [stdout] 422 |     let challenge = BOT0
[INFO] [stdout] 423 |         .challenges()
[INFO] [stdout]     |          ^^^^^^^^^^ method not found in `LazyLock<Licheszter>`
[INFO] [stdout] 
[INFO] [stdout] 
[INFO] [stdout] error[E0599]: no method named `challenges` found for struct `LazyLock<Licheszter>` in the current scope
[INFO] [stdout]    --> tests/bot.rs:427:10
[INFO] [stdout]     |
[INFO] [stdout] 427 |     BOT1.challenges().accept(&challenge.id).await.unwrap();
[INFO] [stdout]     |          ^^^^^^^^^^ method not found in `LazyLock<Licheszter>`
[INFO] [stdout] 
[INFO] [stdout] 
[INFO] [stdout] Some errors have detailed explanations: E0432, E0599.
[INFO] [stdout] 
[INFO] [stdout] For more information about an error, try `rustc --explain E0432`.
[INFO] [stdout] 
[INFO] [stderr] error: could not compile `licheszter` (test "bot") due to 29 previous errors
[INFO] [stderr] warning: build failed, waiting for other jobs to finish...
[INFO] running `Command { std: "docker" "inspect" "a0037b2083d3f228797e00460176a5debd7dcdb62c1f6a5605c5e987e5955738", kill_on_drop: false }`
[INFO] running `Command { std: "docker" "rm" "-f" "a0037b2083d3f228797e00460176a5debd7dcdb62c1f6a5605c5e987e5955738", kill_on_drop: false }`
[INFO] [stdout] a0037b2083d3f228797e00460176a5debd7dcdb62c1f6a5605c5e987e5955738
