[INFO] fetching crate libzcash_script 0.2.0...
[INFO] testing libzcash_script-0.2.0 against 1.100.0-beta.1+cargoflags=--release for beta-release-1.100-2
[INFO] extracting crate libzcash_script 0.2.0 into /workspace/builds/worker-2-tc2/source
[INFO] started tweaking crates.io crate libzcash_script 0.2.0
[INFO] finished tweaking crates.io crate libzcash_script 0.2.0
[INFO] tweaked toml for crates.io crate libzcash_script 0.2.0 written to /workspace/builds/worker-2-tc2/source/Cargo.toml
[INFO] validating manifest of crates.io crate libzcash_script 0.2.0 on toolchain 1.100.0-beta.1
[INFO] running `Command { std: CARGO_HOME="/workspace/cargo-home" RUSTUP_HOME="/workspace/rustup-home" "/workspace/cargo-home/bin/cargo" "+1.100.0-beta.1" "metadata" "--manifest-path" "Cargo.toml" "--no-deps", kill_on_drop: false }`
[INFO] crate crates.io crate libzcash_script 0.2.0 already has a lockfile, it will not be regenerated
[INFO] running `Command { std: CARGO_HOME="/workspace/cargo-home" RUSTUP_HOME="/workspace/rustup-home" "/workspace/cargo-home/bin/cargo" "+1.100.0-beta.1" "fetch" "--manifest-path" "Cargo.toml", kill_on_drop: false }`
[INFO] [stderr]     Blocking waiting for file lock on package cache
[INFO] running `Command { std: "docker" "create" "-v" "/var/lib/crater-agent-workspace/builds/worker-2-tc2/source:/opt/rustwide/workdir:ro,Z" "-v" "/var/lib/crater-agent-workspace/builds/worker-2-tc2/target:/opt/rustwide/target:rw,Z" "-v" "/var/lib/crater-agent-workspace/cargo-home:/opt/rustwide/cargo-home:ro,Z" "-v" "/var/lib/crater-agent-workspace/rustup-home:/opt/rustwide/rustup-home:ro,Z" "-m" "1610612736" "--network" "none" "ghcr.io/rust-lang/crates-build-env/linux@sha256:77db811e55d90add9212f6832c23229e3de5f1c1f9905e8cb07319ea15df73ac" "sleep" "infinity", kill_on_drop: false }`
[INFO] [stdout] e370084305932de579646fbca3301fee80a1a51b6a25f4a9ebbd58b9317e09d7
[INFO] running `Command { std: "docker" "start" "e370084305932de579646fbca3301fee80a1a51b6a25f4a9ebbd58b9317e09d7", kill_on_drop: false }`
[INFO] running `Command { std: "docker" "inspect" "e370084305932de579646fbca3301fee80a1a51b6a25f4a9ebbd58b9317e09d7", kill_on_drop: false }`
[INFO] running `Command { std: "docker" "exec" "-e" "SOURCE_DIR=/opt/rustwide/workdir" "-e" "CARGO_HOME=/opt/rustwide/cargo-home" "-e" "RUSTUP_HOME=/opt/rustwide/rustup-home" "-e" "CARGO_TARGET_DIR=/opt/rustwide/target" "-w" "/opt/rustwide/workdir" "--user" "0:0" "e370084305932de579646fbca3301fee80a1a51b6a25f4a9ebbd58b9317e09d7" "/opt/rustwide/cargo-home/bin/cargo" "+1.100.0-beta.1" "metadata" "--no-deps" "--format-version=1", kill_on_drop: false }`
[INFO] running `Command { std: "docker" "inspect" "e370084305932de579646fbca3301fee80a1a51b6a25f4a9ebbd58b9317e09d7", kill_on_drop: false }`
[INFO] running `Command { std: "docker" "exec" "-e" "SOURCE_DIR=/opt/rustwide/workdir" "-e" "CARGO_HOME=/opt/rustwide/cargo-home" "-e" "RUSTUP_HOME=/opt/rustwide/rustup-home" "-e" "CARGO_TARGET_DIR=/opt/rustwide/target" "-e" "CARGO_INCREMENTAL=0" "-e" "RUST_BACKTRACE=full" "-e" "RUSTFLAGS=--cap-lints=warn" "-e" "RUSTDOCFLAGS=--cap-lints=warn" "-w" "/opt/rustwide/workdir" "--user" "0:0" "e370084305932de579646fbca3301fee80a1a51b6a25f4a9ebbd58b9317e09d7" "/opt/rustwide/cargo-home/bin/cargo" "+1.100.0-beta.1" "build" "--frozen" "--message-format=json" "--release", kill_on_drop: false }`
[INFO] [stderr]    Compiling proc-macro2 v1.0.93
[INFO] [stderr]    Compiling jobserver v0.1.31
[INFO] [stderr]    Compiling glob v0.3.1
[INFO] [stderr]    Compiling memchr v2.6.3
[INFO] [stderr]    Compiling regex-syntax v0.7.5
[INFO] [stderr]    Compiling bindgen v0.71.1
[INFO] [stderr]    Compiling thiserror v2.0.12
[INFO] [stderr]    Compiling either v1.13.0
[INFO] [stderr]    Compiling bitflags v2.8.0
[INFO] [stderr]    Compiling cpufeatures v0.2.13
[INFO] [stderr]    Compiling libloading v0.7.4
[INFO] [stderr]    Compiling rustc-hash v2.1.0
[INFO] [stderr]    Compiling tracing-core v0.1.33
[INFO] [stderr]    Compiling generic-array v0.14.7
[INFO] [stderr]    Compiling cc v1.2.11
[INFO] [stderr]    Compiling itertools v0.12.1
[INFO] [stderr]    Compiling clang-sys v1.6.1
[INFO] [stderr]    Compiling nom v7.1.3
[INFO] [stderr]    Compiling tracing v0.1.41
[INFO] [stderr]    Compiling quote v1.0.36
[INFO] [stderr]    Compiling syn v2.0.103
[INFO] [stderr]    Compiling crypto-common v0.1.6
[INFO] [stderr]    Compiling block-buffer v0.10.4
[INFO] [stderr]    Compiling digest v0.10.7
[INFO] [stderr]    Compiling sha2 v0.10.8
[INFO] [stderr]    Compiling ripemd v0.1.3
[INFO] [stderr]    Compiling sha1 v0.10.6
[INFO] [stderr]    Compiling secp256k1-sys v0.14.1
[INFO] [stderr]    Compiling regex-automata v0.3.8
[INFO] [stderr]    Compiling cexpr v0.6.0
[INFO] [stderr]    Compiling regex v1.9.5
[INFO] [stderr]    Compiling thiserror-impl v2.0.12
[INFO] [stderr]    Compiling bounded-vec v0.9.0
[INFO] [stderr]    Compiling libzcash_script v0.2.0 (/opt/rustwide/workdir)
[INFO] [stderr]    Compiling secp256k1 v0.33.1
[INFO] [stderr]    Compiling zcash_script v0.6.0
[INFO] [stderr]     Finished `release` profile [optimized] target(s) in 47.41s
[INFO] running `Command { std: "docker" "inspect" "e370084305932de579646fbca3301fee80a1a51b6a25f4a9ebbd58b9317e09d7", kill_on_drop: false }`
[INFO] running `Command { std: "docker" "exec" "-e" "SOURCE_DIR=/opt/rustwide/workdir" "-e" "CARGO_HOME=/opt/rustwide/cargo-home" "-e" "RUSTUP_HOME=/opt/rustwide/rustup-home" "-e" "CARGO_TARGET_DIR=/opt/rustwide/target" "-e" "CARGO_INCREMENTAL=0" "-e" "RUST_BACKTRACE=full" "-e" "RUSTFLAGS=--cap-lints=warn" "-e" "RUSTDOCFLAGS=--cap-lints=warn" "-w" "/opt/rustwide/workdir" "--user" "0:0" "e370084305932de579646fbca3301fee80a1a51b6a25f4a9ebbd58b9317e09d7" "/opt/rustwide/cargo-home/bin/cargo" "+1.100.0-beta.1" "test" "--frozen" "--no-run" "--message-format=json" "--release", kill_on_drop: false }`
[INFO] [stderr]    Compiling bitflags v2.8.0
[INFO] [stderr]    Compiling zerocopy-derive v0.7.35
[INFO] [stderr]    Compiling rustix v0.38.44
[INFO] [stderr]    Compiling getrandom v0.2.15
[INFO] [stderr]    Compiling num-traits v0.2.19
[INFO] [stderr]    Compiling once_cell v1.19.0
[INFO] [stderr]    Compiling wait-timeout v0.2.0
[INFO] [stderr]    Compiling hex v0.4.3
[INFO] [stderr]    Compiling rand_core v0.6.4
[INFO] [stderr]    Compiling zcash_script v0.6.0
[INFO] [stderr]    Compiling rand_xorshift v0.3.0
[INFO] [stderr]    Compiling zerocopy v0.7.35
[INFO] [stderr]    Compiling ppv-lite86 v0.2.20
[INFO] [stderr]    Compiling libzcash_script v0.2.0 (/opt/rustwide/workdir)
[INFO] [stderr]    Compiling rand_chacha v0.3.1
[INFO] [stderr]    Compiling rand v0.8.5
[INFO] [stderr]    Compiling tempfile v3.13.0
[INFO] [stderr]    Compiling rusty-fork v0.3.0
[INFO] [stderr]    Compiling proptest v1.6.0
[INFO] [stdout] error[E0432]: unresolved imports `zcash_script::test_vectors`, `zcash_script::testing`
[INFO] [stdout]    --> src/lib.rs:387:9
[INFO] [stdout]     |
[INFO] [stdout] 387 |         test_vectors::test_vectors,
[INFO] [stdout]     |         ^^^^^^^^^^^^ could not find `test_vectors` in `zcash_script`
[INFO] [stdout] 388 |         testing::{
[INFO] [stdout]     |         ^^^^^^^ could not find `testing` in `zcash_script`
[INFO] [stdout]     |
[INFO] [stdout] note: found an item that was configured out
[INFO] [stdout]    --> /opt/rustwide/cargo-home/registry/src/index.crates.io-1949cf8c6b5b557f/zcash_script-0.6.0/src/lib.rs:32:9
[INFO] [stdout]     |
[INFO] [stdout]  31 | #[cfg(any(test, feature = "test-dependencies"))]
[INFO] [stdout]     |          ------------------------------------- the item is gated here
[INFO] [stdout]  32 | pub mod test_vectors;
[INFO] [stdout]     |         ^^^^^^^^^^^^
[INFO] [stdout] note: found an item that was configured out
[INFO] [stdout]    --> /opt/rustwide/cargo-home/registry/src/index.crates.io-1949cf8c6b5b557f/zcash_script-0.6.0/src/lib.rs:228:9
[INFO] [stdout]     |
[INFO] [stdout] 227 | #[cfg(any(test, feature = "test-dependencies"))]
[INFO] [stdout]     |          ------------------------------------- the item is gated here
[INFO] [stdout] 228 | pub mod testing {
[INFO] [stdout]     |         ^^^^^^^
[INFO] [stdout] 
[INFO] [stdout] 
[INFO] [stdout] error[E0425]: cannot find function `decode` in crate `hex`
[INFO] [stdout]    --> src/cxx.rs:37:22
[INFO] [stdout]     |
[INFO] [stdout]  37 |                 hex::decode("e8c7bdac77f6bb1f3aba2eaa1fada551a9c8b3b5ecd1ef86e6e58a5f1aab952c")
[INFO] [stdout]     |                      ^^^^^^ not found in `hex`
[INFO] [stdout]     |
[INFO] [stdout] note: found an item that was configured out
[INFO] [stdout]    --> /opt/rustwide/cargo-home/registry/src/index.crates.io-1949cf8c6b5b557f/hex-0.4.3/src/lib.rs:296:8
[INFO] [stdout]     |
[INFO] [stdout] 295 | #[cfg(feature = "alloc")]
[INFO] [stdout]     |       ----------------- the item is gated behind the `alloc` feature
[INFO] [stdout] 296 | pub fn decode<T: AsRef<[u8]>>(data: T) -> Result<Vec<u8>, FromHexError> {
[INFO] [stdout]     |        ^^^^^^
[INFO] [stdout] 
[INFO] [stdout] 
[INFO] [stdout] error[E0425]: cannot find function `decode` in crate `hex`
[INFO] [stdout]    --> src/cxx.rs:55:22
[INFO] [stdout]     |
[INFO] [stdout]  55 |                 hex::decode("08c7bdac77f6bb1f3aba2eaa1fada551a9c8b3b5ecd1ef86e6e58a5f1aab952c")
[INFO] [stdout]     |                      ^^^^^^ not found in `hex`
[INFO] [stdout]     |
[INFO] [stdout] note: found an item that was configured out
[INFO] [stdout]    --> /opt/rustwide/cargo-home/registry/src/index.crates.io-1949cf8c6b5b557f/hex-0.4.3/src/lib.rs:296:8
[INFO] [stdout]     |
[INFO] [stdout] 295 | #[cfg(feature = "alloc")]
[INFO] [stdout]     |       ----------------- the item is gated behind the `alloc` feature
[INFO] [stdout] 296 | pub fn decode<T: AsRef<[u8]>>(data: T) -> Result<Vec<u8>, FromHexError> {
[INFO] [stdout]     |        ^^^^^^
[INFO] [stdout] 
[INFO] [stdout] 
[INFO] [stdout] error[E0599]: no associated function or constant named `from_hex` found for struct `Vec<u8>` in the current scope
[INFO] [stdout]   --> src/cxx.rs:22:60
[INFO] [stdout]    |
[INFO] [stdout] 22 |         pub static ref SCRIPT_PUBKEY: Vec<u8> = <Vec<u8>>::from_hex("a914c117756dcbe144a12a7c33a77cfa81aa5aeeb38187").unwrap();
[INFO] [stdout]    |                                                            ^^^^^^^^ associated function or constant not found in `Vec<u8>`
[INFO] [stdout]    |
[INFO] [stdout] note: if you're trying to build a new `Vec<u8>` consider using one of the following associated functions:
[INFO] [stdout]       Vec::<T>::new
[INFO] [stdout]       Vec::<T>::with_capacity
[INFO] [stdout]       Vec::<T>::try_with_capacity
[INFO] [stdout]       Vec::<T>::from_raw_parts
[INFO] [stdout]       and 7 others
[INFO] [stdout]   --> /rustc/e3feeb59cd1bdd011a2bfcc0747b55125d9b8527/library/alloc/src/vec/mod.rs:467:4
[INFO] [stdout] help: there is an associated function `from` with a similar name
[INFO] [stdout]    |
[INFO] [stdout] 22 -         pub static ref SCRIPT_PUBKEY: Vec<u8> = <Vec<u8>>::from_hex("a914c117756dcbe144a12a7c33a77cfa81aa5aeeb38187").unwrap();
[INFO] [stdout] 22 +         pub static ref SCRIPT_PUBKEY: Vec<u8> = <Vec<u8>>::from("a914c117756dcbe144a12a7c33a77cfa81aa5aeeb38187").unwrap();
[INFO] [stdout]    |
[INFO] [stdout] 
[INFO] [stdout] 
[INFO] [stdout] error[E0599]: no associated function or constant named `from_hex` found for struct `Vec<u8>` in the current scope
[INFO] [stdout]   --> src/cxx.rs:23:57
[INFO] [stdout]    |
[INFO] [stdout] 23 | ...   pub static ref SCRIPT_SIG: Vec<u8> = <Vec<u8>>::from_hex("00483045022100d2ab3e6258fe244fa442cfb38f6cef9ac9a18c54e70b2f508e83fa...
[INFO] [stdout]    |                                                       ^^^^^^^^ associated function or constant not found in `Vec<u8>`
[INFO] [stdout]    |
[INFO] [stdout] note: if you're trying to build a new `Vec<u8>` consider using one of the following associated functions:
[INFO] [stdout]       Vec::<T>::new
[INFO] [stdout]       Vec::<T>::with_capacity
[INFO] [stdout]       Vec::<T>::try_with_capacity
[INFO] [stdout]       Vec::<T>::from_raw_parts
[INFO] [stdout]       and 7 others
[INFO] [stdout]   --> /rustc/e3feeb59cd1bdd011a2bfcc0747b55125d9b8527/library/alloc/src/vec/mod.rs:467:4
[INFO] [stdout] help: there is an associated function `from` with a similar name
[INFO] [stdout]    |
[INFO] [stdout] 23 -         pub static ref SCRIPT_SIG: Vec<u8> = <Vec<u8>>::from_hex("00483045022100d2ab3e6258fe244fa442cfb38f6cef9ac9a18c54e70b2f508e83fa87e20d040502200eead947521de943831d07a350e45af8e36c2166984a8636f0a8811ff03ed09401473044022013e15d865010c257eef133064ef69a780b4bc7ebe6eda367504e806614f940c3022062fdbc8c2d049f91db2042d6c9771de6f1ef0b3b1fea76c1ab5542e44ed29ed8014c69522103b2cc71d23eb30020a4893982a1e2d352da0d20ee657fa02901c432758909ed8f21029d1e9a9354c0d2aee9ffd0f0cea6c39bbf98c4066cf143115ba2279d0ba7dabe2103e32096b63fd57f3308149d238dcbb24d8d28aad95c0e4e74e3e5e6a11b61bcc453ae").expect("Block bytes are in valid hex representation");
[INFO] [stdout] 23 +         pub static ref SCRIPT_SIG: Vec<u8> = <Vec<u8>>::from("00483045022100d2ab3e6258fe244fa442cfb38f6cef9ac9a18c54e70b2f508e83fa87e20d040502200eead947521de943831d07a350e45af8e36c2166984a8636f0a8811ff03ed09401473044022013e15d865010c257eef133064ef69a780b4bc7ebe6eda367504e806614f940c3022062fdbc8c2d049f91db2042d6c9771de6f1ef0b3b1fea76c1ab5542e44ed29ed8014c69522103b2cc71d23eb30020a4893982a1e2d352da0d20ee657fa02901c432758909ed8f21029d1e9a9354c0d2aee9ffd0f0cea6c39bbf98c4066cf143115ba2279d0ba7dabe2103e32096b63fd57f3308149d238dcbb24d8d28aad95c0e4e74e3e5e6a11b61bcc453ae").expect("Block bytes are in valid hex representation");
[INFO] [stdout]    |
[INFO] [stdout] 
[INFO] [stdout] 
[INFO] [stdout] Some errors have detailed explanations: E0425, E0432, E0599.
[INFO] [stdout] 
[INFO] [stdout] For more information about an error, try `rustc --explain E0425`.
[INFO] [stdout] 
[INFO] [stderr] error: could not compile `libzcash_script` (lib test) due to 5 previous errors
[INFO] running `Command { std: "docker" "inspect" "e370084305932de579646fbca3301fee80a1a51b6a25f4a9ebbd58b9317e09d7", kill_on_drop: false }`
[INFO] running `Command { std: "docker" "rm" "-f" "e370084305932de579646fbca3301fee80a1a51b6a25f4a9ebbd58b9317e09d7", kill_on_drop: false }`
[INFO] [stdout] e370084305932de579646fbca3301fee80a1a51b6a25f4a9ebbd58b9317e09d7
