[INFO] fetching crate libvpx 0.1.1...
[INFO] testing libvpx-0.1.1 against 1.100.0-beta.1+cargoflags=--release for beta-release-1.100-2
[INFO] extracting crate libvpx 0.1.1 into /workspace/builds/worker-6-tc2/source
[INFO] started tweaking crates.io crate libvpx 0.1.1
[INFO] finished tweaking crates.io crate libvpx 0.1.1
[INFO] tweaked toml for crates.io crate libvpx 0.1.1 written to /workspace/builds/worker-6-tc2/source/Cargo.toml
[INFO] validating manifest of crates.io crate libvpx 0.1.1 on toolchain 1.100.0-beta.1
[INFO] running `Command { std: CARGO_HOME="/workspace/cargo-home" RUSTUP_HOME="/workspace/rustup-home" "/workspace/cargo-home/bin/cargo" "+1.100.0-beta.1" "metadata" "--manifest-path" "Cargo.toml" "--no-deps", kill_on_drop: false }`
[INFO] crate crates.io crate libvpx 0.1.1 already has a lockfile, it will not be regenerated
[INFO] running `Command { std: CARGO_HOME="/workspace/cargo-home" RUSTUP_HOME="/workspace/rustup-home" "/workspace/cargo-home/bin/cargo" "+1.100.0-beta.1" "fetch" "--manifest-path" "Cargo.toml", kill_on_drop: false }`
[INFO] [stderr] warning: Cargo.toml: `package.edition` is unspecified, defaulting to `2015` while the latest is `2024`
[INFO] [stderr] warning: `libvpx` (manifest) generated 1 warning
[INFO] running `Command { std: "docker" "create" "-v" "/var/lib/crater-agent-workspace/builds/worker-6-tc2/source:/opt/rustwide/workdir:ro,Z" "-v" "/var/lib/crater-agent-workspace/builds/worker-6-tc2/target:/opt/rustwide/target:rw,Z" "-v" "/var/lib/crater-agent-workspace/cargo-home:/opt/rustwide/cargo-home:ro,Z" "-v" "/var/lib/crater-agent-workspace/rustup-home:/opt/rustwide/rustup-home:ro,Z" "-m" "1610612736" "--network" "none" "ghcr.io/rust-lang/crates-build-env/linux@sha256:77db811e55d90add9212f6832c23229e3de5f1c1f9905e8cb07319ea15df73ac" "sleep" "infinity", kill_on_drop: false }`
[INFO] [stdout] f8af597fa95ce5e7d8dad5ff00612bdd97ff7feb085f4e49e6fe1b2285d9bdb4
[INFO] running `Command { std: "docker" "start" "f8af597fa95ce5e7d8dad5ff00612bdd97ff7feb085f4e49e6fe1b2285d9bdb4", kill_on_drop: false }`
[INFO] running `Command { std: "docker" "inspect" "f8af597fa95ce5e7d8dad5ff00612bdd97ff7feb085f4e49e6fe1b2285d9bdb4", kill_on_drop: false }`
[INFO] running `Command { std: "docker" "exec" "-e" "SOURCE_DIR=/opt/rustwide/workdir" "-e" "CARGO_HOME=/opt/rustwide/cargo-home" "-e" "RUSTUP_HOME=/opt/rustwide/rustup-home" "-e" "CARGO_TARGET_DIR=/opt/rustwide/target" "-w" "/opt/rustwide/workdir" "--user" "0:0" "f8af597fa95ce5e7d8dad5ff00612bdd97ff7feb085f4e49e6fe1b2285d9bdb4" "/opt/rustwide/cargo-home/bin/cargo" "+1.100.0-beta.1" "metadata" "--no-deps" "--format-version=1", kill_on_drop: false }`
[INFO] running `Command { std: "docker" "inspect" "f8af597fa95ce5e7d8dad5ff00612bdd97ff7feb085f4e49e6fe1b2285d9bdb4", kill_on_drop: false }`
[INFO] running `Command { std: "docker" "exec" "-e" "SOURCE_DIR=/opt/rustwide/workdir" "-e" "CARGO_HOME=/opt/rustwide/cargo-home" "-e" "RUSTUP_HOME=/opt/rustwide/rustup-home" "-e" "CARGO_TARGET_DIR=/opt/rustwide/target" "-e" "CARGO_INCREMENTAL=0" "-e" "RUST_BACKTRACE=full" "-e" "RUSTFLAGS=--cap-lints=warn" "-e" "RUSTDOCFLAGS=--cap-lints=warn" "-w" "/opt/rustwide/workdir" "--user" "0:0" "f8af597fa95ce5e7d8dad5ff00612bdd97ff7feb085f4e49e6fe1b2285d9bdb4" "/opt/rustwide/cargo-home/bin/cargo" "+1.100.0-beta.1" "build" "--frozen" "--message-format=json" "--release", kill_on_drop: false }`
[INFO] [stderr] warning: Cargo.toml: `package.edition` is unspecified, defaulting to `2015` while the latest is `2024`
[INFO] [stderr] warning: `libvpx` (manifest) generated 1 warning
[INFO] [stderr]    Compiling syn v1.0.60
[INFO] [stderr]    Compiling libc v0.2.86
[INFO] [stderr]    Compiling glob v0.3.0
[INFO] [stderr]    Compiling num-traits v0.2.14
[INFO] [stderr]    Compiling once_cell v1.7.0
[INFO] [stderr]    Compiling num-integer v0.1.44
[INFO] [stderr]    Compiling regex-syntax v0.6.22
[INFO] [stderr]    Compiling unicode-width v0.1.8
[INFO] [stderr]    Compiling anyhow v1.0.38
[INFO] [stderr]    Compiling memchr v2.3.4
[INFO] [stderr]    Compiling nom v5.1.2
[INFO] [stderr]    Compiling serde v1.0.123
[INFO] [stderr]    Compiling libloading v0.7.0
[INFO] [stderr]    Compiling num-bigint v0.3.1
[INFO] [stderr]    Compiling either v1.6.1
[INFO] [stderr]    Compiling termcolor v1.1.2
[INFO] [stderr]    Compiling humantime v2.1.0
[INFO] [stderr]    Compiling thread_local v1.1.3
[INFO] [stderr]    Compiling textwrap v0.11.0
[INFO] [stderr]    Compiling bindgen v0.57.0
[INFO] [stderr]    Compiling ansi_term v0.11.0
[INFO] [stderr]    Compiling itertools v0.10.0
[INFO] [stderr]    Compiling num-rational v0.3.2
[INFO] [stderr]    Compiling strum v0.20.0
[INFO] [stderr]    Compiling clang-sys v1.1.1
[INFO] [stderr]    Compiling version-compare v0.0.11
[INFO] [stderr]    Compiling byte-slice-cast v1.0.0
[INFO] [stderr]    Compiling aho-corasick v0.7.15
[INFO] [stderr]    Compiling atty v0.2.14
[INFO] [stderr]    Compiling which v3.1.1
[INFO] [stderr]    Compiling clap v2.33.3
[INFO] [stderr]    Compiling cexpr v0.4.0
[INFO] [stderr]    Compiling regex v1.4.3
[INFO] [stderr]    Compiling env_logger v0.8.3
[INFO] [stdout] error[E0308]: mismatched types
[INFO] [stdout]    --> /opt/rustwide/cargo-home/registry/src/index.crates.io-1949cf8c6b5b557f/num-bigint-0.3.1/src/biguint.rs:208:19
[INFO] [stdout]     |
[INFO] [stdout] 208 |         .div_ceil(&big_digit::BITS.into())
[INFO] [stdout]     |          -------- ^^^^^^^^^^^^^^^^^^^^^^^ expected `u64`, found `&_`
[INFO] [stdout]     |          |
[INFO] [stdout]     |          arguments to this method are incorrect
[INFO] [stdout]     |
[INFO] [stdout]     = note:   expected type `u64`
[INFO] [stdout]             found reference `&_`
[INFO] [stdout] note: method defined here
[INFO] [stdout]    --> /rustc/e3feeb59cd1bdd011a2bfcc0747b55125d9b8527/library/core/src/num/uint_macros.rs:3817:21
[INFO] [stdout]    --> /rustc/e3feeb59cd1bdd011a2bfcc0747b55125d9b8527/library/core/src/num/mod.rs:1327:4
[INFO] [stdout]    ::: /rustc/e3feeb59cd1bdd011a2bfcc0747b55125d9b8527/library/core/src/num/mod.rs:1351:5
[INFO] [stdout]     |
[INFO] [stdout]     = note: in this macro invocation
[INFO] [stdout] note: the `div_ceil` call is resolved to the method in `core::num::<impl u64>`, shadowing the method of the same name on trait `num_integer::Integer`
[INFO] [stdout]    --> /opt/rustwide/cargo-home/registry/src/index.crates.io-1949cf8c6b5b557f/num-bigint-0.3.1/src/biguint.rs:208:10
[INFO] [stdout]     |
[INFO] [stdout] 208 |         .div_ceil(&big_digit::BITS.into())
[INFO] [stdout]     |          ^^^^^^^^ refers to `core::num::<impl u64>::div_ceil`
[INFO] [stdout]     = note: this error originates in the macro `uint_impl` (in Nightly builds, run with -Z macro-backtrace for more info)
[INFO] [stdout] help: consider removing the borrow
[INFO] [stdout]     |
[INFO] [stdout] 208 -         .div_ceil(&big_digit::BITS.into())
[INFO] [stdout] 208 +         .div_ceil(big_digit::BITS.into())
[INFO] [stdout]     |
[INFO] [stdout] help: you might have meant to call the other method; you can use the fully-qualified path to call it explicitly
[INFO] [stdout]     |
[INFO] [stdout] 206 ~     let big_digits = <_ as num_integer::Integer>::div_ceil(&(v.len() as u64)
[INFO] [stdout] 207 ~         .saturating_mul(bits.into()), &big_digit::BITS.into())
[INFO] [stdout]     |
[INFO] [stdout] 
[INFO] [stdout] 
[INFO] [stdout] error[E0308]: mismatched types
[INFO] [stdout]     --> /opt/rustwide/cargo-home/registry/src/index.crates.io-1949cf8c6b5b557f/num-bigint-0.3.1/src/biguint.rs:1712:54
[INFO] [stdout]      |
[INFO] [stdout] 1712 |                 let root_scale = extra_bits.div_ceil(&n64);
[INFO] [stdout]      |                                             -------- ^^^^ expected `u64`, found `&u64`
[INFO] [stdout]      |                                             |
[INFO] [stdout]      |                                             arguments to this method are incorrect
[INFO] [stdout]      |
[INFO] [stdout] note: method defined here
[INFO] [stdout]     --> /rustc/e3feeb59cd1bdd011a2bfcc0747b55125d9b8527/library/core/src/num/uint_macros.rs:3817:21
[INFO] [stdout]     --> /rustc/e3feeb59cd1bdd011a2bfcc0747b55125d9b8527/library/core/src/num/mod.rs:1327:4
[INFO] [stdout]     ::: /rustc/e3feeb59cd1bdd011a2bfcc0747b55125d9b8527/library/core/src/num/mod.rs:1351:5
[INFO] [stdout]      |
[INFO] [stdout]      = note: in this macro invocation
[INFO] [stdout] note: the `div_ceil` call is resolved to the method in `core::num::<impl u64>`, shadowing the method of the same name on trait `num_integer::Integer`
[INFO] [stdout]     --> /opt/rustwide/cargo-home/registry/src/index.crates.io-1949cf8c6b5b557f/num-bigint-0.3.1/src/biguint.rs:1712:45
[INFO] [stdout]      |
[INFO] [stdout] 1712 |                 let root_scale = extra_bits.div_ceil(&n64);
[INFO] [stdout]      |                                             ^^^^^^^^ refers to `core::num::<impl u64>::div_ceil`
[INFO] [stdout]      = note: this error originates in the macro `uint_impl` (in Nightly builds, run with -Z macro-backtrace for more info)
[INFO] [stdout] help: consider removing the borrow
[INFO] [stdout]      |
[INFO] [stdout] 1712 -                 let root_scale = extra_bits.div_ceil(&n64);
[INFO] [stdout] 1712 +                 let root_scale = extra_bits.div_ceil(n64);
[INFO] [stdout]      |
[INFO] [stdout] help: you might have meant to call the other method; you can use the fully-qualified path to call it explicitly
[INFO] [stdout]      |
[INFO] [stdout] 1712 -                 let root_scale = extra_bits.div_ceil(&n64);
[INFO] [stdout] 1712 +                 let root_scale = <_ as num_integer::Integer>::div_ceil(&extra_bits, &n64);
[INFO] [stdout]      |
[INFO] [stdout] 
[INFO] [stdout] 
[INFO] [stdout] error[E0308]: mismatched types
[INFO] [stdout]     --> /opt/rustwide/cargo-home/registry/src/index.crates.io-1949cf8c6b5b557f/num-bigint-0.3.1/src/biguint.rs:2128:19
[INFO] [stdout]      |
[INFO] [stdout] 2128 |         .div_ceil(&u64::from(bits))
[INFO] [stdout]      |          -------- ^^^^^^^^^^^^^^^^ expected `u64`, found `&u64`
[INFO] [stdout]      |          |
[INFO] [stdout]      |          arguments to this method are incorrect
[INFO] [stdout]      |
[INFO] [stdout] note: method defined here
[INFO] [stdout]     --> /rustc/e3feeb59cd1bdd011a2bfcc0747b55125d9b8527/library/core/src/num/uint_macros.rs:3817:21
[INFO] [stdout]     --> /rustc/e3feeb59cd1bdd011a2bfcc0747b55125d9b8527/library/core/src/num/mod.rs:1327:4
[INFO] [stdout]     ::: /rustc/e3feeb59cd1bdd011a2bfcc0747b55125d9b8527/library/core/src/num/mod.rs:1351:5
[INFO] [stdout]      |
[INFO] [stdout]      = note: in this macro invocation
[INFO] [stdout] note: the `div_ceil` call is resolved to the method in `core::num::<impl u64>`, shadowing the method of the same name on trait `num_integer::Integer`
[INFO] [stdout]     --> /opt/rustwide/cargo-home/registry/src/index.crates.io-1949cf8c6b5b557f/num-bigint-0.3.1/src/biguint.rs:2128:10
[INFO] [stdout]      |
[INFO] [stdout] 2128 |         .div_ceil(&u64::from(bits))
[INFO] [stdout]      |          ^^^^^^^^ refers to `core::num::<impl u64>::div_ceil`
[INFO] [stdout]      = note: this error originates in the macro `uint_impl` (in Nightly builds, run with -Z macro-backtrace for more info)
[INFO] [stdout] help: consider removing the borrow
[INFO] [stdout]      |
[INFO] [stdout] 2128 -         .div_ceil(&u64::from(bits))
[INFO] [stdout] 2128 +         .div_ceil(u64::from(bits))
[INFO] [stdout]      |
[INFO] [stdout] help: you might have meant to call the other method; you can use the fully-qualified path to call it explicitly
[INFO] [stdout]      |
[INFO] [stdout] 2126 ~     let digits = <_ as num_integer::Integer>::div_ceil(&u
[INFO] [stdout] 2127 ~         .bits(), &u64::from(bits))
[INFO] [stdout]      |
[INFO] [stdout] 
[INFO] [stdout] 
[INFO] [stdout] error[E0308]: mismatched types
[INFO] [stdout]     --> /opt/rustwide/cargo-home/registry/src/index.crates.io-1949cf8c6b5b557f/num-bigint-0.3.1/src/biguint.rs:2156:19
[INFO] [stdout]      |
[INFO] [stdout] 2156 |         .div_ceil(&u64::from(bits))
[INFO] [stdout]      |          -------- ^^^^^^^^^^^^^^^^ expected `u64`, found `&u64`
[INFO] [stdout]      |          |
[INFO] [stdout]      |          arguments to this method are incorrect
[INFO] [stdout]      |
[INFO] [stdout] note: method defined here
[INFO] [stdout]     --> /rustc/e3feeb59cd1bdd011a2bfcc0747b55125d9b8527/library/core/src/num/uint_macros.rs:3817:21
[INFO] [stdout]     --> /rustc/e3feeb59cd1bdd011a2bfcc0747b55125d9b8527/library/core/src/num/mod.rs:1327:4
[INFO] [stdout]     ::: /rustc/e3feeb59cd1bdd011a2bfcc0747b55125d9b8527/library/core/src/num/mod.rs:1351:5
[INFO] [stdout]      |
[INFO] [stdout]      = note: in this macro invocation
[INFO] [stdout] note: the `div_ceil` call is resolved to the method in `core::num::<impl u64>`, shadowing the method of the same name on trait `num_integer::Integer`
[INFO] [stdout]     --> /opt/rustwide/cargo-home/registry/src/index.crates.io-1949cf8c6b5b557f/num-bigint-0.3.1/src/biguint.rs:2156:10
[INFO] [stdout]      |
[INFO] [stdout] 2156 |         .div_ceil(&u64::from(bits))
[INFO] [stdout]      |          ^^^^^^^^ refers to `core::num::<impl u64>::div_ceil`
[INFO] [stdout]      = note: this error originates in the macro `uint_impl` (in Nightly builds, run with -Z macro-backtrace for more info)
[INFO] [stdout] help: consider removing the borrow
[INFO] [stdout]      |
[INFO] [stdout] 2156 -         .div_ceil(&u64::from(bits))
[INFO] [stdout] 2156 +         .div_ceil(u64::from(bits))
[INFO] [stdout]      |
[INFO] [stdout] help: you might have meant to call the other method; you can use the fully-qualified path to call it explicitly
[INFO] [stdout]      |
[INFO] [stdout] 2154 ~     let digits = <_ as num_integer::Integer>::div_ceil(&u
[INFO] [stdout] 2155 ~         .bits(), &u64::from(bits))
[INFO] [stdout]      |
[INFO] [stdout] 
[INFO] [stdout] 
[INFO] [stdout] For more information about this error, try `rustc --explain E0308`.
[INFO] [stdout] 
[INFO] [stderr] error: could not compile `num-bigint` (lib) due to 4 previous errors
[INFO] [stderr] warning: build failed, waiting for other jobs to finish...
[INFO] running `Command { std: "docker" "inspect" "f8af597fa95ce5e7d8dad5ff00612bdd97ff7feb085f4e49e6fe1b2285d9bdb4", kill_on_drop: false }`
[INFO] running `Command { std: "docker" "rm" "-f" "f8af597fa95ce5e7d8dad5ff00612bdd97ff7feb085f4e49e6fe1b2285d9bdb4", kill_on_drop: false }`
[INFO] [stdout] f8af597fa95ce5e7d8dad5ff00612bdd97ff7feb085f4e49e6fe1b2285d9bdb4
