[INFO] fetching crate libvnc 0.1.5...
[INFO] testing libvnc-0.1.5 against 1.100.0-beta.1+cargoflags=--release for beta-release-1.100-2
[INFO] extracting crate libvnc 0.1.5 into /workspace/builds/worker-4-tc2/source
[INFO] started tweaking crates.io crate libvnc 0.1.5
[INFO] finished tweaking crates.io crate libvnc 0.1.5
[INFO] tweaked toml for crates.io crate libvnc 0.1.5 written to /workspace/builds/worker-4-tc2/source/Cargo.toml
[INFO] validating manifest of crates.io crate libvnc 0.1.5 on toolchain 1.100.0-beta.1
[INFO] running `Command { std: CARGO_HOME="/workspace/cargo-home" RUSTUP_HOME="/workspace/rustup-home" "/workspace/cargo-home/bin/cargo" "+1.100.0-beta.1" "metadata" "--manifest-path" "Cargo.toml" "--no-deps", kill_on_drop: false }`
[INFO] crate crates.io crate libvnc 0.1.5 already has a lockfile, it will not be regenerated
[INFO] running `Command { std: CARGO_HOME="/workspace/cargo-home" RUSTUP_HOME="/workspace/rustup-home" "/workspace/cargo-home/bin/cargo" "+1.100.0-beta.1" "fetch" "--manifest-path" "Cargo.toml", kill_on_drop: false }`
[INFO] running `Command { std: "docker" "create" "-v" "/var/lib/crater-agent-workspace/builds/worker-4-tc2/source:/opt/rustwide/workdir:ro,Z" "-v" "/var/lib/crater-agent-workspace/builds/worker-4-tc2/target:/opt/rustwide/target:rw,Z" "-v" "/var/lib/crater-agent-workspace/cargo-home:/opt/rustwide/cargo-home:ro,Z" "-v" "/var/lib/crater-agent-workspace/rustup-home:/opt/rustwide/rustup-home:ro,Z" "-m" "1610612736" "--network" "none" "ghcr.io/rust-lang/crates-build-env/linux@sha256:77db811e55d90add9212f6832c23229e3de5f1c1f9905e8cb07319ea15df73ac" "sleep" "infinity", kill_on_drop: false }`
[INFO] [stdout] 43a640dc38117247632002591188fd446334a2ccec4f0add946bf12683bf7a78
[INFO] running `Command { std: "docker" "start" "43a640dc38117247632002591188fd446334a2ccec4f0add946bf12683bf7a78", kill_on_drop: false }`
[INFO] running `Command { std: "docker" "inspect" "43a640dc38117247632002591188fd446334a2ccec4f0add946bf12683bf7a78", kill_on_drop: false }`
[INFO] running `Command { std: "docker" "exec" "-e" "SOURCE_DIR=/opt/rustwide/workdir" "-e" "CARGO_HOME=/opt/rustwide/cargo-home" "-e" "RUSTUP_HOME=/opt/rustwide/rustup-home" "-e" "CARGO_TARGET_DIR=/opt/rustwide/target" "-w" "/opt/rustwide/workdir" "--user" "0:0" "43a640dc38117247632002591188fd446334a2ccec4f0add946bf12683bf7a78" "/opt/rustwide/cargo-home/bin/cargo" "+1.100.0-beta.1" "metadata" "--no-deps" "--format-version=1", kill_on_drop: false }`
[INFO] running `Command { std: "docker" "inspect" "43a640dc38117247632002591188fd446334a2ccec4f0add946bf12683bf7a78", kill_on_drop: false }`
[INFO] running `Command { std: "docker" "exec" "-e" "SOURCE_DIR=/opt/rustwide/workdir" "-e" "CARGO_HOME=/opt/rustwide/cargo-home" "-e" "RUSTUP_HOME=/opt/rustwide/rustup-home" "-e" "CARGO_TARGET_DIR=/opt/rustwide/target" "-e" "CARGO_INCREMENTAL=0" "-e" "RUST_BACKTRACE=full" "-e" "RUSTFLAGS=--cap-lints=warn" "-e" "RUSTDOCFLAGS=--cap-lints=warn" "-w" "/opt/rustwide/workdir" "--user" "0:0" "43a640dc38117247632002591188fd446334a2ccec4f0add946bf12683bf7a78" "/opt/rustwide/cargo-home/bin/cargo" "+1.100.0-beta.1" "build" "--frozen" "--message-format=json" "--release", kill_on_drop: false }`
[INFO] [stderr]    Compiling glob v0.3.3
[INFO] [stderr]    Compiling regex-syntax v0.8.8
[INFO] [stderr]    Compiling libc v0.2.177
[INFO] [stderr]    Compiling memchr v2.7.6
[INFO] [stderr]    Compiling quote v1.0.42
[INFO] [stderr]    Compiling libloading v0.8.9
[INFO] [stderr]    Compiling find-msvc-tools v0.1.5
[INFO] [stderr]    Compiling either v1.15.0
[INFO] [stderr]    Compiling bindgen v0.72.1
[INFO] [stderr]    Compiling cc v1.2.47
[INFO] [stderr]    Compiling syn v2.0.110
[INFO] [stderr]    Compiling itertools v0.13.0
[INFO] [stderr]    Compiling bitflags v2.10.0
[INFO] [stderr]    Compiling clang-sys v1.8.1
[INFO] [stderr]    Compiling log v0.4.28
[INFO] [stderr]    Compiling rustc-hash v2.1.1
[INFO] [stderr]    Compiling nom v7.1.3
[INFO] [stderr]    Compiling cmake v0.1.54
[INFO] [stderr]    Compiling regex-automata v0.4.13
[INFO] [stderr]    Compiling cexpr v0.6.0
[INFO] [stderr]    Compiling regex v1.12.2
[INFO] [stderr]    Compiling prettyplease v0.2.37
[INFO] [stderr]    Compiling libvnc-sys v0.1.6
[INFO] [stderr] error: failed to run custom build command for `libvnc-sys v0.1.6`
[INFO] [stderr] note: To improve backtraces for build dependencies, set the CARGO_PROFILE_RELEASE_BUILD_OVERRIDE_DEBUG=true environment variable to enable debug information generation.
[INFO] [stderr] 
[INFO] [stderr] Caused by:
[INFO] [stderr]   process didn't exit successfully: `/opt/rustwide/target/release/build/libvnc-sys/28edc282c9d27b2a/out/build_script_build` (exit status: 101)
[INFO] [stderr]   --- stdout
[INFO] [stderr]   CMAKE_TOOLCHAIN_FILE_x86_64-unknown-linux-gnu = None
[INFO] [stderr]   CMAKE_TOOLCHAIN_FILE_x86_64_unknown_linux_gnu = None
[INFO] [stderr]   HOST_CMAKE_TOOLCHAIN_FILE = None
[INFO] [stderr]   CMAKE_TOOLCHAIN_FILE = None
[INFO] [stderr]   CMAKE_GENERATOR_x86_64-unknown-linux-gnu = None
[INFO] [stderr]   CMAKE_GENERATOR_x86_64_unknown_linux_gnu = None
[INFO] [stderr]   HOST_CMAKE_GENERATOR = None
[INFO] [stderr]   CMAKE_GENERATOR = None
[INFO] [stderr]   CMAKE_PREFIX_PATH_x86_64-unknown-linux-gnu = None
[INFO] [stderr]   CMAKE_PREFIX_PATH_x86_64_unknown_linux_gnu = None
[INFO] [stderr]   HOST_CMAKE_PREFIX_PATH = None
[INFO] [stderr]   CMAKE_PREFIX_PATH = None
[INFO] [stderr]   CMAKE_x86_64-unknown-linux-gnu = None
[INFO] [stderr]   CMAKE_x86_64_unknown_linux_gnu = None
[INFO] [stderr]   HOST_CMAKE = None
[INFO] [stderr]   CMAKE = None
[INFO] [stderr]   running: cd "/opt/rustwide/target/release/build/libvnc-sys/00e3dca1722d8575/out/build" && CMAKE_PREFIX_PATH="" LC_ALL="C" "cmake" "/opt/rustwide/cargo-home/registry/src/index.crates.io-1949cf8c6b5b557f/libvnc-sys-0.1.6/libvncserver" "-DCMAKE_INSTALL_PREFIX=/opt/rustwide/target/release/build/libvnc-sys/00e3dca1722d8575/out" "-DCMAKE_C_FLAGS= -ffunction-sections -fdata-sections -fPIC -m64" "-DCMAKE_C_COMPILER=/usr/bin/cc" "-DCMAKE_CXX_FLAGS= -ffunction-sections -fdata-sections -fPIC -m64" "-DCMAKE_CXX_COMPILER=/usr/bin/c++" "-DCMAKE_ASM_FLAGS= -ffunction-sections -fdata-sections -fPIC -m64" "-DCMAKE_ASM_COMPILER=/usr/bin/cc" "-DCMAKE_BUILD_TYPE=Release"
[INFO] [stderr]   -- The C compiler identification is GNU 15.2.0
[INFO] [stderr]   -- The CXX compiler identification is GNU 15.2.0
[INFO] [stderr]   -- Detecting C compiler ABI info
[INFO] [stderr]   -- Detecting C compiler ABI info - done
[INFO] [stderr]   -- Check for working C compiler: /usr/bin/cc - skipped
[INFO] [stderr]   -- Detecting C compile features
[INFO] [stderr]   -- Detecting C compile features - done
[INFO] [stderr]   -- Detecting CXX compiler ABI info
[INFO] [stderr]   -- Detecting CXX compiler ABI info - done
[INFO] [stderr]   -- Check for working CXX compiler: /usr/bin/c++ - skipped
[INFO] [stderr]   -- Detecting CXX compile features
[INFO] [stderr]   -- Detecting CXX compile features - done
[INFO] [stderr]   -- Found ZLIB: /usr/lib/x86_64-linux-gnu/libz.so (found version "1.3.1")
[INFO] [stderr]   -- Found LZO: /usr/lib/x86_64-linux-gnu/liblzo2.so
[INFO] [stderr]   -- Found X11: /usr/include
[INFO] [stderr]   -- Looking for XOpenDisplay in /usr/lib/x86_64-linux-gnu/libX11.so;/usr/lib/x86_64-linux-gnu/libXext.so
[INFO] [stderr]   -- Looking for XOpenDisplay in /usr/lib/x86_64-linux-gnu/libX11.so;/usr/lib/x86_64-linux-gnu/libXext.so - found
[INFO] [stderr]   -- Looking for gethostbyname
[INFO] [stderr]   -- Looking for gethostbyname - found
[INFO] [stderr]   -- Looking for connect
[INFO] [stderr]   -- Looking for connect - found
[INFO] [stderr]   -- Looking for remove
[INFO] [stderr]   -- Looking for remove - found
[INFO] [stderr]   -- Looking for shmat
[INFO] [stderr]   -- Looking for shmat - found
[INFO] [stderr]   -- Looking for IceConnectionNumber in ICE
[INFO] [stderr]   -- Looking for IceConnectionNumber in ICE - found
[INFO] [stderr]   -- Found JPEG: /usr/lib/x86_64-linux-gnu/libjpeg.so (found version "80")
[INFO] [stderr]   -- Performing Test FOUND_LIBJPEG_TURBO
[INFO] [stderr]   -- Performing Test FOUND_LIBJPEG_TURBO - Success
[INFO] [stderr]   -- Found PNG: /usr/lib/x86_64-linux-gnu/libpng.so (found version "1.6.57")
[INFO] [stderr]   -- Performing Test CMAKE_HAVE_LIBC_PTHREAD
[INFO] [stderr]   -- Performing Test CMAKE_HAVE_LIBC_PTHREAD - Success
[INFO] [stderr]   -- Found Threads: TRUE
[INFO] [stderr]   -- Found SDL2: /usr/lib/x86_64-linux-gnu/libSDL2main.a;/usr/lib/x86_64-linux-gnu/libSDL2.so
[INFO] [stderr]   -- Found GTK2_GTK: /usr/lib/x86_64-linux-gnu/libgtk-x11-2.0.so
[INFO] [stderr]   -- Found GnuTLS: /usr/lib/x86_64-linux-gnu/libgnutls.so (found suitable version "3.8.12", minimum required is "3.4.0")
[INFO] [stderr]   -- Found OpenSSL: /usr/lib/x86_64-linux-gnu/libcrypto.so (found version "3.5.5")
[INFO] [stderr]   -- Found PkgConfig: /usr/bin/pkg-config (found version "2.5.1")
[INFO] [stderr]   -- Checking for module 'libsystemd'
[INFO] [stderr]   --   Found libsystemd, version 259
[INFO] [stderr]   -- Found FFMPEG: /usr/include/x86_64-linux-gnu (found suitable version "8.0.1-3ubuntu2", minimum required is "3.1.0") found components: avformat avcodec avutil swscale
[INFO] [stderr]   -- Looking for dirent.h
[INFO] [stderr]   -- Looking for dirent.h - found
[INFO] [stderr]   -- Looking for endian.h
[INFO] [stderr]   -- Looking for endian.h - found
[INFO] [stderr]   -- Looking for fcntl.h
[INFO] [stderr]   -- Looking for fcntl.h - found
[INFO] [stderr]   -- Looking for netinet/in.h
[INFO] [stderr]   -- Looking for netinet/in.h - found
[INFO] [stderr]   -- Looking for sys/endian.h
[INFO] [stderr]   -- Looking for sys/endian.h - not found
[INFO] [stderr]   -- Looking for sys/socket.h
[INFO] [stderr]   -- Looking for sys/socket.h - found
[INFO] [stderr]   -- Looking for sys/stat.h
[INFO] [stderr]   -- Looking for sys/stat.h - found
[INFO] [stderr]   -- Looking for sys/time.h
[INFO] [stderr]   -- Looking for sys/time.h - found
[INFO] [stderr]   -- Looking for sys/types.h
[INFO] [stderr]   -- Looking for sys/types.h - found
[INFO] [stderr]   -- Looking for sys/wait.h
[INFO] [stderr]   -- Looking for sys/wait.h - found
[INFO] [stderr]   -- Looking for unistd.h
[INFO] [stderr]   -- Looking for unistd.h - found
[INFO] [stderr]   -- Looking for sys/resource.h
[INFO] [stderr]   -- Looking for sys/resource.h - found
[INFO] [stderr]   -- Looking for vfork.h
[INFO] [stderr]   -- Looking for vfork.h - not found
[INFO] [stderr]   -- Looking for ws2tcpip.h
[INFO] [stderr]   -- Looking for ws2tcpip.h - not found
[INFO] [stderr]   -- Looking for arpa/inet.h
[INFO] [stderr]   -- Looking for arpa/inet.h - found
[INFO] [stderr]   -- Looking for stdint.h
[INFO] [stderr]   -- Looking for stdint.h - found
[INFO] [stderr]   -- Looking for stddef.h
[INFO] [stderr]   -- Looking for stddef.h - found
[INFO] [stderr]   -- Looking for sys/types.h
[INFO] [stderr]   -- Looking for sys/types.h - found
[INFO] [stderr]   -- Looking for gettimeofday
[INFO] [stderr]   -- Looking for gettimeofday - found
[INFO] [stderr]   -- Looking for vfork
[INFO] [stderr]   -- Looking for vfork - found
[INFO] [stderr]   -- Looking for vprintf
[INFO] [stderr]   -- Looking for vprintf - found
[INFO] [stderr]   -- Looking for mmap
[INFO] [stderr]   -- Looking for mmap - found
[INFO] [stderr]   -- Looking for fork
[INFO] [stderr]   -- Looking for fork - found
[INFO] [stderr]   -- Looking for ftime
[INFO] [stderr]   -- Looking for ftime - found
[INFO] [stderr]   -- Looking for gethostbyname
[INFO] [stderr]   -- Looking for gethostbyname - found
[INFO] [stderr]   -- Looking for gethostname
[INFO] [stderr]   -- Looking for gethostname - found
[INFO] [stderr]   -- Looking for inet_ntoa
[INFO] [stderr]   -- Looking for inet_ntoa - found
[INFO] [stderr]   -- Looking for memmove
[INFO] [stderr]   -- Looking for memmove - found
[INFO] [stderr]   -- Looking for memset
[INFO] [stderr]   -- Looking for memset - found
[INFO] [stderr]   -- Looking for mkfifo
[INFO] [stderr]   -- Looking for mkfifo - found
[INFO] [stderr]   -- Looking for select
[INFO] [stderr]   -- Looking for select - found
[INFO] [stderr]   -- Looking for socket
[INFO] [stderr]   -- Looking for socket - found
[INFO] [stderr]   -- Looking for strchr
[INFO] [stderr]   -- Looking for strchr - found
[INFO] [stderr]   -- Looking for strcspn
[INFO] [stderr]   -- Looking for strcspn - found
[INFO] [stderr]   -- Looking for strdup
[INFO] [stderr]   -- Looking for strdup - found
[INFO] [stderr]   -- Looking for strerror
[INFO] [stderr]   -- Looking for strerror - found
[INFO] [stderr]   -- Looking for strstr
[INFO] [stderr]   -- Looking for strstr - found
[INFO] [stderr]   -- Looking for htobe64
[INFO] [stderr]   -- Looking for htobe64 - found
[INFO] [stderr]   -- Looking for OSSwapHostToBigInt64
[INFO] [stderr]   -- Looking for OSSwapHostToBigInt64 - not found
[INFO] [stderr]   -- Building crypto with Libgcrypt
[INFO] [stderr]   -- Threads support is using pthreads
[INFO] [stderr]   -- Check size of pid_t
[INFO] [stderr]   -- Check size of pid_t - done
[INFO] [stderr]   -- Check size of size_t
[INFO] [stderr]   -- Check size of size_t - done
[INFO] [stderr]   -- Check size of socklen_t
[INFO] [stderr]   -- Check size of socklen_t - done
[INFO] [stderr]   -- Check size of in_addr_t
[INFO] [stderr]   -- Check size of in_addr_t - done
[INFO] [stderr]   -- Building with SASL: /usr/lib/x86_64-linux-gnu/libsasl2.so and /usr/include
[INFO] [stderr]   -- Building TLS with GnuTLS
[INFO] [stderr]   -- Configuring done (17.5s)
[INFO] [stderr]   -- Generating done (0.4s)
[INFO] [stderr]   -- Build files have been written to: /opt/rustwide/target/release/build/libvnc-sys/00e3dca1722d8575/out/build
[INFO] [stderr]   running: cd "/opt/rustwide/target/release/build/libvnc-sys/00e3dca1722d8575/out/build" && LC_ALL="C" MAKEFLAGS="-j --jobserver-fds=4,5 --jobserver-auth=4,5" "cmake" "--build" "/opt/rustwide/target/release/build/libvnc-sys/00e3dca1722d8575/out/build" "--target" "install" "--config" "Release"
[INFO] [stderr]   [  1%] Building C object CMakeFiles/vncserver.dir/src/libvncserver/auth.c.o
[INFO] [stderr]   [  2%] Building C object CMakeFiles/vncserver.dir/src/libvncserver/rfbregion.c.o
[INFO] [stderr]   [  3%] Building C object CMakeFiles/vncserver.dir/src/libvncserver/rfbserver.c.o
[INFO] [stderr]   [  4%] Building C object CMakeFiles/vncserver.dir/src/libvncserver/stats.c.o
[INFO] [stderr]   [  5%] Building C object CMakeFiles/vncserver.dir/src/libvncserver/sockets.c.o
[INFO] [stderr]   [  6%] Building C object CMakeFiles/vncserver.dir/src/libvncserver/main.c.o
[INFO] [stderr]   [  6%] Building C object CMakeFiles/vncserver.dir/src/libvncserver/corre.c.o
[INFO] [stderr]   [  7%] Building C object CMakeFiles/vncclient.dir/src/libvncclient/cursor.c.o
[INFO] [stderr]   [  8%] Building C object CMakeFiles/vncserver.dir/src/libvncserver/hextile.c.o
[INFO] [stderr]   [  9%] Building C object CMakeFiles/vncclient.dir/src/libvncclient/listen.c.o
[INFO] [stderr]   [ 10%] Building C object CMakeFiles/vncclient.dir/src/libvncclient/rfbclient.c.o
[INFO] [stderr]   [ 11%] Building C object CMakeFiles/vncclient.dir/src/libvncclient/sockets.c.o
[INFO] [stderr]   [ 12%] Building C object CMakeFiles/vncclient.dir/src/libvncclient/vncviewer.c.o
[INFO] [stderr]   [ 13%] Building C object CMakeFiles/vncserver.dir/src/libvncserver/rre.c.o
[INFO] [stderr]   [ 14%] Building C object CMakeFiles/vncclient.dir/src/common/sockets.c.o
[INFO] [stderr]   [ 15%] Building C object CMakeFiles/vncserver.dir/src/libvncserver/translate.c.o
[INFO] [stderr]   [ 16%] Building C object CMakeFiles/vncserver.dir/src/libvncserver/cutpaste.c.o
[INFO] [stderr]   [ 17%] Building C object CMakeFiles/vncclient.dir/src/common/crypto_libgcrypt.c.o
[INFO] [stderr]   [ 17%] Building C object CMakeFiles/vncclient.dir/src/common/turbojpeg.c.o
[INFO] [stderr]   [ 18%] Building C object CMakeFiles/vncclient.dir/src/libvncclient/tls_gnutls.c.o
[INFO] [stderr]   [ 19%] Building C object CMakeFiles/vncclient.dir/src/libvncclient/sasl.c.o
[INFO] [stderr]   [ 20%] Building C object CMakeFiles/vncserver.dir/src/libvncserver/httpd.c.o
[INFO] [stderr]   [ 21%] Building C object CMakeFiles/vncserver.dir/src/libvncserver/cursor.c.o
[INFO] [stderr]   [ 22%] Building C object CMakeFiles/vncserver.dir/src/libvncserver/font.c.o
[INFO] [stderr]   [ 23%] Building C object CMakeFiles/vncserver.dir/src/libvncserver/draw.c.o
[INFO] [stderr]   [ 24%] Building C object CMakeFiles/vncserver.dir/src/libvncserver/selbox.c.o
[INFO] [stderr]   [ 24%] Building C object CMakeFiles/vncserver.dir/src/common/vncauth.c.o
[INFO] [stderr]   [ 25%] Building C object CMakeFiles/vncserver.dir/src/common/sockets.c.o
[INFO] [stderr]   [ 26%] Building C object CMakeFiles/vncserver.dir/src/libvncserver/ultra.c.o
[INFO] [stderr]   [ 27%] Building C object CMakeFiles/vncserver.dir/src/libvncserver/cargs.c.o
[INFO] [stderr]   [ 28%] Building C object CMakeFiles/vncserver.dir/src/libvncserver/scale.c.o
[INFO] [stderr]   [ 29%] Building C object CMakeFiles/vncserver.dir/src/common/crypto_libgcrypt.c.o
[INFO] [stderr]   [ 30%] Building C object CMakeFiles/vncserver.dir/src/libvncserver/rfbssl_gnutls.c.o
[INFO] [stderr]   [ 31%] Building C object CMakeFiles/vncserver.dir/src/libvncserver/zlib.c.o
[INFO] [stderr]   [ 32%] Building C object CMakeFiles/vncserver.dir/src/libvncserver/zrle.c.o
[INFO] [stderr]   [ 33%] Building C object CMakeFiles/vncserver.dir/src/libvncserver/zrleoutstream.c.o
[INFO] [stderr]   [ 33%] Building C object CMakeFiles/vncserver.dir/src/libvncserver/zrlepalettehelper.c.o
[INFO] [stderr]   [ 34%] Building C object CMakeFiles/vncserver.dir/src/libvncserver/tight.c.o
[INFO] [stderr]   [ 35%] Building C object CMakeFiles/vncserver.dir/src/common/turbojpeg.c.o
[INFO] [stderr]   [ 36%] Building C object CMakeFiles/vncserver.dir/src/libvncserver/tightvnc-filetransfer/rfbtightserver.c.o
[INFO] [stderr]   [ 37%] Building C object CMakeFiles/vncserver.dir/src/libvncserver/tightvnc-filetransfer/handlefiletransferrequest.c.o
[INFO] [stderr]   [ 38%] Building C object CMakeFiles/vncserver.dir/src/libvncserver/tightvnc-filetransfer/filetransfermsg.c.o
[INFO] [stderr]   [ 39%] Building C object CMakeFiles/vncserver.dir/src/libvncserver/tightvnc-filetransfer/filelistinfo.c.o
[INFO] [stderr]   [ 40%] Building C object CMakeFiles/vncserver.dir/src/libvncserver/websockets.c.o
[INFO] [stderr]   [ 41%] Building C object CMakeFiles/vncserver.dir/src/libvncserver/ws_decode.c.o
[INFO] [stderr]   [ 42%] Building C object CMakeFiles/vncserver.dir/src/common/base64.c.o
[INFO] [stderr]   [ 43%] Linking C shared library libvncserver.so
[INFO] [stderr]   [ 43%] Built target vncserver
[INFO] [stderr]   [ 44%] Linking C shared library libvncclient.so
[INFO] [stderr]   [ 44%] Built target vncclient
[INFO] [stderr] 
[INFO] [stderr]   --- stderr
[INFO] [stderr]   CMake Deprecation Warning at CMakeLists.txt:1 (cmake_minimum_required):
[INFO] [stderr]     Compatibility with CMake < 3.10 will be removed from a future version of
[INFO] [stderr]     CMake.
[INFO] [stderr] 
[INFO] [stderr]     Update the VERSION argument <min> value.  Or, use the <min>...<max> syntax
[INFO] [stderr]     to tell CMake that the project requires at least <min> but has been updated
[INFO] [stderr]     to work with policies introduced by <max> or earlier.
[INFO] [stderr] 
[INFO] [stderr] 
[INFO] [stderr]   CMake Warning:
[INFO] [stderr]     Manually-specified variables were not used by the project:
[INFO] [stderr] 
[INFO] [stderr]       CMAKE_ASM_COMPILER
[INFO] [stderr]       CMAKE_ASM_FLAGS
[INFO] [stderr] 
[INFO] [stderr] 
[INFO] [stderr]   Error copying file (if different) from "/opt/rustwide/target/release/build/libvnc-sys/00e3dca1722d8575/out/build/compile_commands.json" to "/opt/rustwide/cargo-home/registry/src/index.crates.io-1949cf8c6b5b557f/libvnc-sys-0.1.6/libvncserver".
[INFO] [stderr]   gmake[2]: *** [CMakeFiles/copy-compile-commands.dir/build.make:70: CMakeFiles/copy-compile-commands] Error 1
[INFO] [stderr]   gmake[1]: *** [CMakeFiles/Makefile2:180: CMakeFiles/copy-compile-commands.dir/all] Error 2
[INFO] [stderr]   gmake[1]: *** Waiting for unfinished jobs....
[INFO] [stderr]   /opt/rustwide/cargo-home/registry/src/index.crates.io-1949cf8c6b5b557f/libvnc-sys-0.1.6/libvncserver/src/libvncserver/sockets.c: In function 'rfbCloseClient':
[INFO] [stderr]   /opt/rustwide/cargo-home/registry/src/index.crates.io-1949cf8c6b5b557f/libvnc-sys-0.1.6/libvncserver/src/libvncserver/sockets.c:593:9: warning: ignoring return value of 'write' declared with attribute 'warn_unused_result' [-Wunused-result]
[INFO] [stderr]     593 |         write(cl->pipe_notify_client_thread[1], "\x00", 1);
[INFO] [stderr]         |         ^~~~~~~~~~~~~~~~~~~~~~~~~~~~~~~~~~~~~~~~~~~~~~~~~~
[INFO] [stderr]   /opt/rustwide/cargo-home/registry/src/index.crates.io-1949cf8c6b5b557f/libvnc-sys-0.1.6/libvncserver/src/libvncserver/main.c: In function 'rfbShutdownServer':
[INFO] [stderr]   /opt/rustwide/cargo-home/registry/src/index.crates.io-1949cf8c6b5b557f/libvnc-sys-0.1.6/libvncserver/src/libvncserver/main.c:1242:7: warning: ignoring return value of 'write' declared with attribute 'warn_unused_result' [-Wunused-result]
[INFO] [stderr]    1242 |       write(screen->pipe_notify_listener_thread[1], "\x00", 1);
[INFO] [stderr]         |       ^~~~~~~~~~~~~~~~~~~~~~~~~~~~~~~~~~~~~~~~~~~~~~~~~~~~~~~~
[INFO] [stderr]   /opt/rustwide/cargo-home/registry/src/index.crates.io-1949cf8c6b5b557f/libvnc-sys-0.1.6/libvncserver/src/libvncserver/rfbserver.c: In function 'rfbProcessExtendedServerCutTextData':
[INFO] [stderr]   /opt/rustwide/cargo-home/registry/src/index.crates.io-1949cf8c6b5b557f/libvnc-sys-0.1.6/libvncserver/src/libvncserver/rfbserver.c:2213:20: warning: assignment discards 'const' qualifier from pointer target type [-Wdiscarded-qualifiers]
[INFO] [stderr]    2213 |     stream.next_in = data;
[INFO] [stderr]         |                    ^
[INFO] [stderr]   gmake: *** [Makefile:146: all] Error 2
[INFO] [stderr] 
[INFO] [stderr]   thread 'main' (374) panicked at /opt/rustwide/cargo-home/registry/src/index.crates.io-1949cf8c6b5b557f/cmake-0.1.54/src/lib.rs:1119:5:
[INFO] [stderr] 
[INFO] [stderr]   command did not execute successfully, got: exit status: 2
[INFO] [stderr] 
[INFO] [stderr]   build script failed, must exit now
[INFO] [stderr]   stack backtrace:
[INFO] [stderr]      0:     0x5e53b43dc601 - <<std[617be2ca0a6fd877]::sys::backtrace::BacktraceLock>::print::DisplayBacktrace as core[a373ad73a504971]::fmt::Display>::fmt
[INFO] [stderr]      1:     0x5e53b43f43ea - core[a373ad73a504971]::fmt::write
[INFO] [stderr]      2:     0x5e53b43e27ac - <std[617be2ca0a6fd877]::sys::stdio::unix::Stderr as core[a373ad73a504971]::io::write::Write>::write_fmt
[INFO] [stderr]      3:     0x5e53b43b9686 - std[617be2ca0a6fd877]::panicking::default_hook::{closure#0}
[INFO] [stderr]      4:     0x5e53b43d6301 - std[617be2ca0a6fd877]::panicking::default_hook
[INFO] [stderr]      5:     0x5e53b43d662b - std[617be2ca0a6fd877]::panicking::panic_with_hook
[INFO] [stderr]      6:     0x5e53b43b9732 - std[617be2ca0a6fd877]::panicking::panic_handler::{closure#0}
[INFO] [stderr]      7:     0x5e53b43b2259 - std[617be2ca0a6fd877]::sys::backtrace::__rust_end_short_backtrace::<std[617be2ca0a6fd877]::panicking::panic_handler::{closure#0}, !>
[INFO] [stderr]      8:     0x5e53b43b9f6d - __rustc[ea4f61d10b84890b]::rust_begin_unwind
[INFO] [stderr]      9:     0x5e53b43f4c0c - core[a373ad73a504971]::panicking::panic_fmt
[INFO] [stderr]     10:     0x5e53b4346b57 - cmake[ff67c7b29148e354]::fail
[INFO] [stderr]     11:     0x5e53b43467e3 - cmake[ff67c7b29148e354]::run
[INFO] [stderr]     12:     0x5e53b434c654 - <cmake[ff67c7b29148e354]::Config>::build
[INFO] [stderr]     13:     0x5e53b3e5d962 - build_script_build[c77a42a0ee98eb93]::bindgen_vncserver
[INFO] [stderr]     14:     0x5e53b3e5e536 - build_script_build[c77a42a0ee98eb93]::main
[INFO] [stderr]     15:     0x5e53b3e5f8e3 - <fn() as core[a373ad73a504971]::ops::function::FnOnce<()>>::call_once
[INFO] [stderr]     16:     0x5e53b3e5d2ae - std[617be2ca0a6fd877]::sys::backtrace::__rust_begin_short_backtrace::<fn(), ()>
[INFO] [stderr]     17:     0x5e53b3e5d2b9 - std[617be2ca0a6fd877]::rt::lang_start::<()>::{closure#0}
[INFO] [stderr]     18:     0x5e53b43d55f8 - std[617be2ca0a6fd877]::rt::lang_start_internal
[INFO] [stderr]     19:     0x5e53b3e5cca1 - std[617be2ca0a6fd877]::rt::lang_start::<()>
[INFO] [stderr]     20:     0x5e53b3e5fa75 - main
[INFO] [stderr]     21:     0x70613a359601 - <unknown>
[INFO] [stderr]     22:     0x70613a359718 - __libc_start_main
[INFO] [stderr]     23:     0x5e53b3e5b995 - _start
[INFO] [stderr]     24:                0x0 - <unknown>
[INFO] running `Command { std: "docker" "inspect" "43a640dc38117247632002591188fd446334a2ccec4f0add946bf12683bf7a78", kill_on_drop: false }`
[INFO] running `Command { std: "docker" "rm" "-f" "43a640dc38117247632002591188fd446334a2ccec4f0add946bf12683bf7a78", kill_on_drop: false }`
[INFO] [stdout] 43a640dc38117247632002591188fd446334a2ccec4f0add946bf12683bf7a78
