[INFO] fetching crate libsw-core 0.3.2...
[INFO] testing libsw-core-0.3.2 against 1.100.0-beta.1+cargoflags=--release for beta-release-1.100-2
[INFO] extracting crate libsw-core 0.3.2 into /workspace/builds/worker-7-tc2/source
[INFO] started tweaking crates.io crate libsw-core 0.3.2
[INFO] finished tweaking crates.io crate libsw-core 0.3.2
[INFO] tweaked toml for crates.io crate libsw-core 0.3.2 written to /workspace/builds/worker-7-tc2/source/Cargo.toml
[INFO] validating manifest of crates.io crate libsw-core 0.3.2 on toolchain 1.100.0-beta.1
[INFO] running `Command { std: CARGO_HOME="/workspace/cargo-home" RUSTUP_HOME="/workspace/rustup-home" "/workspace/cargo-home/bin/cargo" "+1.100.0-beta.1" "metadata" "--manifest-path" "Cargo.toml" "--no-deps", kill_on_drop: false }`
[INFO] crate crates.io crate libsw-core 0.3.2 already has a lockfile, it will not be regenerated
[INFO] running `Command { std: CARGO_HOME="/workspace/cargo-home" RUSTUP_HOME="/workspace/rustup-home" "/workspace/cargo-home/bin/cargo" "+1.100.0-beta.1" "fetch" "--manifest-path" "Cargo.toml", kill_on_drop: false }`
[INFO] running `Command { std: "docker" "create" "-v" "/var/lib/crater-agent-workspace/builds/worker-7-tc2/source:/opt/rustwide/workdir:ro,Z" "-v" "/var/lib/crater-agent-workspace/builds/worker-7-tc2/target:/opt/rustwide/target:rw,Z" "-v" "/var/lib/crater-agent-workspace/cargo-home:/opt/rustwide/cargo-home:ro,Z" "-v" "/var/lib/crater-agent-workspace/rustup-home:/opt/rustwide/rustup-home:ro,Z" "-m" "1610612736" "--network" "none" "ghcr.io/rust-lang/crates-build-env/linux@sha256:77db811e55d90add9212f6832c23229e3de5f1c1f9905e8cb07319ea15df73ac" "sleep" "infinity", kill_on_drop: false }`
[INFO] [stdout] cc1e856823ebcbd600c9636cef45daa646c2a585f35e33925c211841341088e9
[INFO] running `Command { std: "docker" "start" "cc1e856823ebcbd600c9636cef45daa646c2a585f35e33925c211841341088e9", kill_on_drop: false }`
[INFO] running `Command { std: "docker" "inspect" "cc1e856823ebcbd600c9636cef45daa646c2a585f35e33925c211841341088e9", kill_on_drop: false }`
[INFO] running `Command { std: "docker" "exec" "-e" "SOURCE_DIR=/opt/rustwide/workdir" "-e" "CARGO_HOME=/opt/rustwide/cargo-home" "-e" "RUSTUP_HOME=/opt/rustwide/rustup-home" "-e" "CARGO_TARGET_DIR=/opt/rustwide/target" "-w" "/opt/rustwide/workdir" "--user" "0:0" "cc1e856823ebcbd600c9636cef45daa646c2a585f35e33925c211841341088e9" "/opt/rustwide/cargo-home/bin/cargo" "+1.100.0-beta.1" "metadata" "--no-deps" "--format-version=1", kill_on_drop: false }`
[INFO] running `Command { std: "docker" "inspect" "cc1e856823ebcbd600c9636cef45daa646c2a585f35e33925c211841341088e9", kill_on_drop: false }`
[INFO] running `Command { std: "docker" "exec" "-e" "SOURCE_DIR=/opt/rustwide/workdir" "-e" "CARGO_HOME=/opt/rustwide/cargo-home" "-e" "RUSTUP_HOME=/opt/rustwide/rustup-home" "-e" "CARGO_TARGET_DIR=/opt/rustwide/target" "-e" "CARGO_INCREMENTAL=0" "-e" "RUST_BACKTRACE=full" "-e" "RUSTFLAGS=--cap-lints=warn" "-e" "RUSTDOCFLAGS=--cap-lints=warn" "-w" "/opt/rustwide/workdir" "--user" "0:0" "cc1e856823ebcbd600c9636cef45daa646c2a585f35e33925c211841341088e9" "/opt/rustwide/cargo-home/bin/cargo" "+1.100.0-beta.1" "build" "--frozen" "--message-format=json" "--release", kill_on_drop: false }`
[INFO] [stderr]    Compiling libsw-core v0.3.2 (/opt/rustwide/workdir)
[INFO] [stderr]     Finished `release` profile [optimized] target(s) in 0.15s
[INFO] running `Command { std: "docker" "inspect" "cc1e856823ebcbd600c9636cef45daa646c2a585f35e33925c211841341088e9", kill_on_drop: false }`
[INFO] running `Command { std: "docker" "exec" "-e" "SOURCE_DIR=/opt/rustwide/workdir" "-e" "CARGO_HOME=/opt/rustwide/cargo-home" "-e" "RUSTUP_HOME=/opt/rustwide/rustup-home" "-e" "CARGO_TARGET_DIR=/opt/rustwide/target" "-e" "CARGO_INCREMENTAL=0" "-e" "RUST_BACKTRACE=full" "-e" "RUSTFLAGS=--cap-lints=warn" "-e" "RUSTDOCFLAGS=--cap-lints=warn" "-w" "/opt/rustwide/workdir" "--user" "0:0" "cc1e856823ebcbd600c9636cef45daa646c2a585f35e33925c211841341088e9" "/opt/rustwide/cargo-home/bin/cargo" "+1.100.0-beta.1" "test" "--frozen" "--no-run" "--message-format=json" "--release", kill_on_drop: false }`
[INFO] [stderr]    Compiling libsw-core v0.3.2 (/opt/rustwide/workdir)
[INFO] [stdout] error[E0433]: cannot find `std` in the list of imported crates
[INFO] [stdout]   --> src/tests.rs:10:7
[INFO] [stdout]    |
[INFO] [stdout] 10 | use ::std::collections::hash_map::DefaultHasher;
[INFO] [stdout]    |       ^^^ could not find `std` in the list of imported crates
[INFO] [stdout] 
[INFO] [stdout] 
[INFO] [stdout] error[E0432]: unresolved import `std`
[INFO] [stdout]   --> src/tests.rs:11:7
[INFO] [stdout]    |
[INFO] [stdout] 11 | use ::std::thread;
[INFO] [stdout]    |       ^^^ could not find `std` in the list of imported crates
[INFO] [stdout] 
[INFO] [stdout] 
[INFO] [stdout] error: cannot find macro `dbg` in this scope
[INFO] [stdout]    --> src/tests.rs:402:9
[INFO] [stdout]     |
[INFO] [stdout] 402 |         dbg!(a, b, c);
[INFO] [stdout]     |         ^^^
[INFO] [stdout] 
[INFO] [stdout] 
[INFO] [stdout] error: cannot find macro `dbg` in this scope
[INFO] [stdout]    --> src/tests.rs:564:9
[INFO] [stdout]     |
[INFO] [stdout] 564 |         dbg!(sw_1, sw_2, sw_3);
[INFO] [stdout]     |         ^^^
[INFO] [stdout] 
[INFO] [stdout] 
[INFO] [stdout] error[E0433]: cannot find module or crate `std` in this scope
[INFO] [stdout]   --> src/tests.rs:17:10
[INFO] [stdout]    |
[INFO] [stdout] 17 | type I = std::time::Instant;
[INFO] [stdout]    |          ^^^ use of unresolved module or unlinked crate `std`
[INFO] [stdout]    |
[INFO] [stdout]    = help: if you wanted to use a crate named `std`, use `cargo add std` to add it to your `Cargo.toml`
[INFO] [stdout] 
[INFO] [stdout] 
[INFO] [stdout] Some errors have detailed explanations: E0432, E0433.
[INFO] [stdout] 
[INFO] [stdout] For more information about an error, try `rustc --explain E0432`.
[INFO] [stdout] 
[INFO] [stderr] error: could not compile `libsw-core` (lib test) due to 5 previous errors
[INFO] running `Command { std: "docker" "inspect" "cc1e856823ebcbd600c9636cef45daa646c2a585f35e33925c211841341088e9", kill_on_drop: false }`
[INFO] running `Command { std: "docker" "rm" "-f" "cc1e856823ebcbd600c9636cef45daa646c2a585f35e33925c211841341088e9", kill_on_drop: false }`
[INFO] [stdout] cc1e856823ebcbd600c9636cef45daa646c2a585f35e33925c211841341088e9
