[INFO] fetching crate libstoragemgmt-rust 0.0.2...
[INFO] testing libstoragemgmt-rust-0.0.2 against 1.100.0-beta.1+cargoflags=--release for beta-release-1.100-2
[INFO] extracting crate libstoragemgmt-rust 0.0.2 into /workspace/builds/worker-4-tc2/source
[INFO] started tweaking crates.io crate libstoragemgmt-rust 0.0.2
[INFO] removed 0 missing tests
[INFO] finished tweaking crates.io crate libstoragemgmt-rust 0.0.2
[INFO] tweaked toml for crates.io crate libstoragemgmt-rust 0.0.2 written to /workspace/builds/worker-4-tc2/source/Cargo.toml
[INFO] validating manifest of crates.io crate libstoragemgmt-rust 0.0.2 on toolchain 1.100.0-beta.1
[INFO] running `Command { std: CARGO_HOME="/workspace/cargo-home" RUSTUP_HOME="/workspace/rustup-home" "/workspace/cargo-home/bin/cargo" "+1.100.0-beta.1" "metadata" "--manifest-path" "Cargo.toml" "--no-deps", kill_on_drop: false }`
[INFO] running `Command { std: CARGO_HOME="/workspace/cargo-home" RUSTUP_HOME="/workspace/rustup-home" "/workspace/cargo-home/bin/cargo" "+1.100.0-beta.1" "generate-lockfile" "--manifest-path" "Cargo.toml", kill_on_drop: false }`
[INFO] [stderr]     Updating crates.io index
[INFO] [stderr]      Locking 32 packages to highest compatible versions
[INFO] [stderr]       Adding rand v0.3.23 (available: v0.10.3)
[INFO] [stderr]       Adding url v1.7.2 (available: v2.5.8)
[INFO] running `Command { std: CARGO_HOME="/workspace/cargo-home" RUSTUP_HOME="/workspace/rustup-home" "/workspace/cargo-home/bin/cargo" "+1.100.0-beta.1" "fetch" "--manifest-path" "Cargo.toml", kill_on_drop: false }`
[INFO] running `Command { std: "docker" "create" "-v" "/var/lib/crater-agent-workspace/builds/worker-4-tc2/source:/opt/rustwide/workdir:ro,Z" "-v" "/var/lib/crater-agent-workspace/builds/worker-4-tc2/target:/opt/rustwide/target:rw,Z" "-v" "/var/lib/crater-agent-workspace/cargo-home:/opt/rustwide/cargo-home:ro,Z" "-v" "/var/lib/crater-agent-workspace/rustup-home:/opt/rustwide/rustup-home:ro,Z" "-m" "1610612736" "--network" "none" "ghcr.io/rust-lang/crates-build-env/linux@sha256:77db811e55d90add9212f6832c23229e3de5f1c1f9905e8cb07319ea15df73ac" "sleep" "infinity", kill_on_drop: false }`
[INFO] [stdout] a29168ede70b2e4fd26c4733fb1bdaf0eec83a01168d8d8bcd28026474401d62
[INFO] running `Command { std: "docker" "start" "a29168ede70b2e4fd26c4733fb1bdaf0eec83a01168d8d8bcd28026474401d62", kill_on_drop: false }`
[INFO] running `Command { std: "docker" "inspect" "a29168ede70b2e4fd26c4733fb1bdaf0eec83a01168d8d8bcd28026474401d62", kill_on_drop: false }`
[INFO] running `Command { std: "docker" "exec" "-e" "SOURCE_DIR=/opt/rustwide/workdir" "-e" "CARGO_HOME=/opt/rustwide/cargo-home" "-e" "RUSTUP_HOME=/opt/rustwide/rustup-home" "-e" "CARGO_TARGET_DIR=/opt/rustwide/target" "-w" "/opt/rustwide/workdir" "--user" "0:0" "a29168ede70b2e4fd26c4733fb1bdaf0eec83a01168d8d8bcd28026474401d62" "/opt/rustwide/cargo-home/bin/cargo" "+1.100.0-beta.1" "metadata" "--no-deps" "--format-version=1", kill_on_drop: false }`
[INFO] running `Command { std: "docker" "inspect" "a29168ede70b2e4fd26c4733fb1bdaf0eec83a01168d8d8bcd28026474401d62", kill_on_drop: false }`
[INFO] running `Command { std: "docker" "exec" "-e" "SOURCE_DIR=/opt/rustwide/workdir" "-e" "CARGO_HOME=/opt/rustwide/cargo-home" "-e" "RUSTUP_HOME=/opt/rustwide/rustup-home" "-e" "CARGO_TARGET_DIR=/opt/rustwide/target" "-e" "CARGO_INCREMENTAL=0" "-e" "RUST_BACKTRACE=full" "-e" "RUSTFLAGS=--cap-lints=warn" "-e" "RUSTDOCFLAGS=--cap-lints=warn" "-w" "/opt/rustwide/workdir" "--user" "0:0" "a29168ede70b2e4fd26c4733fb1bdaf0eec83a01168d8d8bcd28026474401d62" "/opt/rustwide/cargo-home/bin/cargo" "+1.100.0-beta.1" "build" "--frozen" "--message-format=json" "--release", kill_on_drop: false }`
[INFO] [stderr]    Compiling rand v0.4.6
[INFO] [stderr]    Compiling rand v0.3.23
[INFO] [stderr]    Compiling libstoragemgmt-rust v0.0.2 (/opt/rustwide/workdir)
[INFO] [stderr] warning: unused dependency `rand`
[INFO] [stderr]  --> Cargo.toml:1:15
[INFO] [stderr]   |
[INFO] [stderr] 1 | [dependencies.rand]
[INFO] [stderr]   |               ^^^^^
[INFO] [stderr]   |
[INFO] [stderr]   = note: `cargo::unused_dependencies` is set to `warn` by default
[INFO] [stderr] help: consider removing the dependency on `rand`
[INFO] [stderr] warning: `libstoragemgmt-rust` (manifest) generated 1 warning
[INFO] [stderr]     Finished `release` profile [optimized] target(s) in 2.93s
[INFO] running `Command { std: "docker" "inspect" "a29168ede70b2e4fd26c4733fb1bdaf0eec83a01168d8d8bcd28026474401d62", kill_on_drop: false }`
[INFO] running `Command { std: "docker" "exec" "-e" "SOURCE_DIR=/opt/rustwide/workdir" "-e" "CARGO_HOME=/opt/rustwide/cargo-home" "-e" "RUSTUP_HOME=/opt/rustwide/rustup-home" "-e" "CARGO_TARGET_DIR=/opt/rustwide/target" "-e" "CARGO_INCREMENTAL=0" "-e" "RUST_BACKTRACE=full" "-e" "RUSTFLAGS=--cap-lints=warn" "-e" "RUSTDOCFLAGS=--cap-lints=warn" "-w" "/opt/rustwide/workdir" "--user" "0:0" "a29168ede70b2e4fd26c4733fb1bdaf0eec83a01168d8d8bcd28026474401d62" "/opt/rustwide/cargo-home/bin/cargo" "+1.100.0-beta.1" "test" "--frozen" "--no-run" "--message-format=json" "--release", kill_on_drop: false }`
[INFO] [stderr]    Compiling libstoragemgmt-rust v0.0.2 (/opt/rustwide/workdir)
[INFO] [stdout] error: linking with `cc` failed: exit status: 1
[INFO] [stdout]   |
[INFO] [stdout]   = note:  "cc" "-m64" "/opt/rustwide/target/release/build/libstoragemgmt-rust/e5bff38ce7d99fe7/out/rustcqZICM2/symbols.o" "<2 object files omitted>" "-Wl,--as-needed" "-Wl,-Bdynamic" "-lstoragemgmt" "-Wl,-Bstatic" "<sysroot>/lib/rustlib/x86_64-unknown-linux-gnu/lib/{libtest-*,libgetopts-*,librustc_std_workspace_std-*}.rlib" "/opt/rustwide/target/release/build/url/3c88b574922cb720/out/liburl-3c88b574922cb720.rlib" "/opt/rustwide/target/release/build/percent-encoding/738bba7573a52afc/out/libpercent_encoding-738bba7573a52afc.rlib" "/opt/rustwide/target/release/build/idna/de0848b6c3dd0556/out/libidna-de0848b6c3dd0556.rlib" "/opt/rustwide/target/release/build/unicode-normalization/7b83fd9b3481a7e3/out/libunicode_normalization-7b83fd9b3481a7e3.rlib" "/opt/rustwide/target/release/build/tinyvec/abef6e7f6a4f188b/out/libtinyvec-abef6e7f6a4f188b.rlib" "/opt/rustwide/target/release/build/unicode-bidi/676d1cea7f1cea77/out/libunicode_bidi-676d1cea7f1cea77.rlib" "/opt/rustwide/target/release/build/matches/06da67f7ff67b4b1/out/libmatches-06da67f7ff67b4b1.rlib" "/opt/rustwide/target/release/build/serde_json/3faa2508661d394c/out/libserde_json-3faa2508661d394c.rlib" "/opt/rustwide/target/release/build/itoa/1e9e3b22820c4a15/out/libitoa-1e9e3b22820c4a15.rlib" "/opt/rustwide/target/release/build/zmij/586d023c1dba25b5/out/libzmij-586d023c1dba25b5.rlib" "/opt/rustwide/target/release/build/regex/5bb273558e11c3aa/out/libregex-5bb273558e11c3aa.rlib" "/opt/rustwide/target/release/build/regex-automata/ae4cd0bca86fe251/out/libregex_automata-ae4cd0bca86fe251.rlib" "/opt/rustwide/target/release/build/aho-corasick/7333bf41a260803b/out/libaho_corasick-7333bf41a260803b.rlib" "/opt/rustwide/target/release/build/memchr/b09fcc675b44dbcc/out/libmemchr-b09fcc675b44dbcc.rlib" "/opt/rustwide/target/release/build/regex-syntax/7010b26951f94357/out/libregex_syntax-7010b26951f94357.rlib" "/opt/rustwide/target/release/build/serde/7048e06194ec431f/out/libserde-7048e06194ec431f.rlib" "/opt/rustwide/target/release/build/serde_core/2831f2261da3e922/out/libserde_core-2831f2261da3e922.rlib" "<sysroot>/lib/rustlib/x86_64-unknown-linux-gnu/lib/{libstd-*,libpanic_unwind-*,libobject-*,libmemchr-*,libaddr2line-*,libgimli-*,libcfg_if-*,librustc_demangle-*,libstd_detect-*,libhashbrown-*,librustc_std_workspace_alloc-*,libminiz_oxide-*,libadler2-*,libunwind-*,liblibc-*,librustc_std_workspace_core-*,liballoc-*,libcore-*,libcompiler_builtins-*}.rlib" "-Wl,-Bdynamic" "-lgcc_s" "-lutil" "-lrt" "-lpthread" "-lm" "-ldl" "-lc" "-L" "/opt/rustwide/target/release/build/libstoragemgmt-rust/e5bff38ce7d99fe7/out/rustcqZICM2/raw-dylibs" "-B<sysroot>/lib/rustlib/x86_64-unknown-linux-gnu/bin/gcc-ld" "-fuse-ld=lld" "-Wl,--eh-frame-hdr" "-Wl,-z,noexecstack" "-L" "<sysroot>/lib/rustlib/x86_64-unknown-linux-gnu/lib" "-o" "/opt/rustwide/target/release/build/libstoragemgmt-rust/e5bff38ce7d99fe7/out/lsm-e5bff38ce7d99fe7" "-Wl,--gc-sections" "-pie" "-Wl,-z,relro,-z,now" "-Wl,-O1" "-Wl,--strip-debug" "-nodefaultlibs"
[INFO] [stdout]   = note: some arguments are omitted. use `--verbose` to show all linker arguments
[INFO] [stdout]   = note: rust-lld: error: unable to find library -lstoragemgmt
[INFO] [stdout]           collect2: error: ld returned 1 exit status
[INFO] [stdout]           
[INFO] [stdout] 
[INFO] [stdout] 
[INFO] [stdout] error: linking with `cc` failed: exit status: 1
[INFO] [stdout]   |
[INFO] [stdout]   = note:  "cc" "-m64" "/opt/rustwide/target/release/build/libstoragemgmt-rust/74ae3f50a178a890/out/rustcA765AV/symbols.o" "<3 object files omitted>" "-Wl,--as-needed" "-Wl,-Bstatic" "<sysroot>/lib/rustlib/x86_64-unknown-linux-gnu/lib/{libtest-*,libgetopts-*,librustc_std_workspace_std-*}.rlib" "/opt/rustwide/target/release/build/rand/37b9532b6181a4ce/out/librand-37b9532b6181a4ce.rlib" "/opt/rustwide/target/release/build/rand/1e1a37e693de4e74/out/librand-1e1a37e693de4e74.rlib" "/opt/rustwide/target/release/build/libc/a0a6e54f1566fa83/out/liblibc-a0a6e54f1566fa83.rlib" "/opt/rustwide/target/release/build/libstoragemgmt-rust/c8c97ce628b888b5/out/liblsm-c8c97ce628b888b5.rlib" "/opt/rustwide/target/release/build/url/3c88b574922cb720/out/liburl-3c88b574922cb720.rlib" "/opt/rustwide/target/release/build/percent-encoding/738bba7573a52afc/out/libpercent_encoding-738bba7573a52afc.rlib" "/opt/rustwide/target/release/build/idna/de0848b6c3dd0556/out/libidna-de0848b6c3dd0556.rlib" "/opt/rustwide/target/release/build/unicode-normalization/7b83fd9b3481a7e3/out/libunicode_normalization-7b83fd9b3481a7e3.rlib" "/opt/rustwide/target/release/build/tinyvec/abef6e7f6a4f188b/out/libtinyvec-abef6e7f6a4f188b.rlib" "/opt/rustwide/target/release/build/unicode-bidi/676d1cea7f1cea77/out/libunicode_bidi-676d1cea7f1cea77.rlib" "/opt/rustwide/target/release/build/matches/06da67f7ff67b4b1/out/libmatches-06da67f7ff67b4b1.rlib" "/opt/rustwide/target/release/build/serde_json/3faa2508661d394c/out/libserde_json-3faa2508661d394c.rlib" "/opt/rustwide/target/release/build/itoa/1e9e3b22820c4a15/out/libitoa-1e9e3b22820c4a15.rlib" "/opt/rustwide/target/release/build/zmij/586d023c1dba25b5/out/libzmij-586d023c1dba25b5.rlib" "/opt/rustwide/target/release/build/regex/5bb273558e11c3aa/out/libregex-5bb273558e11c3aa.rlib" "/opt/rustwide/target/release/build/regex-automata/ae4cd0bca86fe251/out/libregex_automata-ae4cd0bca86fe251.rlib" "/opt/rustwide/target/release/build/aho-corasick/7333bf41a260803b/out/libaho_corasick-7333bf41a260803b.rlib" "/opt/rustwide/target/release/build/memchr/b09fcc675b44dbcc/out/libmemchr-b09fcc675b44dbcc.rlib" "/opt/rustwide/target/release/build/regex-syntax/7010b26951f94357/out/libregex_syntax-7010b26951f94357.rlib" "/opt/rustwide/target/release/build/serde/7048e06194ec431f/out/libserde-7048e06194ec431f.rlib" "/opt/rustwide/target/release/build/serde_core/2831f2261da3e922/out/libserde_core-2831f2261da3e922.rlib" "<sysroot>/lib/rustlib/x86_64-unknown-linux-gnu/lib/{libstd-*,libpanic_unwind-*,libobject-*,libmemchr-*,libaddr2line-*,libgimli-*,libcfg_if-*,librustc_demangle-*,libstd_detect-*,libhashbrown-*,librustc_std_workspace_alloc-*,libminiz_oxide-*,libadler2-*,libunwind-*,liblibc-*,librustc_std_workspace_core-*,liballoc-*,libcore-*,libcompiler_builtins-*}.rlib" "-Wl,-Bdynamic" "-lstoragemgmt" "-lgcc_s" "-lutil" "-lrt" "-lpthread" "-lm" "-ldl" "-lc" "-L" "/opt/rustwide/target/release/build/libstoragemgmt-rust/74ae3f50a178a890/out/rustcA765AV/raw-dylibs" "-B<sysroot>/lib/rustlib/x86_64-unknown-linux-gnu/bin/gcc-ld" "-fuse-ld=lld" "-Wl,--eh-frame-hdr" "-Wl,-z,noexecstack" "-L" "<sysroot>/lib/rustlib/x86_64-unknown-linux-gnu/lib" "-o" "/opt/rustwide/target/release/build/libstoragemgmt-rust/74ae3f50a178a890/out/integration_test-74ae3f50a178a890" "-Wl,--gc-sections" "-pie" "-Wl,-z,relro,-z,now" "-Wl,-O1" "-Wl,--strip-debug" "-nodefaultlibs"
[INFO] [stdout]   = note: some arguments are omitted. use `--verbose` to show all linker arguments
[INFO] [stdout]   = note: rust-lld: error: unable to find library -lstoragemgmt
[INFO] [stdout]           collect2: error: ld returned 1 exit status
[INFO] [stdout]           
[INFO] [stdout] 
[INFO] [stdout] 
[INFO] [stderr] error: could not compile `libstoragemgmt-rust` (test "integration_test") due to 1 previous error
[INFO] [stderr] warning: build failed, waiting for other jobs to finish...
[INFO] [stderr] error: could not compile `libstoragemgmt-rust` (lib test) due to 1 previous error
[INFO] [stderr] warning: unused dependency `rand`
[INFO] [stderr]  --> Cargo.toml:1:15
[INFO] [stderr]   |
[INFO] [stderr] 1 | [dependencies.rand]
[INFO] [stderr]   |               ^^^^^
[INFO] [stderr]   |
[INFO] [stderr]   = note: `cargo::unused_dependencies` is set to `warn` by default
[INFO] [stderr] help: consider removing the dependency on `rand`
[INFO] [stderr] help: to still use for development builds, move to `dev-dependencies`
[INFO] [stderr] warning: `libstoragemgmt-rust` (manifest) generated 1 warning
[INFO] running `Command { std: "docker" "inspect" "a29168ede70b2e4fd26c4733fb1bdaf0eec83a01168d8d8bcd28026474401d62", kill_on_drop: false }`
[INFO] running `Command { std: "docker" "rm" "-f" "a29168ede70b2e4fd26c4733fb1bdaf0eec83a01168d8d8bcd28026474401d62", kill_on_drop: false }`
[INFO] [stdout] a29168ede70b2e4fd26c4733fb1bdaf0eec83a01168d8d8bcd28026474401d62
