[INFO] fetching crate libobs-sources 3.3.1+32.0.2...
[INFO] testing libobs-sources-3.3.1+32.0.2 against 1.100.0-beta.1+cargoflags=--release for beta-release-1.100-2
[INFO] extracting crate libobs-sources 3.3.1+32.0.2 into /workspace/builds/worker-7-tc2/source
[INFO] started tweaking crates.io crate libobs-sources 3.3.1+32.0.2
[INFO] removed 0 missing tests
[INFO] finished tweaking crates.io crate libobs-sources 3.3.1+32.0.2
[INFO] tweaked toml for crates.io crate libobs-sources 3.3.1+32.0.2 written to /workspace/builds/worker-7-tc2/source/Cargo.toml
[INFO] validating manifest of crates.io crate libobs-sources 3.3.1+32.0.2 on toolchain 1.100.0-beta.1
[INFO] running `Command { std: CARGO_HOME="/workspace/cargo-home" RUSTUP_HOME="/workspace/rustup-home" "/workspace/cargo-home/bin/cargo" "+1.100.0-beta.1" "metadata" "--manifest-path" "Cargo.toml" "--no-deps", kill_on_drop: false }`
[INFO] crate crates.io crate libobs-sources 3.3.1+32.0.2 already has a lockfile, it will not be regenerated
[INFO] running `Command { std: CARGO_HOME="/workspace/cargo-home" RUSTUP_HOME="/workspace/rustup-home" "/workspace/cargo-home/bin/cargo" "+1.100.0-beta.1" "fetch" "--manifest-path" "Cargo.toml", kill_on_drop: false }`
[INFO] running `Command { std: "docker" "create" "-v" "/var/lib/crater-agent-workspace/builds/worker-7-tc2/source:/opt/rustwide/workdir:ro,Z" "-v" "/var/lib/crater-agent-workspace/builds/worker-7-tc2/target:/opt/rustwide/target:rw,Z" "-v" "/var/lib/crater-agent-workspace/cargo-home:/opt/rustwide/cargo-home:ro,Z" "-v" "/var/lib/crater-agent-workspace/rustup-home:/opt/rustwide/rustup-home:ro,Z" "-m" "1610612736" "--network" "none" "ghcr.io/rust-lang/crates-build-env/linux@sha256:77db811e55d90add9212f6832c23229e3de5f1c1f9905e8cb07319ea15df73ac" "sleep" "infinity", kill_on_drop: false }`
[INFO] [stdout] d97c81834a7a1f6b636e7f74e3a0f4a2eaa75930bc1df80764a349dbc5463b18
[INFO] running `Command { std: "docker" "start" "d97c81834a7a1f6b636e7f74e3a0f4a2eaa75930bc1df80764a349dbc5463b18", kill_on_drop: false }`
[INFO] running `Command { std: "docker" "inspect" "d97c81834a7a1f6b636e7f74e3a0f4a2eaa75930bc1df80764a349dbc5463b18", kill_on_drop: false }`
[INFO] running `Command { std: "docker" "exec" "-e" "SOURCE_DIR=/opt/rustwide/workdir" "-e" "CARGO_HOME=/opt/rustwide/cargo-home" "-e" "RUSTUP_HOME=/opt/rustwide/rustup-home" "-e" "CARGO_TARGET_DIR=/opt/rustwide/target" "-w" "/opt/rustwide/workdir" "--user" "0:0" "d97c81834a7a1f6b636e7f74e3a0f4a2eaa75930bc1df80764a349dbc5463b18" "/opt/rustwide/cargo-home/bin/cargo" "+1.100.0-beta.1" "metadata" "--no-deps" "--format-version=1", kill_on_drop: false }`
[INFO] running `Command { std: "docker" "inspect" "d97c81834a7a1f6b636e7f74e3a0f4a2eaa75930bc1df80764a349dbc5463b18", kill_on_drop: false }`
[INFO] running `Command { std: "docker" "exec" "-e" "SOURCE_DIR=/opt/rustwide/workdir" "-e" "CARGO_HOME=/opt/rustwide/cargo-home" "-e" "RUSTUP_HOME=/opt/rustwide/rustup-home" "-e" "CARGO_TARGET_DIR=/opt/rustwide/target" "-e" "CARGO_INCREMENTAL=0" "-e" "RUST_BACKTRACE=full" "-e" "RUSTFLAGS=--cap-lints=warn" "-e" "RUSTDOCFLAGS=--cap-lints=warn" "-w" "/opt/rustwide/workdir" "--user" "0:0" "d97c81834a7a1f6b636e7f74e3a0f4a2eaa75930bc1df80764a349dbc5463b18" "/opt/rustwide/cargo-home/bin/cargo" "+1.100.0-beta.1" "build" "--frozen" "--message-format=json" "--release", kill_on_drop: false }`
[INFO] [stderr]    Compiling rustix v1.1.2
[INFO] [stderr]    Compiling linux-raw-sys v0.11.0
[INFO] [stderr]    Compiling smallvec v1.15.1
[INFO] [stderr]    Compiling downcast-rs v1.2.1
[INFO] [stderr]    Compiling wayland-client v0.31.11
[INFO] [stderr]    Compiling simd-adler32 v0.3.7
[INFO] [stderr]    Compiling cc v1.2.45
[INFO] [stderr]    Compiling wayland-sys v0.31.7
[INFO] [stderr]    Compiling quick-xml v0.37.5
[INFO] [stderr]    Compiling windows-link v0.1.3
[INFO] [stderr]    Compiling windows-link v0.2.1
[INFO] [stderr]    Compiling syn v2.0.109
[INFO] [stderr]    Compiling getrandom v0.2.16
[INFO] [stderr]    Compiling rustls-pki-types v1.13.0
[INFO] [stderr]    Compiling quick-xml v0.30.0
[INFO] [stderr]    Compiling httparse v1.10.1
[INFO] [stderr]    Compiling windows-result v0.4.1
[INFO] [stderr]    Compiling windows-strings v0.5.1
[INFO] [stderr]    Compiling windows-result v0.3.4
[INFO] [stderr]    Compiling windows-strings v0.4.2
[INFO] [stderr]    Compiling miniz_oxide v0.8.9
[INFO] [stderr]    Compiling fdeflate v0.3.7
[INFO] [stderr]    Compiling proc-macro2-diagnostics v0.10.1
[INFO] [stderr]    Compiling pxfm v0.1.25
[INFO] [stderr]    Compiling smithay-client-toolkit v0.20.0
[INFO] [stderr]    Compiling xcursor v0.3.10
[INFO] [stderr]    Compiling rustls v0.23.35
[INFO] [stderr]    Compiling cursor-icon v1.2.0
[INFO] [stderr]    Compiling parking_lot_core v0.9.12
[INFO] [stderr]    Compiling http v1.3.1
[INFO] [stderr]    Compiling windows-threading v0.1.0
[INFO] [stderr]    Compiling windows-threading v0.2.1
[INFO] [stderr]    Compiling dirs-sys v0.3.7
[INFO] [stderr]    Compiling memmap2 v0.9.9
[INFO] [stderr]    Compiling libobs v3.0.1+32.0.2
[INFO] [stderr]    Compiling x11rb-protocol v0.13.2
[INFO] [stderr]    Compiling xkeysym v0.2.1
[INFO] [stderr]    Compiling dirs v2.0.2
[INFO] [stderr]    Compiling parking_lot v0.12.5
[INFO] [stderr]    Compiling xcb v1.6.0
[INFO] [stderr]    Compiling webpki-roots v1.0.4
[INFO] [stderr]    Compiling rpassword v2.1.0
[INFO] [stderr]    Compiling wayland-scanner v0.31.7
[INFO] [stderr]    Compiling flate2 v1.1.5
[INFO] [stderr]    Compiling filetime v0.2.26
[INFO] [stderr]    Compiling tokio v1.48.0
[INFO] [stderr]    Compiling chrono v0.4.42
[INFO] [stderr]    Compiling dialog v0.3.0
[INFO] [stderr]    Compiling png v0.18.0
[INFO] [stderr]    Compiling oneshot v0.1.11
[INFO] [stderr]    Compiling wayland-backend v0.3.11
[INFO] [stderr]    Compiling ring v0.17.14
[INFO] [stderr]    Compiling lzma-sys v0.1.20
[INFO] [stderr]    Compiling vsprintf v2.0.0
[INFO] [stderr]    Compiling ureq-proto v0.5.2
[INFO] [stderr]    Compiling xz2 v0.1.7
[INFO] [stderr]    Compiling moxcms v0.7.9
[INFO] [stderr]    Compiling windows-implement v0.60.2
[INFO] [stderr]    Compiling windows-interface v0.59.3
[INFO] [stderr]    Compiling thiserror-impl v2.0.17
[INFO] [stderr]    Compiling getters0 v0.1.1
[INFO] [stderr]    Compiling duplicate v2.0.1
[INFO] [stderr]    Compiling num-derive v0.4.2
[INFO] [stderr]    Compiling libobs-source-macro v5.0.1
[INFO] [stderr]    Compiling windows-core v0.62.2
[INFO] [stderr]    Compiling windows-core v0.61.2
[INFO] [stderr]    Compiling windows-numerics v0.2.0
[INFO] [stderr]    Compiling thiserror v2.0.17
[INFO] [stderr]    Compiling windows-future v0.2.1
[INFO] [stderr]    Compiling windows-collections v0.2.0
[INFO] [stdout] error[E0425]: cannot find type `IMarshal` in module `windows_core::imp`
[INFO] [stdout]   --> /opt/rustwide/cargo-home/registry/src/index.crates.io-1949cf8c6b5b557f/windows-future-0.2.1/src/bindings.rs:89:51
[INFO] [stdout]    |
[INFO] [stdout] 89 |             } else if *iid == <windows_core::imp::IMarshal as windows_core::Interface>::IID {
[INFO] [stdout]    |                                                   ^^^^^^^^ not found in `windows_core::imp`
[INFO] [stdout] 
[INFO] [stdout] 
[INFO] [stdout] error[E0425]: cannot find function `marshaler` in module `windows_core::imp`
[INFO] [stdout]   --> /opt/rustwide/cargo-home/registry/src/index.crates.io-1949cf8c6b5b557f/windows-future-0.2.1/src/bindings.rs:91:43
[INFO] [stdout]    |
[INFO] [stdout] 91 |                 return windows_core::imp::marshaler(
[INFO] [stdout]    |                                           ^^^^^^^^^ not found in `windows_core::imp`
[INFO] [stdout] 
[INFO] [stdout] 
[INFO] [stdout] error[E0425]: cannot find type `IMarshal` in module `windows_core::imp`
[INFO] [stdout]    --> /opt/rustwide/cargo-home/registry/src/index.crates.io-1949cf8c6b5b557f/windows-future-0.2.1/src/bindings.rs:257:51
[INFO] [stdout]     |
[INFO] [stdout] 257 |             } else if *iid == <windows_core::imp::IMarshal as windows_core::Interface>::IID {
[INFO] [stdout]     |                                                   ^^^^^^^^ not found in `windows_core::imp`
[INFO] [stdout] 
[INFO] [stdout] 
[INFO] [stdout] error[E0425]: cannot find function `marshaler` in module `windows_core::imp`
[INFO] [stdout]    --> /opt/rustwide/cargo-home/registry/src/index.crates.io-1949cf8c6b5b557f/windows-future-0.2.1/src/bindings.rs:259:43
[INFO] [stdout]     |
[INFO] [stdout] 259 |                 return windows_core::imp::marshaler(
[INFO] [stdout]     |                                           ^^^^^^^^^ not found in `windows_core::imp`
[INFO] [stdout] 
[INFO] [stdout] 
[INFO] [stdout] error[E0425]: cannot find type `IMarshal` in module `windows_core::imp`
[INFO] [stdout]    --> /opt/rustwide/cargo-home/registry/src/index.crates.io-1949cf8c6b5b557f/windows-future-0.2.1/src/bindings.rs:424:364
[INFO] [stdout]     |
[INFO] [stdout] 424 | ... _ } else if * iid == < windows_core::imp::IMarshal as windows_core::Interface >::IID { ( * this ) . count . add_ref ( ) ; retur...
[INFO] [stdout]     |                                               ^^^^^^^^ not found in `windows_core::imp`
[INFO] [stdout] 
[INFO] [stdout] 
[INFO] [stdout] error[E0425]: cannot find function `marshaler` in module `windows_core::imp`
[INFO] [stdout]    --> /opt/rustwide/cargo-home/registry/src/index.crates.io-1949cf8c6b5b557f/windows-future-0.2.1/src/bindings.rs:424:470
[INFO] [stdout]     |
[INFO] [stdout] 424 | ... . add_ref ( ) ; return windows_core::imp::marshaler ( core::mem::transmute ( & mut ( * this ) . vtable as * mut _ as * mut core...
[INFO] [stdout]     |                                               ^^^^^^^^^ not found in `windows_core::imp`
[INFO] [stdout] 
[INFO] [stdout] 
[INFO] [stdout] error[E0425]: cannot find type `IMarshal` in module `windows_core::imp`
[INFO] [stdout]    --> /opt/rustwide/cargo-home/registry/src/index.crates.io-1949cf8c6b5b557f/windows-future-0.2.1/src/bindings.rs:583:51
[INFO] [stdout]     |
[INFO] [stdout] 583 |             } else if *iid == <windows_core::imp::IMarshal as windows_core::Interface>::IID {
[INFO] [stdout]     |                                                   ^^^^^^^^ not found in `windows_core::imp`
[INFO] [stdout] 
[INFO] [stdout] 
[INFO] [stdout] error[E0425]: cannot find function `marshaler` in module `windows_core::imp`
[INFO] [stdout]    --> /opt/rustwide/cargo-home/registry/src/index.crates.io-1949cf8c6b5b557f/windows-future-0.2.1/src/bindings.rs:585:43
[INFO] [stdout]     |
[INFO] [stdout] 585 |                 return windows_core::imp::marshaler(
[INFO] [stdout]     |                                           ^^^^^^^^^ not found in `windows_core::imp`
[INFO] [stdout] 
[INFO] [stdout] 
[INFO] [stdout] error[E0425]: cannot find type `IMarshal` in module `windows_core::imp`
[INFO] [stdout]    --> /opt/rustwide/cargo-home/registry/src/index.crates.io-1949cf8c6b5b557f/windows-future-0.2.1/src/bindings.rs:763:364
[INFO] [stdout]     |
[INFO] [stdout] 763 | ... _ } else if * iid == < windows_core::imp::IMarshal as windows_core::Interface >::IID { ( * this ) . count . add_ref ( ) ; retur...
[INFO] [stdout]     |                                               ^^^^^^^^ not found in `windows_core::imp`
[INFO] [stdout] 
[INFO] [stdout] 
[INFO] [stdout] error[E0425]: cannot find function `marshaler` in module `windows_core::imp`
[INFO] [stdout]    --> /opt/rustwide/cargo-home/registry/src/index.crates.io-1949cf8c6b5b557f/windows-future-0.2.1/src/bindings.rs:763:470
[INFO] [stdout]     |
[INFO] [stdout] 763 | ... . add_ref ( ) ; return windows_core::imp::marshaler ( core::mem::transmute ( & mut ( * this ) . vtable as * mut _ as * mut core...
[INFO] [stdout]     |                                               ^^^^^^^^^ not found in `windows_core::imp`
[INFO] [stdout] 
[INFO] [stdout] 
[INFO] [stdout] error[E0425]: cannot find type `IMarshal` in module `windows_core::imp`
[INFO] [stdout]    --> /opt/rustwide/cargo-home/registry/src/index.crates.io-1949cf8c6b5b557f/windows-future-0.2.1/src/bindings.rs:938:377
[INFO] [stdout]     |
[INFO] [stdout] 938 | ... _ } else if * iid == < windows_core::imp::IMarshal as windows_core::Interface >::IID { ( * this ) . count . add_ref ( ) ; retur...
[INFO] [stdout]     |                                               ^^^^^^^^ not found in `windows_core::imp`
[INFO] [stdout] 
[INFO] [stdout] 
[INFO] [stdout] error[E0425]: cannot find function `marshaler` in module `windows_core::imp`
[INFO] [stdout]    --> /opt/rustwide/cargo-home/registry/src/index.crates.io-1949cf8c6b5b557f/windows-future-0.2.1/src/bindings.rs:938:483
[INFO] [stdout]     |
[INFO] [stdout] 938 | ... . add_ref ( ) ; return windows_core::imp::marshaler ( core::mem::transmute ( & mut ( * this ) . vtable as * mut _ as * mut core...
[INFO] [stdout]     |                                               ^^^^^^^^^ not found in `windows_core::imp`
[INFO] [stdout] 
[INFO] [stdout] 
[INFO] [stderr]    Compiling windows-collections v0.3.2
[INFO] [stdout] For more information about this error, try `rustc --explain E0425`.
[INFO] [stdout] 
[INFO] [stderr] error: could not compile `windows-future` (lib) due to 12 previous errors
[INFO] [stderr] warning: build failed, waiting for other jobs to finish...
[INFO] [stdout] error[E0080]: index out of bounds: the length is 1 but the index is 8
[INFO] [stdout]      --> /opt/rustwide/cargo-home/registry/src/index.crates.io-1949cf8c6b5b557f/libobs-3.0.1+32.0.2/src/bindings.rs:21353:5
[INFO] [stdout]       |
[INFO] [stdout] 21353 |     ["Size of _Mbstatet"][::std::mem::size_of::<_Mbstatet>() - 8usize];
[INFO] [stdout]       |     ^^^^^^^^^^^^^^^^^^^^^^^^^^^^^^^^^^^^^^^^^^^^^^^^^^^^^^^^^^^^^^^^^^ evaluation of `bindings::_` failed here
[INFO] [stdout] 
[INFO] [stdout] 
[INFO] [stdout] error[E0080]: index out of bounds: the length is 1 but the index is 20
[INFO] [stdout]      --> /opt/rustwide/cargo-home/registry/src/index.crates.io-1949cf8c6b5b557f/libobs-3.0.1+32.0.2/src/bindings.rs:21399:5
[INFO] [stdout]       |
[INFO] [stdout] 21399 |     ["Size of _wfinddata32_t"][::std::mem::size_of::<_wfinddata32_t>() - 540usize];
[INFO] [stdout]       |     ^^^^^^^^^^^^^^^^^^^^^^^^^^^^^^^^^^^^^^^^^^^^^^^^^^^^^^^^^^^^^^^^^^^^^^^^^^^^^^ evaluation of `bindings::_` failed here
[INFO] [stdout] 
[INFO] [stdout] 
[INFO] [stdout] error[E0080]: index out of bounds: the length is 1 but the index is 16
[INFO] [stdout]      --> /opt/rustwide/cargo-home/registry/src/index.crates.io-1949cf8c6b5b557f/libobs-3.0.1+32.0.2/src/bindings.rs:21426:5
[INFO] [stdout]       |
[INFO] [stdout] 21426 |     ["Size of _wfinddata32i64_t"][::std::mem::size_of::<_wfinddata32i64_t>() - 544usize];
[INFO] [stdout]       |     ^^^^^^^^^^^^^^^^^^^^^^^^^^^^^^^^^^^^^^^^^^^^^^^^^^^^^^^^^^^^^^^^^^^^^^^^^^^^^^^^^^^^ evaluation of `bindings::_` failed here
[INFO] [stdout] 
[INFO] [stdout] 
[INFO] [stdout] error[E0080]: index out of bounds: the length is 1 but the index is 4
[INFO] [stdout]      --> /opt/rustwide/cargo-home/registry/src/index.crates.io-1949cf8c6b5b557f/libobs-3.0.1+32.0.2/src/bindings.rs:21465:5
[INFO] [stdout]       |
[INFO] [stdout] 21465 | /     ["Offset of field: _wfinddata64i32_t::name"]
[INFO] [stdout] 21466 | |         [::std::mem::offset_of!(_wfinddata64i32_t, name) - 36usize];
[INFO] [stdout]       | |___________________________________________________________________^ evaluation of `bindings::_` failed here
[INFO] [stdout] 
[INFO] [stdout] 
[INFO] [stdout] error[E0080]: index out of bounds: the length is 1 but the index is 20
[INFO] [stdout]      --> /opt/rustwide/cargo-home/registry/src/index.crates.io-1949cf8c6b5b557f/libobs-3.0.1+32.0.2/src/bindings.rs:21552:5
[INFO] [stdout]       |
[INFO] [stdout] 21552 |     ["Size of _stat32"][::std::mem::size_of::<_stat32>() - 36usize];
[INFO] [stdout]       |     ^^^^^^^^^^^^^^^^^^^^^^^^^^^^^^^^^^^^^^^^^^^^^^^^^^^^^^^^^^^^^^^ evaluation of `bindings::_` failed here
[INFO] [stdout] 
[INFO] [stdout] 
[INFO] [stdout] error[E0080]: index out of bounds: the length is 1 but the index is 8
[INFO] [stdout]      --> /opt/rustwide/cargo-home/registry/src/index.crates.io-1949cf8c6b5b557f/libobs-3.0.1+32.0.2/src/bindings.rs:21583:5
[INFO] [stdout]       |
[INFO] [stdout] 21583 |     ["Size of _stat32i64"][::std::mem::size_of::<_stat32i64>() - 48usize];
[INFO] [stdout]       |     ^^^^^^^^^^^^^^^^^^^^^^^^^^^^^^^^^^^^^^^^^^^^^^^^^^^^^^^^^^^^^^^^^^^^^ evaluation of `bindings::_` failed here
[INFO] [stdout] 
[INFO] [stdout] 
[INFO] [stdout] error[E0080]: index out of bounds: the length is 1 but the index is 8
[INFO] [stdout]      --> /opt/rustwide/cargo-home/registry/src/index.crates.io-1949cf8c6b5b557f/libobs-3.0.1+32.0.2/src/bindings.rs:21618:5
[INFO] [stdout]       |
[INFO] [stdout] 21618 |     ["Size of _stat64i32"][::std::mem::size_of::<_stat64i32>() - 48usize];
[INFO] [stdout]       |     ^^^^^^^^^^^^^^^^^^^^^^^^^^^^^^^^^^^^^^^^^^^^^^^^^^^^^^^^^^^^^^^^^^^^^ evaluation of `bindings::_` failed here
[INFO] [stdout] 
[INFO] [stdout] 
[INFO] [stdout] error[E0080]: index out of bounds: the length is 1 but the index is 8
[INFO] [stdout]      --> /opt/rustwide/cargo-home/registry/src/index.crates.io-1949cf8c6b5b557f/libobs-3.0.1+32.0.2/src/bindings.rs:21684:5
[INFO] [stdout]       |
[INFO] [stdout] 21684 |     ["Size of stat"][::std::mem::size_of::<stat>() - 48usize];
[INFO] [stdout]       |     ^^^^^^^^^^^^^^^^^^^^^^^^^^^^^^^^^^^^^^^^^^^^^^^^^^^^^^^^^ evaluation of `bindings::_` failed here
[INFO] [stdout] 
[INFO] [stdout] 
[INFO] [stdout] error[E0080]: index out of bounds: the length is 1 but the index is 8
[INFO] [stdout]      --> /opt/rustwide/cargo-home/registry/src/index.crates.io-1949cf8c6b5b557f/libobs-3.0.1+32.0.2/src/bindings.rs:21796:5
[INFO] [stdout]       |
[INFO] [stdout] 21796 |     ["Size of _ldiv_t"][::std::mem::size_of::<_ldiv_t>() - 8usize];
[INFO] [stdout]       |     ^^^^^^^^^^^^^^^^^^^^^^^^^^^^^^^^^^^^^^^^^^^^^^^^^^^^^^^^^^^^^^ evaluation of `bindings::_` failed here
[INFO] [stdout] 
[INFO] [stdout] 
[INFO] [stdout] error[E0080]: index out of bounds: the length is 1 but the index is 16
[INFO] [stdout]      --> /opt/rustwide/cargo-home/registry/src/index.crates.io-1949cf8c6b5b557f/libobs-3.0.1+32.0.2/src/bindings.rs:22302:5
[INFO] [stdout]       |
[INFO] [stdout] 22302 |     ["Size of _JUMP_BUFFER"][::std::mem::size_of::<_JUMP_BUFFER>() - 256usize];
[INFO] [stdout]       |     ^^^^^^^^^^^^^^^^^^^^^^^^^^^^^^^^^^^^^^^^^^^^^^^^^^^^^^^^^^^^^^^^^^^^^^^^^^ evaluation of `bindings::_` failed here
[INFO] [stdout] 
[INFO] [stdout] 
[INFO] [stdout] error[E0080]: index out of bounds: the length is 1 but the index is 20
[INFO] [stdout]      --> /opt/rustwide/cargo-home/registry/src/index.crates.io-1949cf8c6b5b557f/libobs-3.0.1+32.0.2/src/bindings.rs:22641:5
[INFO] [stdout]       |
[INFO] [stdout] 22641 |     ["Size of gs_monitor_info"][::std::mem::size_of::<gs_monitor_info>() - 20usize];
[INFO] [stdout]       |     ^^^^^^^^^^^^^^^^^^^^^^^^^^^^^^^^^^^^^^^^^^^^^^^^^^^^^^^^^^^^^^^^^^^^^^^^^^^^^^^ evaluation of `bindings::_` failed here
[INFO] [stdout] 
[INFO] [stdout] 
[INFO] [stderr] error: could not compile `libobs` (lib) due to 11 previous errors
[INFO] [stderr] 
[INFO] [stderr] Caused by:
[INFO] [stderr]   process didn't exit successfully: `/opt/rustwide/rustup-home/toolchains/1.100.0-beta.1-x86_64-unknown-linux-gnu/bin/rustc --crate-name libobs --edition=2021 /opt/rustwide/cargo-home/registry/src/index.crates.io-1949cf8c6b5b557f/libobs-3.0.1+32.0.2/src/lib.rs --error-format=json --json=diagnostic-rendered-ansi,artifacts,future-incompat,unused-externs-silent --crate-type lib --emit=dep-info,metadata,link -C opt-level=3 -C embed-bitcode=no --cfg 'feature="default"' --check-cfg 'cfg(docsrs,test)' --check-cfg 'cfg(feature, values("default", "generate_bindings"))' -C metadata=c35625f0bca9af8d -C extra-filename=-620cf4e4802a75b0 --out-dir /opt/rustwide/target/release/build/libobs/620cf4e4802a75b0/out -C strip=debuginfo --cap-lints allow --cap-lints=warn --force-warn=unused_crate_dependencies -L native=/opt/rustwide/cargo-home/registry/src/index.crates.io-1949cf8c6b5b557f/libobs-3.0.1+32.0.2 -l dylib=obs` (signal: 9, SIGKILL: kill)
[INFO] [stderr] error: could not compile `rustix` (lib)
[INFO] [stderr] 
[INFO] [stderr] Caused by:
[INFO] [stderr]   process didn't exit successfully: `/opt/rustwide/rustup-home/toolchains/1.100.0-beta.1-x86_64-unknown-linux-gnu/bin/rustc --crate-name rustix --edition=2021 /opt/rustwide/cargo-home/registry/src/index.crates.io-1949cf8c6b5b557f/rustix-1.1.2/src/lib.rs --error-format=json --json=diagnostic-rendered-ansi,artifacts,future-incompat,unused-externs-silent --crate-type lib --emit=dep-info,metadata,link -C opt-level=3 -C embed-bitcode=no --cfg 'feature="alloc"' --cfg 'feature="default"' --cfg 'feature="event"' --cfg 'feature="fs"' --cfg 'feature="net"' --cfg 'feature="pipe"' --cfg 'feature="process"' --cfg 'feature="shm"' --cfg 'feature="std"' --cfg 'feature="system"' --check-cfg 'cfg(docsrs,test)' --check-cfg 'cfg(feature, values("all-apis", "alloc", "core", "default", "event", "fs", "io_uring", "libc", "libc_errno", "linux_4_11", "linux_5_1", "linux_5_11", "linux_latest", "mm", "mount", "net", "param", "pipe", "process", "pty", "rand", "runtime", "rustc-dep-of-std", "rustc-std-workspace-alloc", "shm", "std", "stdio", "system", "termios", "thread", "time", "try_close", "use-explicitly-provided-auxv", "use-libc", "use-libc-auxv"))' -C metadata=a708bf60c2058bd3 -C extra-filename=-2c111cbf9d85e9b9 --out-dir /opt/rustwide/target/release/build/rustix/2c111cbf9d85e9b9/out -C strip=debuginfo --extern bitflags=/opt/rustwide/target/release/build/bitflags/4b509395af94d244/out/libbitflags-4b509395af94d244.rmeta --extern linux_raw_sys=/opt/rustwide/target/release/build/linux-raw-sys/fdd8a969df5cbe73/out/liblinux_raw_sys-fdd8a969df5cbe73.rmeta --cap-lints allow --cap-lints=warn --force-warn=unused_crate_dependencies --cfg static_assertions --cfg lower_upper_exp_for_non_zero --cfg rustc_diagnostics --cfg linux_raw_dep --cfg linux_raw --cfg linux_like --cfg linux_kernel` (signal: 9, SIGKILL: kill)
[INFO] running `Command { std: "docker" "inspect" "d97c81834a7a1f6b636e7f74e3a0f4a2eaa75930bc1df80764a349dbc5463b18", kill_on_drop: false }`
[INFO] running `Command { std: "docker" "rm" "-f" "d97c81834a7a1f6b636e7f74e3a0f4a2eaa75930bc1df80764a349dbc5463b18", kill_on_drop: false }`
[INFO] [stdout] d97c81834a7a1f6b636e7f74e3a0f4a2eaa75930bc1df80764a349dbc5463b18
