[INFO] fetching crate libmpv2 6.0.0...
[INFO] testing libmpv2-6.0.0 against 1.100.0-beta.1+cargoflags=--release for beta-release-1.100-2
[INFO] extracting crate libmpv2 6.0.0 into /workspace/builds/worker-0-tc2/source
[INFO] started tweaking crates.io crate libmpv2 6.0.0
[INFO] removed 0 missing examples
[INFO] finished tweaking crates.io crate libmpv2 6.0.0
[INFO] tweaked toml for crates.io crate libmpv2 6.0.0 written to /workspace/builds/worker-0-tc2/source/Cargo.toml
[INFO] validating manifest of crates.io crate libmpv2 6.0.0 on toolchain 1.100.0-beta.1
[INFO] running `Command { std: CARGO_HOME="/workspace/cargo-home" RUSTUP_HOME="/workspace/rustup-home" "/workspace/cargo-home/bin/cargo" "+1.100.0-beta.1" "metadata" "--manifest-path" "Cargo.toml" "--no-deps", kill_on_drop: false }`
[INFO] crate crates.io crate libmpv2 6.0.0 already has a lockfile, it will not be regenerated
[INFO] running `Command { std: CARGO_HOME="/workspace/cargo-home" RUSTUP_HOME="/workspace/rustup-home" "/workspace/cargo-home/bin/cargo" "+1.100.0-beta.1" "fetch" "--manifest-path" "Cargo.toml", kill_on_drop: false }`
[INFO] [stderr]     Blocking waiting for file lock on package cache
[INFO] [stderr]     Blocking waiting for file lock on package cache
[INFO] running `Command { std: "docker" "create" "-v" "/var/lib/crater-agent-workspace/builds/worker-0-tc2/source:/opt/rustwide/workdir:ro,Z" "-v" "/var/lib/crater-agent-workspace/builds/worker-0-tc2/target:/opt/rustwide/target:rw,Z" "-v" "/var/lib/crater-agent-workspace/cargo-home:/opt/rustwide/cargo-home:ro,Z" "-v" "/var/lib/crater-agent-workspace/rustup-home:/opt/rustwide/rustup-home:ro,Z" "-m" "1610612736" "--network" "none" "ghcr.io/rust-lang/crates-build-env/linux@sha256:77db811e55d90add9212f6832c23229e3de5f1c1f9905e8cb07319ea15df73ac" "sleep" "infinity", kill_on_drop: false }`
[INFO] [stdout] ece22377b602fcbaf25f42ce056781d7bba2c0c9c551576bb61c40b1d64769fc
[INFO] running `Command { std: "docker" "start" "ece22377b602fcbaf25f42ce056781d7bba2c0c9c551576bb61c40b1d64769fc", kill_on_drop: false }`
[INFO] running `Command { std: "docker" "inspect" "ece22377b602fcbaf25f42ce056781d7bba2c0c9c551576bb61c40b1d64769fc", kill_on_drop: false }`
[INFO] running `Command { std: "docker" "exec" "-e" "SOURCE_DIR=/opt/rustwide/workdir" "-e" "CARGO_HOME=/opt/rustwide/cargo-home" "-e" "RUSTUP_HOME=/opt/rustwide/rustup-home" "-e" "CARGO_TARGET_DIR=/opt/rustwide/target" "-w" "/opt/rustwide/workdir" "--user" "0:0" "ece22377b602fcbaf25f42ce056781d7bba2c0c9c551576bb61c40b1d64769fc" "/opt/rustwide/cargo-home/bin/cargo" "+1.100.0-beta.1" "metadata" "--no-deps" "--format-version=1", kill_on_drop: false }`
[INFO] running `Command { std: "docker" "inspect" "ece22377b602fcbaf25f42ce056781d7bba2c0c9c551576bb61c40b1d64769fc", kill_on_drop: false }`
[INFO] running `Command { std: "docker" "exec" "-e" "SOURCE_DIR=/opt/rustwide/workdir" "-e" "CARGO_HOME=/opt/rustwide/cargo-home" "-e" "RUSTUP_HOME=/opt/rustwide/rustup-home" "-e" "CARGO_TARGET_DIR=/opt/rustwide/target" "-e" "CARGO_INCREMENTAL=0" "-e" "RUST_BACKTRACE=full" "-e" "RUSTFLAGS=--cap-lints=warn" "-e" "RUSTDOCFLAGS=--cap-lints=warn" "-w" "/opt/rustwide/workdir" "--user" "0:0" "ece22377b602fcbaf25f42ce056781d7bba2c0c9c551576bb61c40b1d64769fc" "/opt/rustwide/cargo-home/bin/cargo" "+1.100.0-beta.1" "build" "--frozen" "--message-format=json" "--release", kill_on_drop: false }`
[INFO] [stderr]    Compiling libmpv2-sys v4.0.1
[INFO] [stderr]    Compiling libmpv2 v6.0.0 (/opt/rustwide/workdir)
[INFO] [stderr]     Finished `release` profile [optimized] target(s) in 0.93s
[INFO] running `Command { std: "docker" "inspect" "ece22377b602fcbaf25f42ce056781d7bba2c0c9c551576bb61c40b1d64769fc", kill_on_drop: false }`
[INFO] running `Command { std: "docker" "exec" "-e" "SOURCE_DIR=/opt/rustwide/workdir" "-e" "CARGO_HOME=/opt/rustwide/cargo-home" "-e" "RUSTUP_HOME=/opt/rustwide/rustup-home" "-e" "CARGO_TARGET_DIR=/opt/rustwide/target" "-e" "CARGO_INCREMENTAL=0" "-e" "RUST_BACKTRACE=full" "-e" "RUSTFLAGS=--cap-lints=warn" "-e" "RUSTDOCFLAGS=--cap-lints=warn" "-w" "/opt/rustwide/workdir" "--user" "0:0" "ece22377b602fcbaf25f42ce056781d7bba2c0c9c551576bb61c40b1d64769fc" "/opt/rustwide/cargo-home/bin/cargo" "+1.100.0-beta.1" "test" "--frozen" "--no-run" "--message-format=json" "--release", kill_on_drop: false }`
[INFO] [stderr]    Compiling crossbeam-utils v0.8.21
[INFO] [stderr]    Compiling version-compare v0.1.1
[INFO] [stderr]    Compiling zmij v1.0.2
[INFO] [stderr]    Compiling serde_core v1.0.228
[INFO] [stderr]    Compiling sdl2 v0.38.0
[INFO] [stderr]    Compiling sdl2-sys v0.38.0
[INFO] [stderr]    Compiling crossbeam-epoch v0.9.18
[INFO] [stderr]    Compiling crossbeam-channel v0.5.15
[INFO] [stderr]    Compiling crossbeam-queue v0.3.12
[INFO] [stderr]    Compiling crossbeam-deque v0.8.6
[INFO] [stderr]    Compiling crossbeam v0.8.4
[INFO] [stderr]    Compiling serde_json v1.0.148
[INFO] [stderr]    Compiling libmpv2 v6.0.0 (/opt/rustwide/workdir)
[INFO] [stdout] error: linking with `cc` failed: exit status: 1
[INFO] [stdout]   |
[INFO] [stdout]   = note:  "cc" "-m64" "/opt/rustwide/target/release/build/libmpv2/b71febad1306c119/out/rustcEgVl1e/symbols.o" "<2 object files omitted>" "-Wl,--as-needed" "-Wl,-Bstatic" "/opt/rustwide/target/release/build/libmpv2/ee46a3c940697e6d/out/liblibmpv2-ee46a3c940697e6d.rlib" "/opt/rustwide/target/release/build/libmpv2-sys/b1143a1065b33ee5/out/liblibmpv2_sys-b1143a1065b33ee5.rlib" "<sysroot>/lib/rustlib/x86_64-unknown-linux-gnu/lib/{libstd-*,libpanic_unwind-*,libobject-*,libmemchr-*,libaddr2line-*,libgimli-*,libcfg_if-*,librustc_demangle-*,libstd_detect-*,libhashbrown-*,librustc_std_workspace_alloc-*,libminiz_oxide-*,libadler2-*,libunwind-*,liblibc-*,librustc_std_workspace_core-*,liballoc-*,libcore-*,libcompiler_builtins-*}.rlib" "-Wl,-Bdynamic" "-lmpv" "-lgcc_s" "-lutil" "-lrt" "-lpthread" "-lm" "-ldl" "-lc" "-L" "/opt/rustwide/target/release/build/libmpv2/b71febad1306c119/out/rustcEgVl1e/raw-dylibs" "-B<sysroot>/lib/rustlib/x86_64-unknown-linux-gnu/bin/gcc-ld" "-fuse-ld=lld" "-Wl,--eh-frame-hdr" "-Wl,-z,noexecstack" "-L" "<sysroot>/lib/rustlib/x86_64-unknown-linux-gnu/lib" "-o" "/opt/rustwide/target/release/build/libmpv2/b71febad1306c119/out/protocol" "-Wl,--gc-sections" "-pie" "-Wl,-z,relro,-z,now" "-Wl,-O1" "-Wl,--strip-debug" "-nodefaultlibs"
[INFO] [stdout]   = note: some arguments are omitted. use `--verbose` to show all linker arguments
[INFO] [stdout]   = note: rust-lld: error: unable to find library -lmpv
[INFO] [stdout]           collect2: error: ld returned 1 exit status
[INFO] [stdout]           
[INFO] [stdout] 
[INFO] [stdout] 
[INFO] [stderr] error: could not compile `libmpv2` (example "protocol") due to 1 previous error
[INFO] [stderr] warning: build failed, waiting for other jobs to finish...
[INFO] [stdout] error: linking with `cc` failed: exit status: 1
[INFO] [stdout]   |
[INFO] [stdout]   = note:  "cc" "-m64" "/opt/rustwide/target/release/build/libmpv2/af1d21af1f428bac/out/rustcSOgMML/symbols.o" "<5 object files omitted>" "-Wl,--as-needed" "-Wl,-Bstatic" "/opt/rustwide/target/release/build/sdl2/e1e1fb7b67bea01b/out/libsdl2-e1e1fb7b67bea01b.rlib" "/opt/rustwide/target/release/build/sdl2-sys/ae25d45eea7c290a/out/libsdl2_sys-ae25d45eea7c290a.rlib" "/opt/rustwide/target/release/build/bitflags/68973b8086863992/out/libbitflags-68973b8086863992.rlib" "/opt/rustwide/target/release/build/lazy_static/fdd6af0286056ca3/out/liblazy_static-fdd6af0286056ca3.rlib" "/opt/rustwide/target/release/build/libc/bc825f7af4364aad/out/liblibc-bc825f7af4364aad.rlib" "/opt/rustwide/target/release/build/libmpv2/ee46a3c940697e6d/out/liblibmpv2-ee46a3c940697e6d.rlib" "/opt/rustwide/target/release/build/libmpv2-sys/b1143a1065b33ee5/out/liblibmpv2_sys-b1143a1065b33ee5.rlib" "<sysroot>/lib/rustlib/x86_64-unknown-linux-gnu/lib/{libstd-*,libpanic_unwind-*,libobject-*,libmemchr-*,libaddr2line-*,libgimli-*,libcfg_if-*,librustc_demangle-*,libstd_detect-*,libhashbrown-*,librustc_std_workspace_alloc-*,libminiz_oxide-*,libadler2-*,libunwind-*,liblibc-*,librustc_std_workspace_core-*,liballoc-*,libcore-*,libcompiler_builtins-*}.rlib" "-Wl,-Bdynamic" "-lSDL2" "-lmpv" "-lgcc_s" "-lutil" "-lrt" "-lpthread" "-lm" "-ldl" "-lc" "-L" "/opt/rustwide/target/release/build/libmpv2/af1d21af1f428bac/out/rustcSOgMML/raw-dylibs" "-B<sysroot>/lib/rustlib/x86_64-unknown-linux-gnu/bin/gcc-ld" "-fuse-ld=lld" "-Wl,--eh-frame-hdr" "-Wl,-z,noexecstack" "-L" "<sysroot>/lib/rustlib/x86_64-unknown-linux-gnu/lib" "-o" "/opt/rustwide/target/release/build/libmpv2/af1d21af1f428bac/out/opengl" "-Wl,--gc-sections" "-pie" "-Wl,-z,relro,-z,now" "-Wl,-O1" "-Wl,--strip-debug" "-nodefaultlibs"
[INFO] [stdout]   = note: some arguments are omitted. use `--verbose` to show all linker arguments
[INFO] [stdout]   = note: rust-lld: error: unable to find library -lmpv
[INFO] [stdout]           collect2: error: ld returned 1 exit status
[INFO] [stdout]           
[INFO] [stdout] 
[INFO] [stdout] 
[INFO] [stderr] error: could not compile `libmpv2` (example "opengl") due to 1 previous error
[INFO] [stdout] error: linking with `cc` failed: exit status: 1
[INFO] [stdout]   |
[INFO] [stdout]   = note:  "cc" "-m64" "/opt/rustwide/target/release/build/libmpv2/1401abd31edd9b8c/out/rustcn91UHO/symbols.o" "<3 object files omitted>" "-Wl,--as-needed" "-Wl,-Bstatic" "<sysroot>/lib/rustlib/x86_64-unknown-linux-gnu/lib/{libtest-*,libgetopts-*,librustc_std_workspace_std-*}.rlib" "/opt/rustwide/target/release/build/libmpv2-sys/b1143a1065b33ee5/out/liblibmpv2_sys-b1143a1065b33ee5.rlib" "<sysroot>/lib/rustlib/x86_64-unknown-linux-gnu/lib/{libstd-*,libpanic_unwind-*,libobject-*,libmemchr-*,libaddr2line-*,libgimli-*,libcfg_if-*,librustc_demangle-*,libstd_detect-*,libhashbrown-*,librustc_std_workspace_alloc-*,libminiz_oxide-*,libadler2-*,libunwind-*,liblibc-*,librustc_std_workspace_core-*,liballoc-*,libcore-*,libcompiler_builtins-*}.rlib" "-Wl,-Bdynamic" "-lmpv" "-lgcc_s" "-lutil" "-lrt" "-lpthread" "-lm" "-ldl" "-lc" "-L" "/opt/rustwide/target/release/build/libmpv2/1401abd31edd9b8c/out/rustcn91UHO/raw-dylibs" "-B<sysroot>/lib/rustlib/x86_64-unknown-linux-gnu/bin/gcc-ld" "-fuse-ld=lld" "-Wl,--eh-frame-hdr" "-Wl,-z,noexecstack" "-L" "<sysroot>/lib/rustlib/x86_64-unknown-linux-gnu/lib" "-o" "/opt/rustwide/target/release/build/libmpv2/1401abd31edd9b8c/out/libmpv2-1401abd31edd9b8c" "-Wl,--gc-sections" "-pie" "-Wl,-z,relro,-z,now" "-Wl,-O1" "-Wl,--strip-debug" "-nodefaultlibs"
[INFO] [stdout]   = note: some arguments are omitted. use `--verbose` to show all linker arguments
[INFO] [stdout]   = note: rust-lld: error: unable to find library -lmpv
[INFO] [stdout]           collect2: error: ld returned 1 exit status
[INFO] [stdout]           
[INFO] [stdout] 
[INFO] [stdout] 
[INFO] [stderr] error: could not compile `libmpv2` (lib test) due to 1 previous error
[INFO] [stdout] error: linking with `cc` failed: exit status: 1
[INFO] [stdout]   |
[INFO] [stdout]   = note:  "cc" "-m64" "/opt/rustwide/target/release/build/libmpv2/98b7e2e4f07c128e/out/rustchZjFVz/symbols.o" "<5 object files omitted>" "-Wl,--as-needed" "-Wl,-Bstatic" "/opt/rustwide/target/release/build/crossbeam/0b21fd5cc374089b/out/libcrossbeam-0b21fd5cc374089b.rlib" "/opt/rustwide/target/release/build/crossbeam-deque/5cfce0a64d0785b3/out/libcrossbeam_deque-5cfce0a64d0785b3.rlib" "/opt/rustwide/target/release/build/crossbeam-channel/11d335038c76ed2c/out/libcrossbeam_channel-11d335038c76ed2c.rlib" "/opt/rustwide/target/release/build/crossbeam-queue/d5cbf2b19d22720f/out/libcrossbeam_queue-d5cbf2b19d22720f.rlib" "/opt/rustwide/target/release/build/crossbeam-epoch/4c09bcc51d5aa664/out/libcrossbeam_epoch-4c09bcc51d5aa664.rlib" "/opt/rustwide/target/release/build/crossbeam-utils/dfae1366581d5be5/out/libcrossbeam_utils-dfae1366581d5be5.rlib" "/opt/rustwide/target/release/build/serde_json/069fe98bb580775b/out/libserde_json-069fe98bb580775b.rlib" "/opt/rustwide/target/release/build/memchr/1df3f384506278db/out/libmemchr-1df3f384506278db.rlib" "/opt/rustwide/target/release/build/itoa/e7338abb6ca85e31/out/libitoa-e7338abb6ca85e31.rlib" "/opt/rustwide/target/release/build/zmij/3721cb55863e837a/out/libzmij-3721cb55863e837a.rlib" "/opt/rustwide/target/release/build/serde_core/5fd845d23c47aa2d/out/libserde_core-5fd845d23c47aa2d.rlib" "/opt/rustwide/target/release/build/libmpv2/ee46a3c940697e6d/out/liblibmpv2-ee46a3c940697e6d.rlib" "/opt/rustwide/target/release/build/libmpv2-sys/b1143a1065b33ee5/out/liblibmpv2_sys-b1143a1065b33ee5.rlib" "<sysroot>/lib/rustlib/x86_64-unknown-linux-gnu/lib/{libstd-*,libpanic_unwind-*,libobject-*,libmemchr-*,libaddr2line-*,libgimli-*,libcfg_if-*,librustc_demangle-*,libstd_detect-*,libhashbrown-*,librustc_std_workspace_alloc-*,libminiz_oxide-*,libadler2-*,libunwind-*,liblibc-*,librustc_std_workspace_core-*,liballoc-*,libcore-*,libcompiler_builtins-*}.rlib" "-Wl,-Bdynamic" "-lmpv" "-lgcc_s" "-lutil" "-lrt" "-lpthread" "-lm" "-ldl" "-lc" "-L" "/opt/rustwide/target/release/build/libmpv2/98b7e2e4f07c128e/out/rustchZjFVz/raw-dylibs" "-B<sysroot>/lib/rustlib/x86_64-unknown-linux-gnu/bin/gcc-ld" "-fuse-ld=lld" "-Wl,--eh-frame-hdr" "-Wl,-z,noexecstack" "-L" "<sysroot>/lib/rustlib/x86_64-unknown-linux-gnu/lib" "-o" "/opt/rustwide/target/release/build/libmpv2/98b7e2e4f07c128e/out/events" "-Wl,--gc-sections" "-pie" "-Wl,-z,relro,-z,now" "-Wl,-O1" "-Wl,--strip-debug" "-nodefaultlibs"
[INFO] [stdout]   = note: some arguments are omitted. use `--verbose` to show all linker arguments
[INFO] [stdout]   = note: rust-lld: error: unable to find library -lmpv
[INFO] [stdout]           collect2: error: ld returned 1 exit status
[INFO] [stdout]           
[INFO] [stdout] 
[INFO] [stdout] 
[INFO] [stderr] error: could not compile `libmpv2` (example "events") due to 1 previous error
[INFO] running `Command { std: "docker" "inspect" "ece22377b602fcbaf25f42ce056781d7bba2c0c9c551576bb61c40b1d64769fc", kill_on_drop: false }`
[INFO] running `Command { std: "docker" "rm" "-f" "ece22377b602fcbaf25f42ce056781d7bba2c0c9c551576bb61c40b1d64769fc", kill_on_drop: false }`
[INFO] [stdout] ece22377b602fcbaf25f42ce056781d7bba2c0c9c551576bb61c40b1d64769fc
