[INFO] fetching crate liblisa-semantics-tool 0.3.0...
[INFO] testing liblisa-semantics-tool-0.3.0 against 1.100.0-beta.1+cargoflags=--release for beta-release-1.100-2
[INFO] extracting crate liblisa-semantics-tool 0.3.0 into /workspace/builds/worker-6-tc2/source
[INFO] started tweaking crates.io crate liblisa-semantics-tool 0.3.0
[INFO] finished tweaking crates.io crate liblisa-semantics-tool 0.3.0
[INFO] tweaked toml for crates.io crate liblisa-semantics-tool 0.3.0 written to /workspace/builds/worker-6-tc2/source/Cargo.toml
[INFO] validating manifest of crates.io crate liblisa-semantics-tool 0.3.0 on toolchain 1.100.0-beta.1
[INFO] running `Command { std: CARGO_HOME="/workspace/cargo-home" RUSTUP_HOME="/workspace/rustup-home" "/workspace/cargo-home/bin/cargo" "+1.100.0-beta.1" "metadata" "--manifest-path" "Cargo.toml" "--no-deps", kill_on_drop: false }`
[INFO] crate crates.io crate liblisa-semantics-tool 0.3.0 already has a lockfile, it will not be regenerated
[INFO] running `Command { std: CARGO_HOME="/workspace/cargo-home" RUSTUP_HOME="/workspace/rustup-home" "/workspace/cargo-home/bin/cargo" "+1.100.0-beta.1" "fetch" "--manifest-path" "Cargo.toml", kill_on_drop: false }`
[INFO] running `Command { std: "docker" "create" "-v" "/var/lib/crater-agent-workspace/builds/worker-6-tc2/source:/opt/rustwide/workdir:ro,Z" "-v" "/var/lib/crater-agent-workspace/builds/worker-6-tc2/target:/opt/rustwide/target:rw,Z" "-v" "/var/lib/crater-agent-workspace/cargo-home:/opt/rustwide/cargo-home:ro,Z" "-v" "/var/lib/crater-agent-workspace/rustup-home:/opt/rustwide/rustup-home:ro,Z" "-m" "1610612736" "--network" "none" "ghcr.io/rust-lang/crates-build-env/linux@sha256:77db811e55d90add9212f6832c23229e3de5f1c1f9905e8cb07319ea15df73ac" "sleep" "infinity", kill_on_drop: false }`
[INFO] [stdout] 5e11e3118bb06baa7f9e3dba1e7edd94ca13800d9c32372261ae7424100cf1f9
[INFO] running `Command { std: "docker" "start" "5e11e3118bb06baa7f9e3dba1e7edd94ca13800d9c32372261ae7424100cf1f9", kill_on_drop: false }`
[INFO] running `Command { std: "docker" "inspect" "5e11e3118bb06baa7f9e3dba1e7edd94ca13800d9c32372261ae7424100cf1f9", kill_on_drop: false }`
[INFO] running `Command { std: "docker" "exec" "-e" "SOURCE_DIR=/opt/rustwide/workdir" "-e" "CARGO_HOME=/opt/rustwide/cargo-home" "-e" "RUSTUP_HOME=/opt/rustwide/rustup-home" "-e" "CARGO_TARGET_DIR=/opt/rustwide/target" "-w" "/opt/rustwide/workdir" "--user" "0:0" "5e11e3118bb06baa7f9e3dba1e7edd94ca13800d9c32372261ae7424100cf1f9" "/opt/rustwide/cargo-home/bin/cargo" "+1.100.0-beta.1" "metadata" "--no-deps" "--format-version=1", kill_on_drop: false }`
[INFO] running `Command { std: "docker" "inspect" "5e11e3118bb06baa7f9e3dba1e7edd94ca13800d9c32372261ae7424100cf1f9", kill_on_drop: false }`
[INFO] running `Command { std: "docker" "exec" "-e" "SOURCE_DIR=/opt/rustwide/workdir" "-e" "CARGO_HOME=/opt/rustwide/cargo-home" "-e" "RUSTUP_HOME=/opt/rustwide/rustup-home" "-e" "CARGO_TARGET_DIR=/opt/rustwide/target" "-e" "CARGO_INCREMENTAL=0" "-e" "RUST_BACKTRACE=full" "-e" "RUSTFLAGS=--cap-lints=warn" "-e" "RUSTDOCFLAGS=--cap-lints=warn" "-w" "/opt/rustwide/workdir" "--user" "0:0" "5e11e3118bb06baa7f9e3dba1e7edd94ca13800d9c32372261ae7424100cf1f9" "/opt/rustwide/cargo-home/bin/cargo" "+1.100.0-beta.1" "build" "--frozen" "--message-format=json" "--release", kill_on_drop: false }`
[INFO] [stderr]    Compiling libc v0.2.186
[INFO] [stderr]    Compiling zerocopy v0.8.50
[INFO] [stderr]    Compiling memchr v2.8.1
[INFO] [stderr]    Compiling regex-syntax v0.8.10
[INFO] [stderr]    Compiling bindgen v0.66.1
[INFO] [stderr]    Compiling target-lexicon v0.12.16
[INFO] [stderr]    Compiling clang-sys v1.8.1
[INFO] [stderr]    Compiling lazy_static v1.5.0
[INFO] [stderr]    Compiling bitflags v2.11.1
[INFO] [stderr]    Compiling syn v2.0.117
[INFO] [stderr]    Compiling cc v1.2.63
[INFO] [stderr]    Compiling getrandom v0.3.4
[INFO] [stderr]    Compiling itertools v0.4.19
[INFO] [stderr]    Compiling serde_json v1.0.150
[INFO] [stderr]    Compiling either v1.16.0
[INFO] [stderr]    Compiling once_cell v1.21.4
[INFO] [stderr]    Compiling rustc_apfloat v0.2.3+llvm-462a31f5a5ab
[INFO] [stderr]    Compiling rand_core v0.9.5
[INFO] [stderr]    Compiling log v0.4.30
[INFO] [stderr]    Compiling colorchoice v1.0.5
[INFO] [stderr]    Compiling schemars v0.8.22
[INFO] [stderr]    Compiling typewit v1.15.2
[INFO] [stderr]    Compiling anstream v1.0.0
[INFO] [stderr]    Compiling simdutf8 v0.1.5
[INFO] [stderr]    Compiling from_bytes_or_zeroed v0.1.0
[INFO] [stderr]    Compiling dyn-clone v1.0.20
[INFO] [stderr]    Compiling residua-zigzag v0.1.0
[INFO] [stderr]    Compiling clap_lex v1.1.0
[INFO] [stderr]    Compiling bytemuck v1.25.0
[INFO] [stderr]    Compiling nom v7.1.3
[INFO] [stderr]    Compiling aho-corasick v1.1.4
[INFO] [stderr]    Compiling const_panic v0.2.15
[INFO] [stderr]    Compiling smallvec v1.15.1
[INFO] [stderr]    Compiling fxhash v0.2.1
[INFO] [stderr]    Compiling clap_builder v4.6.0
[INFO] [stderr]    Compiling sha1 v0.10.6
[INFO] [stderr]    Compiling packagemerge v0.1.0
[INFO] [stderr]    Compiling rayon v1.12.0
[INFO] [stderr]    Compiling itertools v0.12.1
[INFO] [stderr]    Compiling is-terminal v0.4.17
[INFO] [stderr]    Compiling humantime v2.3.0
[INFO] [stderr]    Compiling termcolor v1.4.1
[INFO] [stderr]    Compiling xed-sys v0.5.1+xed-2023.12.19
[INFO] [stderr]    Compiling regex-automata v0.4.14
[INFO] [stderr]    Compiling cexpr v0.6.0
[INFO] [stderr]    Compiling regex v1.12.3
[INFO] [stderr]    Compiling serde_derive_internals v0.29.1
[INFO] [stderr]    Compiling serde_derive v1.0.228
[INFO] [stderr]    Compiling thiserror-impl v1.0.69
[INFO] [stderr]    Compiling bitcode_derive v0.5.0
[INFO] [stderr]    Compiling derive_arbitrary v1.4.2
[INFO] [stderr]    Compiling clap_derive v4.6.1
[INFO] [stderr]    Compiling schemars_derive v0.8.22
[INFO] [stderr]    Compiling ppv-lite86 v0.2.21
[INFO] [stderr]    Compiling ahash v0.8.12
[INFO] [stderr]    Compiling hashbrown v0.14.5
[INFO] [stderr]    Compiling rand_chacha v0.9.0
[INFO] [stderr]    Compiling rand v0.9.4
[INFO] [stderr]    Compiling arbitrary v1.4.2
[INFO] [stderr]    Compiling thiserror v1.0.69
[INFO] [stderr]    Compiling bitcode v0.5.1
[INFO] [stderr]    Compiling env_logger v0.10.2
[INFO] [stderr]    Compiling clap v4.6.1
[INFO] [stderr]    Compiling serde v1.0.228
[INFO] [stderr]    Compiling arrayvec v0.7.6
[INFO] [stderr]    Compiling bincode v1.3.3
[INFO] [stderr]    Compiling z3-sys v0.8.1
[INFO] [stderr] error: failed to run custom build command for `z3-sys v0.8.1`
[INFO] [stderr] note: To improve backtraces for build dependencies, set the CARGO_PROFILE_RELEASE_BUILD_OVERRIDE_DEBUG=true environment variable to enable debug information generation.
[INFO] [stderr] 
[INFO] [stderr] Caused by:
[INFO] [stderr]   process didn't exit successfully: `/opt/rustwide/target/release/build/z3-sys/a4ee7f5f6ca7042a/out/build_script_build` (exit status: 101)
[INFO] [stderr]   --- stdout
[INFO] [stderr]   cargo:rerun-if-changed=build.rs
[INFO] [stderr]   cargo:rerun-if-env-changed=Z3_SYS_Z3_HEADER
[INFO] [stderr]   cargo:rerun-if-changed=wrapper.h
[INFO] [stderr]   cargo:rerun-if-env-changed=TARGET
[INFO] [stderr]   cargo:rerun-if-env-changed=BINDGEN_EXTRA_CLANG_ARGS_x86_64-unknown-linux-gnu
[INFO] [stderr]   cargo:rerun-if-env-changed=BINDGEN_EXTRA_CLANG_ARGS_x86_64_unknown_linux_gnu
[INFO] [stderr]   cargo:rerun-if-env-changed=BINDGEN_EXTRA_CLANG_ARGS
[INFO] [stderr] 
[INFO] [stderr]   --- stderr
[INFO] [stderr]   wrapper.h:1:10: fatal error: 'z3.h' file not found
[INFO] [stderr] 
[INFO] [stderr]   thread 'main' (1370) panicked at /opt/rustwide/cargo-home/registry/src/index.crates.io-1949cf8c6b5b557f/z3-sys-0.8.1/build.rs:47:14:
[INFO] [stderr]   Unable to generate bindings: ClangDiagnostic("wrapper.h:1:10: fatal error: 'z3.h' file not found\n")
[INFO] [stderr]   stack backtrace:
[INFO] [stderr]      0:     0x5f4a460a8521 - <<std[617be2ca0a6fd877]::sys::backtrace::BacktraceLock>::print::DisplayBacktrace as core[a373ad73a504971]::fmt::Display>::fmt
[INFO] [stderr]      1:     0x5f4a460be57a - core[a373ad73a504971]::fmt::write
[INFO] [stderr]      2:     0x5f4a460ad2ac - <std[617be2ca0a6fd877]::sys::stdio::unix::Stderr as core[a373ad73a504971]::io::write::Write>::write_fmt
[INFO] [stderr]      3:     0x5f4a46087bb6 - std[617be2ca0a6fd877]::panicking::default_hook::{closure#0}
[INFO] [stderr]      4:     0x5f4a460a2ba1 - std[617be2ca0a6fd877]::panicking::default_hook
[INFO] [stderr]      5:     0x5f4a460a2ecb - std[617be2ca0a6fd877]::panicking::panic_with_hook
[INFO] [stderr]      6:     0x5f4a46087c62 - std[617be2ca0a6fd877]::panicking::panic_handler::{closure#0}
[INFO] [stderr]      7:     0x5f4a46080789 - std[617be2ca0a6fd877]::sys::backtrace::__rust_end_short_backtrace::<std[617be2ca0a6fd877]::panicking::panic_handler::{closure#0}, !>
[INFO] [stderr]      8:     0x5f4a4608849d - __rustc[ea4f61d10b84890b]::rust_begin_unwind
[INFO] [stderr]      9:     0x5f4a460bed9c - core[a373ad73a504971]::panicking::panic_fmt
[INFO] [stderr]     10:     0x5f4a460beb72 - core[a373ad73a504971]::result::unwrap_failed
[INFO] [stderr]     11:     0x5f4a45c2291b - <core[a373ad73a504971]::result::Result<bindgen[2ff56b513046a0a3]::Bindings, bindgen[2ff56b513046a0a3]::BindgenError>>::expect
[INFO] [stderr]     12:     0x5f4a45c226a1 - build_script_build[8955a4f3481c588f]::main
[INFO] [stderr]     13:     0x5f4a45c23c83 - <fn() as core[a373ad73a504971]::ops::function::FnOnce<()>>::call_once
[INFO] [stderr]     14:     0x5f4a45c21a3e - std[617be2ca0a6fd877]::sys::backtrace::__rust_begin_short_backtrace::<fn(), ()>
[INFO] [stderr]     15:     0x5f4a45c21b39 - std[617be2ca0a6fd877]::rt::lang_start::<()>::{closure#0}
[INFO] [stderr]     16:     0x5f4a460a1f08 - std[617be2ca0a6fd877]::rt::lang_start_internal
[INFO] [stderr]     17:     0x5f4a45c21881 - std[617be2ca0a6fd877]::rt::lang_start::<()>
[INFO] [stderr]     18:     0x5f4a45c23f75 - main
[INFO] [stderr]     19:     0x78493d7b1601 - <unknown>
[INFO] [stderr]     20:     0x78493d7b1718 - __libc_start_main
[INFO] [stderr]     21:     0x5f4a45c20e65 - _start
[INFO] [stderr]     22:                0x0 - <unknown>
[INFO] [stderr] warning: build failed, waiting for other jobs to finish...
[INFO] running `Command { std: "docker" "inspect" "5e11e3118bb06baa7f9e3dba1e7edd94ca13800d9c32372261ae7424100cf1f9", kill_on_drop: false }`
[INFO] running `Command { std: "docker" "rm" "-f" "5e11e3118bb06baa7f9e3dba1e7edd94ca13800d9c32372261ae7424100cf1f9", kill_on_drop: false }`
[INFO] [stdout] 5e11e3118bb06baa7f9e3dba1e7edd94ca13800d9c32372261ae7424100cf1f9
