[INFO] fetching crate libium 1.30.0...
[INFO] testing libium-1.30.0 against 1.99.0-beta.8+cargoflags=--release for beta-release-1.100-2
[INFO] extracting crate libium 1.30.0 into /workspace/builds/worker-3-tc1/source
[INFO] started tweaking crates.io crate libium 1.30.0
[INFO] finished tweaking crates.io crate libium 1.30.0
[INFO] tweaked toml for crates.io crate libium 1.30.0 written to /workspace/builds/worker-3-tc1/source/Cargo.toml
[INFO] validating manifest of crates.io crate libium 1.30.0 on toolchain 1.99.0-beta.8
[INFO] running `Command { std: CARGO_HOME="/workspace/cargo-home" RUSTUP_HOME="/workspace/rustup-home" "/workspace/cargo-home/bin/cargo" "+1.99.0-beta.8" "metadata" "--manifest-path" "Cargo.toml" "--no-deps", kill_on_drop: false }`
[INFO] running `Command { std: CARGO_HOME="/workspace/cargo-home" RUSTUP_HOME="/workspace/rustup-home" "/workspace/cargo-home/bin/cargo" "+1.99.0-beta.8" "generate-lockfile" "--manifest-path" "Cargo.toml", kill_on_drop: false }`
[INFO] [stderr]     Updating crates.io index
[INFO] [stderr]      Locking 371 packages to highest compatible versions
[INFO] [stderr]       Adding dialoguer v0.11.0 (available: v0.12.0)
[INFO] [stderr]       Adding generic-array v0.14.7 (available: v0.14.9)
[INFO] [stderr]       Adding octocrab v0.39.0 (available: v0.54.5)
[INFO] [stderr]       Adding reqwest v0.12.28 (available: v0.13.5)
[INFO] [stderr]       Adding rfd v0.14.1 (available: v0.17.2)
[INFO] [stderr]       Adding sha1 v0.10.7 (available: v0.11.0)
[INFO] [stderr]       Adding thiserror v1.0.69 (available: v2.0.21)
[INFO] [stderr]       Adding zip v2.6.1 (available: v9.0.5)
[INFO] [stderr]       Adding zip-extensions v0.8.3 (available: v0.14.1)
[INFO] running `Command { std: CARGO_HOME="/workspace/cargo-home" RUSTUP_HOME="/workspace/rustup-home" "/workspace/cargo-home/bin/cargo" "+1.99.0-beta.8" "fetch" "--manifest-path" "Cargo.toml", kill_on_drop: false }`
[INFO] [stderr]  Downloading crates ...
[INFO] [stderr]   Downloaded zopfli v0.8.4
[INFO] [stderr]   Downloaded zip-extensions v0.8.3
[INFO] [stderr]   Downloaded derive_arbitrary v1.5.0
[INFO] [stderr]   Downloaded zip v2.6.1
[INFO] [stderr]   Downloaded rfd v0.14.1
[INFO] [stderr]   Downloaded ashpd v0.8.2
[INFO] [stderr]   Downloaded octocrab v0.39.0
[INFO] [stderr]   Downloaded ferinth v2.13.1
[INFO] [stderr]   Downloaded murmur2 v0.1.0
[INFO] [stderr]   Downloaded furse v1.6.1
[INFO] [stderr]   Downloaded lazy-regex v3.6.2
[INFO] [stderr]   Downloaded lazy-regex-proc_macros v3.6.2
[INFO] running `Command { std: "docker" "create" "-v" "/var/lib/crater-agent-workspace/builds/worker-3-tc1/source:/opt/rustwide/workdir:ro,Z" "-v" "/var/lib/crater-agent-workspace/builds/worker-3-tc1/target:/opt/rustwide/target:rw,Z" "-v" "/var/lib/crater-agent-workspace/cargo-home:/opt/rustwide/cargo-home:ro,Z" "-v" "/var/lib/crater-agent-workspace/rustup-home:/opt/rustwide/rustup-home:ro,Z" "-m" "1610612736" "--network" "none" "ghcr.io/rust-lang/crates-build-env/linux@sha256:77db811e55d90add9212f6832c23229e3de5f1c1f9905e8cb07319ea15df73ac" "sleep" "infinity", kill_on_drop: false }`
[INFO] [stdout] 06a0ecb455d1511f9906578be16df6eb031ebadda6e69854f7d59bc718d513f3
[INFO] running `Command { std: "docker" "start" "06a0ecb455d1511f9906578be16df6eb031ebadda6e69854f7d59bc718d513f3", kill_on_drop: false }`
[INFO] running `Command { std: "docker" "inspect" "06a0ecb455d1511f9906578be16df6eb031ebadda6e69854f7d59bc718d513f3", kill_on_drop: false }`
[INFO] running `Command { std: "docker" "exec" "-e" "SOURCE_DIR=/opt/rustwide/workdir" "-e" "CARGO_HOME=/opt/rustwide/cargo-home" "-e" "RUSTUP_HOME=/opt/rustwide/rustup-home" "-e" "CARGO_TARGET_DIR=/opt/rustwide/target" "-w" "/opt/rustwide/workdir" "--user" "0:0" "06a0ecb455d1511f9906578be16df6eb031ebadda6e69854f7d59bc718d513f3" "/opt/rustwide/cargo-home/bin/cargo" "+1.99.0-beta.8" "metadata" "--no-deps" "--format-version=1", kill_on_drop: false }`
[INFO] running `Command { std: "docker" "inspect" "06a0ecb455d1511f9906578be16df6eb031ebadda6e69854f7d59bc718d513f3", kill_on_drop: false }`
[INFO] running `Command { std: "docker" "exec" "-e" "SOURCE_DIR=/opt/rustwide/workdir" "-e" "CARGO_HOME=/opt/rustwide/cargo-home" "-e" "RUSTUP_HOME=/opt/rustwide/rustup-home" "-e" "CARGO_TARGET_DIR=/opt/rustwide/target" "-e" "CARGO_INCREMENTAL=0" "-e" "RUST_BACKTRACE=full" "-e" "RUSTFLAGS=--cap-lints=warn" "-e" "RUSTDOCFLAGS=--cap-lints=warn" "-w" "/opt/rustwide/workdir" "--user" "0:0" "06a0ecb455d1511f9906578be16df6eb031ebadda6e69854f7d59bc718d513f3" "/opt/rustwide/cargo-home/bin/cargo" "+1.99.0-beta.8" "build" "--frozen" "--message-format=json" "--release", kill_on_drop: false }`
[INFO] [stderr]    Compiling smallvec v1.16.3
[INFO] [stderr]    Compiling syn v3.0.9
[INFO] [stderr]    Compiling jobserver v0.1.35
[INFO] [stderr]    Compiling syn v2.0.119
[INFO] [stderr]    Compiling aws-lc-rs v1.18.2
[INFO] [stderr]    Compiling rustls v0.23.46
[INFO] [stderr]    Compiling h2 v0.4.20
[INFO] [stderr]    Compiling digest v0.10.7
[INFO] [stderr]    Compiling simd-adler32 v0.3.10
[INFO] [stderr]    Compiling getrandom v0.3.4
[INFO] [stderr]    Compiling rustls v0.22.4
[INFO] [stderr]    Compiling deranged v0.5.9
[INFO] [stderr]    Compiling cipher v0.4.4
[INFO] [stderr]    Compiling zstd-safe v7.3.0
[INFO] [stderr]    Compiling zlib-rs v0.6.8
[INFO] [stderr]    Compiling lzma-rs v0.3.0
[INFO] [stderr]    Compiling getrandom v0.4.3
[INFO] [stderr]    Compiling zip v2.6.1
[INFO] [stderr]    Compiling cc v1.8.0
[INFO] [stderr]    Compiling clap_builder v4.6.7
[INFO] [stderr]    Compiling tempfile v3.27.0
[INFO] [stderr]    Compiling console v0.15.11
[INFO] [stderr]    Compiling arc-swap v1.9.3
[INFO] [stderr]    Compiling tower-http v0.5.2
[INFO] [stderr]    Compiling hmac v0.12.1
[INFO] [stderr]    Compiling miniz_oxide v0.9.1
[INFO] [stderr]    Compiling aes v0.8.4
[INFO] [stderr]    Compiling pbkdf2 v0.12.2
[INFO] [stderr]    Compiling zopfli v0.8.4
[INFO] [stderr]    Compiling sha1 v0.10.7
[INFO] [stderr]    Compiling serde_path_to_error v0.1.20
[INFO] [stderr]    Compiling deflate64 v0.1.12
[INFO] [stderr]    Compiling murmur2 v0.1.0
[INFO] [stderr]    Compiling either v1.19.0
[INFO] [stderr]    Compiling time v0.3.55
[INFO] [stderr]    Compiling cmake v0.1.58
[INFO] [stderr]    Compiling ring v0.17.14
[INFO] [stderr]    Compiling zstd-sys v2.1.2+zstd.1.5.7
[INFO] [stderr]    Compiling lzma-sys v0.1.20
[INFO] [stderr]    Compiling bzip2-sys v0.1.13+1.0.8
[INFO] [stderr]    Compiling aws-lc-sys v0.46.0
[INFO] [stderr]    Compiling bzip2 v0.5.2
[INFO] [stderr]    Compiling synstructure v0.14.0
[INFO] [stderr]    Compiling flate2 v1.1.10
[INFO] [stderr]    Compiling xz2 v0.1.7
[INFO] [stderr]    Compiling zerofrom-derive v0.1.8
[INFO] [stderr]    Compiling yoke-derive v0.8.4
[INFO] [stderr]    Compiling zerofrom v0.1.8
[INFO] [stderr]    Compiling zerovec-derive v0.11.6
[INFO] [stderr]    Compiling displaydoc v0.2.7
[INFO] [stderr]    Compiling yoke v0.8.3
[INFO] [stderr]    Compiling zerovec v0.11.8
[INFO] [stderr]    Compiling futures-macro v0.3.34
[INFO] [stderr]    Compiling zerotrie v0.2.5
[INFO] [stderr]    Compiling serde_derive v1.0.229
[INFO] [stderr]    Compiling hyper v1.12.0
[INFO] [stderr]    Compiling futures-util v0.3.34
[INFO] [stderr]    Compiling tinystr v0.8.4
[INFO] [stderr]    Compiling zeroize_derive v1.5.0
[INFO] [stderr]    Compiling icu_locale_core v2.3.0
[INFO] [stderr]    Compiling zeroize v1.9.1
[INFO] [stderr]    Compiling rustls-pki-types v1.15.1
[INFO] [stderr]    Compiling potential_utf v0.1.6
[INFO] [stderr]    Compiling thiserror-impl v2.0.21
[INFO] [stderr]    Compiling icu_collections v2.3.0
[INFO] [stderr]    Compiling icu_provider v2.3.1
[INFO] [stderr]    Compiling webpki-roots v1.0.9
[INFO] [stderr]    Compiling rustls-pemfile v2.2.0
[INFO] [stderr]    Compiling rustls-native-certs v0.8.5
[INFO] [stderr]    Compiling icu_normalizer v2.3.0
[INFO] [stderr]    Compiling icu_properties v2.3.0
[INFO] [stderr]    Compiling thiserror v2.0.21
[INFO] [stderr]    Compiling pin-project-internal v1.1.13
[INFO] [stderr]    Compiling simple_asn1 v0.6.4
[INFO] [stderr]    Compiling rustls-native-certs v0.7.3
[INFO] [stderr]    Compiling snafu-derive v0.8.9
[INFO] [stderr]    Compiling serde v1.0.229
[INFO] [stderr]    Compiling thiserror-impl v1.0.69
[INFO] [stderr]    Compiling lazy-regex-proc_macros v3.6.2
[INFO] [stderr]    Compiling secrecy v0.8.0
[INFO] [stderr]    Compiling zip v3.0.0
[INFO] [stderr]    Compiling hyper-util v0.1.21
[INFO] [stderr]    Compiling tower v0.5.3
[INFO] [stderr]    Compiling pin-project v1.1.13
[INFO] [stderr]    Compiling futures-executor v0.3.34
[INFO] [stderr]    Compiling futures v0.3.34
[INFO] [stderr]    Compiling thiserror v1.0.69
[INFO] [stderr]    Compiling lazy-regex v3.6.2
[INFO] [stderr]    Compiling tower v0.4.13
[INFO] [stderr]    Compiling idna_adapter v1.2.2
[INFO] [stderr]    Compiling idna v1.1.0
[INFO] [stderr]    Compiling rustls-webpki v0.102.8
[INFO] [stderr]    Compiling serde_urlencoded v0.7.1
[INFO] [stderr]    Compiling chrono v0.4.45
[INFO] [stderr]    Compiling jsonwebtoken v9.3.1
[INFO] [stderr]    Compiling clap_derive v4.6.7
[INFO] [stderr]    Compiling url v2.5.8
[INFO] [stderr]    Compiling snafu v0.8.9
[INFO] [stderr]    Compiling async-trait v0.1.92
[INFO] [stderr]    Compiling serde_repr v0.1.21
[INFO] [stderr]    Compiling zip-extensions v0.8.3
[INFO] [stderr]    Compiling tower-http v0.6.11
[INFO] [stderr]    Compiling clap v4.6.7
[INFO] [stderr]    Compiling dialoguer v0.11.0
[INFO] [stderr]    Compiling tokio-rustls v0.25.0
[INFO] [stderr]    Compiling hyper-rustls v0.26.0
[INFO] [stderr]    Compiling zstd v0.13.3
[INFO] [stderr]    Compiling octocrab v0.39.0
[INFO] [stderr]    Compiling rustls-webpki v0.103.15
[INFO] [stderr]    Compiling tokio-rustls v0.26.6
[INFO] [stderr]    Compiling rustls-platform-verifier v0.7.1
[INFO] [stderr]    Compiling hyper-rustls v0.27.10
[INFO] [stderr]    Compiling reqwest v0.12.28
[INFO] [stderr]    Compiling reqwest v0.13.5
[INFO] [stderr]    Compiling ferinth v2.13.1
[INFO] [stderr]    Compiling furse v1.6.1
[INFO] [stderr]    Compiling libium v1.30.0 (/opt/rustwide/workdir)
[INFO] [stdout] error[E0107]: missing generics for struct `Ferinth`
[INFO] [stdout]   --> src/lib.rs:44:26
[INFO] [stdout]    |
[INFO] [stdout] 44 |     pub mr: &'a ferinth::Ferinth,
[INFO] [stdout]    |                          ^^^^^^^ expected 1 generic argument
[INFO] [stdout]    |
[INFO] [stdout] note: struct defined here, with 1 generic parameter: `Auth`
[INFO] [stdout]   --> /opt/rustwide/cargo-home/registry/src/index.crates.io-1949cf8c6b5b557f/ferinth-2.13.1/src/lib.rs:86:12
[INFO] [stdout]    |
[INFO] [stdout] 86 | pub struct Ferinth<Auth> {
[INFO] [stdout]    |            ^^^^^^^ ----
[INFO] [stdout] help: add missing generic argument
[INFO] [stdout]    |
[INFO] [stdout] 44 |     pub mr: &'a ferinth::Ferinth<Auth>,
[INFO] [stdout]    |                                 ++++++
[INFO] [stdout] 
[INFO] [stdout] 
[INFO] [stdout] error[E0107]: missing generics for struct `Ferinth`
[INFO] [stdout]   --> src/scan.rs:22:16
[INFO] [stdout]    |
[INFO] [stdout] 22 |     modrinth: &Ferinth,
[INFO] [stdout]    |                ^^^^^^^ expected 1 generic argument
[INFO] [stdout]    |
[INFO] [stdout] note: struct defined here, with 1 generic parameter: `Auth`
[INFO] [stdout]   --> /opt/rustwide/cargo-home/registry/src/index.crates.io-1949cf8c6b5b557f/ferinth-2.13.1/src/lib.rs:86:12
[INFO] [stdout]    |
[INFO] [stdout] 86 | pub struct Ferinth<Auth> {
[INFO] [stdout]    |            ^^^^^^^ ----
[INFO] [stdout] help: add missing generic argument
[INFO] [stdout]    |
[INFO] [stdout] 22 |     modrinth: &Ferinth<Auth>,
[INFO] [stdout]    |                       ++++++
[INFO] [stdout] 
[INFO] [stdout] 
[INFO] [stdout] error[E0107]: missing generics for struct `Ferinth`
[INFO] [stdout]   --> src/upgrade/modpack_downloadable.rs:56:16
[INFO] [stdout]    |
[INFO] [stdout] 56 |     modrinth: &Ferinth,
[INFO] [stdout]    |                ^^^^^^^ expected 1 generic argument
[INFO] [stdout]    |
[INFO] [stdout] note: struct defined here, with 1 generic parameter: `Auth`
[INFO] [stdout]   --> /opt/rustwide/cargo-home/registry/src/index.crates.io-1949cf8c6b5b557f/ferinth-2.13.1/src/lib.rs:86:12
[INFO] [stdout]    |
[INFO] [stdout] 86 | pub struct Ferinth<Auth> {
[INFO] [stdout]    |            ^^^^^^^ ----
[INFO] [stdout] help: add missing generic argument
[INFO] [stdout]    |
[INFO] [stdout] 56 |     modrinth: &Ferinth<Auth>,
[INFO] [stdout]    |                       ++++++
[INFO] [stdout] 
[INFO] [stdout] 
[INFO] [stdout] error[E0107]: missing generics for struct `Ferinth`
[INFO] [stdout]   --> src/lib.rs:50:33
[INFO] [stdout]    |
[INFO] [stdout] 50 |     pub fn new(mr: &'a ferinth::Ferinth, cf: &'a furse::Furse, gh: &'a octocrab::Octocrab) -> Self {
[INFO] [stdout]    |                                 ^^^^^^^ expected 1 generic argument
[INFO] [stdout]    |
[INFO] [stdout] note: struct defined here, with 1 generic parameter: `Auth`
[INFO] [stdout]   --> /opt/rustwide/cargo-home/registry/src/index.crates.io-1949cf8c6b5b557f/ferinth-2.13.1/src/lib.rs:86:12
[INFO] [stdout]    |
[INFO] [stdout] 86 | pub struct Ferinth<Auth> {
[INFO] [stdout]    |            ^^^^^^^ ----
[INFO] [stdout] help: add missing generic argument
[INFO] [stdout]    |
[INFO] [stdout] 50 |     pub fn new(mr: &'a ferinth::Ferinth<Auth>, cf: &'a furse::Furse, gh: &'a octocrab::Octocrab) -> Self {
[INFO] [stdout]    |                                        ++++++
[INFO] [stdout] 
[INFO] [stdout] 
[INFO] [stdout] error[E0107]: missing generics for struct `Ferinth`
[INFO] [stdout]   --> src/modpack/add.rs:76:34
[INFO] [stdout]    |
[INFO] [stdout] 76 | pub async fn modrinth(modrinth: &Ferinth, config: &Config, project_id: &str) -> Result<Project> {
[INFO] [stdout]    |                                  ^^^^^^^ expected 1 generic argument
[INFO] [stdout]    |
[INFO] [stdout] note: struct defined here, with 1 generic parameter: `Auth`
[INFO] [stdout]   --> /opt/rustwide/cargo-home/registry/src/index.crates.io-1949cf8c6b5b557f/ferinth-2.13.1/src/lib.rs:86:12
[INFO] [stdout]    |
[INFO] [stdout] 86 | pub struct Ferinth<Auth> {
[INFO] [stdout]    |            ^^^^^^^ ----
[INFO] [stdout] help: add missing generic argument
[INFO] [stdout]    |
[INFO] [stdout] 76 | pub async fn modrinth(modrinth: &Ferinth<Auth>, config: &Config, project_id: &str) -> Result<Project> {
[INFO] [stdout]    |                                         ++++++
[INFO] [stdout] 
[INFO] [stdout] 
[INFO] [stdout] error[E0277]: the size for values of type `[ferinth::structures::version::Version]` cannot be known at compilation time
[INFO] [stdout]    --> src/upgrade/mod_downloadable.rs:131:14
[INFO] [stdout]     |
[INFO] [stdout] 131 |             &apis.mr.list_versions(project_id).await?,
[INFO] [stdout]     |              ^^^^^^^^^^^^^^^^^^^^^^^^^^^^^^^^^^^^^^^^ doesn't have a size known at compile-time
[INFO] [stdout]     |
[INFO] [stdout]     = help: the trait `Sized` is not implemented for `[ferinth::structures::version::Version]`
[INFO] [stdout]     = note: all local variables must have a statically known size
[INFO] [stdout] 
[INFO] [stdout] 
[INFO] [stdout] error[E0277]: the size for values of type `[ferinth::structures::version::Version]` cannot be known at compilation time
[INFO] [stdout]    --> src/upgrade/mod_downloadable.rs:131:53
[INFO] [stdout]     |
[INFO] [stdout] 131 |             &apis.mr.list_versions(project_id).await?,
[INFO] [stdout]     |                                                     ^ doesn't have a size known at compile-time
[INFO] [stdout]     |
[INFO] [stdout]     = help: the trait `Sized` is not implemented for `[ferinth::structures::version::Version]`
[INFO] [stdout] note: required by an implicit `Sized` bound in `ControlFlow`
[INFO] [stdout]    --> /rustc/dfb0accb7f508ae8be965d8629557221c889dd98/library/core/src/ops/control_flow.rs:89:0
[INFO] [stdout] 
[INFO] [stdout] 
[INFO] [stdout] warning: method call on a diverging inference variable
[INFO] [stdout]   --> src/upgrade/modpack_downloadable.rs:64:10
[INFO] [stdout]    |
[INFO] [stdout] 64 |         .swap_remove(0)
[INFO] [stdout]    |          ^^^^^^^^^^^
[INFO] [stdout]    |
[INFO] [stdout]    = help: consider providing a type annotation
[INFO] [stdout]    = warning: this was previously accepted by the compiler but is being phased out; it will become a hard error in a future release!
[INFO] [stdout]    = note: for more information, see issue #156047 <https://github.com/rust-lang/rust/issues/156047>
[INFO] [stdout]    = note: `#[warn(method_call_on_diverging_infer_var)]` (part of `#[warn(future_incompatible)]`) on by default
[INFO] [stdout] 
[INFO] [stdout] 
[INFO] [stdout] error[E0599]: no method named `swap_remove` found for type `_` in the current scope
[INFO] [stdout]   --> src/upgrade/modpack_downloadable.rs:64:10
[INFO] [stdout]    |
[INFO] [stdout] 61 |       let version_file: Downloadable = modrinth
[INFO] [stdout]    |  ______________________________________-
[INFO] [stdout] 62 | |         .list_versions(project_id)
[INFO] [stdout] 63 | |         .await?
[INFO] [stdout] 64 | |         .swap_remove(0)
[INFO] [stdout]    | |_________-^^^^^^^^^^^
[INFO] [stdout]    |
[INFO] [stdout] help: there is a method `remove` with a similar name
[INFO] [stdout]    |
[INFO] [stdout] 64 -         .swap_remove(0)
[INFO] [stdout] 64 +         .remove(0)
[INFO] [stdout]    |
[INFO] [stdout] 
[INFO] [stdout] 
[INFO] [stdout] error[E0599]: no method named `create_from_directory` found for struct `ZipWriter<W>` in the current scope
[INFO] [stdout]     --> src/modpack/modrinth/mod.rs:46:16
[INFO] [stdout]      |
[INFO] [stdout]   46 |         writer.create_from_directory(&overrides.to_owned())?;
[INFO] [stdout]      |                ^^^^^^^^^^^^^^^^^^^^^
[INFO] [stdout]      |
[INFO] [stdout] help: there is a method `add_directory` with a similar name, but with different arguments
[INFO] [stdout]     --> /opt/rustwide/cargo-home/registry/src/index.crates.io-1949cf8c6b5b557f/zip-2.6.1/src/write.rs:1402:5
[INFO] [stdout]      |
[INFO] [stdout] 1402 | /     pub fn add_directory<S, T: FileOptionExtension>(
[INFO] [stdout] 1403 | |         &mut self,
[INFO] [stdout] 1404 | |         name: S,
[INFO] [stdout] 1405 | |         mut options: FileOptions<T>,
[INFO] [stdout] 1406 | |     ) -> ZipResult<()>
[INFO] [stdout] 1407 | |     where
[INFO] [stdout] 1408 | |         S: Into<String>,
[INFO] [stdout]      | |________________________^
[INFO] [stdout] 
[INFO] [stdout] 
[INFO] [stdout] error[E0308]: mismatched types
[INFO] [stdout]   --> src/upgrade/mod.rs:48:21
[INFO] [stdout]    |
[INFO] [stdout] 48 |             length: file.file_length,
[INFO] [stdout]    |                     ^^^^^^^^^^^^^^^^ expected `usize`, found `i64`
[INFO] [stdout] 
[INFO] [stdout] 
[INFO] [stdout] Some errors have detailed explanations: E0107, E0277, E0308, E0599.
[INFO] [stdout] 
[INFO] [stdout] For more information about an error, try `rustc --explain E0107`.
[INFO] [stdout] 
[INFO] [stderr] error: could not compile `libium` (lib) due to 10 previous errors; 2 warnings emitted
[INFO] [stderr] warning: build failed, waiting for other jobs to finish...
[INFO] running `Command { std: "docker" "inspect" "06a0ecb455d1511f9906578be16df6eb031ebadda6e69854f7d59bc718d513f3", kill_on_drop: false }`
[INFO] running `Command { std: "docker" "rm" "-f" "06a0ecb455d1511f9906578be16df6eb031ebadda6e69854f7d59bc718d513f3", kill_on_drop: false }`
[INFO] [stdout] 06a0ecb455d1511f9906578be16df6eb031ebadda6e69854f7d59bc718d513f3
