[INFO] fetching crate libfmod 2.222.6...
[INFO] testing libfmod-2.222.6 against 1.100.0-beta.1+cargoflags=--release for beta-release-1.100-2
[INFO] extracting crate libfmod 2.222.6 into /workspace/builds/worker-6-tc2/source
[INFO] started tweaking crates.io crate libfmod 2.222.6
[INFO] finished tweaking crates.io crate libfmod 2.222.6
[INFO] tweaked toml for crates.io crate libfmod 2.222.6 written to /workspace/builds/worker-6-tc2/source/Cargo.toml
[INFO] validating manifest of crates.io crate libfmod 2.222.6 on toolchain 1.100.0-beta.1
[INFO] running `Command { std: CARGO_HOME="/workspace/cargo-home" RUSTUP_HOME="/workspace/rustup-home" "/workspace/cargo-home/bin/cargo" "+1.100.0-beta.1" "metadata" "--manifest-path" "Cargo.toml" "--no-deps", kill_on_drop: false }`
[INFO] running `Command { std: CARGO_HOME="/workspace/cargo-home" RUSTUP_HOME="/workspace/rustup-home" "/workspace/cargo-home/bin/cargo" "+1.100.0-beta.1" "generate-lockfile" "--manifest-path" "Cargo.toml", kill_on_drop: false }`
[INFO] [stderr]     Updating crates.io index
[INFO] [stderr]      Locking 1 package to highest compatible version
[INFO] [stderr]       Adding bitflags v1.3.2 (available: v2.13.2)
[INFO] running `Command { std: CARGO_HOME="/workspace/cargo-home" RUSTUP_HOME="/workspace/rustup-home" "/workspace/cargo-home/bin/cargo" "+1.100.0-beta.1" "fetch" "--manifest-path" "Cargo.toml", kill_on_drop: false }`
[INFO] [stderr] warning: `package.homepage` is redundant with `package.repository`
[INFO] [stderr]   --> Cargo.toml:14:12
[INFO] [stderr]    |
[INFO] [stderr] 14 | homepage = "https://github.com/lebedec/libfmod"
[INFO] [stderr]    |            ^^^^^^^^^^^^^^^^^^^^^^^^^^^^^^^^^^^^
[INFO] [stderr] ...
[INFO] [stderr] 19 | repository = "https://github.com/lebedec/libfmod"
[INFO] [stderr]    |              ------------------------------------
[INFO] [stderr]    |
[INFO] [stderr]    = note: `cargo::redundant_homepage` is set to `warn` by default
[INFO] [stderr] help: consider removing `package.homepage`
[INFO] [stderr] warning: `libfmod` (manifest) generated 1 warning
[INFO] running `Command { std: "docker" "create" "-v" "/var/lib/crater-agent-workspace/builds/worker-6-tc2/source:/opt/rustwide/workdir:ro,Z" "-v" "/var/lib/crater-agent-workspace/builds/worker-6-tc2/target:/opt/rustwide/target:rw,Z" "-v" "/var/lib/crater-agent-workspace/cargo-home:/opt/rustwide/cargo-home:ro,Z" "-v" "/var/lib/crater-agent-workspace/rustup-home:/opt/rustwide/rustup-home:ro,Z" "-m" "1610612736" "--network" "none" "ghcr.io/rust-lang/crates-build-env/linux@sha256:77db811e55d90add9212f6832c23229e3de5f1c1f9905e8cb07319ea15df73ac" "sleep" "infinity", kill_on_drop: false }`
[INFO] [stdout] d9691f2bcb590fd2ed932a148c19413526ef507a21343a7cb2d4965f432be66e
[INFO] running `Command { std: "docker" "start" "d9691f2bcb590fd2ed932a148c19413526ef507a21343a7cb2d4965f432be66e", kill_on_drop: false }`
[INFO] running `Command { std: "docker" "inspect" "d9691f2bcb590fd2ed932a148c19413526ef507a21343a7cb2d4965f432be66e", kill_on_drop: false }`
[INFO] running `Command { std: "docker" "exec" "-e" "SOURCE_DIR=/opt/rustwide/workdir" "-e" "CARGO_HOME=/opt/rustwide/cargo-home" "-e" "RUSTUP_HOME=/opt/rustwide/rustup-home" "-e" "CARGO_TARGET_DIR=/opt/rustwide/target" "-w" "/opt/rustwide/workdir" "--user" "0:0" "d9691f2bcb590fd2ed932a148c19413526ef507a21343a7cb2d4965f432be66e" "/opt/rustwide/cargo-home/bin/cargo" "+1.100.0-beta.1" "metadata" "--no-deps" "--format-version=1", kill_on_drop: false }`
[INFO] running `Command { std: "docker" "inspect" "d9691f2bcb590fd2ed932a148c19413526ef507a21343a7cb2d4965f432be66e", kill_on_drop: false }`
[INFO] running `Command { std: "docker" "exec" "-e" "SOURCE_DIR=/opt/rustwide/workdir" "-e" "CARGO_HOME=/opt/rustwide/cargo-home" "-e" "RUSTUP_HOME=/opt/rustwide/rustup-home" "-e" "CARGO_TARGET_DIR=/opt/rustwide/target" "-e" "CARGO_INCREMENTAL=0" "-e" "RUST_BACKTRACE=full" "-e" "RUSTFLAGS=--cap-lints=warn" "-e" "RUSTDOCFLAGS=--cap-lints=warn" "-w" "/opt/rustwide/workdir" "--user" "0:0" "d9691f2bcb590fd2ed932a148c19413526ef507a21343a7cb2d4965f432be66e" "/opt/rustwide/cargo-home/bin/cargo" "+1.100.0-beta.1" "build" "--frozen" "--message-format=json" "--release", kill_on_drop: false }`
[INFO] [stderr] warning: `package.homepage` is redundant with `package.repository`
[INFO] [stderr]   --> Cargo.toml:14:12
[INFO] [stderr]    |
[INFO] [stderr] 14 | homepage = "https://github.com/lebedec/libfmod"
[INFO] [stderr]    |            ^^^^^^^^^^^^^^^^^^^^^^^^^^^^^^^^^^^^
[INFO] [stderr] ...
[INFO] [stderr] 19 | repository = "https://github.com/lebedec/libfmod"
[INFO] [stderr]    |              ------------------------------------
[INFO] [stderr]    |
[INFO] [stderr]    = note: `cargo::redundant_homepage` is set to `warn` by default
[INFO] [stderr] help: consider removing `package.homepage`
[INFO] [stderr] warning: `libfmod` (manifest) generated 1 warning
[INFO] [stderr]    Compiling libfmod v2.222.6 (/opt/rustwide/workdir)
[INFO] [stdout] warning: variable does not need to be mutable
[INFO] [stdout]    --> src/lib.rs:170:9
[INFO] [stdout]     |
[INFO] [stdout] 170 |     let mut values = values.into_iter().map(map).collect::<Vec<O>>();
[INFO] [stdout]     |         ----^^^^^^
[INFO] [stdout]     |         |
[INFO] [stdout]     |         help: remove this `mut`
[INFO] [stdout]     |
[INFO] [stdout]     = note: `#[warn(unused_mut)]` (part of `#[warn(unused)]`) on by default
[INFO] [stdout] 
[INFO] [stdout] 
[INFO] [stdout] warning: this creates a dangling pointer because temporary `Vec<*const u8>` is dropped at end of statement
[INFO] [stdout]     --> src/lib.rs:4336:18
[INFO] [stdout]      |
[INFO] [stdout] 4331 |               ASIOChannelList: self
[INFO] [stdout]      |  ______________________________-
[INFO] [stdout] 4332 | |                 .asio_channel_list
[INFO] [stdout] 4333 | |                 .into_iter()
[INFO] [stdout] 4334 | |                 .map(|val| val.as_ptr())
[INFO] [stdout] 4335 | |                 .collect::<Vec<_>>()
[INFO] [stdout]      | |____________________________________- this `Vec<*const u8>` is dropped at end of statement
[INFO] [stdout] 4336 |                   .as_mut_ptr()
[INFO] [stdout]      |                    ^^^^^^^^^^ pointer created here
[INFO] [stdout]      |
[INFO] [stdout]      = help: bind the `Vec<*const u8>` to a variable such that it outlives the pointer returned by `as_mut_ptr`
[INFO] [stdout]      = note: a dangling pointer is safe, but dereferencing one is undefined behavior
[INFO] [stdout]      = note: returning a pointer to a local variable will always result in a dangling pointer
[INFO] [stdout]      = note: for more information, see <https://doc.rust-lang.org/reference/destructors.html>
[INFO] [stdout]      = note: `#[warn(dangling_pointers_from_temporaries)]` on by default
[INFO] [stdout] 
[INFO] [stdout] 
[INFO] [stdout] warning: this creates a dangling pointer because temporary `Vec<i32>` is dropped at end of statement
[INFO] [stdout]     --> src/lib.rs:4343:18
[INFO] [stdout]      |
[INFO] [stdout] 4338 |               ASIOSpeakerList: self
[INFO] [stdout]      |  ______________________________-
[INFO] [stdout] 4339 | |                 .asio_speaker_list
[INFO] [stdout] 4340 | |                 .into_iter()
[INFO] [stdout] 4341 | |                 .map(|val| val.into())
[INFO] [stdout] 4342 | |                 .collect::<Vec<_>>()
[INFO] [stdout]      | |____________________________________- this `Vec<i32>` is dropped at end of statement
[INFO] [stdout] 4343 |                   .as_mut_ptr(),
[INFO] [stdout]      |                    ^^^^^^^^^^ pointer created here
[INFO] [stdout]      |
[INFO] [stdout]      = help: bind the `Vec<i32>` to a variable such that it outlives the pointer returned by `as_mut_ptr`
[INFO] [stdout]      = note: a dangling pointer is safe, but dereferencing one is undefined behavior
[INFO] [stdout]      = note: returning a pointer to a local variable will always result in a dangling pointer
[INFO] [stdout]      = note: for more information, see <https://doc.rust-lang.org/reference/destructors.html>
[INFO] [stdout] 
[INFO] [stdout] 
[INFO] [stderr]     Finished `release` profile [optimized] target(s) in 6.96s
[INFO] running `Command { std: "docker" "inspect" "d9691f2bcb590fd2ed932a148c19413526ef507a21343a7cb2d4965f432be66e", kill_on_drop: false }`
[INFO] running `Command { std: "docker" "exec" "-e" "SOURCE_DIR=/opt/rustwide/workdir" "-e" "CARGO_HOME=/opt/rustwide/cargo-home" "-e" "RUSTUP_HOME=/opt/rustwide/rustup-home" "-e" "CARGO_TARGET_DIR=/opt/rustwide/target" "-e" "CARGO_INCREMENTAL=0" "-e" "RUST_BACKTRACE=full" "-e" "RUSTFLAGS=--cap-lints=warn" "-e" "RUSTDOCFLAGS=--cap-lints=warn" "-w" "/opt/rustwide/workdir" "--user" "0:0" "d9691f2bcb590fd2ed932a148c19413526ef507a21343a7cb2d4965f432be66e" "/opt/rustwide/cargo-home/bin/cargo" "+1.100.0-beta.1" "test" "--frozen" "--no-run" "--message-format=json" "--release", kill_on_drop: false }`
[INFO] [stderr] warning: `package.homepage` is redundant with `package.repository`
[INFO] [stderr]   --> Cargo.toml:14:12
[INFO] [stderr]    |
[INFO] [stderr] 14 | homepage = "https://github.com/lebedec/libfmod"
[INFO] [stderr]    |            ^^^^^^^^^^^^^^^^^^^^^^^^^^^^^^^^^^^^
[INFO] [stderr] ...
[INFO] [stderr] 19 | repository = "https://github.com/lebedec/libfmod"
[INFO] [stderr]    |              ------------------------------------
[INFO] [stderr]    |
[INFO] [stderr]    = note: `cargo::redundant_homepage` is set to `warn` by default
[INFO] [stderr] help: consider removing `package.homepage`
[INFO] [stderr] warning: `libfmod` (manifest) generated 1 warning
[INFO] [stdout] warning: variable does not need to be mutable
[INFO] [stdout]    --> src/lib.rs:170:9
[INFO] [stdout]     |
[INFO] [stdout] 170 |     let mut values = values.into_iter().map(map).collect::<Vec<O>>();
[INFO] [stdout]     |         ----^^^^^^
[INFO] [stdout]     |         |
[INFO] [stdout]     |         help: remove this `mut`
[INFO] [stdout]     |
[INFO] [stdout]     = note: `#[warn(unused_mut)]` (part of `#[warn(unused)]`) on by default
[INFO] [stdout] 
[INFO] [stdout] 
[INFO] [stdout] warning: this creates a dangling pointer because temporary `Vec<*const u8>` is dropped at end of statement
[INFO] [stdout]     --> src/lib.rs:4336:18
[INFO] [stdout]      |
[INFO] [stdout] 4331 |               ASIOChannelList: self
[INFO] [stdout]      |  ______________________________-
[INFO] [stdout] 4332 | |                 .asio_channel_list
[INFO] [stdout] 4333 | |                 .into_iter()
[INFO] [stdout] 4334 | |                 .map(|val| val.as_ptr())
[INFO] [stdout] 4335 | |                 .collect::<Vec<_>>()
[INFO] [stdout]      | |____________________________________- this `Vec<*const u8>` is dropped at end of statement
[INFO] [stdout] 4336 |                   .as_mut_ptr()
[INFO] [stdout]      |                    ^^^^^^^^^^ pointer created here
[INFO] [stdout]      |
[INFO] [stdout]      = help: bind the `Vec<*const u8>` to a variable such that it outlives the pointer returned by `as_mut_ptr`
[INFO] [stdout]      = note: a dangling pointer is safe, but dereferencing one is undefined behavior
[INFO] [stdout]      = note: returning a pointer to a local variable will always result in a dangling pointer
[INFO] [stdout]      = note: for more information, see <https://doc.rust-lang.org/reference/destructors.html>
[INFO] [stdout]      = note: `#[warn(dangling_pointers_from_temporaries)]` on by default
[INFO] [stdout] 
[INFO] [stdout] 
[INFO] [stderr]    Compiling libfmod v2.222.6 (/opt/rustwide/workdir)
[INFO] [stdout] warning: this creates a dangling pointer because temporary `Vec<i32>` is dropped at end of statement
[INFO] [stdout]     --> src/lib.rs:4343:18
[INFO] [stdout]      |
[INFO] [stdout] 4338 |               ASIOSpeakerList: self
[INFO] [stdout]      |  ______________________________-
[INFO] [stdout] 4339 | |                 .asio_speaker_list
[INFO] [stdout] 4340 | |                 .into_iter()
[INFO] [stdout] 4341 | |                 .map(|val| val.into())
[INFO] [stdout] 4342 | |                 .collect::<Vec<_>>()
[INFO] [stdout]      | |____________________________________- this `Vec<i32>` is dropped at end of statement
[INFO] [stdout] 4343 |                   .as_mut_ptr(),
[INFO] [stdout]      |                    ^^^^^^^^^^ pointer created here
[INFO] [stdout]      |
[INFO] [stdout]      = help: bind the `Vec<i32>` to a variable such that it outlives the pointer returned by `as_mut_ptr`
[INFO] [stdout]      = note: a dangling pointer is safe, but dereferencing one is undefined behavior
[INFO] [stdout]      = note: returning a pointer to a local variable will always result in a dangling pointer
[INFO] [stdout]      = note: for more information, see <https://doc.rust-lang.org/reference/destructors.html>
[INFO] [stdout] 
[INFO] [stdout] 
[INFO] [stdout] warning: unused import: `libfmod::Error::Fmod`
[INFO] [stdout]  --> tests/manual/getting_started.rs:8:5
[INFO] [stdout]   |
[INFO] [stdout] 8 | use libfmod::Error::Fmod;
[INFO] [stdout]   |     ^^^^^^^^^^^^^^^^^^^^
[INFO] [stdout]   |
[INFO] [stdout]   = note: `#[warn(unused_imports)]` (part of `#[warn(unused)]`) on by default
[INFO] [stdout] 
[INFO] [stdout] 
[INFO] [stdout] warning: unused import: `Sound`
[INFO] [stdout]   --> tests/manual/getting_started.rs:10:91
[INFO] [stdout]    |
[INFO] [stdout] 10 |     ffi, AdvancedSettings, CreateSoundexInfo, DspResampler, Error, Init, Mode, OpenState, Sound,
[INFO] [stdout]    |                                                                                           ^^^^^
[INFO] [stdout] 
[INFO] [stdout] 
[INFO] [stdout] error: linking with `cc` failed: exit status: 1
[INFO] [stdout]   |
[INFO] [stdout]   = note:  "cc" "-m64" "/opt/rustwide/target/release/build/libfmod/1bd583f29e67bf93/out/rustcTW2be1/symbols.o" "<5 object files omitted>" "-Wl,--as-needed" "-Wl,-Bstatic" "<sysroot>/lib/rustlib/x86_64-unknown-linux-gnu/lib/{libtest-*,libgetopts-*,librustc_std_workspace_std-*}.rlib" "/opt/rustwide/target/release/build/libfmod/23d525ce30c5db3c/out/liblibfmod-23d525ce30c5db3c.rlib" "/opt/rustwide/target/release/build/bitflags/68973b8086863992/out/libbitflags-68973b8086863992.rlib" "<sysroot>/lib/rustlib/x86_64-unknown-linux-gnu/lib/{libstd-*,libpanic_unwind-*,libobject-*,libmemchr-*,libaddr2line-*,libgimli-*,libcfg_if-*,librustc_demangle-*,libstd_detect-*,libhashbrown-*,librustc_std_workspace_alloc-*,libminiz_oxide-*,libadler2-*,libunwind-*,liblibc-*,librustc_std_workspace_core-*,liballoc-*,libcore-*,libcompiler_builtins-*}.rlib" "-Wl,-Bdynamic" "-lfmod" "-lfmodstudio" "-lgcc_s" "-lutil" "-lrt" "-lpthread" "-lm" "-ldl" "-lc" "-L" "/opt/rustwide/target/release/build/libfmod/1bd583f29e67bf93/out/rustcTW2be1/raw-dylibs" "-B<sysroot>/lib/rustlib/x86_64-unknown-linux-gnu/bin/gcc-ld" "-fuse-ld=lld" "-Wl,--eh-frame-hdr" "-Wl,-z,noexecstack" "-L" "<sysroot>/lib/rustlib/x86_64-unknown-linux-gnu/lib" "-o" "/opt/rustwide/target/release/build/libfmod/1bd583f29e67bf93/out/fmod-1bd583f29e67bf93" "-Wl,--gc-sections" "-pie" "-Wl,-z,relro,-z,now" "-Wl,-O1" "-Wl,--strip-debug" "-nodefaultlibs"
[INFO] [stdout]   = note: some arguments are omitted. use `--verbose` to show all linker arguments
[INFO] [stdout]   = note: rust-lld: error: unable to find library -lfmod
[INFO] [stdout]           rust-lld: error: unable to find library -lfmodstudio
[INFO] [stdout]           collect2: error: ld returned 1 exit status
[INFO] [stdout]           
[INFO] [stdout] 
[INFO] [stdout] 
[INFO] [stderr] error: could not compile `libfmod` (test "fmod") due to 1 previous error; 2 warnings emitted
[INFO] [stderr] warning: build failed, waiting for other jobs to finish...
[INFO] [stdout] warning: variable does not need to be mutable
[INFO] [stdout]    --> src/lib.rs:170:9
[INFO] [stdout]     |
[INFO] [stdout] 170 |     let mut values = values.into_iter().map(map).collect::<Vec<O>>();
[INFO] [stdout]     |         ----^^^^^^
[INFO] [stdout]     |         |
[INFO] [stdout]     |         help: remove this `mut`
[INFO] [stdout]     |
[INFO] [stdout]     = note: `#[warn(unused_mut)]` (part of `#[warn(unused)]`) on by default
[INFO] [stdout] 
[INFO] [stdout] 
[INFO] [stdout] warning: this creates a dangling pointer because temporary `Vec<*const u8>` is dropped at end of statement
[INFO] [stdout]     --> src/lib.rs:4336:18
[INFO] [stdout]      |
[INFO] [stdout] 4331 |               ASIOChannelList: self
[INFO] [stdout]      |  ______________________________-
[INFO] [stdout] 4332 | |                 .asio_channel_list
[INFO] [stdout] 4333 | |                 .into_iter()
[INFO] [stdout] 4334 | |                 .map(|val| val.as_ptr())
[INFO] [stdout] 4335 | |                 .collect::<Vec<_>>()
[INFO] [stdout]      | |____________________________________- this `Vec<*const u8>` is dropped at end of statement
[INFO] [stdout] 4336 |                   .as_mut_ptr()
[INFO] [stdout]      |                    ^^^^^^^^^^ pointer created here
[INFO] [stdout]      |
[INFO] [stdout]      = help: bind the `Vec<*const u8>` to a variable such that it outlives the pointer returned by `as_mut_ptr`
[INFO] [stdout]      = note: a dangling pointer is safe, but dereferencing one is undefined behavior
[INFO] [stdout]      = note: returning a pointer to a local variable will always result in a dangling pointer
[INFO] [stdout]      = note: for more information, see <https://doc.rust-lang.org/reference/destructors.html>
[INFO] [stdout]      = note: `#[warn(dangling_pointers_from_temporaries)]` on by default
[INFO] [stdout] 
[INFO] [stdout] 
[INFO] [stdout] warning: this creates a dangling pointer because temporary `Vec<i32>` is dropped at end of statement
[INFO] [stdout]     --> src/lib.rs:4343:18
[INFO] [stdout]      |
[INFO] [stdout] 4338 |               ASIOSpeakerList: self
[INFO] [stdout]      |  ______________________________-
[INFO] [stdout] 4339 | |                 .asio_speaker_list
[INFO] [stdout] 4340 | |                 .into_iter()
[INFO] [stdout] 4341 | |                 .map(|val| val.into())
[INFO] [stdout] 4342 | |                 .collect::<Vec<_>>()
[INFO] [stdout]      | |____________________________________- this `Vec<i32>` is dropped at end of statement
[INFO] [stdout] 4343 |                   .as_mut_ptr(),
[INFO] [stdout]      |                    ^^^^^^^^^^ pointer created here
[INFO] [stdout]      |
[INFO] [stdout]      = help: bind the `Vec<i32>` to a variable such that it outlives the pointer returned by `as_mut_ptr`
[INFO] [stdout]      = note: a dangling pointer is safe, but dereferencing one is undefined behavior
[INFO] [stdout]      = note: returning a pointer to a local variable will always result in a dangling pointer
[INFO] [stdout]      = note: for more information, see <https://doc.rust-lang.org/reference/destructors.html>
[INFO] [stdout] 
[INFO] [stdout] 
[INFO] [stdout] error: linking with `cc` failed: exit status: 1
[INFO] [stdout]   |
[INFO] [stdout]   = note:  "cc" "-m64" "/opt/rustwide/target/release/build/libfmod/e8044a46093842d5/out/rustcVObp0T/symbols.o" "<2 object files omitted>" "-Wl,--as-needed" "-Wl,-Bdynamic" "-lfmod" "-lfmodstudio" "-Wl,-Bstatic" "<sysroot>/lib/rustlib/x86_64-unknown-linux-gnu/lib/{libtest-*,libgetopts-*,librustc_std_workspace_std-*}.rlib" "/opt/rustwide/target/release/build/bitflags/68973b8086863992/out/libbitflags-68973b8086863992.rlib" "<sysroot>/lib/rustlib/x86_64-unknown-linux-gnu/lib/{libstd-*,libpanic_unwind-*,libobject-*,libmemchr-*,libaddr2line-*,libgimli-*,libcfg_if-*,librustc_demangle-*,libstd_detect-*,libhashbrown-*,librustc_std_workspace_alloc-*,libminiz_oxide-*,libadler2-*,libunwind-*,liblibc-*,librustc_std_workspace_core-*,liballoc-*,libcore-*,libcompiler_builtins-*}.rlib" "-Wl,-Bdynamic" "-lgcc_s" "-lutil" "-lrt" "-lpthread" "-lm" "-ldl" "-lc" "-L" "/opt/rustwide/target/release/build/libfmod/e8044a46093842d5/out/rustcVObp0T/raw-dylibs" "-B<sysroot>/lib/rustlib/x86_64-unknown-linux-gnu/bin/gcc-ld" "-fuse-ld=lld" "-Wl,--eh-frame-hdr" "-Wl,-z,noexecstack" "-L" "<sysroot>/lib/rustlib/x86_64-unknown-linux-gnu/lib" "-o" "/opt/rustwide/target/release/build/libfmod/e8044a46093842d5/out/libfmod-e8044a46093842d5" "-Wl,--gc-sections" "-pie" "-Wl,-z,relro,-z,now" "-Wl,-O1" "-Wl,--strip-debug" "-nodefaultlibs"
[INFO] [stdout]   = note: some arguments are omitted. use `--verbose` to show all linker arguments
[INFO] [stdout]   = note: rust-lld: error: unable to find library -lfmod
[INFO] [stdout]           rust-lld: error: unable to find library -lfmodstudio
[INFO] [stdout]           collect2: error: ld returned 1 exit status
[INFO] [stdout]           
[INFO] [stdout] 
[INFO] [stdout] 
[INFO] [stderr] error: could not compile `libfmod` (lib test) due to 1 previous error; 3 warnings emitted
[INFO] running `Command { std: "docker" "inspect" "d9691f2bcb590fd2ed932a148c19413526ef507a21343a7cb2d4965f432be66e", kill_on_drop: false }`
[INFO] running `Command { std: "docker" "rm" "-f" "d9691f2bcb590fd2ed932a148c19413526ef507a21343a7cb2d4965f432be66e", kill_on_drop: false }`
[INFO] [stdout] d9691f2bcb590fd2ed932a148c19413526ef507a21343a7cb2d4965f432be66e
