[INFO] fetching crate libdogecoin-rs 0.0.4...
[INFO] testing libdogecoin-rs-0.0.4 against 1.100.0-beta.1+cargoflags=--release for beta-release-1.100-2
[INFO] extracting crate libdogecoin-rs 0.0.4 into /workspace/builds/worker-7-tc2/source
[INFO] started tweaking crates.io crate libdogecoin-rs 0.0.4
[INFO] finished tweaking crates.io crate libdogecoin-rs 0.0.4
[INFO] tweaked toml for crates.io crate libdogecoin-rs 0.0.4 written to /workspace/builds/worker-7-tc2/source/Cargo.toml
[INFO] validating manifest of crates.io crate libdogecoin-rs 0.0.4 on toolchain 1.100.0-beta.1
[INFO] running `Command { std: CARGO_HOME="/workspace/cargo-home" RUSTUP_HOME="/workspace/rustup-home" "/workspace/cargo-home/bin/cargo" "+1.100.0-beta.1" "metadata" "--manifest-path" "Cargo.toml" "--no-deps", kill_on_drop: false }`
[INFO] crate crates.io crate libdogecoin-rs 0.0.4 already has a lockfile, it will not be regenerated
[INFO] running `Command { std: CARGO_HOME="/workspace/cargo-home" RUSTUP_HOME="/workspace/rustup-home" "/workspace/cargo-home/bin/cargo" "+1.100.0-beta.1" "fetch" "--manifest-path" "Cargo.toml", kill_on_drop: false }`
[INFO] running `Command { std: "docker" "create" "-v" "/var/lib/crater-agent-workspace/builds/worker-7-tc2/source:/opt/rustwide/workdir:ro,Z" "-v" "/var/lib/crater-agent-workspace/builds/worker-7-tc2/target:/opt/rustwide/target:rw,Z" "-v" "/var/lib/crater-agent-workspace/cargo-home:/opt/rustwide/cargo-home:ro,Z" "-v" "/var/lib/crater-agent-workspace/rustup-home:/opt/rustwide/rustup-home:ro,Z" "-m" "1610612736" "--network" "none" "ghcr.io/rust-lang/crates-build-env/linux@sha256:77db811e55d90add9212f6832c23229e3de5f1c1f9905e8cb07319ea15df73ac" "sleep" "infinity", kill_on_drop: false }`
[INFO] [stdout] 420271ff7059b1689064a7395e0698e51d70d9beeda768a13c41d65b7105cc32
[INFO] running `Command { std: "docker" "start" "420271ff7059b1689064a7395e0698e51d70d9beeda768a13c41d65b7105cc32", kill_on_drop: false }`
[INFO] running `Command { std: "docker" "inspect" "420271ff7059b1689064a7395e0698e51d70d9beeda768a13c41d65b7105cc32", kill_on_drop: false }`
[INFO] running `Command { std: "docker" "exec" "-e" "SOURCE_DIR=/opt/rustwide/workdir" "-e" "CARGO_HOME=/opt/rustwide/cargo-home" "-e" "RUSTUP_HOME=/opt/rustwide/rustup-home" "-e" "CARGO_TARGET_DIR=/opt/rustwide/target" "-w" "/opt/rustwide/workdir" "--user" "0:0" "420271ff7059b1689064a7395e0698e51d70d9beeda768a13c41d65b7105cc32" "/opt/rustwide/cargo-home/bin/cargo" "+1.100.0-beta.1" "metadata" "--no-deps" "--format-version=1", kill_on_drop: false }`
[INFO] running `Command { std: "docker" "inspect" "420271ff7059b1689064a7395e0698e51d70d9beeda768a13c41d65b7105cc32", kill_on_drop: false }`
[INFO] running `Command { std: "docker" "exec" "-e" "SOURCE_DIR=/opt/rustwide/workdir" "-e" "CARGO_HOME=/opt/rustwide/cargo-home" "-e" "RUSTUP_HOME=/opt/rustwide/rustup-home" "-e" "CARGO_TARGET_DIR=/opt/rustwide/target" "-e" "CARGO_INCREMENTAL=0" "-e" "RUST_BACKTRACE=full" "-e" "RUSTFLAGS=--cap-lints=warn" "-e" "RUSTDOCFLAGS=--cap-lints=warn" "-w" "/opt/rustwide/workdir" "--user" "0:0" "420271ff7059b1689064a7395e0698e51d70d9beeda768a13c41d65b7105cc32" "/opt/rustwide/cargo-home/bin/cargo" "+1.100.0-beta.1" "build" "--frozen" "--message-format=json" "--release", kill_on_drop: false }`
[INFO] [stderr]    Compiling proc-macro2 v1.0.104
[INFO] [stderr]    Compiling find-msvc-tools v0.1.6
[INFO] [stderr]    Compiling glob v0.3.3
[INFO] [stderr]    Compiling icu_properties_data v2.1.2
[INFO] [stderr]    Compiling rustix v0.38.44
[INFO] [stderr]    Compiling prettyplease v0.2.37
[INFO] [stderr]    Compiling libc v0.2.178
[INFO] [stderr]    Compiling bitflags v2.10.0
[INFO] [stderr]    Compiling zeroize v1.8.2
[INFO] [stderr]    Compiling minimal-lexical v0.2.1
[INFO] [stderr]    Compiling linux-raw-sys v0.4.15
[INFO] [stderr]    Compiling either v1.15.0
[INFO] [stderr]    Compiling regex-syntax v0.8.8
[INFO] [stderr]    Compiling memchr v2.7.6
[INFO] [stderr]    Compiling libloading v0.8.9
[INFO] [stderr]    Compiling smallvec v1.15.1
[INFO] [stderr]    Compiling home v0.5.12
[INFO] [stderr]    Compiling bindgen v0.69.5
[INFO] [stderr]    Compiling cc v1.2.51
[INFO] [stderr]    Compiling itertools v0.12.1
[INFO] [stderr]    Compiling clang-sys v1.8.1
[INFO] [stderr]    Compiling rustls-pki-types v1.14.0
[INFO] [stderr]    Compiling getrandom v0.2.17
[INFO] [stderr]    Compiling lazycell v1.3.0
[INFO] [stderr]    Compiling zmij v1.0.16
[INFO] [stderr]    Compiling lazy_static v1.5.0
[INFO] [stderr]    Compiling rustc-hash v1.1.0
[INFO] [stderr]    Compiling serde_json v1.0.149
[INFO] [stderr]    Compiling simd-adler32 v0.3.8
[INFO] [stderr]    Compiling percent-encoding v2.3.2
[INFO] [stderr]    Compiling rustls v0.23.36
[INFO] [stderr]    Compiling itoa v1.0.17
[INFO] [stderr]    Compiling miniz_oxide v0.8.9
[INFO] [stderr]    Compiling form_urlencoded v1.2.2
[INFO] [stderr]    Compiling webpki-roots v1.0.5
[INFO] [stderr]    Compiling webpki-roots v0.26.11
[INFO] [stderr]    Compiling nom v7.1.3
[INFO] [stderr]    Compiling quote v1.0.42
[INFO] [stderr]    Compiling flate2 v1.1.8
[INFO] [stderr]    Compiling syn v2.0.112
[INFO] [stderr]    Compiling ring v0.17.14
[INFO] [stderr]    Compiling regex-automata v0.4.13
[INFO] [stderr]    Compiling which v4.4.2
[INFO] [stderr]    Compiling regex v1.12.2
[INFO] [stderr]    Compiling cexpr v0.6.0
[INFO] [stderr]    Compiling synstructure v0.13.2
[INFO] [stderr]    Compiling zerovec-derive v0.11.2
[INFO] [stderr]    Compiling displaydoc v0.2.5
[INFO] [stderr]    Compiling serde_derive v1.0.228
[INFO] [stderr]    Compiling thiserror-impl v1.0.69
[INFO] [stderr]    Compiling zerofrom-derive v0.1.6
[INFO] [stderr]    Compiling yoke-derive v0.8.1
[INFO] [stderr]    Compiling thiserror v1.0.69
[INFO] [stderr]    Compiling zerofrom v0.1.6
[INFO] [stderr]    Compiling yoke v0.8.1
[INFO] [stderr]    Compiling zerotrie v0.2.3
[INFO] [stderr]    Compiling zerovec v0.11.5
[INFO] [stderr]    Compiling tinystr v0.8.2
[INFO] [stderr]    Compiling potential_utf v0.1.4
[INFO] [stderr]    Compiling icu_locale_core v2.1.1
[INFO] [stderr]    Compiling icu_collections v2.1.1
[INFO] [stderr]    Compiling icu_provider v2.1.1
[INFO] [stderr]    Compiling icu_properties v2.1.2
[INFO] [stderr]    Compiling icu_normalizer v2.1.1
[INFO] [stderr]    Compiling serde v1.0.228
[INFO] [stderr]    Compiling idna_adapter v1.2.1
[INFO] [stderr]    Compiling idna v1.1.0
[INFO] [stderr]    Compiling url v2.5.8
[INFO] [stderr]    Compiling libdogecoin-sys v0.0.4
[INFO] [stderr]    Compiling rustls-webpki v0.103.9
[INFO] [stderr] warning: libdogecoin-sys@0.0.4: In file included from /opt/rustwide/cargo-home/registry/src/index.crates.io-1949cf8c6b5b557f/libdogecoin-sys-0.0.4/vendor/libdogecoin/include/dogecoin/tx.h:37,
[INFO] [stderr] warning: libdogecoin-sys@0.0.4:                  from /opt/rustwide/cargo-home/registry/src/index.crates.io-1949cf8c6b5b557f/libdogecoin-sys-0.0.4/vendor/libdogecoin/include/dogecoin/tool.h:32,
[INFO] [stderr] warning: libdogecoin-sys@0.0.4:                  from /opt/rustwide/cargo-home/registry/src/index.crates.io-1949cf8c6b5b557f/libdogecoin-sys-0.0.4/vendor/libdogecoin/src/address.c:52:
[INFO] [stderr] warning: libdogecoin-sys@0.0.4: /opt/rustwide/cargo-home/registry/src/index.crates.io-1949cf8c6b5b557f/libdogecoin-sys-0.0.4/vendor/libdogecoin/include/dogecoin/hash.h: In function 'dogecoin_chash256_init':
[INFO] [stderr] warning: libdogecoin-sys@0.0.4: /opt/rustwide/cargo-home/registry/src/index.crates.io-1949cf8c6b5b557f/libdogecoin-sys-0.0.4/vendor/libdogecoin/include/dogecoin/hash.h:106:18: error: assignment to 'void (*)(void)' from incompatible pointer type 'void (*)(sha256_context *)' {aka 'void (*)(struct _sha256_context *)'} [-Wincompatible-pointer-types]
[INFO] [stderr] warning: libdogecoin-sys@0.0.4:   106 |     chash->reset = sha256_reset;
[INFO] [stderr] warning: libdogecoin-sys@0.0.4:       |                  ^
[INFO] [stderr] warning: libdogecoin-sys@0.0.4: In file included from /opt/rustwide/cargo-home/registry/src/index.crates.io-1949cf8c6b5b557f/libdogecoin-sys-0.0.4/vendor/libdogecoin/src/address.c:50:
[INFO] [stderr] warning: libdogecoin-sys@0.0.4: /opt/rustwide/cargo-home/registry/src/index.crates.io-1949cf8c6b5b557f/libdogecoin-sys-0.0.4/vendor/libdogecoin/include/dogecoin/sha2.h:85:22: note: 'sha256_reset' declared here
[INFO] [stderr] warning: libdogecoin-sys@0.0.4:    85 | LIBDOGECOIN_API void sha256_reset(sha256_context*);
[INFO] [stderr] warning: libdogecoin-sys@0.0.4:       |                      ^~~~~~~~~~~~
[INFO] [stderr] warning: libdogecoin-sys@0.0.4: /opt/rustwide/cargo-home/registry/src/index.crates.io-1949cf8c6b5b557f/libdogecoin-sys-0.0.4/vendor/libdogecoin/include/dogecoin/hash.h: In function 'Hash':
[INFO] [stderr] warning: libdogecoin-sys@0.0.4: /opt/rustwide/cargo-home/registry/src/index.crates.io-1949cf8c6b5b557f/libdogecoin-sys-0.0.4/vendor/libdogecoin/include/dogecoin/hash.h:127:5: error: too many arguments to function 'chash->reset'; expected 0, have 1
[INFO] [stderr] warning: libdogecoin-sys@0.0.4:   127 |     chash->reset(chash->sha);
[INFO] [stderr] warning: libdogecoin-sys@0.0.4:       |     ^~~~~        ~~~~~~~~~~
[INFO] [stderr] warning: libdogecoin-sys@0.0.4: /opt/rustwide/cargo-home/registry/src/index.crates.io-1949cf8c6b5b557f/libdogecoin-sys-0.0.4/vendor/libdogecoin/include/dogecoin/hash.h:96:12: note: declared here
[INFO] [stderr] warning: libdogecoin-sys@0.0.4:    96 |     void (*reset)();
[INFO] [stderr] warning: libdogecoin-sys@0.0.4:       |            ^~~~~
[INFO] [stderr] error: failed to run custom build command for `libdogecoin-sys v0.0.4`
[INFO] [stderr] note: To improve backtraces for build dependencies, set the CARGO_PROFILE_RELEASE_BUILD_OVERRIDE_DEBUG=true environment variable to enable debug information generation.
[INFO] [stderr] 
[INFO] [stderr] Caused by:
[INFO] [stderr]   process didn't exit successfully: `/opt/rustwide/target/release/build/libdogecoin-sys/312c0eaa057ef1bd/out/build_script_build` (exit status: 1)
[INFO] [stderr]   --- stdout
[INFO] [stderr]   OUT_DIR = Some(/opt/rustwide/target/release/build/libdogecoin-sys/ec6044cec72bf398/out)
[INFO] [stderr]   OPT_LEVEL = Some(3)
[INFO] [stderr]   TARGET = Some(x86_64-unknown-linux-gnu)
[INFO] [stderr]   CARGO_ENCODED_RUSTFLAGS = Some(--cap-lints=warn)
[INFO] [stderr]   HOST = Some(x86_64-unknown-linux-gnu)
[INFO] [stderr]   cargo:rerun-if-env-changed=CC_x86_64-unknown-linux-gnu
[INFO] [stderr]   CC_x86_64-unknown-linux-gnu = None
[INFO] [stderr]   cargo:rerun-if-env-changed=CC_x86_64_unknown_linux_gnu
[INFO] [stderr]   CC_x86_64_unknown_linux_gnu = None
[INFO] [stderr]   cargo:rerun-if-env-changed=HOST_CC
[INFO] [stderr]   HOST_CC = None
[INFO] [stderr]   cargo:rerun-if-env-changed=CC
[INFO] [stderr]   CC = None
[INFO] [stderr]   cargo:rerun-if-env-changed=CC_ENABLE_DEBUG_OUTPUT
[INFO] [stderr]   RUSTC_WRAPPER = None
[INFO] [stderr]   cargo:rerun-if-env-changed=CRATE_CC_NO_DEFAULTS
[INFO] [stderr]   CRATE_CC_NO_DEFAULTS = None
[INFO] [stderr]   DEBUG = Some(false)
[INFO] [stderr]   CARGO_CFG_TARGET_FEATURE = Some(fxsr,sse,sse2)
[INFO] [stderr]   cargo:rerun-if-env-changed=CFLAGS
[INFO] [stderr]   CFLAGS = None
[INFO] [stderr]   cargo:rerun-if-env-changed=HOST_CFLAGS
[INFO] [stderr]   HOST_CFLAGS = None
[INFO] [stderr]   cargo:rerun-if-env-changed=CFLAGS_x86_64_unknown_linux_gnu
[INFO] [stderr]   CFLAGS_x86_64_unknown_linux_gnu = None
[INFO] [stderr]   cargo:rerun-if-env-changed=CFLAGS_x86_64-unknown-linux-gnu
[INFO] [stderr]   CFLAGS_x86_64-unknown-linux-gnu = None
[INFO] [stderr]   cargo:rerun-if-env-changed=AR_x86_64-unknown-linux-gnu
[INFO] [stderr]   AR_x86_64-unknown-linux-gnu = None
[INFO] [stderr]   cargo:rerun-if-env-changed=AR_x86_64_unknown_linux_gnu
[INFO] [stderr]   AR_x86_64_unknown_linux_gnu = None
[INFO] [stderr]   cargo:rerun-if-env-changed=HOST_AR
[INFO] [stderr]   HOST_AR = None
[INFO] [stderr]   cargo:rerun-if-env-changed=AR
[INFO] [stderr]   AR = None
[INFO] [stderr]   cargo:rerun-if-env-changed=ARFLAGS
[INFO] [stderr]   ARFLAGS = None
[INFO] [stderr]   cargo:rerun-if-env-changed=HOST_ARFLAGS
[INFO] [stderr]   HOST_ARFLAGS = None
[INFO] [stderr]   cargo:rerun-if-env-changed=ARFLAGS_x86_64_unknown_linux_gnu
[INFO] [stderr]   ARFLAGS_x86_64_unknown_linux_gnu = None
[INFO] [stderr]   cargo:rerun-if-env-changed=ARFLAGS_x86_64-unknown-linux-gnu
[INFO] [stderr]   ARFLAGS_x86_64-unknown-linux-gnu = None
[INFO] [stderr]   cargo:rustc-link-lib=static=secp256k1
[INFO] [stderr]   cargo:rustc-link-search=native=/opt/rustwide/target/release/build/libdogecoin-sys/ec6044cec72bf398/out
[INFO] [stderr]   OUT_DIR = Some(/opt/rustwide/target/release/build/libdogecoin-sys/ec6044cec72bf398/out)
[INFO] [stderr]   OPT_LEVEL = Some(3)
[INFO] [stderr]   TARGET = Some(x86_64-unknown-linux-gnu)
[INFO] [stderr]   CARGO_ENCODED_RUSTFLAGS = Some(--cap-lints=warn)
[INFO] [stderr]   HOST = Some(x86_64-unknown-linux-gnu)
[INFO] [stderr]   cargo:rerun-if-env-changed=CC_x86_64-unknown-linux-gnu
[INFO] [stderr]   CC_x86_64-unknown-linux-gnu = None
[INFO] [stderr]   cargo:rerun-if-env-changed=CC_x86_64_unknown_linux_gnu
[INFO] [stderr]   CC_x86_64_unknown_linux_gnu = None
[INFO] [stderr]   cargo:rerun-if-env-changed=HOST_CC
[INFO] [stderr]   HOST_CC = None
[INFO] [stderr]   cargo:rerun-if-env-changed=CC
[INFO] [stderr]   CC = None
[INFO] [stderr]   cargo:rerun-if-env-changed=CC_ENABLE_DEBUG_OUTPUT
[INFO] [stderr]   RUSTC_WRAPPER = None
[INFO] [stderr]   cargo:rerun-if-env-changed=CRATE_CC_NO_DEFAULTS
[INFO] [stderr]   CRATE_CC_NO_DEFAULTS = None
[INFO] [stderr]   DEBUG = Some(false)
[INFO] [stderr]   CARGO_CFG_TARGET_FEATURE = Some(fxsr,sse,sse2)
[INFO] [stderr]   cargo:rerun-if-env-changed=CFLAGS
[INFO] [stderr]   CFLAGS = None
[INFO] [stderr]   cargo:rerun-if-env-changed=HOST_CFLAGS
[INFO] [stderr]   HOST_CFLAGS = None
[INFO] [stderr]   cargo:rerun-if-env-changed=CFLAGS_x86_64_unknown_linux_gnu
[INFO] [stderr]   CFLAGS_x86_64_unknown_linux_gnu = None
[INFO] [stderr]   cargo:rerun-if-env-changed=CFLAGS_x86_64-unknown-linux-gnu
[INFO] [stderr]   CFLAGS_x86_64-unknown-linux-gnu = None
[INFO] [stderr]   cargo:warning=In file included from /opt/rustwide/cargo-home/registry/src/index.crates.io-1949cf8c6b5b557f/libdogecoin-sys-0.0.4/vendor/libdogecoin/include/dogecoin/tx.h:37,
[INFO] [stderr]   cargo:warning=                 from /opt/rustwide/cargo-home/registry/src/index.crates.io-1949cf8c6b5b557f/libdogecoin-sys-0.0.4/vendor/libdogecoin/include/dogecoin/tool.h:32,
[INFO] [stderr]   cargo:warning=                 from /opt/rustwide/cargo-home/registry/src/index.crates.io-1949cf8c6b5b557f/libdogecoin-sys-0.0.4/vendor/libdogecoin/src/address.c:52:
[INFO] [stderr]   cargo:warning=/opt/rustwide/cargo-home/registry/src/index.crates.io-1949cf8c6b5b557f/libdogecoin-sys-0.0.4/vendor/libdogecoin/include/dogecoin/hash.h: In function 'dogecoin_chash256_init':
[INFO] [stderr]   cargo:warning=/opt/rustwide/cargo-home/registry/src/index.crates.io-1949cf8c6b5b557f/libdogecoin-sys-0.0.4/vendor/libdogecoin/include/dogecoin/hash.h:106:18: error: assignment to 'void (*)(void)' from incompatible pointer type 'void (*)(sha256_context *)' {aka 'void (*)(struct _sha256_context *)'} [-Wincompatible-pointer-types]
[INFO] [stderr]   cargo:warning=  106 |     chash->reset = sha256_reset;
[INFO] [stderr]   cargo:warning=      |                  ^
[INFO] [stderr]   cargo:warning=In file included from /opt/rustwide/cargo-home/registry/src/index.crates.io-1949cf8c6b5b557f/libdogecoin-sys-0.0.4/vendor/libdogecoin/src/address.c:50:
[INFO] [stderr]   cargo:warning=/opt/rustwide/cargo-home/registry/src/index.crates.io-1949cf8c6b5b557f/libdogecoin-sys-0.0.4/vendor/libdogecoin/include/dogecoin/sha2.h:85:22: note: 'sha256_reset' declared here
[INFO] [stderr]   cargo:warning=   85 | LIBDOGECOIN_API void sha256_reset(sha256_context*);
[INFO] [stderr]   cargo:warning=      |                      ^~~~~~~~~~~~
[INFO] [stderr]   cargo:warning=/opt/rustwide/cargo-home/registry/src/index.crates.io-1949cf8c6b5b557f/libdogecoin-sys-0.0.4/vendor/libdogecoin/include/dogecoin/hash.h: In function 'Hash':
[INFO] [stderr]   cargo:warning=/opt/rustwide/cargo-home/registry/src/index.crates.io-1949cf8c6b5b557f/libdogecoin-sys-0.0.4/vendor/libdogecoin/include/dogecoin/hash.h:127:5: error: too many arguments to function 'chash->reset'; expected 0, have 1
[INFO] [stderr]   cargo:warning=  127 |     chash->reset(chash->sha);
[INFO] [stderr]   cargo:warning=      |     ^~~~~        ~~~~~~~~~~
[INFO] [stderr]   cargo:warning=/opt/rustwide/cargo-home/registry/src/index.crates.io-1949cf8c6b5b557f/libdogecoin-sys-0.0.4/vendor/libdogecoin/include/dogecoin/hash.h:96:12: note: declared here
[INFO] [stderr]   cargo:warning=   96 |     void (*reset)();
[INFO] [stderr]   cargo:warning=      |            ^~~~~
[INFO] [stderr] 
[INFO] [stderr]   --- stderr
[INFO] [stderr] 
[INFO] [stderr] 
[INFO] [stderr]   error occurred in cc-rs: command did not execute successfully (status code exit status: 1): LC_ALL="C" "cc" "-O3" "-ffunction-sections" "-fdata-sections" "-fPIC" "-m64" "-I" "/opt/rustwide/cargo-home/registry/src/index.crates.io-1949cf8c6b5b557f/libdogecoin-sys-0.0.4/vendor/libdogecoin/include" "-I" "/opt/rustwide/cargo-home/registry/src/index.crates.io-1949cf8c6b5b557f/libdogecoin-sys-0.0.4/vendor/libdogecoin/src/secp256k1/include" "-w" "-Wno-unused-parameter" "-Wno-unused-variable" "-DHAVE_STDLIB_H" "-DHAVE_STRING_H" "-o" "/opt/rustwide/target/release/build/libdogecoin-sys/ec6044cec72bf398/out/517a060624b16616-address.o" "-c" "/opt/rustwide/cargo-home/registry/src/index.crates.io-1949cf8c6b5b557f/libdogecoin-sys-0.0.4/vendor/libdogecoin/src/address.c"
[INFO] [stderr] 
[INFO] [stderr] 
[INFO] [stderr] warning: build failed, waiting for other jobs to finish...
[INFO] running `Command { std: "docker" "inspect" "420271ff7059b1689064a7395e0698e51d70d9beeda768a13c41d65b7105cc32", kill_on_drop: false }`
[INFO] running `Command { std: "docker" "rm" "-f" "420271ff7059b1689064a7395e0698e51d70d9beeda768a13c41d65b7105cc32", kill_on_drop: false }`
[INFO] [stdout] 420271ff7059b1689064a7395e0698e51d70d9beeda768a13c41d65b7105cc32
