[INFO] fetching crate libblas-sys 0.1.0...
[INFO] testing libblas-sys-0.1.0 against 1.100.0-beta.1+cargoflags=--release for beta-release-1.100-2
[INFO] extracting crate libblas-sys 0.1.0 into /workspace/builds/worker-2-tc2/source
[INFO] started tweaking crates.io crate libblas-sys 0.1.0
[INFO] finished tweaking crates.io crate libblas-sys 0.1.0
[INFO] tweaked toml for crates.io crate libblas-sys 0.1.0 written to /workspace/builds/worker-2-tc2/source/Cargo.toml
[INFO] validating manifest of crates.io crate libblas-sys 0.1.0 on toolchain 1.100.0-beta.1
[INFO] running `Command { std: CARGO_HOME="/workspace/cargo-home" RUSTUP_HOME="/workspace/rustup-home" "/workspace/cargo-home/bin/cargo" "+1.100.0-beta.1" "metadata" "--manifest-path" "Cargo.toml" "--no-deps", kill_on_drop: false }`
[INFO] running `Command { std: CARGO_HOME="/workspace/cargo-home" RUSTUP_HOME="/workspace/rustup-home" "/workspace/cargo-home/bin/cargo" "+1.100.0-beta.1" "generate-lockfile" "--manifest-path" "Cargo.toml", kill_on_drop: false }`
[INFO] [stderr]     Updating crates.io index
[INFO] [stderr]      Locking 7 packages to highest compatible versions
[INFO] running `Command { std: CARGO_HOME="/workspace/cargo-home" RUSTUP_HOME="/workspace/rustup-home" "/workspace/cargo-home/bin/cargo" "+1.100.0-beta.1" "fetch" "--manifest-path" "Cargo.toml", kill_on_drop: false }`
[INFO] [stderr] warning: Cargo.toml: `package.edition` is unspecified, defaulting to `2015` while the latest is `2024`
[INFO] [stderr] warning: `package.homepage` is redundant with `package.repository`
[INFO] [stderr]   --> Cargo.toml:21:12
[INFO] [stderr]    |
[INFO] [stderr] 21 | homepage = "https://github.com/stainless-steel/libblas-sys"
[INFO] [stderr]    |            ^^^^^^^^^^^^^^^^^^^^^^^^^^^^^^^^^^^^^^^^^^^^^^^^
[INFO] [stderr] ...
[INFO] [stderr] 24 | repository = "https://github.com/stainless-steel/libblas-sys"
[INFO] [stderr]    |              ------------------------------------------------
[INFO] [stderr]    |
[INFO] [stderr]    = note: `cargo::redundant_homepage` is set to `warn` by default
[INFO] [stderr] help: consider removing `package.homepage`
[INFO] [stderr] warning: `libblas-sys` (manifest) generated 2 warnings
[INFO] running `Command { std: "docker" "create" "-v" "/var/lib/crater-agent-workspace/builds/worker-2-tc2/source:/opt/rustwide/workdir:ro,Z" "-v" "/var/lib/crater-agent-workspace/builds/worker-2-tc2/target:/opt/rustwide/target:rw,Z" "-v" "/var/lib/crater-agent-workspace/cargo-home:/opt/rustwide/cargo-home:ro,Z" "-v" "/var/lib/crater-agent-workspace/rustup-home:/opt/rustwide/rustup-home:ro,Z" "-m" "1610612736" "--network" "none" "ghcr.io/rust-lang/crates-build-env/linux@sha256:77db811e55d90add9212f6832c23229e3de5f1c1f9905e8cb07319ea15df73ac" "sleep" "infinity", kill_on_drop: false }`
[INFO] [stdout] 866e321b1784b28c096bd66af046a901a027d8f2265befe6ae7c93862547e8bd
[INFO] running `Command { std: "docker" "start" "866e321b1784b28c096bd66af046a901a027d8f2265befe6ae7c93862547e8bd", kill_on_drop: false }`
[INFO] running `Command { std: "docker" "inspect" "866e321b1784b28c096bd66af046a901a027d8f2265befe6ae7c93862547e8bd", kill_on_drop: false }`
[INFO] running `Command { std: "docker" "exec" "-e" "SOURCE_DIR=/opt/rustwide/workdir" "-e" "CARGO_HOME=/opt/rustwide/cargo-home" "-e" "RUSTUP_HOME=/opt/rustwide/rustup-home" "-e" "CARGO_TARGET_DIR=/opt/rustwide/target" "-w" "/opt/rustwide/workdir" "--user" "0:0" "866e321b1784b28c096bd66af046a901a027d8f2265befe6ae7c93862547e8bd" "/opt/rustwide/cargo-home/bin/cargo" "+1.100.0-beta.1" "metadata" "--no-deps" "--format-version=1", kill_on_drop: false }`
[INFO] running `Command { std: "docker" "inspect" "866e321b1784b28c096bd66af046a901a027d8f2265befe6ae7c93862547e8bd", kill_on_drop: false }`
[INFO] running `Command { std: "docker" "exec" "-e" "SOURCE_DIR=/opt/rustwide/workdir" "-e" "CARGO_HOME=/opt/rustwide/cargo-home" "-e" "RUSTUP_HOME=/opt/rustwide/rustup-home" "-e" "CARGO_TARGET_DIR=/opt/rustwide/target" "-e" "CARGO_INCREMENTAL=0" "-e" "RUST_BACKTRACE=full" "-e" "RUSTFLAGS=--cap-lints=warn" "-e" "RUSTDOCFLAGS=--cap-lints=warn" "-w" "/opt/rustwide/workdir" "--user" "0:0" "866e321b1784b28c096bd66af046a901a027d8f2265befe6ae7c93862547e8bd" "/opt/rustwide/cargo-home/bin/cargo" "+1.100.0-beta.1" "build" "--frozen" "--message-format=json" "--release", kill_on_drop: false }`
[INFO] [stderr] warning: Cargo.toml: `package.edition` is unspecified, defaulting to `2015` while the latest is `2024`
[INFO] [stderr] warning: `package.homepage` is redundant with `package.repository`
[INFO] [stderr]   --> Cargo.toml:21:12
[INFO] [stderr]    |
[INFO] [stderr] 21 | homepage = "https://github.com/stainless-steel/libblas-sys"
[INFO] [stderr]    |            ^^^^^^^^^^^^^^^^^^^^^^^^^^^^^^^^^^^^^^^^^^^^^^^^
[INFO] [stderr] ...
[INFO] [stderr] 24 | repository = "https://github.com/stainless-steel/libblas-sys"
[INFO] [stderr]    |              ------------------------------------------------
[INFO] [stderr]    |
[INFO] [stderr]    = note: `cargo::redundant_homepage` is set to `warn` by default
[INFO] [stderr] help: consider removing `package.homepage`
[INFO] [stderr] warning: `libblas-sys` (manifest) generated 2 warnings
[INFO] [stderr]    Compiling openblas-provider v0.4.1
[INFO] [stderr] error: failed to run custom build command for `openblas-provider v0.4.1`
[INFO] [stderr] note: To improve backtraces for build dependencies, set the CARGO_PROFILE_RELEASE_BUILD_OVERRIDE_DEBUG=true environment variable to enable debug information generation.
[INFO] [stderr] 
[INFO] [stderr] Caused by:
[INFO] [stderr]   process didn't exit successfully: `/opt/rustwide/target/release/build/openblas-provider/59103c145174b0bc/out/build_script_build` (exit status: 101)
[INFO] [stderr]   --- stdout
[INFO] [stderr]   Running: cd "/opt/rustwide/cargo-home/registry/src/index.crates.io-1949cf8c6b5b557f/openblas-provider-0.4.1/source" && "make" "libs" "netlib" "shared" "YES_CBLAS=1" "-j16"
[INFO] [stderr] 
[INFO] [stderr]   --- stderr
[INFO] [stderr]   /usr/bin/x86_64-linux-gnu-ld.bfd: cannot open output file getarch: Read-only file system
[INFO] [stderr]   collect2: error: ld returned 1 exit status
[INFO] [stderr]   make[1]: *** [Makefile.prebuild:42: getarch] Error 1
[INFO] [stderr]   Makefile.system:165: Makefile.conf: No such file or directory
[INFO] [stderr]   make: *** No rule to make target 'Makefile.conf'.  Stop.
[INFO] [stderr] 
[INFO] [stderr]   thread 'main' (81) panicked at /opt/rustwide/cargo-home/registry/src/index.crates.io-1949cf8c6b5b557f/openblas-provider-0.4.1/build.rs:50:13:
[INFO] [stderr]   `cd "/opt/rustwide/cargo-home/registry/src/index.crates.io-1949cf8c6b5b557f/openblas-provider-0.4.1/source" && "make" "libs" "netlib" "shared" "YES_CBLAS=1" "-j16"` failed: exit status: 2
[INFO] [stderr]   stack backtrace:
[INFO] [stderr]      0:     0x5d744b138191 - <<std[617be2ca0a6fd877]::sys::backtrace::BacktraceLock>::print::DisplayBacktrace as core[a373ad73a504971]::fmt::Display>::fmt
[INFO] [stderr]      1:     0x5d744b14aada - core[a373ad73a504971]::fmt::write
[INFO] [stderr]      2:     0x5d744b13d02c - <std[617be2ca0a6fd877]::sys::stdio::unix::Stderr as core[a373ad73a504971]::io::write::Write>::write_fmt
[INFO] [stderr]      3:     0x5d744b11b7e6 - std[617be2ca0a6fd877]::panicking::default_hook::{closure#0}
[INFO] [stderr]      4:     0x5d744b1341d1 - std[617be2ca0a6fd877]::panicking::default_hook
[INFO] [stderr]      5:     0x5d744b13438b - std[617be2ca0a6fd877]::panicking::panic_with_hook
[INFO] [stderr]      6:     0x5d744b11b892 - std[617be2ca0a6fd877]::panicking::panic_handler::{closure#0}
[INFO] [stderr]      7:     0x5d744b114859 - std[617be2ca0a6fd877]::sys::backtrace::__rust_end_short_backtrace::<std[617be2ca0a6fd877]::panicking::panic_handler::{closure#0}, !>
[INFO] [stderr]      8:     0x5d744b11c1dd - __rustc[ea4f61d10b84890b]::rust_begin_unwind
[INFO] [stderr]      9:     0x5d744b14b20c - core[a373ad73a504971]::panicking::panic_fmt
[INFO] [stderr]     10:     0x5d744b103c68 - build_script_build[1fa786fc737f39e2]::run
[INFO] [stderr]     11:     0x5d744b1046ae - build_script_build[1fa786fc737f39e2]::main
[INFO] [stderr]     12:     0x5d744b1090eb - <fn() as core[a373ad73a504971]::ops::function::FnOnce<()>>::call_once
[INFO] [stderr]     13:     0x5d744b102d56 - std[617be2ca0a6fd877]::sys::backtrace::__rust_begin_short_backtrace::<fn(), ()>
[INFO] [stderr]     14:     0x5d744b103789 - std[617be2ca0a6fd877]::rt::lang_start::<()>::{closure#0}
[INFO] [stderr]     15:     0x5d744b133648 - std[617be2ca0a6fd877]::rt::lang_start_internal
[INFO] [stderr]     16:     0x5d744b102161 - std[617be2ca0a6fd877]::rt::lang_start::<()>
[INFO] [stderr]     17:     0x5d744b109205 - main
[INFO] [stderr]     18:     0x7bd8ffb5b601 - <unknown>
[INFO] [stderr]     19:     0x7bd8ffb5b718 - __libc_start_main
[INFO] [stderr]     20:     0x5d744b100b95 - _start
[INFO] [stderr]     21:                0x0 - <unknown>
[INFO] running `Command { std: "docker" "inspect" "866e321b1784b28c096bd66af046a901a027d8f2265befe6ae7c93862547e8bd", kill_on_drop: false }`
[INFO] running `Command { std: "docker" "rm" "-f" "866e321b1784b28c096bd66af046a901a027d8f2265befe6ae7c93862547e8bd", kill_on_drop: false }`
[INFO] [stdout] 866e321b1784b28c096bd66af046a901a027d8f2265befe6ae7c93862547e8bd
